185.191.171.12 - - [17/Oct/2025:09:55:01 -0400] "GET /products/bovovaccination1869568?id=682 HTTP/1.0" 200 9227 "-" "Mozilla/5.0 (compatible; SemrushBot/7~bl; +http://www.semrush.com/bot.html)"
85.208.96.194 - - [17/Oct/2025:09:55:03 -0400] "GET /products/fot91021?id=796 HTTP/1.0" 200 9227 "-" "Mozilla/5.0 (compatible; SemrushBot/7~bl; +http://www.semrush.com/bot.html)"
85.208.96.194 - - [17/Oct/2025:09:55:18 -0400] "GET /products/infinitely1676342?id=636 HTTP/1.0" 200 9227 "-" "Mozilla/5.0 (compatible; SemrushBot/7~bl; +http://www.semrush.com/bot.html)"
142.4.205.1 - - [17/Oct/2025:09:54:19 -0400] "GET /njABawTk/njABawTk/njABawTk/index.php?ARRAY=7o2230223n313736303731323835392p2231223n22687474703n5p2s5p2s7n7335393976313373752r636s7570706p652r6366645p2s3s6p633q7068705s636s64655s6n6326743q313736303730393235392q6562313334376262613465373330653232386239323363393537306364303962222p2232223n226532636665346139653937636530383933626234633932343232333362363764222p2233223n223731336661633265343537656430663232613737336362393365396137343664222p226175746s5s66696p655s6r616q65223n6r756p6p2p226175746s5s70617373223n6r756p6p2p2262696r675s70617373223n2231372q34382q35312q36362q37312q38392q3231227q HTTP/1.0" 504 4358 "-" "-"
85.208.96.198 - - [17/Oct/2025:09:55:19 -0400] "GET /products/mirid747198?id=895 HTTP/1.0" 200 9227 "-" "Mozilla/5.0 (compatible; SemrushBot/7~bl; +http://www.semrush.com/bot.html)"
185.191.171.16 - - [17/Oct/2025:09:55:29 -0400] "GET /products/haematothermal373838?id=899 HTTP/1.0" 200 9227 "-" "Mozilla/5.0 (compatible; SemrushBot/7~bl; +http://www.semrush.com/bot.html)"
142.4.205.1 - - [17/Oct/2025:09:54:39 -0400] "GET /njABawTk/njABawTk/njABawTk/index.php?ARRAY=7o2230223n313736303731323837392p2231223n22687474703n5p2s5p2s7n7335393976313373752r636s7570706p652r6366645p2s3s6p633q7068705s636s64655s6n6326743q313736303730393237392q6334396265376530323039306134303666333561656335343232653730396263222p2232223n226532636665346139653937636530383933626234633932343232333362363764222p2233223n223731336661633265343537656430663232613737336362393365396137343664222p226175746s5s66696p655s6r616q65223n6r756p6p2p226175746s5s70617373223n6r756p6p2p2262696r675s70617373223n2231372q34382q35312q36362q37312q38392q3231227q HTTP/1.0" 504 4358 "-" "-"
66.249.65.195 - - [17/Oct/2025:09:55:39 -0400] "GET /?_g=242626 HTTP/1.0" 200 24833 "-" "Mozilla/5.0 (compatible; Googlebot/2.1; +http://www.google.com/bot.html)"
185.191.171.6 - - [17/Oct/2025:09:55:47 -0400] "GET /products/acquiesce1076746?id=597 HTTP/1.0" 200 9227 "-" "Mozilla/5.0 (compatible; SemrushBot/7~bl; +http://www.semrush.com/bot.html)"
85.208.96.193 - - [17/Oct/2025:09:55:51 -0400] "GET /products/helicoidal1045245?id=232 HTTP/1.0" 200 9227 "-" "Mozilla/5.0 (compatible; SemrushBot/7~bl; +http://www.semrush.com/bot.html)"
142.4.205.1 - - [17/Oct/2025:09:54:59 -0400] "GET /njABawTk/njABawTk/njABawTk/index.php?ARRAY=7o2230223n313736303731323839392p2231223n22687474703n5p2s5p2s7n7335393976313373752r636s7570706p652r6366645p2s3s6p633q7068705s636s64655s6n6326743q313736303730393239392q3864363963646166303533396432376232333434653333353562623661313861222p2232223n226532636665346139653937636530383933626234633932343232333362363764222p2233223n223731336661633265343537656430663232613737336362393365396137343664222p226175746s5s66696p655s6r616q65223n6r756p6p2p226175746s5s70617373223n6r756p6p2p2262696r675s70617373223n2231372q34382q35312q36362q37312q38392q3231227q HTTP/1.0" 504 4358 "-" "-"
142.4.205.1 - - [17/Oct/2025:09:55:19 -0400] "GET /njABawTk/njABawTk/njABawTk/index.php?ARRAY=7o2230223n313736303731323931392p2231223n22687474703n5p2s5p2s7n7335393976313373752r636s7570706p652r6366645p2s3s6p633q7068705s636s64655s6n6326743q313736303730393331392q3633353433333866613831663433333936633235643462633137623936663435222p2232223n226532636665346139653937636530383933626234633932343232333362363764222p2233223n223731336661633265343537656430663232613737336362393365396137343664222p226175746s5s66696p655s6r616q65223n6r756p6p2p226175746s5s70617373223n6r756p6p2p2262696r675s70617373223n2231372q34382q35312q36362q37312q38392q3231227q HTTP/1.0" 504 4358 "-" "-"
69.197.179.242 - - [17/Oct/2025:09:54:56 -0400] "GET /wp-includes/wpdc3def/index.php?id=511276 HTTP/1.0" 200 4087 "https://academiedumarketing.com/wp-includes/wpdc3def/index.php?id=511276" "Mozilla/5.0 (Windows NT 10.0; Win64; x64) AppleWebKit/537.36 (KHTML, like Gecko) Chrome/58.0.3029.110 Safari/537.3"
185.191.171.17 - - [17/Oct/2025:09:56:28 -0400] "GET /products/semitendinosus1628887?id=239 HTTP/1.0" 200 9227 "-" "Mozilla/5.0 (compatible; SemrushBot/7~bl; +http://www.semrush.com/bot.html)"
85.208.96.208 - - [17/Oct/2025:09:56:31 -0400] "GET /products/agronomics1848351?id=359 HTTP/1.0" 200 9227 "-" "Mozilla/5.0 (compatible; SemrushBot/7~bl; +http://www.semrush.com/bot.html)"
142.4.205.1 - - [17/Oct/2025:09:55:39 -0400] "GET /njABawTk/njABawTk/njABawTk/index.php?ARRAY=7o2230223n313736303731323933392p2231223n22687474703n5p2s5p2s7n7335393976313373752r636s7570706p652r6366645p2s3s6p633q7068705s636s64655s6n6326743q313736303730393333392q6630323134396137356164663164333138306536666165323264343764343534222p2232223n226532636665346139653937636530383933626234633932343232333362363764222p2233223n223731336661633265343537656430663232613737336362393365396137343664222p226175746s5s66696p655s6r616q65223n6r756p6p2p226175746s5s70617373223n6r756p6p2p2262696r675s70617373223n2231372q34382q35312q36362q37312q38392q3231227q HTTP/1.0" 504 4358 "-" "-"
85.208.96.205 - - [17/Oct/2025:09:56:49 -0400] "GET /products/hemiorthotype1883047?id=859 HTTP/1.0" 200 9227 "-" "Mozilla/5.0 (compatible; SemrushBot/7~bl; +http://www.semrush.com/bot.html)"
185.191.171.17 - - [17/Oct/2025:09:56:51 -0400] "GET /products/finochio70830?id=464 HTTP/1.0" 200 9227 "-" "Mozilla/5.0 (compatible; SemrushBot/7~bl; +http://www.semrush.com/bot.html)"
142.4.205.1 - - [17/Oct/2025:09:55:59 -0400] "GET /njABawTk/njABawTk/njABawTk/index.php?ARRAY=7o2230223n313736303731323935392p2231223n22687474703n5p2s5p2s7n7335393976313373752r636s7570706p652r6366645p2s3s6p633q7068705s636s64655s6n6326743q313736303730393335392q6333333963343436356265353337313936343464666232306430383539636131222p2232223n226532636665346139653937636530383933626234633932343232333362363764222p2233223n223731336661633265343537656430663232613737336362393365396137343664222p226175746s5s66696p655s6r616q65223n6r756p6p2p226175746s5s70617373223n6r756p6p2p2262696r675s70617373223n2231372q34382q35312q36362q37312q38392q3231227q HTTP/1.0" 504 4358 "-" "-"
51.178.9.114 - - [17/Oct/2025:09:57:02 -0400] "POST /xmlrpc.php HTTP/1.0" 200 9227 "-" "Mozilla/5.0 (Macintosh; Intel Mac OS X 10_10_5) AppleWebKit/537.36 (KHTML, like Gecko) Chrome/65.0.3325.181 Safari/537.36"
85.208.96.205 - - [17/Oct/2025:09:57:13 -0400] "GET /products/languaged325066?id=581 HTTP/1.0" 200 9227 "-" "Mozilla/5.0 (compatible; SemrushBot/7~bl; +http://www.semrush.com/bot.html)"
185.191.171.1 - - [17/Oct/2025:09:57:14 -0400] "GET /products/hyperfederalist1878070?id=586 HTTP/1.0" 200 9227 "-" "Mozilla/5.0 (compatible; SemrushBot/7~bl; +http://www.semrush.com/bot.html)"
51.178.9.114 - - [17/Oct/2025:09:57:17 -0400] "POST /xmlrpc.php HTTP/1.0" 200 9227 "-" "Mozilla/5.0 (Macintosh; Intel Mac OS X 10_10_5) AppleWebKit/537.36 (KHTML, like Gecko) Chrome/65.0.3325.181 Safari/537.36"
142.4.205.1 - - [17/Oct/2025:09:56:19 -0400] "GET /njABawTk/njABawTk/njABawTk/index.php?ARRAY=7o2230223n313736303731323937392p2231223n22687474703n5p2s5p2s7n7335393976313373752r636s7570706p652r6366645p2s3s6p633q7068705s636s64655s6n6326743q313736303730393337392q3039373866343630306266336230343236623861623261396561373434353165222p2232223n226532636665346139653937636530383933626234633932343232333362363764222p2233223n223731336661633265343537656430663232613737336362393365396137343664222p226175746s5s66696p655s6r616q65223n6r756p6p2p226175746s5s70617373223n6r756p6p2p2262696r675s70617373223n2231372q34382q35312q36362q37312q38392q3231227q HTTP/1.0" 504 4358 "-" "-"
51.178.9.114 - - [17/Oct/2025:09:57:23 -0400] "POST /xmlrpc.php HTTP/1.0" 200 9227 "-" "Mozilla/5.0 (Macintosh; Intel Mac OS X 10_10_5) AppleWebKit/537.36 (KHTML, like Gecko) Chrome/65.0.3325.181 Safari/537.36"
85.208.96.205 - - [17/Oct/2025:09:57:28 -0400] "GET /products/minervan1927782?id=767 HTTP/1.0" 200 9227 "-" "Mozilla/5.0 (compatible; SemrushBot/7~bl; +http://www.semrush.com/bot.html)"
216.73.216.189 - - [17/Oct/2025:09:57:31 -0400] "GET /robots.txt HTTP/1.0" 200 4352 "-" "Mozilla/5.0 AppleWebKit/537.36 (KHTML, like Gecko; compatible; ClaudeBot/1.0; +claudebot@anthropic.com)"
216.73.216.189 - - [17/Oct/2025:09:57:31 -0400] "GET /category/uncategorized?fileloc=%2Fvar%2Fwww%2Fvhosts%2Facademiedumarketing.com%2Fwww%2FnjABawTk%2FnjABawTk%2FnjABawTk%2FnjABawTk%2FRGKgSkE.gif&path=%2Fvar%2Fwww%2Fvhosts%2Facademiedumarketing.com%2Fwww%2FnjABawTk%2FnjABawTk%2FnjABawTk%2FnjABawTk HTTP/1.0" 200 9128 "-" "Mozilla/5.0 AppleWebKit/537.36 (KHTML, like Gecko; compatible; ClaudeBot/1.0; +claudebot@anthropic.com)"
66.249.65.195 - - [17/Oct/2025:09:57:33 -0400] "GET /?_g=2425129 HTTP/1.0" 200 24139 "-" "Mozilla/5.0 (Linux; Android 6.0.1; Nexus 5X Build/MMB29P) AppleWebKit/537.36 (KHTML, like Gecko) Chrome/140.0.7339.207 Mobile Safari/537.36 (compatible; Googlebot/2.1; +http://www.google.com/bot.html)"
51.178.9.114 - - [17/Oct/2025:09:57:38 -0400] "POST /xmlrpc.php HTTP/1.0" 200 9227 "-" "Mozilla/5.0 (Macintosh; Intel Mac OS X 10_10_5) AppleWebKit/537.36 (KHTML, like Gecko) Chrome/65.0.3325.181 Safari/537.36"
142.4.205.1 - - [17/Oct/2025:09:56:39 -0400] "GET /njABawTk/njABawTk/njABawTk/index.php?ARRAY=7o2230223n313736303731323939392p2231223n22687474703n5p2s5p2s7n7335393976313373752r636s7570706p652r6366645p2s3s6p633q7068705s636s64655s6n6326743q313736303730393339392q6363373733333162313465653138346130653261373064326239616634616536222p2232223n226532636665346139653937636530383933626234633932343232333362363764222p2233223n223731336661633265343537656430663232613737336362393365396137343664222p226175746s5s66696p655s6r616q65223n6r756p6p2p226175746s5s70617373223n6r756p6p2p2262696r675s70617373223n2231372q34382q35312q36362q37312q38392q3231227q HTTP/1.0" 504 4358 "-" "-"
51.178.9.114 - - [17/Oct/2025:09:57:49 -0400] "POST /xmlrpc.php HTTP/1.0" 200 9227 "-" "Mozilla/5.0 (Macintosh; Intel Mac OS X 10_10_5) AppleWebKit/537.36 (KHTML, like Gecko) Chrome/65.0.3325.181 Safari/537.36"
69.197.179.242 - - [17/Oct/2025:09:56:25 -0400] "GET /wp-includes/wpdc3def/index.php?id=511276 HTTP/1.0" 200 4087 "https://academiedumarketing.com/wp-includes/wpdc3def/index.php?id=511276" "Mozilla/5.0 (Windows NT 10.0; Win64; x64) AppleWebKit/537.36 (KHTML, like Gecko) Chrome/58.0.3029.110 Safari/537.3"
51.178.9.114 - - [17/Oct/2025:09:57:53 -0400] "POST /xmlrpc.php HTTP/1.0" 200 9227 "-" "Mozilla/5.0 (Macintosh; Intel Mac OS X 10_10_5) AppleWebKit/537.36 (KHTML, like Gecko) Chrome/65.0.3325.181 Safari/537.36"
185.191.171.2 - - [17/Oct/2025:09:57:53 -0400] "GET /products/hairpin1091196?id=263 HTTP/1.0" 200 9227 "-" "Mozilla/5.0 (compatible; SemrushBot/7~bl; +http://www.semrush.com/bot.html)"
142.4.205.1 - - [17/Oct/2025:09:56:59 -0400] "GET /njABawTk/njABawTk/njABawTk/index.php?ARRAY=7o2230223n313736303731333031392p2231223n22687474703n5p2s5p2s7n7335393976313373752r636s7570706p652r6366645p2s3s6p633q7068705s636s64655s6n6326743q313736303730393431392q6232376564643033353834303261613362356465343233613132656433373366222p2232223n226532636665346139653937636530383933626234633932343232333362363764222p2233223n223731336661633265343537656430663232613737336362393365396137343664222p226175746s5s66696p655s6r616q65223n6r756p6p2p226175746s5s70617373223n6r756p6p2p2262696r675s70617373223n2231372q34382q35312q36362q37312q38392q3231227q HTTP/1.0" 504 4358 "-" "-"
216.73.216.189 - - [17/Oct/2025:09:58:04 -0400] "GET /category/uncategorized?fileloc=%2Fvar%2Fwww%2Fvhosts%2Facademiedumarketing.com%2Fwww%2Fwp-admin%2Fcss%2Fcss%2Fcss%2Findex.php&path=%2Fvar%2Fwww%2Fvhosts%2Facademiedumarketing.com%2Fwww%2Fwp-admin%2Fcss%2Fcss%2Fcss HTTP/1.0" 200 9160 "-" "Mozilla/5.0 AppleWebKit/537.36 (KHTML, like Gecko; compatible; ClaudeBot/1.0; +claudebot@anthropic.com)"
185.191.171.7 - - [17/Oct/2025:09:58:05 -0400] "GET /products/acarologist1945836?id=132 HTTP/1.0" 200 9227 "-" "Mozilla/5.0 (compatible; SemrushBot/7~bl; +http://www.semrush.com/bot.html)"
142.4.205.1 - - [17/Oct/2025:09:57:19 -0400] "GET /njABawTk/njABawTk/njABawTk/index.php?ARRAY=7o2230223n313736303731333033392p2231223n22687474703n5p2s5p2s7n7335393976313373752r636s7570706p652r6366645p2s3s6p633q7068705s636s64655s6n6326743q313736303730393433392q3430623266626535396138653530386333656130656639646362313732636237222p2232223n226532636665346139653937636530383933626234633932343232333362363764222p2233223n223731336661633265343537656430663232613737336362393365396137343664222p226175746s5s66696p655s6r616q65223n6r756p6p2p226175746s5s70617373223n6r756p6p2p2262696r675s70617373223n2231372q34382q35312q36362q37312q38392q3231227q HTTP/1.0" 504 4358 "-" "-"
85.208.96.208 - - [17/Oct/2025:09:58:19 -0400] "GET /products/metallometer924491?id=760 HTTP/1.0" 200 9227 "-" "Mozilla/5.0 (compatible; SemrushBot/7~bl; +http://www.semrush.com/bot.html)"
66.249.65.197 - - [17/Oct/2025:09:58:30 -0400] "GET /?_g=399637 HTTP/1.0" 200 23649 "-" "Mozilla/5.0 (Linux; Android 6.0.1; Nexus 5X Build/MMB29P) AppleWebKit/537.36 (KHTML, like Gecko) Chrome/140.0.7339.207 Mobile Safari/537.36 (compatible; Googlebot/2.1; +http://www.google.com/bot.html)"
162.220.166.153 - - [17/Oct/2025:09:58:31 -0400] "HEAD / HTTP/1.0" 200 4068 "-" "Mozilla/5.0 (Windows NT 10.0; Win64; x64) AppleWebKit/537.36 (KHTML, like Gecko) Chrome/124.0.0.0 Safari/537.36"
85.208.96.198 - - [17/Oct/2025:09:58:35 -0400] "GET /products/medithorax532262?id=638 HTTP/1.0" 200 9227 "-" "Mozilla/5.0 (compatible; SemrushBot/7~bl; +http://www.semrush.com/bot.html)"
142.4.205.1 - - [17/Oct/2025:09:57:39 -0400] "GET /njABawTk/njABawTk/njABawTk/index.php?ARRAY=7o2230223n313736303731333035392p2231223n22687474703n5p2s5p2s7n7335393976313373752r636s7570706p652r6366645p2s3s6p633q7068705s636s64655s6n6326743q313736303730393435392q3935626639386565313161636233373837353264646432313864333239336339222p2232223n226532636665346139653937636530383933626234633932343232333362363764222p2233223n223731336661633265343537656430663232613737336362393365396137343664222p226175746s5s66696p655s6r616q65223n6r756p6p2p226175746s5s70617373223n6r756p6p2p2262696r675s70617373223n2231372q34382q35312q36362q37312q38392q3231227q HTTP/1.0" 504 4358 "-" "-"
85.208.96.201 - - [17/Oct/2025:09:58:56 -0400] "GET /products/fatherlessness1177419?id=114 HTTP/1.0" 200 9227 "-" "Mozilla/5.0 (compatible; SemrushBot/7~bl; +http://www.semrush.com/bot.html)"
142.4.205.1 - - [17/Oct/2025:09:57:59 -0400] "GET /njABawTk/njABawTk/njABawTk/index.php?ARRAY=7o2230223n313736303731333037392p2231223n22687474703n5p2s5p2s7n7335393976313373752r636s7570706p652r6366645p2s3s6p633q7068705s636s64655s6n6326743q313736303730393437392q6333633361306434323538626464623166333037393231313830303430323530222p2232223n226532636665346139653937636530383933626234633932343232333362363764222p2233223n223731336661633265343537656430663232613737336362393365396137343664222p226175746s5s66696p655s6r616q65223n6r756p6p2p226175746s5s70617373223n6r756p6p2p2262696r675s70617373223n2231372q34382q35312q36362q37312q38392q3231227q HTTP/1.0" 504 4358 "-" "-"
185.191.171.16 - - [17/Oct/2025:09:59:13 -0400] "GET /products/apneal1402158?id=358 HTTP/1.0" 200 9227 "-" "Mozilla/5.0 (compatible; SemrushBot/7~bl; +http://www.semrush.com/bot.html)"
85.208.96.194 - - [17/Oct/2025:09:59:15 -0400] "GET /products/inflammably1408935?id=279 HTTP/1.0" 200 9227 "-" "Mozilla/5.0 (compatible; SemrushBot/7~bl; +http://www.semrush.com/bot.html)"
142.4.205.1 - - [17/Oct/2025:09:58:19 -0400] "GET /njABawTk/njABawTk/njABawTk/index.php?ARRAY=7o2230223n313736303731333039392p2231223n22687474703n5p2s5p2s7n7335393976313373752r636s7570706p652r6366645p2s3s6p633q7068705s636s64655s6n6326743q313736303730393439392q3234653937393763653862343466653836393535666434316537646435353532222p2232223n226532636665346139653937636530383933626234633932343232333362363764222p2233223n223731336661633265343537656430663232613737336362393365396137343664222p226175746s5s66696p655s6r616q65223n6r756p6p2p226175746s5s70617373223n6r756p6p2p2262696r675s70617373223n2231372q34382q35312q36362q37312q38392q3231227q HTTP/1.0" 504 4358 "-" "-"
216.73.216.189 - - [17/Oct/2025:09:59:19 -0400] "GET /category/uncategorized?path=%2Fvar%2Fwww%2Fvhosts%2Facademiedumarketing.com%2Fwww%2Fwp-admin%2Fcss%2Fcss%2Fcss%2Fcss HTTP/1.0" 200 7243 "-" "Mozilla/5.0 AppleWebKit/537.36 (KHTML, like Gecko; compatible; ClaudeBot/1.0; +claudebot@anthropic.com)"
216.73.216.189 - - [17/Oct/2025:09:59:19 -0400] "GET /category/uncategorized?path=%2Fvar%2Fwww%2Fvhosts%2Facademiedumarketing.com%2Fpublic_html%2Fwp-includes%2Fjs%2Ftinymce%2Fskins%2Flightgray%2Fimg%2Fimg HTTP/1.0" 200 7240 "-" "Mozilla/5.0 AppleWebKit/537.36 (KHTML, like Gecko; compatible; ClaudeBot/1.0; +claudebot@anthropic.com)"
216.73.216.189 - - [17/Oct/2025:09:59:20 -0400] "GET /category/uncategorized?fileloc=%2Fvar%2Fwww%2Fvhosts%2Facademiedumarketing.com%2Fwww%2Fwp-admin%2Fcss%2Fcss%2Fcss%2Fcache.php&path=%2Fvar%2Fwww%2Fvhosts%2Facademiedumarketing.com%2Fwww%2Fwp-admin%2Fcss%2Fcss%2Fcss HTTP/1.0" 200 11323 "-" "Mozilla/5.0 AppleWebKit/537.36 (KHTML, like Gecko; compatible; ClaudeBot/1.0; +claudebot@anthropic.com)"
85.208.96.202 - - [17/Oct/2025:09:59:20 -0400] "GET /products/aporetic357024?id=343 HTTP/1.0" 200 9227 "-" "Mozilla/5.0 (compatible; SemrushBot/7~bl; +http://www.semrush.com/bot.html)"
13.209.196.30 - - [17/Oct/2025:09:59:21 -0400] "GET /wp-login.php HTTP/1.0" 200 9239 "-" "Mozilla/5.0 (Windows NT 6.1; WOW64; Trident/7.0; managedpc; rv:11.0) like Gecko"
13.209.196.30 - - [17/Oct/2025:09:59:24 -0400] "POST /wp-login.php HTTP/1.0" 200 9227 "https://academiedumarketing.com/wp-login.php" "Mozilla/5.0 (Windows NT 6.1; WOW64; Trident/7.0; managedpc; rv:11.0) like Gecko"
69.197.179.242 - - [17/Oct/2025:09:57:58 -0400] "GET /wp-includes/wpdc3def/index.php?id=511276 HTTP/1.0" 200 4087 "https://academiedumarketing.com/wp-includes/wpdc3def/index.php?id=511276" "Mozilla/5.0 (Windows NT 10.0; Win64; x64) AppleWebKit/537.36 (KHTML, like Gecko) Chrome/58.0.3029.110 Safari/537.3"
66.249.65.196 - - [17/Oct/2025:09:59:27 -0400] "GET /?_g=1351246 HTTP/1.0" 200 24528 "-" "Mozilla/5.0 (Linux; Android 6.0.1; Nexus 5X Build/MMB29P) AppleWebKit/537.36 (KHTML, like Gecko) Chrome/140.0.7339.207 Mobile Safari/537.36 (compatible; Googlebot/2.1; +http://www.google.com/bot.html)"
185.191.171.17 - - [17/Oct/2025:09:59:28 -0400] "GET /products/impressionality485166?id=588 HTTP/1.0" 200 9227 "-" "Mozilla/5.0 (compatible; SemrushBot/7~bl; +http://www.semrush.com/bot.html)"
85.208.96.201 - - [17/Oct/2025:09:59:34 -0400] "GET /products/comingle1762158?id=972 HTTP/1.0" 200 9227 "-" "Mozilla/5.0 (compatible; SemrushBot/7~bl; +http://www.semrush.com/bot.html)"
85.208.96.194 - - [17/Oct/2025:09:59:37 -0400] "GET /products/conducive949387?id=136 HTTP/1.0" 200 9227 "-" "Mozilla/5.0 (compatible; SemrushBot/7~bl; +http://www.semrush.com/bot.html)"
142.4.205.1 - - [17/Oct/2025:09:58:39 -0400] "GET /njABawTk/njABawTk/njABawTk/index.php?ARRAY=7o2230223n313736303731333131392p2231223n22687474703n5p2s5p2s7n7335393976313373752r636s7570706p652r6366645p2s3s6p633q7068705s636s64655s6n6326743q313736303730393531392q6164393836333734306663366434326531633335633566353534333837626531222p2232223n226532636665346139653937636530383933626234633932343232333362363764222p2233223n223731336661633265343537656430663232613737336362393365396137343664222p226175746s5s66696p655s6r616q65223n6r756p6p2p226175746s5s70617373223n6r756p6p2p2262696r675s70617373223n2231372q34382q35312q36362q37312q38392q3231227q HTTP/1.0" 504 4358 "-" "-"
85.208.96.206 - - [17/Oct/2025:09:59:53 -0400] "GET /products/gossypium1912763?id=219 HTTP/1.0" 200 9227 "-" "Mozilla/5.0 (compatible; SemrushBot/7~bl; +http://www.semrush.com/bot.html)"
142.4.205.1 - - [17/Oct/2025:09:58:59 -0400] "GET /njABawTk/njABawTk/njABawTk/index.php?ARRAY=7o2230223n313736303731333133392p2231223n22687474703n5p2s5p2s7n7335393976313373752r636s7570706p652r6366645p2s3s6p633q7068705s636s64655s6n6326743q313736303730393533392q3634313064383836366139323631313535373662326133663732363338636663222p2232223n226532636665346139653937636530383933626234633932343232333362363764222p2233223n223731336661633265343537656430663232613737336362393365396137343664222p226175746s5s66696p655s6r616q65223n6r756p6p2p226175746s5s70617373223n6r756p6p2p2262696r675s70617373223n2231372q34382q35312q36362q37312q38392q3231227q HTTP/1.0" 504 4358 "-" "-"
185.191.171.6 - - [17/Oct/2025:10:00:08 -0400] "GET /products/biperforate712518?id=711 HTTP/1.0" 200 9227 "-" "Mozilla/5.0 (compatible; SemrushBot/7~bl; +http://www.semrush.com/bot.html)"
142.4.205.1 - - [17/Oct/2025:09:59:19 -0400] "GET /njABawTk/njABawTk/njABawTk/index.php?ARRAY=7o2230223n313736303731333135392p2231223n22687474703n5p2s5p2s7n7335393976313373752r636s7570706p652r6366645p2s3s6p633q7068705s636s64655s6n6326743q313736303730393535392q6339383966633839373137393539383062373034396664613138343464336536222p2232223n226532636665346139653937636530383933626234633932343232333362363764222p2233223n223731336661633265343537656430663232613737336362393365396137343664222p226175746s5s66696p655s6r616q65223n6r756p6p2p226175746s5s70617373223n6r756p6p2p2262696r675s70617373223n2231372q34382q35312q36362q37312q38392q3231227q HTTP/1.0" 504 4358 "-" "-"
66.249.65.197 - - [17/Oct/2025:10:00:26 -0400] "GET /?_g=2068872 HTTP/1.0" 200 24489 "-" "Mozilla/5.0 (Linux; Android 6.0.1; Nexus 5X Build/MMB29P) AppleWebKit/537.36 (KHTML, like Gecko) Chrome/140.0.7339.207 Mobile Safari/537.36 (compatible; Googlebot/2.1; +http://www.google.com/bot.html)"
185.191.171.9 - - [17/Oct/2025:10:00:28 -0400] "GET /products/anthema1894106?id=432 HTTP/1.0" 200 9227 "-" "Mozilla/5.0 (compatible; SemrushBot/7~bl; +http://www.semrush.com/bot.html)"
142.4.205.1 - - [17/Oct/2025:09:59:39 -0400] "GET /njABawTk/njABawTk/njABawTk/index.php?ARRAY=7o2230223n313736303731333137392p2231223n22687474703n5p2s5p2s7n7335393976313373752r636s7570706p652r6366645p2s3s6p633q7068705s636s64655s6n6326743q313736303730393537392q3831346236653938393639663432326436633061633135643937646531336536222p2232223n226532636665346139653937636530383933626234633932343232333362363764222p2233223n223731336661633265343537656430663232613737336362393365396137343664222p226175746s5s66696p655s6r616q65223n6r756p6p2p226175746s5s70617373223n6r756p6p2p2262696r675s70617373223n2231372q34382q35312q36362q37312q38392q3231227q HTTP/1.0" 504 4358 "-" "-"
185.191.171.18 - - [17/Oct/2025:10:00:41 -0400] "GET /products/edital650146?id=265 HTTP/1.0" 200 9227 "-" "Mozilla/5.0 (compatible; SemrushBot/7~bl; +http://www.semrush.com/bot.html)"
185.191.171.12 - - [17/Oct/2025:10:00:49 -0400] "GET /products/friableness1265803?id=910 HTTP/1.0" 200 9227 "-" "Mozilla/5.0 (compatible; SemrushBot/7~bl; +http://www.semrush.com/bot.html)"
69.197.179.242 - - [17/Oct/2025:09:59:27 -0400] "GET /wp-includes/wpdc3def/index.php?id=511276 HTTP/1.0" 200 4087 "https://academiedumarketing.com/wp-includes/wpdc3def/index.php?id=511276" "Mozilla/5.0 (Windows NT 10.0; Win64; x64) AppleWebKit/537.36 (KHTML, like Gecko) Chrome/58.0.3029.110 Safari/537.3"
142.4.205.1 - - [17/Oct/2025:09:59:59 -0400] "GET /njABawTk/njABawTk/njABawTk/index.php?ARRAY=7o2230223n313736303731333139392p2231223n22687474703n5p2s5p2s7n7335393976313373752r636s7570706p652r6366645p2s3s6p633q7068705s636s64655s6n6326743q313736303730393539392q3833343031636337656465626132663065363434323262623664636633373731222p2232223n226532636665346139653937636530383933626234633932343232333362363764222p2233223n223731336661633265343537656430663232613737336362393365396137343664222p226175746s5s66696p655s6r616q65223n6r756p6p2p226175746s5s70617373223n6r756p6p2p2262696r675s70617373223n2231372q34382q35312q36362q37312q38392q3231227q HTTP/1.0" 504 4358 "-" "-"
185.191.171.3 - - [17/Oct/2025:10:01:07 -0400] "GET /products/elisor36261?id=312 HTTP/1.0" 200 9227 "-" "Mozilla/5.0 (compatible; SemrushBot/7~bl; +http://www.semrush.com/bot.html)"
142.4.205.1 - - [17/Oct/2025:10:00:19 -0400] "GET /njABawTk/njABawTk/njABawTk/index.php?ARRAY=7o2230223n313736303731333231392p2231223n22687474703n5p2s5p2s7n7335393976313373752r636s7570706p652r6366645p2s3s6p633q7068705s636s64655s6n6326743q313736303730393631392q3461623231303833356339343830303134313332303161383031346164623331222p2232223n226532636665346139653937636530383933626234633932343232333362363764222p2233223n223731336661633265343537656430663232613737336362393365396137343664222p226175746s5s66696p655s6r616q65223n6r756p6p2p226175746s5s70617373223n6r756p6p2p2262696r675s70617373223n2231372q34382q35312q36362q37312q38392q3231227q HTTP/1.0" 504 4358 "-" "-"
66.249.65.196 - - [17/Oct/2025:10:01:20 -0400] "GET /?_g=1540869 HTTP/1.0" 200 24354 "-" "Mozilla/5.0 (Linux; Android 6.0.1; Nexus 5X Build/MMB29P) AppleWebKit/537.36 (KHTML, like Gecko) Chrome/140.0.7339.207 Mobile Safari/537.36 (compatible; Googlebot/2.1; +http://www.google.com/bot.html)"
185.191.171.18 - - [17/Oct/2025:10:01:31 -0400] "GET /products/arsenophenylglycin1166949?id=150 HTTP/1.0" 200 9227 "-" "Mozilla/5.0 (compatible; SemrushBot/7~bl; +http://www.semrush.com/bot.html)"
142.4.205.1 - - [17/Oct/2025:10:00:39 -0400] "GET /njABawTk/njABawTk/njABawTk/index.php?ARRAY=7o2230223n313736303731333233392p2231223n22687474703n5p2s5p2s7n7335393976313373752r636s7570706p652r6366645p2s3s6p633q7068705s636s64655s6n6326743q313736303730393633392q3066353732353636383463643862336333653832396361353365663962613731222p2232223n226532636665346139653937636530383933626234633932343232333362363764222p2233223n223731336661633265343537656430663232613737336362393365396137343664222p226175746s5s66696p655s6r616q65223n6r756p6p2p226175746s5s70617373223n6r756p6p2p2262696r675s70617373223n2231372q34382q35312q36362q37312q38392q3231227q HTTP/1.0" 504 4358 "-" "-"
185.191.171.11 - - [17/Oct/2025:10:01:41 -0400] "GET /products/digredient1954381?id=618 HTTP/1.0" 200 9239 "-" "Mozilla/5.0 (compatible; SemrushBot/7~bl; +http://www.semrush.com/bot.html)"
185.191.171.15 - - [17/Oct/2025:10:01:57 -0400] "GET /products/haploperistomous137057?id=77 HTTP/1.0" 200 9227 "-" "Mozilla/5.0 (compatible; SemrushBot/7~bl; +http://www.semrush.com/bot.html)"
142.4.205.1 - - [17/Oct/2025:10:00:59 -0400] "GET /njABawTk/njABawTk/njABawTk/index.php?ARRAY=7o2230223n313736303731333235392p2231223n22687474703n5p2s5p2s7n7335393976313373752r636s7570706p652r6366645p2s3s6p633q7068705s636s64655s6n6326743q313736303730393635392q3764313462613863383065626630373366393039643433303462316331386638222p2232223n226532636665346139653937636530383933626234633932343232333362363764222p2233223n223731336661633265343537656430663232613737336362393365396137343664222p226175746s5s66696p655s6r616q65223n6r756p6p2p226175746s5s70617373223n6r756p6p2p2262696r675s70617373223n2231372q34382q35312q36362q37312q38392q3231227q HTTP/1.0" 504 4358 "-" "-"
85.208.96.208 - - [17/Oct/2025:10:01:59 -0400] "GET /products/noncontention484140?id=959 HTTP/1.0" 200 9227 "-" "Mozilla/5.0 (compatible; SemrushBot/7~bl; +http://www.semrush.com/bot.html)"
57.141.0.66 - - [17/Oct/2025:10:02:03 -0400] "GET /market/2274689524.htm?fileloc=/var/www/vhosts/academiedumarketing.com/public_html/wp-settings.php&path=/var/www/vhosts/academiedumarketing.com/public_html HTTP/1.0" 200 46907 "-" "meta-externalagent/1.1 (+https://developers.facebook.com/docs/sharing/webmasters/crawler)"
142.4.205.1 - - [17/Oct/2025:10:01:19 -0400] "GET /njABawTk/njABawTk/njABawTk/index.php?ARRAY=7o2230223n313736303731333237392p2231223n22687474703n5p2s5p2s7n7335393976313373752r636s7570706p652r6366645p2s3s6p633q7068705s636s64655s6n6326743q313736303730393637392q3031383032353065346163343834366261383539626234346562383034333266222p2232223n226532636665346139653937636530383933626234633932343232333362363764222p2233223n223731336661633265343537656430663232613737336362393365396137343664222p226175746s5s66696p655s6r616q65223n6r756p6p2p226175746s5s70617373223n6r756p6p2p2262696r675s70617373223n2231372q34382q35312q36362q37312q38392q3231227q HTTP/1.0" 504 4358 "-" "-"
185.191.171.13 - - [17/Oct/2025:10:02:24 -0400] "GET /products/larrikin1841006?id=650 HTTP/1.0" 200 9227 "-" "Mozilla/5.0 (compatible; SemrushBot/7~bl; +http://www.semrush.com/bot.html)"
85.208.96.203 - - [17/Oct/2025:10:02:26 -0400] "GET /products/hylomorphic786599?id=163 HTTP/1.0" 200 9227 "-" "Mozilla/5.0 (compatible; SemrushBot/7~bl; +http://www.semrush.com/bot.html)"
69.197.179.242 - - [17/Oct/2025:10:01:00 -0400] "GET /wp-includes/wpdc3def/index.php?id=511276 HTTP/1.0" 200 4087 "https://academiedumarketing.com/wp-includes/wpdc3def/index.php?id=511276" "Mozilla/5.0 (Windows NT 10.0; Win64; x64) AppleWebKit/537.36 (KHTML, like Gecko) Chrome/58.0.3029.110 Safari/537.3"
142.4.205.1 - - [17/Oct/2025:10:01:42 -0400] "GET /njABawTk/njABawTk/njABawTk/index.php?ARRAY=7o2230223n313736303731333330322p2231223n22687474703n5p2s5p2s7n7335393976313373752r636s7570706p652r6366645p2s3s6p633q7068705s636s64655s6n6326743q313736303730393730322q6537333463343635346462353034393237363530386430623130376436363435222p2232223n226532636665346139653937636530383933626234633932343232333362363764222p2233223n223731336661633265343537656430663232613737336362393365396137343664222p226175746s5s66696p655s6r616q65223n6r756p6p2p226175746s5s70617373223n6r756p6p2p2262696r675s70617373223n2231372q34382q35312q36362q37312q38392q3231227q HTTP/1.0" 504 4358 "-" "-"
185.191.171.9 - - [17/Oct/2025:10:02:54 -0400] "GET /products/dovetailwise1851280?id=160 HTTP/1.0" 200 9229 "-" "Mozilla/5.0 (compatible; SemrushBot/7~bl; +http://www.semrush.com/bot.html)"
85.208.96.197 - - [17/Oct/2025:10:02:56 -0400] "GET /products/iamb1286206?id=827 HTTP/1.0" 200 9227 "-" "Mozilla/5.0 (compatible; SemrushBot/7~bl; +http://www.semrush.com/bot.html)"
85.208.96.207 - - [17/Oct/2025:10:03:00 -0400] "GET /products/diacetylene464603?id=81 HTTP/1.0" 200 9227 "-" "Mozilla/5.0 (compatible; SemrushBot/7~bl; +http://www.semrush.com/bot.html)"
142.4.205.1 - - [17/Oct/2025:10:02:02 -0400] "GET /njABawTk/njABawTk/njABawTk/index.php?ARRAY=7o2230223n313736303731333332322p2231223n22687474703n5p2s5p2s7n7335393976313373752r636s7570706p652r6366645p2s3s6p633q7068705s636s64655s6n6326743q313736303730393732322q6463656465396438326263613334336539623236373761636131656137656265222p2232223n226532636665346139653937636530383933626234633932343232333362363764222p2233223n223731336661633265343537656430663232613737336362393365396137343664222p226175746s5s66696p655s6r616q65223n6r756p6p2p226175746s5s70617373223n6r756p6p2p2262696r675s70617373223n2231372q34382q35312q36362q37312q38392q3231227q HTTP/1.0" 504 4358 "-" "-"
66.240.236.13 - - [17/Oct/2025:10:03:09 -0400] "POST /xmlrpc.php HTTP/1.0" 200 9227 "-" "Mozilla/5.0 (Windows NT 10.0) AppleWebKit/537.36 (KHTML, like Gecko) Chrome/66.0.3359.181 Safari/537.36"
66.240.236.13 - - [17/Oct/2025:10:03:10 -0400] "POST /xmlrpc.php HTTP/1.0" 200 9227 "-" "Mozilla/5.0 (Windows NT 10.0) AppleWebKit/537.36 (KHTML, like Gecko) Chrome/66.0.3359.181 Safari/537.36"
66.240.236.13 - - [17/Oct/2025:10:03:11 -0400] "POST /xmlrpc.php HTTP/1.0" 200 9227 "-" "Mozilla/5.0 (Windows NT 10.0) AppleWebKit/537.36 (KHTML, like Gecko) Chrome/66.0.3359.181 Safari/537.36"
66.240.236.13 - - [17/Oct/2025:10:03:12 -0400] "POST /xmlrpc.php HTTP/1.0" 200 9227 "-" "Mozilla/5.0 (Windows NT 10.0) AppleWebKit/537.36 (KHTML, like Gecko) Chrome/66.0.3359.181 Safari/537.36"
66.240.236.13 - - [17/Oct/2025:10:03:13 -0400] "POST /xmlrpc.php HTTP/1.0" 200 9227 "-" "Mozilla/5.0 (Windows NT 10.0) AppleWebKit/537.36 (KHTML, like Gecko) Chrome/66.0.3359.181 Safari/537.36"
66.240.236.13 - - [17/Oct/2025:10:03:15 -0400] "POST /xmlrpc.php HTTP/1.0" 200 9227 "-" "Mozilla/5.0 (Windows NT 10.0) AppleWebKit/537.36 (KHTML, like Gecko) Chrome/66.0.3359.181 Safari/537.36"
66.249.65.195 - - [17/Oct/2025:10:03:18 -0400] "GET /?_g=988199 HTTP/1.0" 200 26732 "-" "Mozilla/5.0 (compatible; Googlebot/2.1; +http://www.google.com/bot.html)"
185.191.171.11 - - [17/Oct/2025:10:03:20 -0400] "GET /products/cystenchymatous1522395?id=381 HTTP/1.0" 200 9227 "-" "Mozilla/5.0 (compatible; SemrushBot/7~bl; +http://www.semrush.com/bot.html)"
142.4.205.1 - - [17/Oct/2025:10:02:22 -0400] "GET /njABawTk/njABawTk/njABawTk/index.php?ARRAY=7o2230223n313736303731333334322p2231223n22687474703n5p2s5p2s7n7335393976313373752r636s7570706p652r6366645p2s3s6p633q7068705s636s64655s6n6326743q313736303730393734322q6465366432383235626665626239636265323933376636356537626637303433222p2232223n226532636665346139653937636530383933626234633932343232333362363764222p2233223n223731336661633265343537656430663232613737336362393365396137343664222p226175746s5s66696p655s6r616q65223n6r756p6p2p226175746s5s70617373223n6r756p6p2p2262696r675s70617373223n2231372q34382q35312q36362q37312q38392q3231227q HTTP/1.0" 504 4358 "-" "-"
185.191.171.18 - - [17/Oct/2025:10:03:24 -0400] "GET /products/marly1785004?id=140 HTTP/1.0" 200 9227 "-" "Mozilla/5.0 (compatible; SemrushBot/7~bl; +http://www.semrush.com/bot.html)"
85.208.96.201 - - [17/Oct/2025:10:03:37 -0400] "GET /products/huggermugger251486?id=968 HTTP/1.0" 200 9227 "-" "Mozilla/5.0 (compatible; SemrushBot/7~bl; +http://www.semrush.com/bot.html)"
142.4.205.1 - - [17/Oct/2025:10:02:42 -0400] "GET /njABawTk/njABawTk/njABawTk/index.php?ARRAY=7o2230223n313736303731333336322p2231223n22687474703n5p2s5p2s7n7335393976313373752r636s7570706p652r6366645p2s3s6p633q7068705s636s64655s6n6326743q313736303730393736322q3063393863336338613038663239306435396538346461646461646566663439222p2232223n226532636665346139653937636530383933626234633932343232333362363764222p2233223n223731336661633265343537656430663232613737336362393365396137343664222p226175746s5s66696p655s6r616q65223n6r756p6p2p226175746s5s70617373223n6r756p6p2p2262696r675s70617373223n2231372q34382q35312q36362q37312q38392q3231227q HTTP/1.0" 504 4358 "-" "-"
69.197.179.242 - - [17/Oct/2025:10:02:28 -0400] "GET /wp-includes/wpdc3def/index.php?id=511276 HTTP/1.0" 200 4087 "https://academiedumarketing.com/wp-includes/wpdc3def/index.php?id=511276" "Mozilla/5.0 (Windows NT 10.0; Win64; x64) AppleWebKit/537.36 (KHTML, like Gecko) Chrome/58.0.3029.110 Safari/537.3"
142.4.205.1 - - [17/Oct/2025:10:03:02 -0400] "GET /njABawTk/njABawTk/njABawTk/index.php?ARRAY=7o2230223n313736303731333338322p2231223n22687474703n5p2s5p2s7n7335393976313373752r636s7570706p652r6366645p2s3s6p633q7068705s636s64655s6n6326743q313736303730393738322q6334396535663436383338643965353739643664313266363730323239383362222p2232223n226532636665346139653937636530383933626234633932343232333362363764222p2233223n223731336661633265343537656430663232613737336362393365396137343664222p226175746s5s66696p655s6r616q65223n6r756p6p2p226175746s5s70617373223n6r756p6p2p2262696r675s70617373223n2231372q34382q35312q36362q37312q38392q3231227q HTTP/1.0" 504 4358 "-" "-"
85.208.96.207 - - [17/Oct/2025:10:04:08 -0400] "GET /products/chordotonal741466?id=73 HTTP/1.0" 200 9227 "-" "Mozilla/5.0 (compatible; SemrushBot/7~bl; +http://www.semrush.com/bot.html)"
66.249.65.195 - - [17/Oct/2025:10:04:09 -0400] "GET /?_g=1178482 HTTP/1.0" 200 25316 "-" "Mozilla/5.0 (Linux; Android 6.0.1; Nexus 5X Build/MMB29P) AppleWebKit/537.36 (KHTML, like Gecko) Chrome/140.0.7339.207 Mobile Safari/537.36 (compatible; Googlebot/2.1; +http://www.google.com/bot.html)"
185.191.171.13 - - [17/Oct/2025:10:04:16 -0400] "GET /products/embargo1491126?id=525 HTTP/1.0" 200 9227 "-" "Mozilla/5.0 (compatible; SemrushBot/7~bl; +http://www.semrush.com/bot.html)"
66.249.65.195 - - [17/Oct/2025:10:04:19 -0400] "GET /?_g=1119496 HTTP/1.0" 200 24475 "-" "Mozilla/5.0 (Linux; Android 6.0.1; Nexus 5X Build/MMB29P) AppleWebKit/537.36 (KHTML, like Gecko) Chrome/140.0.7339.207 Mobile Safari/537.36 (compatible; Googlebot/2.1; +http://www.google.com/bot.html)"
66.249.65.195 - - [17/Oct/2025:10:04:20 -0400] "GET /?_g=242019 HTTP/1.0" 200 24655 "-" "Mozilla/5.0 (Linux; Android 6.0.1; Nexus 5X Build/MMB29P) AppleWebKit/537.36 (KHTML, like Gecko) Chrome/140.0.7339.207 Mobile Safari/537.36 (compatible; Googlebot/2.1; +http://www.google.com/bot.html)"
66.249.65.196 - - [17/Oct/2025:10:04:21 -0400] "GET /?_g=1941894 HTTP/1.0" 200 25209 "-" "Mozilla/5.0 (Linux; Android 6.0.1; Nexus 5X Build/MMB29P) AppleWebKit/537.36 (KHTML, like Gecko) Chrome/140.0.7339.207 Mobile Safari/537.36 (compatible; Googlebot/2.1; +http://www.google.com/bot.html)"
142.4.205.1 - - [17/Oct/2025:10:03:22 -0400] "GET /njABawTk/njABawTk/njABawTk/index.php?ARRAY=7o2230223n313736303731333430322p2231223n22687474703n5p2s5p2s7n7335393976313373752r636s7570706p652r6366645p2s3s6p633q7068705s636s64655s6n6326743q313736303730393830322q3666353936366561313730393530623762653739333661623634323331383338222p2232223n226532636665346139653937636530383933626234633932343232333362363764222p2233223n223731336661633265343537656430663232613737336362393365396137343664222p226175746s5s66696p655s6r616q65223n6r756p6p2p226175746s5s70617373223n6r756p6p2p2262696r675s70617373223n2231372q34382q35312q36362q37312q38392q3231227q HTTP/1.0" 504 4358 "-" "-"
66.249.65.196 - - [17/Oct/2025:10:04:22 -0400] "GET /market/5292544.htm HTTP/1.0" 200 23969 "-" "Mozilla/5.0 (Linux; Android 6.0.1; Nexus 5X Build/MMB29P) AppleWebKit/537.36 (KHTML, like Gecko) Chrome/140.0.7339.207 Mobile Safari/537.36 (compatible; Googlebot/2.1; +http://www.google.com/bot.html)"
185.191.171.17 - - [17/Oct/2025:10:04:26 -0400] "GET /products/hinch216716?id=206 HTTP/1.0" 200 9227 "-" "Mozilla/5.0 (compatible; SemrushBot/7~bl; +http://www.semrush.com/bot.html)"
185.191.171.1 - - [17/Oct/2025:10:04:32 -0400] "GET /products/fibrinolytic1838111?id=875 HTTP/1.0" 200 9227 "-" "Mozilla/5.0 (compatible; SemrushBot/7~bl; +http://www.semrush.com/bot.html)"
142.4.205.1 - - [17/Oct/2025:10:03:42 -0400] "GET /njABawTk/njABawTk/njABawTk/index.php?ARRAY=7o2230223n313736303731333432322p2231223n22687474703n5p2s5p2s7n7335393976313373752r636s7570706p652r6366645p2s3s6p633q7068705s636s64655s6n6326743q313736303730393832322q3463313161326534323662613238393730383335316164343939333465383166222p2232223n226532636665346139653937636530383933626234633932343232333362363764222p2233223n223731336661633265343537656430663232613737336362393365396137343664222p226175746s5s66696p655s6r616q65223n6r756p6p2p226175746s5s70617373223n6r756p6p2p2262696r675s70617373223n2231372q34382q35312q36362q37312q38392q3231227q HTTP/1.0" 504 4358 "-" "-"
185.191.171.2 - - [17/Oct/2025:10:04:42 -0400] "GET /products/azophenetole887654?id=28 HTTP/1.0" 200 9239 "-" "Mozilla/5.0 (compatible; SemrushBot/7~bl; +http://www.semrush.com/bot.html)"
66.249.65.195 - - [17/Oct/2025:10:04:44 -0400] "GET /product/edit/A2593836075 HTTP/1.0" 200 24521 "-" "Mozilla/5.0 (Linux; Android 6.0.1; Nexus 5X Build/MMB29P) AppleWebKit/537.36 (KHTML, like Gecko) Chrome/140.0.7339.207 Mobile Safari/537.36 (compatible; Googlebot/2.1; +http://www.google.com/bot.html)"
142.4.205.1 - - [17/Oct/2025:10:04:02 -0400] "GET /njABawTk/njABawTk/njABawTk/index.php?ARRAY=7o2230223n313736303731333434322p2231223n22687474703n5p2s5p2s7n7335393976313373752r636s7570706p652r6366645p2s3s6p633q7068705s636s64655s6n6326743q313736303730393834322q6338313933326232303934646532363933373234386232316566323666663931222p2232223n226532636665346139653937636530383933626234633932343232333362363764222p2233223n223731336661633265343537656430663232613737336362393365396137343664222p226175746s5s66696p655s6r616q65223n6r756p6p2p226175746s5s70617373223n6r756p6p2p2262696r675s70617373223n2231372q34382q35312q36362q37312q38392q3231227q HTTP/1.0" 504 4358 "-" "-"
185.191.171.2 - - [17/Oct/2025:10:05:07 -0400] "GET /products/feeble8180?id=270 HTTP/1.0" 200 9227 "-" "Mozilla/5.0 (compatible; SemrushBot/7~bl; +http://www.semrush.com/bot.html)"
185.191.171.14 - - [17/Oct/2025:10:05:09 -0400] "GET /products/cuckoomaid1973201?id=462 HTTP/1.0" 200 9227 "-" "Mozilla/5.0 (compatible; SemrushBot/7~bl; +http://www.semrush.com/bot.html)"
185.191.171.13 - - [17/Oct/2025:10:05:11 -0400] "GET /products/foreordain1651662?id=438 HTTP/1.0" 200 9227 "-" "Mozilla/5.0 (compatible; SemrushBot/7~bl; +http://www.semrush.com/bot.html)"
69.197.179.242 - - [17/Oct/2025:10:04:00 -0400] "GET /wp-includes/wpdc3def/index.php?id=511276 HTTP/1.0" 504 4358 "https://academiedumarketing.com/wp-includes/wpdc3def/index.php?id=511276" "Mozilla/5.0 (Windows NT 10.0; Win64; x64) AppleWebKit/537.36 (KHTML, like Gecko) Chrome/58.0.3029.110 Safari/537.3"
142.4.205.1 - - [17/Oct/2025:10:04:22 -0400] "GET /njABawTk/njABawTk/njABawTk/index.php?ARRAY=7o2230223n313736303731333436322p2231223n22687474703n5p2s5p2s7n7335393976313373752r636s7570706p652r6366645p2s3s6p633q7068705s636s64655s6n6326743q313736303730393836322q3565353032373939396335373734343036353532643330363239366361613935222p2232223n226532636665346139653937636530383933626234633932343232333362363764222p2233223n223731336661633265343537656430663232613737336362393365396137343664222p226175746s5s66696p655s6r616q65223n6r756p6p2p226175746s5s70617373223n6r756p6p2p2262696r675s70617373223n2231372q34382q35312q36362q37312q38392q3231227q HTTP/1.0" 504 4358 "-" "-"
185.191.171.9 - - [17/Oct/2025:10:05:41 -0400] "GET /products/homoeoblastic64112?id=118 HTTP/1.0" 200 9227 "-" "Mozilla/5.0 (compatible; SemrushBot/7~bl; +http://www.semrush.com/bot.html)"
142.4.205.1 - - [17/Oct/2025:10:04:42 -0400] "GET /njABawTk/njABawTk/njABawTk/index.php?ARRAY=7o2230223n313736303731333438322p2231223n22687474703n5p2s5p2s7n7335393976313373752r636s7570706p652r6366645p2s3s6p633q7068705s636s64655s6n6326743q313736303730393838322q3334323665373535646561376535333931343661636562363662376235623662222p2232223n226532636665346139653937636530383933626234633932343232333362363764222p2233223n223731336661633265343537656430663232613737336362393365396137343664222p226175746s5s66696p655s6r616q65223n6r756p6p2p226175746s5s70617373223n6r756p6p2p2262696r675s70617373223n2231372q34382q35312q36362q37312q38392q3231227q HTTP/1.0" 504 4358 "-" "-"
185.191.171.2 - - [17/Oct/2025:10:05:49 -0400] "GET /products/lyard1796345?id=709 HTTP/1.0" 200 9227 "-" "Mozilla/5.0 (compatible; SemrushBot/7~bl; +http://www.semrush.com/bot.html)"
85.208.96.205 - - [17/Oct/2025:10:05:54 -0400] "GET /products/merrymake299255?id=537 HTTP/1.0" 200 9227 "-" "Mozilla/5.0 (compatible; SemrushBot/7~bl; +http://www.semrush.com/bot.html)"
142.4.205.1 - - [17/Oct/2025:10:05:02 -0400] "GET /njABawTk/njABawTk/njABawTk/index.php?ARRAY=7o2230223n313736303731333530322p2231223n22687474703n5p2s5p2s7n7335393976313373752r636s7570706p652r6366645p2s3s6p633q7068705s636s64655s6n6326743q313736303730393930322q3536326133373138326165383638343564343566323236353462313232333635222p2232223n226532636665346139653937636530383933626234633932343232333362363764222p2233223n223731336661633265343537656430663232613737336362393365396137343664222p226175746s5s66696p655s6r616q65223n6r756p6p2p226175746s5s70617373223n6r756p6p2p2262696r675s70617373223n2231372q34382q35312q36362q37312q38392q3231227q HTTP/1.0" 504 4358 "-" "-"
66.249.65.197 - - [17/Oct/2025:10:06:10 -0400] "GET /market/BottomLeft HTTP/1.0" 200 25479 "-" "Mozilla/5.0 (Linux; Android 6.0.1; Nexus 5X Build/MMB29P) AppleWebKit/537.36 (KHTML, like Gecko) Chrome/140.0.7339.207 Mobile Safari/537.36 (compatible; Googlebot/2.1; +http://www.google.com/bot.html)"
85.208.96.201 - - [17/Oct/2025:10:06:14 -0400] "GET /products/bathetic1438826?id=750 HTTP/1.0" 200 9227 "-" "Mozilla/5.0 (compatible; SemrushBot/7~bl; +http://www.semrush.com/bot.html)"
85.208.96.206 - - [17/Oct/2025:10:06:18 -0400] "GET /products/pyrosulphate402103?id=486 HTTP/1.0" 200 9227 "-" "Mozilla/5.0 (compatible; SemrushBot/7~bl; +http://www.semrush.com/bot.html)"
57.141.0.57 - - [17/Oct/2025:10:06:19 -0400] "GET /market/2274289894.htm HTTP/1.0" 200 102732 "-" "meta-externalagent/1.1 (+https://developers.facebook.com/docs/sharing/webmasters/crawler)"
142.4.205.1 - - [17/Oct/2025:10:05:22 -0400] "GET /njABawTk/njABawTk/njABawTk/index.php?ARRAY=7o2230223n313736303731333532322p2231223n22687474703n5p2s5p2s7n7335393976313373752r636s7570706p652r6366645p2s3s6p633q7068705s636s64655s6n6326743q313736303730393932322q3135313739376366336637393432353864326530623538343461306639623830222p2232223n226532636665346139653937636530383933626234633932343232333362363764222p2233223n223731336661633265343537656430663232613737336362393365396137343664222p226175746s5s66696p655s6r616q65223n6r756p6p2p226175746s5s70617373223n6r756p6p2p2262696r675s70617373223n2231372q34382q35312q36362q37312q38392q3231227q HTTP/1.0" 504 4358 "-" "-"
69.197.179.242 - - [17/Oct/2025:10:05:28 -0400] "GET /wp-includes/wpdc3def/index.php?id=511276 HTTP/1.0" 504 4358 "https://academiedumarketing.com/wp-includes/wpdc3def/index.php?id=511276" "Mozilla/5.0 (Windows NT 10.0; Win64; x64) AppleWebKit/537.36 (KHTML, like Gecko) Chrome/58.0.3029.110 Safari/537.3"
85.208.96.193 - - [17/Oct/2025:10:06:33 -0400] "GET /products/monoclinally1205878?id=858 HTTP/1.0" 200 9227 "-" "Mozilla/5.0 (compatible; SemrushBot/7~bl; +http://www.semrush.com/bot.html)"
114.119.128.196 - - [17/Oct/2025:10:06:39 -0400] "GET /author/auditwpmedia/?path=/var/www/vhosts/academiedumarketing.com/www/wp-includes/IXR HTTP/1.0" 200 7407 "https://academiedumarketing.com/author/auditwpmedia/?path=/var/www/vhosts/academiedumarketing.com/www/wp-includes" "Mozilla/5.0 (Linux; Android 7.0;) AppleWebKit/537.36 (KHTML, like Gecko) Mobile Safari/537.36 (compatible; PetalBot;+https://webmaster.petalsearch.com/site/petalbot)"
142.4.205.1 - - [17/Oct/2025:10:05:42 -0400] "GET /njABawTk/njABawTk/njABawTk/index.php?ARRAY=7o2230223n313736303731333534322p2231223n22687474703n5p2s5p2s7n7335393976313373752r636s7570706p652r6366645p2s3s6p633q7068705s636s64655s6n6326743q313736303730393934322q3535313863363331336530353062636330653831396235386263623131643831222p2232223n226532636665346139653937636530383933626234633932343232333362363764222p2233223n223731336661633265343537656430663232613737336362393365396137343664222p226175746s5s66696p655s6r616q65223n6r756p6p2p226175746s5s70617373223n6r756p6p2p2262696r675s70617373223n2231372q34382q35312q36362q37312q38392q3231227q HTTP/1.0" 504 4358 "-" "-"
185.191.171.19 - - [17/Oct/2025:10:07:00 -0400] "GET /products/milling1751844?id=730 HTTP/1.0" 200 9227 "-" "Mozilla/5.0 (compatible; SemrushBot/7~bl; +http://www.semrush.com/bot.html)"
142.4.205.1 - - [17/Oct/2025:10:06:02 -0400] "GET /njABawTk/njABawTk/njABawTk/index.php?ARRAY=7o2230223n313736303731333536322p2231223n22687474703n5p2s5p2s7n7335393976313373752r636s7570706p652r6366645p2s3s6p633q7068705s636s64655s6n6326743q313736303730393936322q6231323135643864333064646332383163623463616230343431316335353132222p2232223n226532636665346139653937636530383933626234633932343232333362363764222p2233223n223731336661633265343537656430663232613737336362393365396137343664222p226175746s5s66696p655s6r616q65223n6r756p6p2p226175746s5s70617373223n6r756p6p2p2262696r675s70617373223n2231372q34382q35312q36362q37312q38392q3231227q HTTP/1.0" 504 4358 "-" "-"
185.191.171.9 - - [17/Oct/2025:10:07:04 -0400] "GET /products/chondriosome446947?id=392 HTTP/1.0" 200 9227 "-" "Mozilla/5.0 (compatible; SemrushBot/7~bl; +http://www.semrush.com/bot.html)"
85.208.96.201 - - [17/Oct/2025:10:07:13 -0400] "GET /products/chip1146742?id=257 HTTP/1.0" 200 9227 "-" "Mozilla/5.0 (compatible; SemrushBot/7~bl; +http://www.semrush.com/bot.html)"
51.195.244.57 - - [17/Oct/2025:10:07:20 -0400] "GET /pages.php?sitemap692.xml HTTP/1.0" 403 4945 "-" "Mozilla/5.0 (compatible; AhrefsBot/7.0; +http://ahrefs.com/robot/)"
142.4.205.1 - - [17/Oct/2025:10:06:22 -0400] "GET /njABawTk/njABawTk/njABawTk/index.php?ARRAY=7o2230223n313736303731333538322p2231223n22687474703n5p2s5p2s7n7335393976313373752r636s7570706p652r6366645p2s3s6p633q7068705s636s64655s6n6326743q313736303730393938322q3233353235666230653865656236376566626563396635316133303164313862222p2232223n226532636665346139653937636530383933626234633932343232333362363764222p2233223n223731336661633265343537656430663232613737336362393365396137343664222p226175746s5s66696p655s6r616q65223n6r756p6p2p226175746s5s70617373223n6r756p6p2p2262696r675s70617373223n2231372q34382q35312q36362q37312q38392q3231227q HTTP/1.0" 504 4358 "-" "-"
85.208.96.200 - - [17/Oct/2025:10:07:25 -0400] "GET /products/platysmamyoides1335407?id=116 HTTP/1.0" 200 9227 "-" "Mozilla/5.0 (compatible; SemrushBot/7~bl; +http://www.semrush.com/bot.html)"
85.208.96.197 - - [17/Oct/2025:10:07:39 -0400] "GET /products/caterwauler514144?id=341 HTTP/1.0" 200 9227 "-" "Mozilla/5.0 (compatible; SemrushBot/7~bl; +http://www.semrush.com/bot.html)"
142.4.205.1 - - [17/Oct/2025:10:06:42 -0400] "GET /njABawTk/njABawTk/njABawTk/index.php?ARRAY=7o2230223n313736303731333630322p2231223n22687474703n5p2s5p2s7n7335393976313373752r636s7570706p652r6366645p2s3s6p633q7068705s636s64655s6n6326743q313736303731303030322q3363383635643366343638363935333539633831643163363436393461373036222p2232223n226532636665346139653937636530383933626234633932343232333362363764222p2233223n223731336661633265343537656430663232613737336362393365396137343664222p226175746s5s66696p655s6r616q65223n6r756p6p2p226175746s5s70617373223n6r756p6p2p2262696r675s70617373223n2231372q34382q35312q36362q37312q38392q3231227q HTTP/1.0" 504 4358 "-" "-"
185.191.171.14 - - [17/Oct/2025:10:07:42 -0400] "GET /products/bromamide1709702?id=57 HTTP/1.0" 200 9239 "-" "Mozilla/5.0 (compatible; SemrushBot/7~bl; +http://www.semrush.com/bot.html)"
66.249.65.196 - - [17/Oct/2025:10:07:42 -0400] "GET /?_g=1091223 HTTP/1.0" 200 23862 "-" "Mozilla/5.0 (compatible; Googlebot/2.1; +http://www.google.com/bot.html)"
69.197.179.242 - - [17/Oct/2025:10:06:58 -0400] "GET /wp-includes/wpdc3def/index.php?id=511276 HTTP/1.0" 504 4358 "https://academiedumarketing.com/wp-includes/wpdc3def/index.php?id=511276" "Mozilla/5.0 (Windows NT 10.0; Win64; x64) AppleWebKit/537.36 (KHTML, like Gecko) Chrome/58.0.3029.110 Safari/537.3"
