114.119.129.33 - - [17/Oct/2025:15:12:19 -0400] "GET /author/auditwpmedia/?path=/var/www/vhosts/academiedumarketing.com/public_html/wp-includes/js/imgareaselect HTTP/1.0" 200 7232 "https://academiedumarketing.com/author/auditwpmedia/?path=/var/www/vhosts/academiedumarketing.com/public_html/wp-includes/js" "Mozilla/5.0 (Linux; Android 7.0;) AppleWebKit/537.36 (KHTML, like Gecko) Mobile Safari/537.36 (compatible; PetalBot;+https://webmaster.petalsearch.com/site/petalbot)"
85.208.96.196 - - [17/Oct/2025:15:12:42 -0400] "GET /products/antidiphtheria1571266?id=652 HTTP/1.0" 200 9239 "-" "Mozilla/5.0 (compatible; SemrushBot/7~bl; +http://www.semrush.com/bot.html)"
185.191.171.9 - - [17/Oct/2025:15:12:46 -0400] "GET /products/collegiality879043?id=51 HTTP/1.0" 200 9239 "-" "Mozilla/5.0 (compatible; SemrushBot/7~bl; +http://www.semrush.com/bot.html)"
66.249.65.195 - - [17/Oct/2025:15:12:46 -0400] "GET /?_g=152051 HTTP/1.0" 200 24040 "-" "Mozilla/5.0 (Linux; Android 6.0.1; Nexus 5X Build/MMB29P) AppleWebKit/537.36 (KHTML, like Gecko) Chrome/140.0.7339.207 Mobile Safari/537.36 (compatible; Googlebot/2.1; +http://www.google.com/bot.html)"
185.191.171.14 - - [17/Oct/2025:15:12:49 -0400] "GET /products/fullonian737278?id=337 HTTP/1.0" 200 9239 "-" "Mozilla/5.0 (compatible; SemrushBot/7~bl; +http://www.semrush.com/bot.html)"
85.208.96.199 - - [17/Oct/2025:15:12:51 -0400] "GET /products/bolshevistically611324?id=435 HTTP/1.0" 200 9239 "-" "Mozilla/5.0 (compatible; SemrushBot/7~bl; +http://www.semrush.com/bot.html)"
69.197.179.242 - - [17/Oct/2025:15:11:26 -0400] "GET /wp-includes/wpdc3def/index.php?id=511276 HTTP/1.0" 200 4087 "https://academiedumarketing.com/wp-includes/wpdc3def/index.php?id=511276" "Mozilla/5.0 (Windows NT 10.0; Win64; x64) AppleWebKit/537.36 (KHTML, like Gecko) Chrome/58.0.3029.110 Safari/537.3"
85.208.96.202 - - [17/Oct/2025:15:12:58 -0400] "GET /products/haemorrhagia1103764?id=241 HTTP/1.0" 200 9239 "-" "Mozilla/5.0 (compatible; SemrushBot/7~bl; +http://www.semrush.com/bot.html)"
66.249.65.196 - - [17/Oct/2025:15:13:00 -0400] "GET /?_g=1034409 HTTP/1.0" 200 24030 "-" "Mozilla/5.0 (Linux; Android 6.0.1; Nexus 5X Build/MMB29P) AppleWebKit/537.36 (KHTML, like Gecko) Chrome/140.0.7339.207 Mobile Safari/537.36 (compatible; Googlebot/2.1; +http://www.google.com/bot.html)"
185.191.171.2 - - [17/Oct/2025:15:13:01 -0400] "GET /products/aquifoliaceae1741436?id=655 HTTP/1.0" 200 9239 "-" "Mozilla/5.0 (compatible; SemrushBot/7~bl; +http://www.semrush.com/bot.html)"
185.191.171.2 - - [17/Oct/2025:15:13:07 -0400] "GET /products/gimble230567?id=160 HTTP/1.0" 200 9239 "-" "Mozilla/5.0 (compatible; SemrushBot/7~bl; +http://www.semrush.com/bot.html)"
185.191.171.2 - - [17/Oct/2025:15:13:24 -0400] "GET /products/moreish1014343?id=467 HTTP/1.0" 200 9239 "-" "Mozilla/5.0 (compatible; SemrushBot/7~bl; +http://www.semrush.com/bot.html)"
85.208.96.201 - - [17/Oct/2025:15:13:31 -0400] "GET /products/legatee205464?id=983 HTTP/1.0" 200 9239 "-" "Mozilla/5.0 (compatible; SemrushBot/7~bl; +http://www.semrush.com/bot.html)"
74.208.38.3 - - [17/Oct/2025:15:13:37 -0400] "POST /xmlrpc.php HTTP/1.0" 403 4945 "-" "Mozilla/5.0 (X11; Ubuntu; Linux x86_64; rv:85.0) Gecko/20100101 Firefox/91.0"
114.119.138.172 - - [17/Oct/2025:15:13:41 -0400] "GET /author/auditwpmedia/?path=/var/www/vhosts/academiedumarketing.com/public_html/wp-content/uploads/2024/01 HTTP/1.0" 200 6774 "https://academiedumarketing.com/author/auditwpmedia/?path=/var/www/vhosts/academiedumarketing.com/public_html/wp-content/uploads/2024" "Mozilla/5.0 (Linux; Android 7.0;) AppleWebKit/537.36 (KHTML, like Gecko) Mobile Safari/537.36 (compatible; PetalBot;+https://webmaster.petalsearch.com/site/petalbot)"
66.249.65.197 - - [17/Oct/2025:15:14:03 -0400] "GET /?_g=2361016 HTTP/1.0" 200 24397 "-" "Mozilla/5.0 (Linux; Android 6.0.1; Nexus 5X Build/MMB29P) AppleWebKit/537.36 (KHTML, like Gecko) Chrome/140.0.7339.207 Mobile Safari/537.36 (compatible; Googlebot/2.1; +http://www.google.com/bot.html)"
185.191.171.7 - - [17/Oct/2025:15:14:04 -0400] "GET /products/loganiaceae1945835?id=352 HTTP/1.0" 200 9239 "-" "Mozilla/5.0 (compatible; SemrushBot/7~bl; +http://www.semrush.com/bot.html)"
66.249.65.195 - - [17/Oct/2025:15:14:04 -0400] "GET /?_g=871548 HTTP/1.0" 200 29468 "-" "Mozilla/5.0 (Linux; Android 6.0.1; Nexus 5X Build/MMB29P) AppleWebKit/537.36 (KHTML, like Gecko) Chrome/140.0.7339.207 Mobile Safari/537.36 (compatible; Googlebot/2.1; +http://www.google.com/bot.html)"
185.191.171.14 - - [17/Oct/2025:15:14:17 -0400] "GET /products/criticastry200471?id=491 HTTP/1.0" 200 9239 "-" "Mozilla/5.0 (compatible; SemrushBot/7~bl; +http://www.semrush.com/bot.html)"
223.135.153.215 - - [17/Oct/2025:15:14:19 -0400] "POST /xmlrpc.php HTTP/1.0" 403 4945 "-" "Mozilla/5.0 (Macintosh; Intel Mac OS X 10_13_3) AppleWebKit/537.36 (KHTML, like Gecko) Chrome/65.0.3325.146 Safari/537.36"
69.197.179.242 - - [17/Oct/2025:15:12:56 -0400] "GET /wp-includes/wpdc3def/index.php?id=511276 HTTP/1.0" 200 4087 "https://academiedumarketing.com/wp-includes/wpdc3def/index.php?id=511276" "Mozilla/5.0 (Windows NT 10.0; Win64; x64) AppleWebKit/537.36 (KHTML, like Gecko) Chrome/58.0.3029.110 Safari/537.3"
185.191.171.12 - - [17/Oct/2025:15:14:30 -0400] "GET /products/animize1428854?id=301 HTTP/1.0" 200 9239 "-" "Mozilla/5.0 (compatible; SemrushBot/7~bl; +http://www.semrush.com/bot.html)"
223.135.153.215 - - [17/Oct/2025:15:14:35 -0400] "POST /xmlrpc.php HTTP/1.0" 403 4945 "-" "Mozilla/5.0 (Macintosh; Intel Mac OS X 10_13_3) AppleWebKit/537.36 (KHTML, like Gecko) Chrome/65.0.3325.146 Safari/537.36"
66.249.65.195 - - [17/Oct/2025:15:14:30 -0400] "GET /market/51514462.htm HTTP/1.0" 200 24067 "-" "Mozilla/5.0 (Linux; Android 6.0.1; Nexus 5X Build/MMB29P) AppleWebKit/537.36 (KHTML, like Gecko) Chrome/140.0.7339.207 Mobile Safari/537.36 (compatible; Googlebot/2.1; +http://www.google.com/bot.html)"
66.249.65.195 - - [17/Oct/2025:15:14:37 -0400] "GET /product/edit/A106133863 HTTP/1.0" 200 30263 "-" "Mozilla/5.0 (Linux; Android 6.0.1; Nexus 5X Build/MMB29P) AppleWebKit/537.36 (KHTML, like Gecko) Chrome/140.0.7339.207 Mobile Safari/537.36 (compatible; Googlebot/2.1; +http://www.google.com/bot.html)"
66.249.65.195 - - [17/Oct/2025:15:14:38 -0400] "GET /zhHant/product/surugaya/A1932745924?campaign_uid=f64d716db5e979ed2f947dbaf4296895b951ae7f HTTP/1.0" 200 23378 "-" "Mozilla/5.0 (Linux; Android 6.0.1; Nexus 5X Build/MMB29P) AppleWebKit/537.36 (KHTML, like Gecko) Chrome/140.0.7339.207 Mobile Safari/537.36 (compatible; Googlebot/2.1; +http://www.google.com/bot.html)"
223.135.153.215 - - [17/Oct/2025:15:14:52 -0400] "POST /xmlrpc.php HTTP/1.0" 403 4945 "-" "Mozilla/5.0 (Macintosh; Intel Mac OS X 10_13_3) AppleWebKit/537.36 (KHTML, like Gecko) Chrome/65.0.3325.146 Safari/537.36"
185.191.171.18 - - [17/Oct/2025:15:14:51 -0400] "GET /products/betravel857057?id=789 HTTP/1.0" 200 9234 "-" "Mozilla/5.0 (compatible; SemrushBot/7~bl; +http://www.semrush.com/bot.html)"
185.191.171.13 - - [17/Oct/2025:15:15:01 -0400] "GET /products/fruitwoman163093?id=401 HTTP/1.0" 200 9239 "-" "Mozilla/5.0 (compatible; SemrushBot/7~bl; +http://www.semrush.com/bot.html)"
223.135.153.215 - - [17/Oct/2025:15:15:06 -0400] "POST /xmlrpc.php HTTP/1.0" 403 4945 "-" "Mozilla/5.0 (Macintosh; Intel Mac OS X 10_13_3) AppleWebKit/537.36 (KHTML, like Gecko) Chrome/65.0.3325.146 Safari/537.36"
114.119.145.188 - - [17/Oct/2025:15:15:05 -0400] "GET /author/auditwpmedia/?path=/var/www/vhosts/academiedumarketing.com/public_html/wp-content/plugins/wp-file-manager/lib/php HTTP/1.0" 200 8169 "https://academiedumarketing.com/author/auditwpmedia/?path=/var/www/vhosts/academiedumarketing.com/public_html/wp-content/plugins/wp-file-manager/lib" "Mozilla/5.0 (Linux; Android 7.0;) AppleWebKit/537.36 (KHTML, like Gecko) Mobile Safari/537.36 (compatible; PetalBot;+https://webmaster.petalsearch.com/site/petalbot)"
223.135.153.215 - - [17/Oct/2025:15:15:20 -0400] "POST /xmlrpc.php HTTP/1.0" 403 4945 "-" "Mozilla/5.0 (Macintosh; Intel Mac OS X 10_13_3) AppleWebKit/537.36 (KHTML, like Gecko) Chrome/65.0.3325.146 Safari/537.36"
85.208.96.205 - - [17/Oct/2025:15:15:22 -0400] "GET /products/decubitus733259?id=260 HTTP/1.0" 200 9239 "-" "Mozilla/5.0 (compatible; SemrushBot/7~bl; +http://www.semrush.com/bot.html)"
185.191.171.2 - - [17/Oct/2025:15:15:23 -0400] "GET /products/bellwine197995?id=516 HTTP/1.0" 200 9239 "-" "Mozilla/5.0 (compatible; SemrushBot/7~bl; +http://www.semrush.com/bot.html)"
85.208.96.206 - - [17/Oct/2025:15:15:30 -0400] "GET /products/confirmment828915?id=978 HTTP/1.0" 200 9239 "-" "Mozilla/5.0 (compatible; SemrushBot/7~bl; +http://www.semrush.com/bot.html)"
223.135.153.215 - - [17/Oct/2025:15:15:33 -0400] "POST /xmlrpc.php HTTP/1.0" 403 4945 "-" "Mozilla/5.0 (Macintosh; Intel Mac OS X 10_13_3) AppleWebKit/537.36 (KHTML, like Gecko) Chrome/65.0.3325.146 Safari/537.36"
185.191.171.8 - - [17/Oct/2025:15:15:34 -0400] "GET /products/hygroscopically121799?id=28 HTTP/1.0" 200 9239 "-" "Mozilla/5.0 (compatible; SemrushBot/7~bl; +http://www.semrush.com/bot.html)"
69.197.179.242 - - [17/Oct/2025:15:14:24 -0400] "GET /wp-includes/wpdc3def/index.php?id=511276 HTTP/1.0" 200 4087 "https://academiedumarketing.com/wp-includes/wpdc3def/index.php?id=511276" "Mozilla/5.0 (Windows NT 10.0; Win64; x64) AppleWebKit/537.36 (KHTML, like Gecko) Chrome/58.0.3029.110 Safari/537.3"
57.141.0.24 - - [17/Oct/2025:15:16:17 -0400] "GET /market/2274550596.htm?fileloc=/var/www/vhosts/academiedumarketing.com/public_html/wp-config.php&path=/var/www/vhosts/academiedumarketing.com/public_html HTTP/1.0" 200 19993 "-" "meta-externalagent/1.1 (+https://developers.facebook.com/docs/sharing/webmasters/crawler)"
85.208.96.211 - - [17/Oct/2025:15:16:20 -0400] "GET /products/crewellery879435?id=216 HTTP/1.0" 200 9239 "-" "Mozilla/5.0 (compatible; SemrushBot/7~bl; +http://www.semrush.com/bot.html)"
185.191.171.14 - - [17/Oct/2025:15:16:26 -0400] "GET /products/enteroptosis576294?id=121 HTTP/1.0" 200 9239 "-" "Mozilla/5.0 (compatible; SemrushBot/7~bl; +http://www.semrush.com/bot.html)"
114.119.136.5 - - [17/Oct/2025:15:16:29 -0400] "GET /author/auditwpmedia/?path=/var/www/vhosts/academiedumarketing.com/public_html/wp-content/plugins/wp-file-manager/lib/jquery HTTP/1.0" 200 7237 "https://academiedumarketing.com/author/auditwpmedia/?path=/var/www/vhosts/academiedumarketing.com/public_html/wp-content/plugins/wp-file-manager/lib" "Mozilla/5.0 (Linux; Android 7.0;) AppleWebKit/537.36 (KHTML, like Gecko) Mobile Safari/537.36 (compatible; PetalBot;+https://webmaster.petalsearch.com/site/petalbot)"
85.208.96.206 - - [17/Oct/2025:15:16:30 -0400] "GET /products/increpate1194747?id=874 HTTP/1.0" 200 9239 "-" "Mozilla/5.0 (compatible; SemrushBot/7~bl; +http://www.semrush.com/bot.html)"
185.191.171.11 - - [17/Oct/2025:15:16:42 -0400] "GET /products/dhabb521329?id=146 HTTP/1.0" 200 9239 "-" "Mozilla/5.0 (compatible; SemrushBot/7~bl; +http://www.semrush.com/bot.html)"
85.208.96.199 - - [17/Oct/2025:15:16:44 -0400] "GET /products/courageous1899148?id=398 HTTP/1.0" 200 9239 "-" "Mozilla/5.0 (compatible; SemrushBot/7~bl; +http://www.semrush.com/bot.html)"
85.208.96.198 - - [17/Oct/2025:15:16:53 -0400] "GET /products/coercivity27897?id=975 HTTP/1.0" 200 9239 "-" "Mozilla/5.0 (compatible; SemrushBot/7~bl; +http://www.semrush.com/bot.html)"
85.208.96.200 - - [17/Oct/2025:15:17:07 -0400] "GET /products/dispirited1028288?id=551 HTTP/1.0" 200 9239 "-" "Mozilla/5.0 (compatible; SemrushBot/7~bl; +http://www.semrush.com/bot.html)"
85.208.96.206 - - [17/Oct/2025:15:17:17 -0400] "GET /products/methodology1655390?id=233 HTTP/1.0" 200 9239 "-" "Mozilla/5.0 (compatible; SemrushBot/7~bl; +http://www.semrush.com/bot.html)"
69.197.179.242 - - [17/Oct/2025:15:15:52 -0400] "GET /wp-includes/wpdc3def/index.php?id=511276 HTTP/1.0" 200 4087 "https://academiedumarketing.com/wp-includes/wpdc3def/index.php?id=511276" "Mozilla/5.0 (Windows NT 10.0; Win64; x64) AppleWebKit/537.36 (KHTML, like Gecko) Chrome/58.0.3029.110 Safari/537.3"
185.191.171.9 - - [17/Oct/2025:15:17:22 -0400] "GET /products/mouille1336443?id=506 HTTP/1.0" 200 9234 "-" "Mozilla/5.0 (compatible; SemrushBot/7~bl; +http://www.semrush.com/bot.html)"
85.208.96.204 - - [17/Oct/2025:15:17:26 -0400] "GET /products/albertine1227134?id=65 HTTP/1.0" 200 9234 "-" "Mozilla/5.0 (compatible; SemrushBot/7~bl; +http://www.semrush.com/bot.html)"
85.208.96.198 - - [17/Oct/2025:15:17:39 -0400] "GET /products/marci1349207?id=296 HTTP/1.0" 200 9239 "-" "Mozilla/5.0 (compatible; SemrushBot/7~bl; +http://www.semrush.com/bot.html)"
66.249.65.196 - - [17/Oct/2025:15:17:46 -0400] "GET /?_g=1725007 HTTP/1.0" 200 24511 "-" "Mozilla/5.0 (Linux; Android 6.0.1; Nexus 5X Build/MMB29P) AppleWebKit/537.36 (KHTML, like Gecko) Chrome/140.0.7339.207 Mobile Safari/537.36 (compatible; Googlebot/2.1; +http://www.google.com/bot.html)"
114.119.146.77 - - [17/Oct/2025:15:17:52 -0400] "GET /author/auditwpmedia/?path=/var/www/vhosts/academiedumarketing.com/public_html/RYHFajgJGk/RYHFajgJGk/RYHFajgJGk/RYHFajgJGk HTTP/1.0" 200 7308 "https://academiedumarketing.com/author/auditwpmedia/?path=/var/www/vhosts/academiedumarketing.com/public_html/RYHFajgJGk/RYHFajgJGk/RYHFajgJGk" "Mozilla/5.0 (Linux; Android 7.0;) AppleWebKit/537.36 (KHTML, like Gecko) Mobile Safari/537.36 (compatible; PetalBot;+https://webmaster.petalsearch.com/site/petalbot)"
85.208.96.211 - - [17/Oct/2025:15:17:58 -0400] "GET /products/galactophore540100?id=654 HTTP/1.0" 200 9239 "-" "Mozilla/5.0 (compatible; SemrushBot/7~bl; +http://www.semrush.com/bot.html)"
69.197.179.242 - - [17/Oct/2025:15:17:23 -0400] "GET /wp-includes/wpdc3def/index.php?id=511276 HTTP/1.0" 504 4358 "https://academiedumarketing.com/wp-includes/wpdc3def/index.php?id=511276" "Mozilla/5.0 (Windows NT 10.0; Win64; x64) AppleWebKit/537.36 (KHTML, like Gecko) Chrome/58.0.3029.110 Safari/537.3"
107.189.5.8 - - [17/Oct/2025:15:18:31 -0400] "GET /wp-login.php HTTP/1.0" 200 9239 "-" "Mozilla/5.0 (X11; Linux x86_64) AppleWebKit/537.36 (KHTML, like Gecko) Chrome/36.0.1985.143 Safari/537.36"
85.208.96.197 - - [17/Oct/2025:15:18:35 -0400] "GET /products/gid120608?id=97 HTTP/1.0" 200 9239 "-" "Mozilla/5.0 (compatible; SemrushBot/7~bl; +http://www.semrush.com/bot.html)"
185.191.171.11 - - [17/Oct/2025:15:18:41 -0400] "GET /products/acinaces222041?id=788 HTTP/1.0" 200 9239 "-" "Mozilla/5.0 (compatible; SemrushBot/7~bl; +http://www.semrush.com/bot.html)"
185.191.171.14 - - [17/Oct/2025:15:18:58 -0400] "GET /products/belayer965579?id=33 HTTP/1.0" 200 9239 "-" "Mozilla/5.0 (compatible; SemrushBot/7~bl; +http://www.semrush.com/bot.html)"
57.141.0.6 - - [17/Oct/2025:15:19:02 -0400] "GET /market/2274584307.htm?fileloc=/var/www/vhosts/academiedumarketing.com/public_html/xmlrpc.php&path=/var/www/vhosts/academiedumarketing.com/public_html HTTP/1.0" 200 20195 "-" "meta-externalagent/1.1 (+https://developers.facebook.com/docs/sharing/webmasters/crawler)"
66.249.65.195 - - [17/Oct/2025:15:19:02 -0400] "GET /?_g=2150809 HTTP/1.0" 200 24031 "-" "Mozilla/5.0 (Linux; Android 6.0.1; Nexus 5X Build/MMB29P) AppleWebKit/537.36 (KHTML, like Gecko) Chrome/140.0.7339.207 Mobile Safari/537.36 (compatible; Googlebot/2.1; +http://www.google.com/bot.html)"
185.191.171.16 - - [17/Oct/2025:15:19:13 -0400] "GET /products/lichenlike505391?id=127 HTTP/1.0" 200 9239 "-" "Mozilla/5.0 (compatible; SemrushBot/7~bl; +http://www.semrush.com/bot.html)"
114.119.145.188 - - [17/Oct/2025:15:19:16 -0400] "GET /author/auditwpmedia/ HTTP/1.0" 200 9239 "https://academiedumarketing.com/2025/10/03/panduan-lengkap-main-togel-digital/" "Mozilla/5.0 (Linux; Android 7.0;) AppleWebKit/537.36 (KHTML, like Gecko) Mobile Safari/537.36 (compatible; PetalBot;+https://webmaster.petalsearch.com/site/petalbot)"
85.208.96.201 - - [17/Oct/2025:15:19:21 -0400] "GET /products/algerine698955?id=770 HTTP/1.0" 200 9239 "-" "Mozilla/5.0 (compatible; SemrushBot/7~bl; +http://www.semrush.com/bot.html)"
69.197.179.242 - - [17/Oct/2025:15:18:53 -0400] "GET /wp-includes/wpdc3def/index.php?id=511276 HTTP/1.0" 504 4358 "https://academiedumarketing.com/wp-includes/wpdc3def/index.php?id=511276" "Mozilla/5.0 (Windows NT 10.0; Win64; x64) AppleWebKit/537.36 (KHTML, like Gecko) Chrome/58.0.3029.110 Safari/537.3"
185.191.171.13 - - [17/Oct/2025:15:19:54 -0400] "GET /products/marsdenia746517?id=249 HTTP/1.0" 200 9239 "-" "Mozilla/5.0 (compatible; SemrushBot/7~bl; +http://www.semrush.com/bot.html)"
85.208.96.196 - - [17/Oct/2025:15:19:59 -0400] "GET /products/intransitiveness1325999?id=892 HTTP/1.0" 200 9239 "-" "Mozilla/5.0 (compatible; SemrushBot/7~bl; +http://www.semrush.com/bot.html)"
85.208.96.201 - - [17/Oct/2025:15:20:16 -0400] "GET /products/jalap152294?id=895 HTTP/1.0" 200 9239 "-" "Mozilla/5.0 (compatible; SemrushBot/7~bl; +http://www.semrush.com/bot.html)"
45.227.253.15 - - [17/Oct/2025:15:20:19 -0400] "GET /index.php/jk HTTP/1.0" 200 4187 "-" "Mozilla/5.0 (Windows NT 10.0; Win64; x64) AppleWebKit/537.36 (KHTML, like Gecko) Chrome/82.0.3292.140 Safari/537.36 Edge/18.18761"
85.208.96.197 - - [17/Oct/2025:15:20:30 -0400] "GET /products/defecator1109675?id=312 HTTP/1.0" 200 9239 "-" "Mozilla/5.0 (compatible; SemrushBot/7~bl; +http://www.semrush.com/bot.html)"
185.191.171.14 - - [17/Oct/2025:15:20:40 -0400] "GET /products/alfalfa919169?id=36 HTTP/1.0" 200 9239 "-" "Mozilla/5.0 (compatible; SemrushBot/7~bl; +http://www.semrush.com/bot.html)"
114.119.129.33 - - [17/Oct/2025:15:20:43 -0400] "GET /2025/10/?path=/var/www/vhosts/academiedumarketing.com/public_html/wp-admin/includes HTTP/1.0" 200 10941 "https://academiedumarketing.com/2025/10/?path=/var/www/vhosts/academiedumarketing.com/public_html/wp-admin" "Mozilla/5.0 (Linux; Android 7.0;) AppleWebKit/537.36 (KHTML, like Gecko) Mobile Safari/537.36 (compatible; PetalBot;+https://webmaster.petalsearch.com/site/petalbot)"
185.191.171.12 - - [17/Oct/2025:15:20:44 -0400] "GET /products/seroot79709?id=536 HTTP/1.0" 200 9239 "-" "Mozilla/5.0 (compatible; SemrushBot/7~bl; +http://www.semrush.com/bot.html)"
185.191.171.14 - - [17/Oct/2025:15:20:45 -0400] "GET /products/laminary1047966?id=940 HTTP/1.0" 200 9239 "-" "Mozilla/5.0 (compatible; SemrushBot/7~bl; +http://www.semrush.com/bot.html)"
85.208.96.210 - - [17/Oct/2025:15:20:49 -0400] "GET /products/dalar1947087?id=58 HTTP/1.0" 200 9239 "-" "Mozilla/5.0 (compatible; SemrushBot/7~bl; +http://www.semrush.com/bot.html)"
66.249.65.196 - - [17/Oct/2025:15:21:11 -0400] "GET /?_g=1429989 HTTP/1.0" 200 23858 "-" "Mozilla/5.0 (compatible; Googlebot/2.1; +http://www.google.com/bot.html)"
85.208.96.195 - - [17/Oct/2025:15:21:12 -0400] "GET /products/contumaciousness110562?id=608 HTTP/1.0" 200 9239 "-" "Mozilla/5.0 (compatible; SemrushBot/7~bl; +http://www.semrush.com/bot.html)"
185.191.171.12 - - [17/Oct/2025:15:21:25 -0400] "GET /products/clypeus1649931?id=919 HTTP/1.0" 200 9239 "-" "Mozilla/5.0 (compatible; SemrushBot/7~bl; +http://www.semrush.com/bot.html)"
85.208.96.211 - - [17/Oct/2025:15:21:27 -0400] "GET /products/bullation1078720?id=668 HTTP/1.0" 200 9239 "-" "Mozilla/5.0 (compatible; SemrushBot/7~bl; +http://www.semrush.com/bot.html)"
69.197.179.242 - - [17/Oct/2025:15:20:27 -0400] "GET /wp-includes/wpdc3def/index.php?id=511276 HTTP/1.0" 504 4358 "https://academiedumarketing.com/wp-includes/wpdc3def/index.php?id=511276" "Mozilla/5.0 (Windows NT 10.0; Win64; x64) AppleWebKit/537.36 (KHTML, like Gecko) Chrome/58.0.3029.110 Safari/537.3"
85.208.96.210 - - [17/Oct/2025:15:21:29 -0400] "GET /products/counterstream1797728?id=999 HTTP/1.0" 200 9239 "-" "Mozilla/5.0 (compatible; SemrushBot/7~bl; +http://www.semrush.com/bot.html)"
185.225.22.28 - - [17/Oct/2025:15:21:31 -0400] "POST /xmlrpc.php HTTP/1.0" 403 4945 "-" "Mozilla/5.0 (Windows NT 6.1; Win64; x64) AppleWebKit/537.36 (KHTML, like Gecko) Chrome/63.0.3239.132 Safari/537.36 OPR/50.0.2762.67"
85.208.96.195 - - [17/Oct/2025:15:21:31 -0400] "GET /products/masjid16907?id=660 HTTP/1.0" 200 9239 "-" "Mozilla/5.0 (compatible; SemrushBot/7~bl; +http://www.semrush.com/bot.html)"
185.225.22.28 - - [17/Oct/2025:15:21:36 -0400] "POST /xmlrpc.php HTTP/1.0" 403 4945 "-" "Mozilla/5.0 (Windows NT 6.1; Win64; x64) AppleWebKit/537.36 (KHTML, like Gecko) Chrome/63.0.3239.132 Safari/537.36 OPR/50.0.2762.67"
185.225.22.28 - - [17/Oct/2025:15:21:44 -0400] "POST /xmlrpc.php HTTP/1.0" 403 4945 "-" "Mozilla/5.0 (Windows NT 6.1; Win64; x64) AppleWebKit/537.36 (KHTML, like Gecko) Chrome/63.0.3239.132 Safari/537.36 OPR/50.0.2762.67"
185.225.22.28 - - [17/Oct/2025:15:21:50 -0400] "POST /xmlrpc.php HTTP/1.0" 403 4945 "-" "Mozilla/5.0 (Windows NT 6.1; Win64; x64) AppleWebKit/537.36 (KHTML, like Gecko) Chrome/63.0.3239.132 Safari/537.36 OPR/50.0.2762.67"
185.225.22.28 - - [17/Oct/2025:15:21:58 -0400] "POST /xmlrpc.php HTTP/1.0" 403 4945 "-" "Mozilla/5.0 (Windows NT 6.1; Win64; x64) AppleWebKit/537.36 (KHTML, like Gecko) Chrome/63.0.3239.132 Safari/537.36 OPR/50.0.2762.67"
185.191.171.14 - - [17/Oct/2025:15:21:59 -0400] "GET /products/campodea1408029?id=119 HTTP/1.0" 200 9234 "-" "Mozilla/5.0 (compatible; SemrushBot/7~bl; +http://www.semrush.com/bot.html)"
185.225.22.28 - - [17/Oct/2025:15:22:04 -0400] "POST /xmlrpc.php HTTP/1.0" 403 4945 "-" "Mozilla/5.0 (Windows NT 6.1; Win64; x64) AppleWebKit/537.36 (KHTML, like Gecko) Chrome/63.0.3239.132 Safari/537.36 OPR/50.0.2762.67"
114.119.145.188 - - [17/Oct/2025:15:22:08 -0400] "GET /2025/10/?path=/var/www/vhosts/academiedumarketing.com/public_html/wp-admin/css/colors HTTP/1.0" 200 7483 "https://academiedumarketing.com/2025/10/?path=/var/www/vhosts/academiedumarketing.com/public_html/wp-admin/css" "Mozilla/5.0 (Linux; Android 7.0;) AppleWebKit/537.36 (KHTML, like Gecko) Mobile Safari/537.36 (compatible; PetalBot;+https://webmaster.petalsearch.com/site/petalbot)"
185.191.171.15 - - [17/Oct/2025:15:22:20 -0400] "GET /products/gurian1884524?id=132 HTTP/1.0" 200 9234 "-" "Mozilla/5.0 (compatible; SemrushBot/7~bl; +http://www.semrush.com/bot.html)"
85.208.96.203 - - [17/Oct/2025:15:22:50 -0400] "GET /products/athar129526?id=980 HTTP/1.0" 200 9234 "-" "Mozilla/5.0 (compatible; SemrushBot/7~bl; +http://www.semrush.com/bot.html)"
196.251.83.229 - - [17/Oct/2025:15:22:52 -0400] "POST /wp-login.php HTTP/1.0" 200 102732 "-" "Mozilla/5.0"
196.251.83.229 - - [17/Oct/2025:15:22:52 -0400] "POST /wp-login.php HTTP/1.0" 200 102732 "-" "Mozilla/5.0"
196.251.83.229 - - [17/Oct/2025:15:22:52 -0400] "POST /wp-login.php HTTP/1.0" 200 102732 "-" "Mozilla/5.0"
57.141.0.21 - - [17/Oct/2025:15:22:53 -0400] "GET /market/2274318546.htm?path=/var/www/vhosts/academiedumarketing.com/public_html/aAqlKLnxmZitXs HTTP/1.0" 200 23613 "-" "meta-externalagent/1.1 (+https://developers.facebook.com/docs/sharing/webmasters/crawler)"
185.191.171.5 - - [17/Oct/2025:15:23:01 -0400] "GET /products/leptocephalid1590440?id=911 HTTP/1.0" 200 9234 "-" "Mozilla/5.0 (compatible; SemrushBot/7~bl; +http://www.semrush.com/bot.html)"
185.191.171.15 - - [17/Oct/2025:15:23:04 -0400] "GET /products/congealedness1232854?id=713 HTTP/1.0" 200 9234 "-" "Mozilla/5.0 (compatible; SemrushBot/7~bl; +http://www.semrush.com/bot.html)"
185.191.171.4 - - [17/Oct/2025:15:23:23 -0400] "GET /products/antiaris1921751?id=392 HTTP/1.0" 200 9234 "-" "Mozilla/5.0 (compatible; SemrushBot/7~bl; +http://www.semrush.com/bot.html)"
114.119.128.196 - - [17/Oct/2025:15:23:30 -0400] "GET /2025/10/?path=/var/www/vhosts/academiedumarketing.com/public_html/images/images/images HTTP/1.0" 200 7420 "https://academiedumarketing.com/2025/10/?path=/var/www/vhosts/academiedumarketing.com/public_html/images/images" "Mozilla/5.0 (Linux; Android 7.0;) AppleWebKit/537.36 (KHTML, like Gecko) Mobile Safari/537.36 (compatible; PetalBot;+https://webmaster.petalsearch.com/site/petalbot)"
85.208.96.209 - - [17/Oct/2025:15:23:37 -0400] "GET /products/kilovar465133?id=567 HTTP/1.0" 200 9234 "-" "Mozilla/5.0 (compatible; SemrushBot/7~bl; +http://www.semrush.com/bot.html)"
185.191.171.15 - - [17/Oct/2025:15:23:41 -0400] "GET /products/biblioclasm1591553?id=457 HTTP/1.0" 200 9234 "-" "Mozilla/5.0 (compatible; SemrushBot/7~bl; +http://www.semrush.com/bot.html)"
85.208.96.193 - - [17/Oct/2025:15:23:57 -0400] "GET /products/dependably97796?id=777 HTTP/1.0" 200 9234 "-" "Mozilla/5.0 (compatible; SemrushBot/7~bl; +http://www.semrush.com/bot.html)"
185.191.171.17 - - [17/Oct/2025:15:24:17 -0400] "GET /products/misvaluation836488?id=401 HTTP/1.0" 200 9234 "-" "Mozilla/5.0 (compatible; SemrushBot/7~bl; +http://www.semrush.com/bot.html)"
185.191.171.14 - - [17/Oct/2025:15:24:25 -0400] "GET /products/megaseismic736927?id=864 HTTP/1.0" 200 9234 "-" "Mozilla/5.0 (compatible; SemrushBot/7~bl; +http://www.semrush.com/bot.html)"
85.208.96.199 - - [17/Oct/2025:15:24:31 -0400] "GET /products/bandala60080?id=887 HTTP/1.0" 200 9234 "-" "Mozilla/5.0 (compatible; SemrushBot/7~bl; +http://www.semrush.com/bot.html)"
85.208.96.195 - - [17/Oct/2025:15:24:44 -0400] "GET /products/pinchback227701?id=511 HTTP/1.0" 200 9234 "-" "Mozilla/5.0 (compatible; SemrushBot/7~bl; +http://www.semrush.com/bot.html)"
185.191.171.17 - - [17/Oct/2025:15:25:03 -0400] "GET /products/catechumenate1528756?id=650 HTTP/1.0" 200 9234 "-" "Mozilla/5.0 (compatible; SemrushBot/7~bl; +http://www.semrush.com/bot.html)"
85.208.96.204 - - [17/Oct/2025:15:25:06 -0400] "GET /products/helotomy1490507?id=249 HTTP/1.0" 200 9234 "-" "Mozilla/5.0 (compatible; SemrushBot/7~bl; +http://www.semrush.com/bot.html)"
185.191.171.12 - - [17/Oct/2025:15:25:08 -0400] "GET /products/chronoscope662367?id=718 HTTP/1.0" 200 9234 "-" "Mozilla/5.0 (compatible; SemrushBot/7~bl; +http://www.semrush.com/bot.html)"
114.119.146.77 - - [17/Oct/2025:15:25:13 -0400] "GET /2025/10/?path=/var/www/vhosts/academiedumarketing.com/public_html/IwMWUFYpGl HTTP/1.0" 200 7143 "https://academiedumarketing.com/2025/10/" "Mozilla/5.0 (Linux; Android 7.0;) AppleWebKit/537.36 (KHTML, like Gecko) Mobile Safari/537.36 (compatible; PetalBot;+https://webmaster.petalsearch.com/site/petalbot)"
185.191.171.17 - - [17/Oct/2025:15:25:13 -0400] "GET /products/assentatious77230?id=845 HTTP/1.0" 200 9234 "-" "Mozilla/5.0 (compatible; SemrushBot/7~bl; +http://www.semrush.com/bot.html)"
185.191.171.16 - - [17/Oct/2025:15:25:17 -0400] "GET /products/atrorubent256544?id=356 HTTP/1.0" 200 9234 "-" "Mozilla/5.0 (compatible; SemrushBot/7~bl; +http://www.semrush.com/bot.html)"
185.191.171.14 - - [17/Oct/2025:15:25:30 -0400] "GET /products/mildewy1115403?id=260 HTTP/1.0" 200 9234 "-" "Mozilla/5.0 (compatible; SemrushBot/7~bl; +http://www.semrush.com/bot.html)"
185.191.171.19 - - [17/Oct/2025:15:25:52 -0400] "GET /products/exenterate1971324?id=181 HTTP/1.0" 200 9234 "-" "Mozilla/5.0 (compatible; SemrushBot/7~bl; +http://www.semrush.com/bot.html)"
185.191.171.15 - - [17/Oct/2025:15:25:58 -0400] "GET /products/deoccidentalize498939?id=484 HTTP/1.0" 200 9234 "-" "Mozilla/5.0 (compatible; SemrushBot/7~bl; +http://www.semrush.com/bot.html)"
85.208.96.209 - - [17/Oct/2025:15:26:00 -0400] "GET /products/heapstead1376237?id=171 HTTP/1.0" 200 9234 "-" "Mozilla/5.0 (compatible; SemrushBot/7~bl; +http://www.semrush.com/bot.html)"
114.119.145.188 - - [17/Oct/2025:15:26:13 -0400] "GET /2025/10/?path=/var/www/vhosts/academiedumarketing.com/bin HTTP/1.0" 200 6724 "https://academiedumarketing.com/2025/10/?path=/var/www/vhosts/academiedumarketing.com" "Mozilla/5.0 (Linux; Android 7.0;) AppleWebKit/537.36 (KHTML, like Gecko) Mobile Safari/537.36 (compatible; PetalBot;+https://webmaster.petalsearch.com/site/petalbot)"
204.12.208.18 - - [17/Oct/2025:15:26:18 -0400] "GET /wp-includes/wpdc3def/index.php HTTP/1.0" 200 4154 "https://academiedumarketing.com/wp-includes/wpdc3def/index.php" "Mozilla/5.0 (Macintosh; Intel Mac OS X 10_6_8) AppleWebKit/534.24 (KHTML, like Gecko) Iron/11.0.700.2 Chrome/11.0.700.2 Safari/534.24"
185.191.171.12 - - [17/Oct/2025:15:26:53 -0400] "GET /products/longsome306335?id=615 HTTP/1.0" 200 9239 "-" "Mozilla/5.0 (compatible; SemrushBot/7~bl; +http://www.semrush.com/bot.html)"
185.191.171.12 - - [17/Oct/2025:15:27:11 -0400] "GET /products/conservatorium216881?id=939 HTTP/1.0" 200 9239 "-" "Mozilla/5.0 (compatible; SemrushBot/7~bl; +http://www.semrush.com/bot.html)"
185.191.171.15 - - [17/Oct/2025:15:27:17 -0400] "GET /products/caccabis1919361?id=745 HTTP/1.0" 200 9239 "-" "Mozilla/5.0 (compatible; SemrushBot/7~bl; +http://www.semrush.com/bot.html)"
85.208.96.204 - - [17/Oct/2025:15:27:20 -0400] "GET /products/arteriolith978636?id=594 HTTP/1.0" 200 9239 "-" "Mozilla/5.0 (compatible; SemrushBot/7~bl; +http://www.semrush.com/bot.html)"
85.208.96.199 - - [17/Oct/2025:15:27:24 -0400] "GET /products/abigail125492?id=14 HTTP/1.0" 200 9239 "-" "Mozilla/5.0 (compatible; SemrushBot/7~bl; +http://www.semrush.com/bot.html)"
204.12.208.18 - - [17/Oct/2025:15:25:58 -0400] "GET /wp-includes/wpdc3def/index.php HTTP/1.0" 200 4087 "https://academiedumarketing.com/wp-includes/wpdc3def/index.php" "Mozilla/5.0 (Windows NT 10.0; WOW64) AppleWebKit/537.36 (KHTML, like Gecko) Chrome/74.0.3729.131 Safari/537.36"
114.119.146.77 - - [17/Oct/2025:15:27:40 -0400] "GET /2025/10/11/how-to-play-togel-online-like-a-pro/?path=/var/www/vhosts/academiedumarketing.com/public_html/wp-includes/customize HTTP/1.0" 200 8385 "https://academiedumarketing.com/2025/10/11/how-to-play-togel-online-like-a-pro/?path=/var/www/vhosts/academiedumarketing.com/public_html/wp-includes" "Mozilla/5.0 (Linux; Android 7.0;) AppleWebKit/537.36 (KHTML, like Gecko) Mobile Safari/537.36 (compatible; PetalBot;+https://webmaster.petalsearch.com/site/petalbot)"
85.208.96.200 - - [17/Oct/2025:15:27:57 -0400] "GET /products/bandore1632084?id=434 HTTP/1.0" 200 9239 "-" "Mozilla/5.0 (compatible; SemrushBot/7~bl; +http://www.semrush.com/bot.html)"
185.191.171.4 - - [17/Oct/2025:15:28:20 -0400] "GET /products/celiocolpotomy1907647?id=419 HTTP/1.0" 200 9239 "-" "Mozilla/5.0 (compatible; SemrushBot/7~bl; +http://www.semrush.com/bot.html)"
185.191.171.14 - - [17/Oct/2025:15:28:37 -0400] "GET /products/malva1349304?id=947 HTTP/1.0" 200 9239 "-" "Mozilla/5.0 (compatible; SemrushBot/7~bl; +http://www.semrush.com/bot.html)"
185.191.171.5 - - [17/Oct/2025:15:28:52 -0400] "GET /products/ribaldry1508908?id=911 HTTP/1.0" 200 9239 "-" "Mozilla/5.0 (compatible; SemrushBot/7~bl; +http://www.semrush.com/bot.html)"
185.191.171.11 - - [17/Oct/2025:15:28:54 -0400] "GET /products/alaskite779976?id=294 HTTP/1.0" 200 9239 "-" "Mozilla/5.0 (compatible; SemrushBot/7~bl; +http://www.semrush.com/bot.html)"
69.197.179.242 - - [17/Oct/2025:15:27:31 -0400] "GET /wp-includes/wpdc3def/index.php?id=511276 HTTP/1.0" 200 4087 "https://academiedumarketing.com/wp-includes/wpdc3def/index.php?id=511276" "Mozilla/5.0 (Windows NT 10.0; Win64; x64) AppleWebKit/537.36 (KHTML, like Gecko) Chrome/58.0.3029.110 Safari/537.3"
114.119.131.235 - - [17/Oct/2025:15:29:03 -0400] "GET /2025/10/11/how-to-play-togel-online-like-a-pro/?path=/var/www/vhosts/academiedumarketing.com/public_html/wp-includes/blocks/quote HTTP/1.0" 200 7328 "https://academiedumarketing.com/2025/10/11/how-to-play-togel-online-like-a-pro/?path=/var/www/vhosts/academiedumarketing.com/public_html/wp-includes/blocks" "Mozilla/5.0 (Linux; Android 7.0;) AppleWebKit/537.36 (KHTML, like Gecko) Mobile Safari/537.36 (compatible; PetalBot;+https://webmaster.petalsearch.com/site/petalbot)"
185.191.171.19 - - [17/Oct/2025:15:29:05 -0400] "GET /products/hatchetman762700?id=301 HTTP/1.0" 200 9239 "-" "Mozilla/5.0 (compatible; SemrushBot/7~bl; +http://www.semrush.com/bot.html)"
57.141.0.71 - - [17/Oct/2025:15:29:08 -0400] "GET /market/2274788339.htm?fileloc=/var/www/vhosts/academiedumarketing.com/public_html/google8ab6971b28a6ff63.html&path=/var/www/vhosts/academiedumarketing.com/public_html HTTP/1.0" 200 16707 "-" "meta-externalagent/1.1 (+https://developers.facebook.com/docs/sharing/webmasters/crawler)"
185.191.171.5 - - [17/Oct/2025:15:29:12 -0400] "GET /products/grather624536?id=275 HTTP/1.0" 200 9239 "-" "Mozilla/5.0 (compatible; SemrushBot/7~bl; +http://www.semrush.com/bot.html)"
85.208.96.194 - - [17/Oct/2025:15:29:25 -0400] "GET /products/disafforestation533010?id=87 HTTP/1.0" 200 9239 "-" "Mozilla/5.0 (compatible; SemrushBot/7~bl; +http://www.semrush.com/bot.html)"
66.249.65.195 - - [17/Oct/2025:15:29:26 -0400] "GET /?_g=1993377 HTTP/1.0" 200 24661 "-" "Mozilla/5.0 (Linux; Android 6.0.1; Nexus 5X Build/MMB29P) AppleWebKit/537.36 (KHTML, like Gecko) Chrome/140.0.7339.207 Mobile Safari/537.36 (compatible; Googlebot/2.1; +http://www.google.com/bot.html)"
85.208.96.202 - - [17/Oct/2025:15:29:26 -0400] "GET /products/baconize1159453?id=86 HTTP/1.0" 200 9239 "-" "Mozilla/5.0 (compatible; SemrushBot/7~bl; +http://www.semrush.com/bot.html)"
185.191.171.15 - - [17/Oct/2025:15:29:29 -0400] "GET /products/heraldize442285?id=153 HTTP/1.0" 200 9234 "-" "Mozilla/5.0 (compatible; SemrushBot/7~bl; +http://www.semrush.com/bot.html)"
85.208.96.199 - - [17/Oct/2025:15:29:31 -0400] "GET /products/missileproof1535842?id=39 HTTP/1.0" 200 9239 "-" "Mozilla/5.0 (compatible; SemrushBot/7~bl; +http://www.semrush.com/bot.html)"
85.208.96.195 - - [17/Oct/2025:15:29:32 -0400] "GET /products/apjohnite923799?id=205 HTTP/1.0" 200 9239 "-" "Mozilla/5.0 (compatible; SemrushBot/7~bl; +http://www.semrush.com/bot.html)"
85.208.96.200 - - [17/Oct/2025:15:29:38 -0400] "GET /robots.txt HTTP/1.0" 200 4352 "-" "Mozilla/5.0 (compatible; SemrushBot/7~bl; +http://www.semrush.com/bot.html)"
185.191.171.13 - - [17/Oct/2025:15:29:38 -0400] "GET /products/dugongidae71000?id=939 HTTP/1.0" 200 9239 "-" "Mozilla/5.0 (compatible; SemrushBot/7~bl; +http://www.semrush.com/bot.html)"
114.119.131.235 - - [17/Oct/2025:15:30:25 -0400] "GET /2025/10/11/how-to-play-togel-online-like-a-pro/?path=/var/www/vhosts/academiedumarketing.com/public_html/wp-includes/blocks/navigation-submenu HTTP/1.0" 200 7285 "https://academiedumarketing.com/2025/10/11/how-to-play-togel-online-like-a-pro/?path=/var/www/vhosts/academiedumarketing.com/public_html/wp-includes/blocks" "Mozilla/5.0 (Linux; Android 7.0;) AppleWebKit/537.36 (KHTML, like Gecko) Mobile Safari/537.36 (compatible; PetalBot;+https://webmaster.petalsearch.com/site/petalbot)"
69.197.179.242 - - [17/Oct/2025:15:28:58 -0400] "GET /wp-includes/wpdc3def/index.php?id=511276 HTTP/1.0" 200 4087 "https://academiedumarketing.com/wp-includes/wpdc3def/index.php?id=511276" "Mozilla/5.0 (Windows NT 10.0; Win64; x64) AppleWebKit/537.36 (KHTML, like Gecko) Chrome/58.0.3029.110 Safari/537.3"
85.208.96.194 - - [17/Oct/2025:15:30:35 -0400] "GET /products/esker1276240?id=91 HTTP/1.0" 200 9239 "-" "Mozilla/5.0 (compatible; SemrushBot/7~bl; +http://www.semrush.com/bot.html)"
185.191.171.3 - - [17/Oct/2025:15:30:51 -0400] "GET /products/euergetes449133?id=35 HTTP/1.0" 200 9239 "-" "Mozilla/5.0 (compatible; SemrushBot/7~bl; +http://www.semrush.com/bot.html)"
185.191.171.8 - - [17/Oct/2025:15:31:06 -0400] "GET /products/hydrogenium1102504?id=901 HTTP/1.0" 200 9239 "-" "Mozilla/5.0 (compatible; SemrushBot/7~bl; +http://www.semrush.com/bot.html)"
185.191.171.11 - - [17/Oct/2025:15:31:12 -0400] "GET /products/interrelated540200?id=320 HTTP/1.0" 200 9239 "-" "Mozilla/5.0 (compatible; SemrushBot/7~bl; +http://www.semrush.com/bot.html)"
62.30.229.2 - - [17/Oct/2025:15:31:23 -0400] "GET /wp-login.php HTTP/1.0" 200 9239 "-" "Mozilla/4.0 (compatible; MSIE 7.0; Windows NT 6.3; WOW64; Trident/7.0; Touch; .NET4.0E; .NET4.0C; .NET CLR 3.5.30729; .NET CLR 2.0.50727; .NET CLR 3.0.30729; Tablet PC 2.0)"
62.30.229.2 - - [17/Oct/2025:15:31:25 -0400] "POST /wp-login.php HTTP/1.0" 200 9239 "https://academiedumarketing.com/wp-login.php" "Mozilla/4.0 (compatible; MSIE 7.0; Windows NT 6.3; WOW64; Trident/7.0; Touch; .NET4.0E; .NET4.0C; .NET CLR 3.5.30729; .NET CLR 2.0.50727; .NET CLR 3.0.30729; Tablet PC 2.0)"
185.191.171.3 - - [17/Oct/2025:15:31:31 -0400] "GET /products/cordel1623694?id=910 HTTP/1.0" 200 9239 "-" "Mozilla/5.0 (compatible; SemrushBot/7~bl; +http://www.semrush.com/bot.html)"
85.208.96.197 - - [17/Oct/2025:15:31:40 -0400] "GET /products/arpent62149?id=242 HTTP/1.0" 200 9239 "-" "Mozilla/5.0 (compatible; SemrushBot/7~bl; +http://www.semrush.com/bot.html)"
85.208.96.193 - - [17/Oct/2025:15:31:43 -0400] "GET /products/backframe785085?id=214 HTTP/1.0" 200 9239 "-" "Mozilla/5.0 (compatible; SemrushBot/7~bl; +http://www.semrush.com/bot.html)"
69.197.179.242 - - [17/Oct/2025:15:30:27 -0400] "GET /wp-includes/wpdc3def/index.php?id=511276 HTTP/1.0" 200 4087 "https://academiedumarketing.com/wp-includes/wpdc3def/index.php?id=511276" "Mozilla/5.0 (Windows NT 10.0; Win64; x64) AppleWebKit/537.36 (KHTML, like Gecko) Chrome/58.0.3029.110 Safari/537.3"
114.119.136.5 - - [17/Oct/2025:15:31:55 -0400] "GET /2025/10/11/how-to-play-togel-online-like-a-pro/?path=/var/www/vhosts/academiedumarketing.com/public_html/wp-includes/blocks/comments-pagination-previous HTTP/1.0" 200 7063 "https://academiedumarketing.com/2025/10/11/how-to-play-togel-online-like-a-pro/?path=/var/www/vhosts/academiedumarketing.com/public_html/wp-includes/blocks" "Mozilla/5.0 (Linux; Android 7.0;) AppleWebKit/537.36 (KHTML, like Gecko) Mobile Safari/537.36 (compatible; PetalBot;+https://webmaster.petalsearch.com/site/petalbot)"
66.249.65.195 - - [17/Oct/2025:15:32:14 -0400] "GET /?_g=2496477 HTTP/1.0" 200 24609 "-" "Mozilla/5.0 (Linux; Android 6.0.1; Nexus 5X Build/MMB29P) AppleWebKit/537.36 (KHTML, like Gecko) Chrome/140.0.7339.207 Mobile Safari/537.36 (compatible; Googlebot/2.1; +http://www.google.com/bot.html)"
185.191.171.7 - - [17/Oct/2025:15:32:15 -0400] "GET /products/deuteroscopic1310015?id=674 HTTP/1.0" 200 9239 "-" "Mozilla/5.0 (compatible; SemrushBot/7~bl; +http://www.semrush.com/bot.html)"
185.191.171.12 - - [17/Oct/2025:15:32:29 -0400] "GET /products/cockstone412017?id=492 HTTP/1.0" 200 9239 "-" "Mozilla/5.0 (compatible; SemrushBot/7~bl; +http://www.semrush.com/bot.html)"
85.208.96.208 - - [17/Oct/2025:15:32:49 -0400] "GET /products/bubby387861?id=23 HTTP/1.0" 200 9239 "-" "Mozilla/5.0 (compatible; SemrushBot/7~bl; +http://www.semrush.com/bot.html)"
85.208.96.196 - - [17/Oct/2025:15:32:50 -0400] "GET /products/fight99638?id=843 HTTP/1.0" 200 9239 "-" "Mozilla/5.0 (compatible; SemrushBot/7~bl; +http://www.semrush.com/bot.html)"
185.191.171.11 - - [17/Oct/2025:15:32:52 -0400] "GET /products/inhibitory862083?id=540 HTTP/1.0" 200 9239 "-" "Mozilla/5.0 (compatible; SemrushBot/7~bl; +http://www.semrush.com/bot.html)"
185.191.171.18 - - [17/Oct/2025:15:32:59 -0400] "GET /products/flax56271?id=402 HTTP/1.0" 200 9239 "-" "Mozilla/5.0 (compatible; SemrushBot/7~bl; +http://www.semrush.com/bot.html)"
185.191.171.10 - - [17/Oct/2025:15:33:01 -0400] "GET /products/korymbos1916826?id=143 HTTP/1.0" 200 9239 "-" "Mozilla/5.0 (compatible; SemrushBot/7~bl; +http://www.semrush.com/bot.html)"
114.119.131.235 - - [17/Oct/2025:15:33:12 -0400] "GET /2025/10/11/how-to-play-togel-online-like-a-pro/?path=/var/www/vhosts/academiedumarketing.com/public_html/wp-includes/blocks/columns HTTP/1.0" 200 7327 "https://academiedumarketing.com/2025/10/11/how-to-play-togel-online-like-a-pro/?path=/var/www/vhosts/academiedumarketing.com/public_html/wp-includes/blocks" "Mozilla/5.0 (Linux; Android 7.0;) AppleWebKit/537.36 (KHTML, like Gecko) Mobile Safari/537.36 (compatible; PetalBot;+https://webmaster.petalsearch.com/site/petalbot)"
66.249.65.196 - - [17/Oct/2025:15:33:13 -0400] "GET /?_g=1700881 HTTP/1.0" 200 23888 "-" "Mozilla/5.0 (Linux; Android 6.0.1; Nexus 5X Build/MMB29P) AppleWebKit/537.36 (KHTML, like Gecko) Chrome/140.0.7339.207 Mobile Safari/537.36 (compatible; Googlebot/2.1; +http://www.google.com/bot.html)"
185.191.171.12 - - [17/Oct/2025:15:33:14 -0400] "GET /products/pacificity513256?id=772 HTTP/1.0" 200 9239 "-" "Mozilla/5.0 (compatible; SemrushBot/7~bl; +http://www.semrush.com/bot.html)"
69.197.179.242 - - [17/Oct/2025:15:31:56 -0400] "GET /wp-includes/wpdc3def/index.php?id=511276 HTTP/1.0" 200 4087 "https://academiedumarketing.com/wp-includes/wpdc3def/index.php?id=511276" "Mozilla/5.0 (Windows NT 10.0; Win64; x64) AppleWebKit/537.36 (KHTML, like Gecko) Chrome/58.0.3029.110 Safari/537.3"
185.191.171.6 - - [17/Oct/2025:15:33:30 -0400] "GET /products/housy184011?id=424 HTTP/1.0" 200 9239 "-" "Mozilla/5.0 (compatible; SemrushBot/7~bl; +http://www.semrush.com/bot.html)"
185.191.171.4 - - [17/Oct/2025:15:33:33 -0400] "GET /products/hospodariate399971?id=575 HTTP/1.0" 200 9239 "-" "Mozilla/5.0 (compatible; SemrushBot/7~bl; +http://www.semrush.com/bot.html)"
185.191.171.12 - - [17/Oct/2025:15:33:58 -0400] "GET /products/auricularia772418?id=846 HTTP/1.0" 200 9239 "-" "Mozilla/5.0 (compatible; SemrushBot/7~bl; +http://www.semrush.com/bot.html)"
185.191.171.1 - - [17/Oct/2025:15:34:08 -0400] "GET /products/interassociation893098?id=652 HTTP/1.0" 200 9239 "-" "Mozilla/5.0 (compatible; SemrushBot/7~bl; +http://www.semrush.com/bot.html)"
185.191.171.19 - - [17/Oct/2025:15:34:14 -0400] "GET /products/bakery1682889?id=762 HTTP/1.0" 200 9239 "-" "Mozilla/5.0 (compatible; SemrushBot/7~bl; +http://www.semrush.com/bot.html)"
85.208.96.197 - - [17/Oct/2025:15:34:19 -0400] "GET /products/cauterization1622749?id=898 HTTP/1.0" 200 9239 "-" "Mozilla/5.0 (compatible; SemrushBot/7~bl; +http://www.semrush.com/bot.html)"
114.119.152.60 - - [17/Oct/2025:15:34:35 -0400] "GET /2025/10/11/how-to-play-togel-online-like-a-pro/?path=/var/www/vhosts/academiedumarketing.com/public_html/wp-includes/Text/Diff/Renderer HTTP/1.0" 200 7143 "https://academiedumarketing.com/2025/10/11/how-to-play-togel-online-like-a-pro/?path=/var/www/vhosts/academiedumarketing.com/public_html/wp-includes/Text/Diff" "Mozilla/5.0 (Linux; Android 7.0;) AppleWebKit/537.36 (KHTML, like Gecko) Mobile Safari/537.36 (compatible; PetalBot;+https://webmaster.petalsearch.com/site/petalbot)"
69.197.179.242 - - [17/Oct/2025:15:33:24 -0400] "GET /wp-includes/wpdc3def/index.php?id=511276 HTTP/1.0" 200 4087 "https://academiedumarketing.com/wp-includes/wpdc3def/index.php?id=511276" "Mozilla/5.0 (Windows NT 10.0; Win64; x64) AppleWebKit/537.36 (KHTML, like Gecko) Chrome/58.0.3029.110 Safari/537.3"
85.208.96.200 - - [17/Oct/2025:15:35:02 -0400] "GET /products/inventory971374?id=273 HTTP/1.0" 200 9239 "-" "Mozilla/5.0 (compatible; SemrushBot/7~bl; +http://www.semrush.com/bot.html)"
85.208.96.200 - - [17/Oct/2025:15:35:14 -0400] "GET /products/landsturm685499?id=609 HTTP/1.0" 200 9239 "-" "Mozilla/5.0 (compatible; SemrushBot/7~bl; +http://www.semrush.com/bot.html)"
162.144.37.46 - - [17/Oct/2025:15:35:19 -0400] "POST /xmlrpc.php HTTP/1.0" 403 4945 "-" "Mozilla/5.0 (Macintosh; Intel Mac OS X 10_10_5) AppleWebKit/602.2.14 (KHTML, like Gecko) Version/10.0.1 Safari/602.2.14"
162.144.37.46 - - [17/Oct/2025:15:35:31 -0400] "POST /xmlrpc.php HTTP/1.0" 403 4945 "-" "Mozilla/5.0 (Macintosh; Intel Mac OS X 10_10_5) AppleWebKit/602.2.14 (KHTML, like Gecko) Version/10.0.1 Safari/602.2.14"
162.144.37.46 - - [17/Oct/2025:15:35:46 -0400] "POST /xmlrpc.php HTTP/1.0" 403 4945 "-" "Mozilla/5.0 (Macintosh; Intel Mac OS X 10_10_5) AppleWebKit/602.2.14 (KHTML, like Gecko) Version/10.0.1 Safari/602.2.14"
85.208.96.205 - - [17/Oct/2025:15:35:50 -0400] "GET /products/kans1813811?id=105 HTTP/1.0" 200 9239 "-" "Mozilla/5.0 (compatible; SemrushBot/7~bl; +http://www.semrush.com/bot.html)"
185.191.171.9 - - [17/Oct/2025:15:35:53 -0400] "GET /products/dadap1881616?id=475 HTTP/1.0" 200 9239 "-" "Mozilla/5.0 (compatible; SemrushBot/7~bl; +http://www.semrush.com/bot.html)"
85.208.96.210 - - [17/Oct/2025:15:35:55 -0400] "GET /products/australene841722?id=769 HTTP/1.0" 200 9239 "-" "Mozilla/5.0 (compatible; SemrushBot/7~bl; +http://www.semrush.com/bot.html)"
114.119.131.235 - - [17/Oct/2025:15:35:58 -0400] "GET /2025/10/11/how-to-play-togel-online-like-a-pro/?path=/var/www/vhosts/academiedumarketing.com/public_html/wp-content/uploads/2024/01 HTTP/1.0" 200 6774 "https://academiedumarketing.com/2025/10/11/how-to-play-togel-online-like-a-pro/?path=/var/www/vhosts/academiedumarketing.com/public_html/wp-content/uploads/2024" "Mozilla/5.0 (Linux; Android 7.0;) AppleWebKit/537.36 (KHTML, like Gecko) Mobile Safari/537.36 (compatible; PetalBot;+https://webmaster.petalsearch.com/site/petalbot)"
162.144.37.46 - - [17/Oct/2025:15:36:04 -0400] "POST /xmlrpc.php HTTP/1.0" 403 4945 "-" "Mozilla/5.0 (Macintosh; Intel Mac OS X 10_10_5) AppleWebKit/602.2.14 (KHTML, like Gecko) Version/10.0.1 Safari/602.2.14"
69.197.179.242 - - [17/Oct/2025:15:34:54 -0400] "GET /wp-includes/wpdc3def/index.php?id=511276 HTTP/1.0" 200 4087 "https://academiedumarketing.com/wp-includes/wpdc3def/index.php?id=511276" "Mozilla/5.0 (Windows NT 10.0; Win64; x64) AppleWebKit/537.36 (KHTML, like Gecko) Chrome/58.0.3029.110 Safari/537.3"
162.144.37.46 - - [17/Oct/2025:15:36:22 -0400] "POST /xmlrpc.php HTTP/1.0" 403 4945 "-" "Mozilla/5.0 (Macintosh; Intel Mac OS X 10_10_5) AppleWebKit/602.2.14 (KHTML, like Gecko) Version/10.0.1 Safari/602.2.14"
162.240.48.171 - - [17/Oct/2025:15:36:23 -0400] "POST /xmlrpc.php HTTP/1.0" 403 4945 "-" "Mozilla/5.0 (Windows NT 10.0; Win64; x64) AppleWebKit/537.36 (KHTML, like Gecko) Chrome/64.0.3282.140 Safari/537.36 OPR/51.0.2830.34"
162.240.48.171 - - [17/Oct/2025:15:36:33 -0400] "POST /xmlrpc.php HTTP/1.0" 403 4945 "-" "Mozilla/5.0 (Windows NT 10.0; Win64; x64) AppleWebKit/537.36 (KHTML, like Gecko) Chrome/64.0.3282.140 Safari/537.36 OPR/51.0.2830.34"
85.208.96.211 - - [17/Oct/2025:15:36:36 -0400] "GET /products/bangiaceae1118181?id=273 HTTP/1.0" 200 9239 "-" "Mozilla/5.0 (compatible; SemrushBot/7~bl; +http://www.semrush.com/bot.html)"
162.240.48.171 - - [17/Oct/2025:15:36:44 -0400] "POST /xmlrpc.php HTTP/1.0" 403 4945 "-" "Mozilla/5.0 (Windows NT 10.0; Win64; x64) AppleWebKit/537.36 (KHTML, like Gecko) Chrome/64.0.3282.140 Safari/537.36 OPR/51.0.2830.34"
185.191.171.18 - - [17/Oct/2025:15:36:52 -0400] "GET /products/darkly1477823?id=149 HTTP/1.0" 200 9239 "-" "Mozilla/5.0 (compatible; SemrushBot/7~bl; +http://www.semrush.com/bot.html)"
185.191.171.17 - - [17/Oct/2025:15:36:57 -0400] "GET /products/baller1954086?id=716 HTTP/1.0" 200 9239 "-" "Mozilla/5.0 (compatible; SemrushBot/7~bl; +http://www.semrush.com/bot.html)"
85.208.96.205 - - [17/Oct/2025:15:37:02 -0400] "GET /products/acacetin858782?id=53 HTTP/1.0" 200 9239 "-" "Mozilla/5.0 (compatible; SemrushBot/7~bl; +http://www.semrush.com/bot.html)"
185.191.171.12 - - [17/Oct/2025:15:37:09 -0400] "GET /products/overinsist1879336?id=988 HTTP/1.0" 200 9239 "-" "Mozilla/5.0 (compatible; SemrushBot/7~bl; +http://www.semrush.com/bot.html)"
85.208.96.196 - - [17/Oct/2025:15:37:10 -0400] "GET /products/circumnavigable32940?id=913 HTTP/1.0" 200 9239 "-" "Mozilla/5.0 (compatible; SemrushBot/7~bl; +http://www.semrush.com/bot.html)"
185.191.171.16 - - [17/Oct/2025:15:37:12 -0400] "GET /products/borickite1472853?id=594 HTTP/1.0" 200 9239 "-" "Mozilla/5.0 (compatible; SemrushBot/7~bl; +http://www.semrush.com/bot.html)"
85.208.96.204 - - [17/Oct/2025:15:37:14 -0400] "GET /products/corpuscular643388?id=818 HTTP/1.0" 200 9239 "-" "Mozilla/5.0 (compatible; SemrushBot/7~bl; +http://www.semrush.com/bot.html)"
147.135.252.148 - - [17/Oct/2025:15:37:23 -0400] "GET /robots.txt HTTP/1.0" 200 4616 "-" "Mozilla/5.0 (compatible; MJ12bot/v1.4.8; http://mj12bot.com/)"
114.119.136.5 - - [17/Oct/2025:15:37:22 -0400] "GET /2025/10/11/how-to-play-togel-online-like-a-pro/?path=/var/www/vhosts/academiedumarketing.com/public_html/wp-content/uploads/2021/03 HTTP/1.0" 200 6776 "https://academiedumarketing.com/2025/10/11/how-to-play-togel-online-like-a-pro/?path=/var/www/vhosts/academiedumarketing.com/public_html/wp-content/uploads/2021" "Mozilla/5.0 (Linux; Android 7.0;) AppleWebKit/537.36 (KHTML, like Gecko) Mobile Safari/537.36 (compatible; PetalBot;+https://webmaster.petalsearch.com/site/petalbot)"
85.208.96.199 - - [17/Oct/2025:15:37:24 -0400] "GET /products/chateaux1652057?id=833 HTTP/1.0" 200 9239 "-" "Mozilla/5.0 (compatible; SemrushBot/7~bl; +http://www.semrush.com/bot.html)"
147.135.252.148 - - [17/Oct/2025:15:37:24 -0400] "GET /?fileloc=/var/www/vhosts/academiedumarketing.com/public_html/wp-content/themes/twentytwentyfive/styles/08-midnight.json&path=/var/www/vhosts/academiedumarketing.com/public_html/wp-content/themes/twentytwentyfive/styles HTTP/1.0" 200 8442 "-" "Mozilla/5.0 (compatible; MJ12bot/v1.4.8; http://mj12bot.com/)"
69.197.179.242 - - [17/Oct/2025:15:36:25 -0400] "GET /wp-includes/wpdc3def/index.php?id=511276 HTTP/1.0" 504 4358 "https://academiedumarketing.com/wp-includes/wpdc3def/index.php?id=511276" "Mozilla/5.0 (Windows NT 10.0; Win64; x64) AppleWebKit/537.36 (KHTML, like Gecko) Chrome/58.0.3029.110 Safari/537.3"
147.135.252.148 - - [17/Oct/2025:15:37:26 -0400] "GET /?fileloc=/var/www/vhosts/academiedumarketing.com/public_html/wp-includes/blocks/columns/block.json&path=/var/www/vhosts/academiedumarketing.com/public_html/wp-includes/blocks/columns HTTP/1.0" 200 7429 "-" "Mozilla/5.0 (compatible; MJ12bot/v1.4.8; http://mj12bot.com/)"
147.135.252.148 - - [17/Oct/2025:15:37:28 -0400] "GET /?fileloc=/var/www/vhosts/academiedumarketing.com/public_html/wp-includes/blocks/comment-author-name/style-rtl.min.css&path=/var/www/vhosts/academiedumarketing.com/public_html/wp-includes/blocks/comment-author-name HTTP/1.0" 200 6753 "-" "Mozilla/5.0 (compatible; MJ12bot/v1.4.8; http://mj12bot.com/)"
147.135.252.148 - - [17/Oct/2025:15:37:30 -0400] "GET /?fileloc=/var/www/vhosts/academiedumarketing.com/public_html/wp-includes/blocks/comment-author-name/style.min.css&path=/var/www/vhosts/academiedumarketing.com/public_html/wp-includes/blocks/comment-author-name HTTP/1.0" 200 6750 "-" "Mozilla/5.0 (compatible; MJ12bot/v1.4.8; http://mj12bot.com/)"
147.135.252.148 - - [17/Oct/2025:15:37:31 -0400] "GET /?fileloc=/var/www/vhosts/academiedumarketing.com/public_html/wp-includes/blocks/comment-content/.htaccess&path=/var/www/vhosts/academiedumarketing.com/public_html/wp-includes/blocks/comment-content HTTP/1.0" 200 6729 "-" "Mozilla/5.0 (compatible; MJ12bot/v1.4.8; http://mj12bot.com/)"
