66.249.65.196 - - [17/Oct/2025:13:09:25 -0400] "GET /?_g=1219192 HTTP/1.0" 200 24137 "-" "Mozilla/5.0 (Linux; Android 6.0.1; Nexus 5X Build/MMB29P) AppleWebKit/537.36 (KHTML, like Gecko) Chrome/140.0.7339.207 Mobile Safari/537.36 (compatible; Googlebot/2.1; +http://www.google.com/bot.html)"
87.98.128.54 - - [17/Oct/2025:13:09:34 -0400] "GET /wp-login.php HTTP/1.0" 200 9234 "-" "Mozilla/5.0 (Windows NT 6.3; WOW64; Trident/7.0; MATBJS; rv:11.0) like Gecko"
85.208.96.202 - - [17/Oct/2025:13:09:35 -0400] "GET /products/misleadingness1408926?id=252 HTTP/1.0" 200 9234 "-" "Mozilla/5.0 (compatible; SemrushBot/7~bl; +http://www.semrush.com/bot.html)"
87.98.128.54 - - [17/Oct/2025:13:09:38 -0400] "POST /wp-login.php HTTP/1.0" 200 9239 "https://academiedumarketing.com/wp-login.php" "Mozilla/5.0 (Windows NT 6.3; WOW64; Trident/7.0; MATBJS; rv:11.0) like Gecko"
185.191.171.10 - - [17/Oct/2025:13:09:42 -0400] "GET /products/adverbial1919364?id=491 HTTP/1.0" 200 9239 "-" "Mozilla/5.0 (compatible; SemrushBot/7~bl; +http://www.semrush.com/bot.html)"
114.119.129.33 - - [17/Oct/2025:13:09:53 -0400] "GET /2025/10/11/how-to-play-togel-online-like-a-pro/?path=/var/www/vhosts/academiedumarketing.com/public_html/wp-content/uploads/2021/03 HTTP/1.0" 200 6776 "https://academiedumarketing.com/2025/10/11/how-to-play-togel-online-like-a-pro/?path=/var/www/vhosts/academiedumarketing.com/public_html/wp-content/uploads/2021" "Mozilla/5.0 (Linux; Android 7.0;) AppleWebKit/537.36 (KHTML, like Gecko) Mobile Safari/537.36 (compatible; PetalBot;+https://webmaster.petalsearch.com/site/petalbot)"
185.191.171.19 - - [17/Oct/2025:13:09:54 -0400] "GET /products/agalactia332026?id=658 HTTP/1.0" 200 9239 "-" "Mozilla/5.0 (compatible; SemrushBot/7~bl; +http://www.semrush.com/bot.html)"
185.191.171.19 - - [17/Oct/2025:13:09:56 -0400] "GET /products/abut335645?id=649 HTTP/1.0" 200 9239 "-" "Mozilla/5.0 (compatible; SemrushBot/7~bl; +http://www.semrush.com/bot.html)"
185.191.171.19 - - [17/Oct/2025:13:09:59 -0400] "GET /products/basibracteolate740501?id=771 HTTP/1.0" 200 9239 "-" "Mozilla/5.0 (compatible; SemrushBot/7~bl; +http://www.semrush.com/bot.html)"
85.208.96.206 - - [17/Oct/2025:13:10:07 -0400] "GET /products/goggle661255?id=783 HTTP/1.0" 200 9239 "-" "Mozilla/5.0 (compatible; SemrushBot/7~bl; +http://www.semrush.com/bot.html)"
57.129.69.7 - - [17/Oct/2025:13:10:09 -0400] "GET /?fileloc=/var/www/vhosts/academiedumarketing.com/public_html/postnews.php&path=/var/www/vhosts/academiedumarketing.com/public_html HTTP/1.0" 200 9068 "-" "Mozilla/5.0 (Windows NT 10.0; Win64; x64) AppleWebKit/537.36 (KHTML, like Gecko) Chrome/139.0.0.0 Safari/537.36"
66.249.65.195 - - [17/Oct/2025:13:10:25 -0400] "GET /?_g=1485531 HTTP/1.0" 200 23770 "-" "Mozilla/5.0 (Linux; Android 6.0.1; Nexus 5X Build/MMB29P) AppleWebKit/537.36 (KHTML, like Gecko) Chrome/140.0.7339.207 Mobile Safari/537.36 (compatible; Googlebot/2.1; +http://www.google.com/bot.html)"
185.191.171.6 - - [17/Oct/2025:13:10:28 -0400] "GET /products/liliform1498695?id=985 HTTP/1.0" 200 9239 "-" "Mozilla/5.0 (compatible; SemrushBot/7~bl; +http://www.semrush.com/bot.html)"
185.191.171.6 - - [17/Oct/2025:13:10:32 -0400] "GET /products/lid106540?id=330 HTTP/1.0" 200 9239 "-" "Mozilla/5.0 (compatible; SemrushBot/7~bl; +http://www.semrush.com/bot.html)"
69.197.179.242 - - [17/Oct/2025:13:09:34 -0400] "GET /wp-includes/wpdc3def/index.php?id=511276 HTTP/1.0" 504 4358 "https://academiedumarketing.com/wp-includes/wpdc3def/index.php?id=511276" "Mozilla/5.0 (Windows NT 10.0; Win64; x64) AppleWebKit/537.36 (KHTML, like Gecko) Chrome/58.0.3029.110 Safari/537.3"
85.208.96.199 - - [17/Oct/2025:13:10:43 -0400] "GET /products/amiced662829?id=719 HTTP/1.0" 200 9239 "-" "Mozilla/5.0 (compatible; SemrushBot/7~bl; +http://www.semrush.com/bot.html)"
141.94.79.3 - - [17/Oct/2025:13:10:44 -0400] "GET /?path=/var/www/vhosts/academiedumarketing.com/public_html/jGVNHJwRnIpsga HTTP/1.0" 200 7203 "-" "Mozilla/5.0 (Windows NT 10.0; Win64; x64) AppleWebKit/537.36 (KHTML, like Gecko) Chrome/139.0.0.0 Safari/537.36"
85.208.96.194 - - [17/Oct/2025:13:10:47 -0400] "GET /2025/10/04/rahasia-sukses-togel-online-2025-2/ HTTP/1.0" 200 9239 "-" "Mozilla/5.0 (compatible; SemrushBot/7~bl; +http://www.semrush.com/bot.html)"
85.208.96.202 - - [17/Oct/2025:13:10:57 -0400] "GET /products/clergy459129?id=420 HTTP/1.0" 200 9239 "-" "Mozilla/5.0 (compatible; SemrushBot/7~bl; +http://www.semrush.com/bot.html)"
66.249.65.196 - - [17/Oct/2025:13:10:50 -0400] "GET /?_g=536892 HTTP/1.0" 200 24904 "-" "Mozilla/5.0 (Linux; Android 6.0.1; Nexus 5X Build/MMB29P) AppleWebKit/537.36 (KHTML, like Gecko) Chrome/140.0.7339.207 Mobile Safari/537.36 (compatible; Googlebot/2.1; +http://www.google.com/bot.html)"
185.191.171.6 - - [17/Oct/2025:13:11:00 -0400] "GET /products/anthroposociologist1162450?id=652 HTTP/1.0" 200 9239 "-" "Mozilla/5.0 (compatible; SemrushBot/7~bl; +http://www.semrush.com/bot.html)"
114.119.138.172 - - [17/Oct/2025:13:11:06 -0400] "GET /2025/10/08/togel-digital-era-explained/?path=/var/www/vhosts/academiedumarketing.com/public_html/njABawTk/njABawTk/njABawTk HTTP/1.0" 200 7297 "https://academiedumarketing.com/2025/10/08/togel-digital-era-explained/?path=/var/www/vhosts/academiedumarketing.com/public_html/njABawTk/njABawTk" "Mozilla/5.0 (Linux; Android 7.0;) AppleWebKit/537.36 (KHTML, like Gecko) Mobile Safari/537.36 (compatible; PetalBot;+https://webmaster.petalsearch.com/site/petalbot)"
66.249.65.197 - - [17/Oct/2025:13:11:15 -0400] "GET /?_g=647257 HTTP/1.0" 200 23613 "-" "Mozilla/5.0 (Linux; Android 6.0.1; Nexus 5X Build/MMB29P) AppleWebKit/537.36 (KHTML, like Gecko) Chrome/140.0.7339.207 Mobile Safari/537.36 (compatible; Googlebot/2.1; +http://www.google.com/bot.html)"
66.249.65.195 - - [17/Oct/2025:13:11:27 -0400] "GET /?_g=2075597 HTTP/1.0" 200 23975 "-" "Mozilla/5.0 (Linux; Android 6.0.1; Nexus 5X Build/MMB29P) AppleWebKit/537.36 (KHTML, like Gecko) Chrome/140.0.7339.207 Mobile Safari/537.36 (compatible; Googlebot/2.1; +http://www.google.com/bot.html)"
185.191.171.8 - - [17/Oct/2025:13:11:37 -0400] "GET /products/amphicarpaea444181?id=38 HTTP/1.0" 200 9239 "-" "Mozilla/5.0 (compatible; SemrushBot/7~bl; +http://www.semrush.com/bot.html)"
50.21.186.206 - - [17/Oct/2025:13:11:43 -0400] "POST /xmlrpc.php HTTP/1.0" 403 4945 "-" "Mozilla/5.0 (Macintosh; Intel Mac OS X 10_13_3) AppleWebKit/537.36 (KHTML, like Gecko) Chrome/65.0.3325.162 Safari/537.36"
50.21.186.206 - - [17/Oct/2025:13:11:44 -0400] "POST /xmlrpc.php HTTP/1.0" 403 4945 "-" "Mozilla/5.0 (Macintosh; Intel Mac OS X 10_13_3) AppleWebKit/537.36 (KHTML, like Gecko) Chrome/65.0.3325.162 Safari/537.36"
50.21.186.206 - - [17/Oct/2025:13:11:45 -0400] "POST /xmlrpc.php HTTP/1.0" 403 4945 "-" "Mozilla/5.0 (Macintosh; Intel Mac OS X 10_13_3) AppleWebKit/537.36 (KHTML, like Gecko) Chrome/65.0.3325.162 Safari/537.36"
50.21.186.206 - - [17/Oct/2025:13:11:46 -0400] "POST /xmlrpc.php HTTP/1.0" 403 4945 "-" "Mozilla/5.0 (Macintosh; Intel Mac OS X 10_13_3) AppleWebKit/537.36 (KHTML, like Gecko) Chrome/65.0.3325.162 Safari/537.36"
50.21.186.206 - - [17/Oct/2025:13:11:47 -0400] "POST /xmlrpc.php HTTP/1.0" 403 4945 "-" "Mozilla/5.0 (Macintosh; Intel Mac OS X 10_13_3) AppleWebKit/537.36 (KHTML, like Gecko) Chrome/65.0.3325.162 Safari/537.36"
50.21.186.206 - - [17/Oct/2025:13:11:48 -0400] "POST /xmlrpc.php HTTP/1.0" 403 4945 "-" "Mozilla/5.0 (Macintosh; Intel Mac OS X 10_13_3) AppleWebKit/537.36 (KHTML, like Gecko) Chrome/65.0.3325.162 Safari/537.36"
85.208.96.199 - - [17/Oct/2025:13:11:59 -0400] "GET /products/overdazed15394?id=337 HTTP/1.0" 200 9239 "-" "Mozilla/5.0 (compatible; SemrushBot/7~bl; +http://www.semrush.com/bot.html)"
69.197.179.242 - - [17/Oct/2025:13:11:03 -0400] "GET /wp-includes/wpdc3def/index.php?id=511276 HTTP/1.0" 504 4358 "https://academiedumarketing.com/wp-includes/wpdc3def/index.php?id=511276" "Mozilla/5.0 (Windows NT 10.0; Win64; x64) AppleWebKit/537.36 (KHTML, like Gecko) Chrome/58.0.3029.110 Safari/537.3"
185.191.171.18 - - [17/Oct/2025:13:12:08 -0400] "GET /products/adenocancroid778687?id=327 HTTP/1.0" 200 9239 "-" "Mozilla/5.0 (compatible; SemrushBot/7~bl; +http://www.semrush.com/bot.html)"
185.191.171.12 - - [17/Oct/2025:13:12:13 -0400] "GET /products/germander763120?id=849 HTTP/1.0" 200 9239 "-" "Mozilla/5.0 (compatible; SemrushBot/7~bl; +http://www.semrush.com/bot.html)"
66.249.65.195 - - [17/Oct/2025:13:12:13 -0400] "GET /?_g=2407729 HTTP/1.0" 200 24180 "-" "Mozilla/5.0 (Linux; Android 6.0.1; Nexus 5X Build/MMB29P) AppleWebKit/537.36 (KHTML, like Gecko) Chrome/140.0.7339.207 Mobile Safari/537.36 (compatible; Googlebot/2.1; +http://www.google.com/bot.html)"
66.249.65.196 - - [17/Oct/2025:13:12:14 -0400] "GET /?_g=956410 HTTP/1.0" 200 24161 "-" "Mozilla/5.0 (Linux; Android 6.0.1; Nexus 5X Build/MMB29P) AppleWebKit/537.36 (KHTML, like Gecko) Chrome/140.0.7339.207 Mobile Safari/537.36 (compatible; Googlebot/2.1; +http://www.google.com/bot.html)"
66.249.65.195 - - [17/Oct/2025:13:12:26 -0400] "GET /robots.txt HTTP/1.0" 200 4352 "-" "Mozilla/5.0 (compatible; Googlebot/2.1; +http://www.google.com/bot.html)"
66.249.65.196 - - [17/Oct/2025:13:12:26 -0400] "GET /?zhHant/product/surugaya/A54955032?campaign_uid=f64d716db5e979ed2f947dbaf4296895b951ae7f HTTP/1.0" 200 24950 "-" "Mozilla/5.0 (Linux; Android 6.0.1; Nexus 5X Build/MMB29P) AppleWebKit/537.36 (KHTML, like Gecko) Chrome/140.0.7339.207 Mobile Safari/537.36 (compatible; Googlebot/2.1; +http://www.google.com/bot.html)"
114.119.136.5 - - [17/Oct/2025:13:12:36 -0400] "GET /2025/10/04/rahasia-sukses-togel-online-2025-2/?path=/var/www/vhosts/academiedumarketing.com/public_html/wp-includes/blocks/comments-pagination HTTP/1.0" 200 7357 "https://academiedumarketing.com/2025/10/04/rahasia-sukses-togel-online-2025-2/?path=/var/www/vhosts/academiedumarketing.com/public_html/wp-includes/blocks" "Mozilla/5.0 (Linux; Android 7.0;) AppleWebKit/537.36 (KHTML, like Gecko) Mobile Safari/537.36 (compatible; PetalBot;+https://webmaster.petalsearch.com/site/petalbot)"
185.191.171.6 - - [17/Oct/2025:13:12:49 -0400] "GET /products/jacobean1818217?id=244 HTTP/1.0" 200 9239 "-" "Mozilla/5.0 (compatible; SemrushBot/7~bl; +http://www.semrush.com/bot.html)"
85.208.96.195 - - [17/Oct/2025:13:12:53 -0400] "GET /products/aby758060?id=799 HTTP/1.0" 200 9239 "-" "Mozilla/5.0 (compatible; SemrushBot/7~bl; +http://www.semrush.com/bot.html)"
85.208.96.202 - - [17/Oct/2025:13:12:57 -0400] "GET /products/domesticality1570069?id=198 HTTP/1.0" 200 9239 "-" "Mozilla/5.0 (compatible; SemrushBot/7~bl; +http://www.semrush.com/bot.html)"
185.191.171.7 - - [17/Oct/2025:13:13:03 -0400] "GET /products/bore306978?id=819 HTTP/1.0" 200 9239 "-" "Mozilla/5.0 (compatible; SemrushBot/7~bl; +http://www.semrush.com/bot.html)"
2.58.56.223 - - [17/Oct/2025:13:13:05 -0400] "GET /wp-content/themes/seotheme/db.php?u HTTP/1.0" 503 5078 "www.google.com" "Mozlila/5.0 (Linux; Android 7.0; SM-G892A Bulid/NRD90M; wv) AppleWebKit/537.36 (KHTML, like Gecko) Version/4.0 Chrome/60.0.3112.107 Moblie Safari/537.36"
2.58.56.223 - - [17/Oct/2025:13:13:05 -0400] "POST /wp-plain.php HTTP/1.0" 403 4945 "www.google.com" "Mozilla/5.0 (Linux; Android 7.0; SM-G892A Bulid/NRD90M; wv) AppleWebKit/537.36 (KHTML, like Gecko) Version/4.0 Chrome/60.0.3112.107 Moblie Safari/537.36"
2.58.56.223 - - [17/Oct/2025:13:13:05 -0400] "GET /wp-content/plugins/fix/up.php HTTP/1.0" 503 5078 "-" "Mozilla/5.0 (Windows NT 10.0; Win64; x64) AppleWebKit/537.36 (KHTML, like Gecko) Chrome/85.0.4183.102 Safari/537.36"
2.58.56.223 - - [17/Oct/2025:13:13:05 -0400] "GET /wp-content/themes/seotheme/db.php?u HTTP/1.0" 503 5078 "www.google.com" "Mozlila/5.0 (Linux; Android 7.0; SM-G892A Bulid/NRD90M; wv) AppleWebKit/537.36 (KHTML, like Gecko) Version/4.0 Chrome/60.0.3112.107 Moblie Safari/537.36"
2.58.56.223 - - [17/Oct/2025:13:13:05 -0400] "GET /cznobigw.php?Fox=d3wL7 HTTP/1.0" 403 4945 "www.google.com" "Mozilla/5.0 (Linux; Android 7.0; SM-G892A Bulid/NRD90M; wv) AppleWebKit/537.36 (KHTML, like Gecko) Version/4.0 Chrome/60.0.3112.107 Moblie Safari/537.36"
2.58.56.223 - - [17/Oct/2025:13:13:05 -0400] "GET / HTTP/1.0" 200 102732 "-" "Mozlila/5.0 (Linux; Android 7.0; SM-G892A Bulid/NRD90M; wv) AppleWebKit/537.36 (KHTML, like Gecko) Version/4.0 Chrome/60.0.3112.107 Moblie Safari/537.36"
2.58.56.223 - - [17/Oct/2025:13:13:05 -0400] "POST /ALFA_DATA/alfacgiapi/perl.alfa HTTP/1.0" 200 4383 "www.google.com" "Mozlila/5.0 (Linux; Android 7.0; SM-G892A Bulid/NRD90M; wv) AppleWebKit/537.36 (KHTML, like Gecko) Version/4.0 Chrome/60.0.3112.107 Moblie Safari/537.36"
2.58.56.223 - - [17/Oct/2025:13:13:13 -0400] "POST /alfacgiapi/perl.alfa HTTP/1.0" 200 4383 "www.google.com" "Mozlila/5.0 (Linux; Android 7.0; SM-G892A Bulid/NRD90M; wv) AppleWebKit/537.36 (KHTML, like Gecko) Version/4.0 Chrome/60.0.3112.107 Moblie Safari/537.36"
66.249.65.195 - - [17/Oct/2025:13:13:15 -0400] "GET /?_g=2330491 HTTP/1.0" 200 23571 "-" "Mozilla/5.0 (Linux; Android 6.0.1; Nexus 5X Build/MMB29P) AppleWebKit/537.36 (KHTML, like Gecko) Chrome/140.0.7339.207 Mobile Safari/537.36 (compatible; Googlebot/2.1; +http://www.google.com/bot.html)"
69.197.179.242 - - [17/Oct/2025:13:12:32 -0400] "GET /wp-includes/wpdc3def/index.php?id=511276 HTTP/1.0" 504 4358 "https://academiedumarketing.com/wp-includes/wpdc3def/index.php?id=511276" "Mozilla/5.0 (Windows NT 10.0; Win64; x64) AppleWebKit/537.36 (KHTML, like Gecko) Chrome/58.0.3029.110 Safari/537.3"
185.191.171.14 - - [17/Oct/2025:13:13:33 -0400] "GET /products/irremissibly1319541?id=416 HTTP/1.0" 200 9239 "-" "Mozilla/5.0 (compatible; SemrushBot/7~bl; +http://www.semrush.com/bot.html)"
114.119.129.33 - - [17/Oct/2025:13:13:50 -0400] "GET /2025/10/11/how-to-play-togel-online-like-a-pro/?path=/var/www/vhosts/academiedumarketing.com/public_html/wp-content/themes/twentytwentyfour/assets/css HTTP/1.0" 200 7075 "https://academiedumarketing.com/2025/10/11/how-to-play-togel-online-like-a-pro/?path=/var/www/vhosts/academiedumarketing.com/public_html/wp-content/themes/twentytwentyfour/assets" "Mozilla/5.0 (Linux; Android 7.0;) AppleWebKit/537.36 (KHTML, like Gecko) Mobile Safari/537.36 (compatible; PetalBot;+https://webmaster.petalsearch.com/site/petalbot)"
185.191.171.18 - - [17/Oct/2025:13:13:56 -0400] "GET /products/countertechnicality961607?id=779 HTTP/1.0" 200 9239 "-" "Mozilla/5.0 (compatible; SemrushBot/7~bl; +http://www.semrush.com/bot.html)"
85.208.96.206 - - [17/Oct/2025:13:14:03 -0400] "GET /products/beakerful1818948?id=137 HTTP/1.0" 200 9239 "-" "Mozilla/5.0 (compatible; SemrushBot/7~bl; +http://www.semrush.com/bot.html)"
85.208.96.207 - - [17/Oct/2025:13:14:05 -0400] "GET /products/inrush1957731?id=253 HTTP/1.0" 200 9239 "-" "Mozilla/5.0 (compatible; SemrushBot/7~bl; +http://www.semrush.com/bot.html)"
85.208.96.199 - - [17/Oct/2025:13:14:19 -0400] "GET /products/doubleton1963570?id=717 HTTP/1.0" 200 9239 "-" "Mozilla/5.0 (compatible; SemrushBot/7~bl; +http://www.semrush.com/bot.html)"
66.249.65.196 - - [17/Oct/2025:13:14:25 -0400] "GET /robots.txt HTTP/1.0" 200 4352 "-" "Mozilla/5.0 (compatible; Googlebot/2.1; +http://www.google.com/bot.html)"
66.249.65.197 - - [17/Oct/2025:13:14:25 -0400] "GET /?_g=1836557 HTTP/1.0" 200 23942 "-" "Mozilla/5.0 (Linux; Android 6.0.1; Nexus 5X Build/MMB29P) AppleWebKit/537.36 (KHTML, like Gecko) Chrome/140.0.7339.207 Mobile Safari/537.36 (compatible; Googlebot/2.1; +http://www.google.com/bot.html)"
66.249.65.195 - - [17/Oct/2025:13:14:25 -0400] "GET /?_g=1967670 HTTP/1.0" 200 24217 "-" "Mozilla/5.0 (compatible; Googlebot/2.1; +http://www.google.com/bot.html)"
185.191.171.3 - - [17/Oct/2025:13:14:34 -0400] "GET /products/copperbottom1168829?id=135 HTTP/1.0" 200 9239 "-" "Mozilla/5.0 (compatible; SemrushBot/7~bl; +http://www.semrush.com/bot.html)"
66.249.65.195 - - [17/Oct/2025:13:14:29 -0400] "GET /?_g=1873985 HTTP/1.0" 200 23926 "-" "Mozilla/5.0 (Linux; Android 6.0.1; Nexus 5X Build/MMB29P) AppleWebKit/537.36 (KHTML, like Gecko) Chrome/140.0.7339.207 Mobile Safari/537.36 (compatible; Googlebot/2.1; +http://www.google.com/bot.html)"
66.249.65.195 - - [17/Oct/2025:13:14:37 -0400] "GET /?_g=1662064 HTTP/1.0" 200 23848 "-" "Mozilla/5.0 (Linux; Android 6.0.1; Nexus 5X Build/MMB29P) AppleWebKit/537.36 (KHTML, like Gecko) Chrome/140.0.7339.207 Mobile Safari/537.36 (compatible; Googlebot/2.1; +http://www.google.com/bot.html)"
85.208.96.198 - - [17/Oct/2025:13:14:38 -0400] "GET /products/intracellular464102?id=332 HTTP/1.0" 200 9239 "-" "Mozilla/5.0 (compatible; SemrushBot/7~bl; +http://www.semrush.com/bot.html)"
66.249.65.195 - - [17/Oct/2025:13:14:41 -0400] "GET /?_g=2450408 HTTP/1.0" 200 23758 "-" "Mozilla/5.0 (Linux; Android 6.0.1; Nexus 5X Build/MMB29P) AppleWebKit/537.36 (KHTML, like Gecko) Chrome/140.0.7339.207 Mobile Safari/537.36 (compatible; Googlebot/2.1; +http://www.google.com/bot.html)"
85.208.96.206 - - [17/Oct/2025:13:14:58 -0400] "GET /products/hemitremor225118?id=916 HTTP/1.0" 200 9239 "-" "Mozilla/5.0 (compatible; SemrushBot/7~bl; +http://www.semrush.com/bot.html)"
69.197.179.242 - - [17/Oct/2025:13:14:00 -0400] "GET /wp-includes/wpdc3def/index.php?id=511276 HTTP/1.0" 504 4358 "https://academiedumarketing.com/wp-includes/wpdc3def/index.php?id=511276" "Mozilla/5.0 (Windows NT 10.0; Win64; x64) AppleWebKit/537.36 (KHTML, like Gecko) Chrome/58.0.3029.110 Safari/537.3"
185.191.171.14 - - [17/Oct/2025:13:15:01 -0400] "GET /products/amentulum1217042?id=129 HTTP/1.0" 200 9239 "-" "Mozilla/5.0 (compatible; SemrushBot/7~bl; +http://www.semrush.com/bot.html)"
185.191.171.18 - - [17/Oct/2025:13:15:03 -0400] "GET /products/elasmothere1635653?id=564 HTTP/1.0" 200 9239 "-" "Mozilla/5.0 (compatible; SemrushBot/7~bl; +http://www.semrush.com/bot.html)"
185.191.171.6 - - [17/Oct/2025:13:15:04 -0400] "GET /products/ecliptical1574343?id=348 HTTP/1.0" 200 9239 "-" "Mozilla/5.0 (compatible; SemrushBot/7~bl; +http://www.semrush.com/bot.html)"
66.249.65.197 - - [17/Oct/2025:13:15:07 -0400] "GET /?zhHant/product/surugaya/A1251186607?campaign_uid=f64d716db5e979ed2f947dbaf4296895b951ae7f HTTP/1.0" 200 27875 "-" "Mozilla/5.0 (Linux; Android 6.0.1; Nexus 5X Build/MMB29P) AppleWebKit/537.36 (KHTML, like Gecko) Chrome/140.0.7339.207 Mobile Safari/537.36 (compatible; Googlebot/2.1; +http://www.google.com/bot.html)"
85.208.96.193 - - [17/Oct/2025:13:15:20 -0400] "GET /products/felidae682757?id=699 HTTP/1.0" 200 9239 "-" "Mozilla/5.0 (compatible; SemrushBot/7~bl; +http://www.semrush.com/bot.html)"
114.119.131.235 - - [17/Oct/2025:13:15:27 -0400] "GET /2025/10/04/rahasia-sukses-togel-online-2025-2/?path=/var/www/vhosts/academiedumarketing.com/public_html/wp-includes/customize HTTP/1.0" 200 8385 "https://academiedumarketing.com/2025/10/04/rahasia-sukses-togel-online-2025-2/?path=/var/www/vhosts/academiedumarketing.com/public_html/wp-includes" "Mozilla/5.0 (Linux; Android 7.0;) AppleWebKit/537.36 (KHTML, like Gecko) Mobile Safari/537.36 (compatible; PetalBot;+https://webmaster.petalsearch.com/site/petalbot)"
185.191.171.2 - - [17/Oct/2025:13:15:38 -0400] "GET /products/lachrymal1403086?id=101 HTTP/1.0" 200 9234 "-" "Mozilla/5.0 (compatible; SemrushBot/7~bl; +http://www.semrush.com/bot.html)"
185.191.171.2 - - [17/Oct/2025:13:15:42 -0400] "GET /products/noneastern1824113?id=340 HTTP/1.0" 200 9234 "-" "Mozilla/5.0 (compatible; SemrushBot/7~bl; +http://www.semrush.com/bot.html)"
185.191.171.8 - - [17/Oct/2025:13:16:09 -0400] "GET /products/geullah548755?id=819 HTTP/1.0" 200 9234 "-" "Mozilla/5.0 (compatible; SemrushBot/7~bl; +http://www.semrush.com/bot.html)"
66.249.65.196 - - [17/Oct/2025:13:16:13 -0400] "GET /robots.txt HTTP/1.0" 200 4352 "-" "Mozilla/5.0 (compatible; Googlebot/2.1; +http://www.google.com/bot.html)"
66.249.65.197 - - [17/Oct/2025:13:16:13 -0400] "GET /?_g=989001 HTTP/1.0" 200 24827 "-" "Mozilla/5.0 (compatible; Googlebot/2.1; +http://www.google.com/bot.html)"
66.249.65.196 - - [17/Oct/2025:13:16:15 -0400] "GET /product/edit/A1535190857 HTTP/1.0" 200 25581 "-" "Mozilla/5.0 (Linux; Android 6.0.1; Nexus 5X Build/MMB29P) AppleWebKit/537.36 (KHTML, like Gecko) Chrome/140.0.7339.207 Mobile Safari/537.36 (compatible; Googlebot/2.1; +http://www.google.com/bot.html)"
114.119.131.235 - - [17/Oct/2025:13:16:35 -0400] "GET /2025/10/04/rahasia-sukses-togel-online-2025-2/?path=/var/www/vhosts/academiedumarketing.com/public_html/wp-includes/blocks/comment-author-name HTTP/1.0" 200 7210 "https://academiedumarketing.com/2025/10/04/rahasia-sukses-togel-online-2025-2/?path=/var/www/vhosts/academiedumarketing.com/public_html/wp-includes/blocks" "Mozilla/5.0 (Linux; Android 7.0;) AppleWebKit/537.36 (KHTML, like Gecko) Mobile Safari/537.36 (compatible; PetalBot;+https://webmaster.petalsearch.com/site/petalbot)"
57.141.0.56 - - [17/Oct/2025:13:16:39 -0400] "GET /market/2274579834.htm?path=/var/www/vhosts/academiedumarketing.com/public_html/brYIQEH HTTP/1.0" 200 23457 "-" "meta-externalagent/1.1 (+https://developers.facebook.com/docs/sharing/webmasters/crawler)"
185.191.171.18 - - [17/Oct/2025:13:16:44 -0400] "GET /products/monoplane1616127?id=454 HTTP/1.0" 200 9234 "-" "Mozilla/5.0 (compatible; SemrushBot/7~bl; +http://www.semrush.com/bot.html)"
162.214.55.193 - - [17/Oct/2025:13:16:45 -0400] "GET /wp-login.php HTTP/1.0" 200 9234 "-" "Mozilla/4.0 (compatible; MSIE 7.0; Windows NT 6.2; WOW64; Trident/7.0; .NET4.0C; .NET4.0E; Tablet PC 2.0; .NET CLR 2.0.50727; .NET CLR 3.0.30729; .NET CLR 3.5.30729)"
185.191.171.6 - - [17/Oct/2025:13:16:49 -0400] "GET /products/astrophysics670584?id=324 HTTP/1.0" 200 9234 "-" "Mozilla/5.0 (compatible; SemrushBot/7~bl; +http://www.semrush.com/bot.html)"
162.214.55.193 - - [17/Oct/2025:13:16:49 -0400] "POST /wp-login.php HTTP/1.0" 200 9234 "https://academiedumarketing.com/wp-login.php" "Mozilla/4.0 (compatible; MSIE 7.0; Windows NT 6.2; WOW64; Trident/7.0; .NET4.0C; .NET4.0E; Tablet PC 2.0; .NET CLR 2.0.50727; .NET CLR 3.0.30729; .NET CLR 3.5.30729)"
85.208.96.201 - - [17/Oct/2025:13:16:50 -0400] "GET /products/denarcotize1386854?id=84 HTTP/1.0" 200 9234 "-" "Mozilla/5.0 (compatible; SemrushBot/7~bl; +http://www.semrush.com/bot.html)"
185.191.171.18 - - [17/Oct/2025:13:16:53 -0400] "GET /products/appomatox1800902?id=467 HTTP/1.0" 200 9234 "-" "Mozilla/5.0 (compatible; SemrushBot/7~bl; +http://www.semrush.com/bot.html)"
44.214.19.8 - - [17/Oct/2025:13:16:57 -0400] "GET /2025/10/08/togel-digital-era-explained/?path=/var/www/vhosts/academiedumarketing.com/public_html/.tmb HTTP/1.0" 200 7017 "-" "Mozilla/5.0 AppleWebKit/537.36 (KHTML, like Gecko; compatible; Amazonbot/0.1; +https://developer.amazon.com/support/amazonbot) Chrome/119.0.6045.214 Safari/537.36"
18.209.201.119 - - [17/Oct/2025:13:17:02 -0400] "GET /2025/10/08/togel-digital-era-explained/?fileloc=/var/www/vhosts/academiedumarketing.com/public_html/product.php&path=/var/www/vhosts/academiedumarketing.com/public_html HTTP/1.0" 200 7642 "-" "Mozilla/5.0 AppleWebKit/537.36 (KHTML, like Gecko; compatible; Amazonbot/0.1; +https://developer.amazon.com/support/amazonbot) Chrome/119.0.6045.214 Safari/537.36"
34.234.197.175 - - [17/Oct/2025:13:17:05 -0400] "GET /2025/10/03/best-strategies-for-togel-players/?fileloc=/var/www/vhosts/academiedumarketing.com/public_html/wp-includes/version.php&path=/var/www/vhosts/academiedumarketing.com/public_html/wp-includes HTTP/1.0" 200 7132 "-" "Mozilla/5.0 AppleWebKit/537.36 (KHTML, like Gecko; compatible; Amazonbot/0.1; +https://developer.amazon.com/support/amazonbot) Chrome/119.0.6045.214 Safari/537.36"
18.232.11.247 - - [17/Oct/2025:13:17:09 -0400] "GET /2025/10/03/best-strategies-for-togel-players/?fileloc=/var/www/vhosts/academiedumarketing.com/public_html/wp-includes/class-wp-error.php&path=/var/www/vhosts/academiedumarketing.com/public_html/wp-includes HTTP/1.0" 200 8524 "-" "Mozilla/5.0 AppleWebKit/537.36 (KHTML, like Gecko; compatible; Amazonbot/0.1; +https://developer.amazon.com/support/amazonbot) Chrome/119.0.6045.214 Safari/537.36"
44.212.145.46 - - [17/Oct/2025:13:17:14 -0400] "GET /2025/10/03/best-strategies-for-togel-players/?fileloc=/var/www/vhosts/academiedumarketing.com/public_html/wp-admin/ms-options.php&path=/var/www/vhosts/academiedumarketing.com/public_html/wp-admin HTTP/1.0" 200 6843 "-" "Mozilla/5.0 AppleWebKit/537.36 (KHTML, like Gecko; compatible; Amazonbot/0.1; +https://developer.amazon.com/support/amazonbot) Chrome/119.0.6045.214 Safari/537.36"
57.141.0.48 - - [17/Oct/2025:13:17:29 -0400] "GET /market/2274893556.htm?fileloc=/var/www/vhosts/academiedumarketing.com/public_html/wp-mail.php&path=/var/www/vhosts/academiedumarketing.com/public_html HTTP/1.0" 200 25672 "-" "meta-externalagent/1.1 (+https://developers.facebook.com/docs/sharing/webmasters/crawler)"
85.208.96.211 - - [17/Oct/2025:13:17:35 -0400] "GET /products/alcoholmeter894495?id=32 HTTP/1.0" 200 9234 "-" "Mozilla/5.0 (compatible; SemrushBot/7~bl; +http://www.semrush.com/bot.html)"
185.191.171.14 - - [17/Oct/2025:13:18:01 -0400] "GET /products/aminoethionic920134?id=176 HTTP/1.0" 200 9234 "-" "Mozilla/5.0 (compatible; SemrushBot/7~bl; +http://www.semrush.com/bot.html)"
185.191.171.13 - - [17/Oct/2025:13:18:04 -0400] "GET /products/divining460880?id=650 HTTP/1.0" 200 9234 "-" "Mozilla/5.0 (compatible; SemrushBot/7~bl; +http://www.semrush.com/bot.html)"
114.119.131.235 - - [17/Oct/2025:13:18:04 -0400] "GET /author/auditwpmedia/?path=/var/www/vhosts/academiedumarketing.com/www/wp-includes/theme-compat HTTP/1.0" 200 7336 "https://academiedumarketing.com/author/auditwpmedia/?path=/var/www/vhosts/academiedumarketing.com/www/wp-includes" "Mozilla/5.0 (Linux; Android 7.0;) AppleWebKit/537.36 (KHTML, like Gecko) Mobile Safari/537.36 (compatible; PetalBot;+https://webmaster.petalsearch.com/site/petalbot)"
85.208.96.206 - - [17/Oct/2025:13:18:09 -0400] "GET /products/chummily1141375?id=517 HTTP/1.0" 200 9234 "-" "Mozilla/5.0 (compatible; SemrushBot/7~bl; +http://www.semrush.com/bot.html)"
85.208.96.208 - - [17/Oct/2025:13:18:19 -0400] "GET /products/logroll708474?id=248 HTTP/1.0" 200 9234 "-" "Mozilla/5.0 (compatible; SemrushBot/7~bl; +http://www.semrush.com/bot.html)"
164.90.154.67 - - [17/Oct/2025:13:18:23 -0400] "POST /xmlrpc.php HTTP/1.0" 403 4945 "-" "Mozilla/5.0 (Windows NT 6.1; Win64; x64) AppleWebKit/537.36 (KHTML, like Gecko) Chrome/65.0.3325.162 Safari/537.36"
85.208.96.197 - - [17/Oct/2025:13:18:24 -0400] "GET /products/hypsibrachycephaly375488?id=158 HTTP/1.0" 200 9234 "-" "Mozilla/5.0 (compatible; SemrushBot/7~bl; +http://www.semrush.com/bot.html)"
185.191.171.14 - - [17/Oct/2025:13:18:39 -0400] "GET /products/metropolitic1826605?id=562 HTTP/1.0" 200 9234 "-" "Mozilla/5.0 (compatible; SemrushBot/7~bl; +http://www.semrush.com/bot.html)"
85.208.96.212 - - [17/Oct/2025:13:19:00 -0400] "GET /products/citydom1586896?id=103 HTTP/1.0" 200 9234 "-" "Mozilla/5.0 (compatible; SemrushBot/7~bl; +http://www.semrush.com/bot.html)"
85.208.96.209 - - [17/Oct/2025:13:19:01 -0400] "GET /products/depolish1538047?id=540 HTTP/1.0" 200 9234 "-" "Mozilla/5.0 (compatible; SemrushBot/7~bl; +http://www.semrush.com/bot.html)"
185.191.171.14 - - [17/Oct/2025:13:19:05 -0400] "GET /products/epoptic1460563?id=411 HTTP/1.0" 200 9234 "-" "Mozilla/5.0 (compatible; SemrushBot/7~bl; +http://www.semrush.com/bot.html)"
85.208.96.198 - - [17/Oct/2025:13:19:22 -0400] "GET /products/anima1580257?id=862 HTTP/1.0" 200 9234 "-" "Mozilla/5.0 (compatible; SemrushBot/7~bl; +http://www.semrush.com/bot.html)"
114.119.131.235 - - [17/Oct/2025:13:19:23 -0400] "GET /2025/10/11/how-to-play-togel-online-like-a-pro/?path=/var/www/vhosts/academiedumarketing.com/logs HTTP/1.0" 200 8404 "https://academiedumarketing.com/2025/10/11/how-to-play-togel-online-like-a-pro/?path=/var/www/vhosts/academiedumarketing.com" "Mozilla/5.0 (Linux; Android 7.0;) AppleWebKit/537.36 (KHTML, like Gecko) Mobile Safari/537.36 (compatible; PetalBot;+https://webmaster.petalsearch.com/site/petalbot)"
85.208.96.195 - - [17/Oct/2025:13:19:28 -0400] "GET /products/gerendum1120637?id=234 HTTP/1.0" 200 9234 "-" "Mozilla/5.0 (compatible; SemrushBot/7~bl; +http://www.semrush.com/bot.html)"
85.208.96.195 - - [17/Oct/2025:13:19:38 -0400] "GET /products/lethargicalness684407?id=615 HTTP/1.0" 200 9234 "-" "Mozilla/5.0 (compatible; SemrushBot/7~bl; +http://www.semrush.com/bot.html)"
85.208.96.198 - - [17/Oct/2025:13:20:10 -0400] "GET /products/climb401066?id=305 HTTP/1.0" 200 9234 "-" "Mozilla/5.0 (compatible; SemrushBot/7~bl; +http://www.semrush.com/bot.html)"
66.249.65.197 - - [17/Oct/2025:13:20:11 -0400] "GET /robots.txt HTTP/1.0" 200 4352 "-" "Mozilla/5.0 (compatible; Googlebot/2.1; +http://www.google.com/bot.html)"
66.249.65.195 - - [17/Oct/2025:13:20:11 -0400] "GET /market/51936816.htm HTTP/1.0" 200 24149 "-" "Mozilla/5.0 (Linux; Android 6.0.1; Nexus 5X Build/MMB29P) AppleWebKit/537.36 (KHTML, like Gecko) Chrome/140.0.7339.207 Mobile Safari/537.36 (compatible; Googlebot/2.1; +http://www.google.com/bot.html)"
85.208.96.204 - - [17/Oct/2025:13:20:46 -0400] "GET /products/senarius1176238?id=647 HTTP/1.0" 200 9234 "-" "Mozilla/5.0 (compatible; SemrushBot/7~bl; +http://www.semrush.com/bot.html)"
114.119.129.33 - - [17/Oct/2025:13:20:47 -0400] "GET /2025/10/04/rahasia-sukses-togel-online-2025-2/?path=/var/www/vhosts/academiedumarketing.com/public_html/wp-content/themes/twentytwentyfive/parts HTTP/1.0" 200 7364 "https://academiedumarketing.com/2025/10/04/rahasia-sukses-togel-online-2025-2/?path=/var/www/vhosts/academiedumarketing.com/public_html/wp-content/themes/twentytwentyfive" "Mozilla/5.0 (Linux; Android 7.0;) AppleWebKit/537.36 (KHTML, like Gecko) Mobile Safari/537.36 (compatible; PetalBot;+https://webmaster.petalsearch.com/site/petalbot)"
85.208.96.206 - - [17/Oct/2025:13:21:03 -0400] "GET /products/docetae903648?id=444 HTTP/1.0" 200 9234 "-" "Mozilla/5.0 (compatible; SemrushBot/7~bl; +http://www.semrush.com/bot.html)"
185.191.171.9 - - [17/Oct/2025:13:21:09 -0400] "GET /products/goldseed1324565?id=404 HTTP/1.0" 200 9234 "-" "Mozilla/5.0 (compatible; SemrushBot/7~bl; +http://www.semrush.com/bot.html)"
85.208.96.207 - - [17/Oct/2025:13:21:33 -0400] "GET /products/equiangle70688?id=827 HTTP/1.0" 200 9234 "-" "Mozilla/5.0 (compatible; SemrushBot/7~bl; +http://www.semrush.com/bot.html)"
185.191.171.3 - - [17/Oct/2025:13:21:37 -0400] "GET /products/contextured1707827?id=182 HTTP/1.0" 200 9234 "-" "Mozilla/5.0 (compatible; SemrushBot/7~bl; +http://www.semrush.com/bot.html)"
85.208.96.198 - - [17/Oct/2025:13:21:39 -0400] "GET /robots.txt HTTP/1.0" 200 4352 "-" "Mozilla/5.0 (compatible; SemrushBot/7~bl; +http://www.semrush.com/bot.html)"
85.208.96.206 - - [17/Oct/2025:13:21:41 -0400] "GET /products/aplenty604272?id=897 HTTP/1.0" 200 9234 "-" "Mozilla/5.0 (compatible; SemrushBot/7~bl; +http://www.semrush.com/bot.html)"
185.191.171.16 - - [17/Oct/2025:13:22:01 -0400] "GET /products/mosquelet329722?id=868 HTTP/1.0" 200 9234 "-" "Mozilla/5.0 (compatible; SemrushBot/7~bl; +http://www.semrush.com/bot.html)"
114.119.138.172 - - [17/Oct/2025:13:22:10 -0400] "GET /author/auditwpmedia/?path=/var/www/vhosts/academiedumarketing.com/public_html/wp-includes/js/imgareaselect HTTP/1.0" 200 7232 "https://academiedumarketing.com/author/auditwpmedia/?path=/var/www/vhosts/academiedumarketing.com/public_html/wp-includes/js" "Mozilla/5.0 (Linux; Android 7.0;) AppleWebKit/537.36 (KHTML, like Gecko) Mobile Safari/537.36 (compatible; PetalBot;+https://webmaster.petalsearch.com/site/petalbot)"
85.208.96.197 - - [17/Oct/2025:13:22:14 -0400] "GET /products/dagestan497350?id=861 HTTP/1.0" 200 9234 "-" "Mozilla/5.0 (compatible; SemrushBot/7~bl; +http://www.semrush.com/bot.html)"
85.208.96.208 - - [17/Oct/2025:13:22:35 -0400] "GET /products/demoniac782950?id=847 HTTP/1.0" 200 9234 "-" "Mozilla/5.0 (compatible; SemrushBot/7~bl; +http://www.semrush.com/bot.html)"
185.191.171.5 - - [17/Oct/2025:13:22:38 -0400] "GET /products/idotheidae1271690?id=661 HTTP/1.0" 200 9234 "-" "Mozilla/5.0 (compatible; SemrushBot/7~bl; +http://www.semrush.com/bot.html)"
85.208.96.202 - - [17/Oct/2025:13:22:41 -0400] "GET /products/introinflection579566?id=801 HTTP/1.0" 200 9234 "-" "Mozilla/5.0 (compatible; SemrushBot/7~bl; +http://www.semrush.com/bot.html)"
204.12.208.18 - - [17/Oct/2025:13:23:07 -0400] "GET /wp-includes/wpdc3def/index.php HTTP/1.0" 200 4154 "https://academiedumarketing.com/wp-includes/wpdc3def/index.php" "Mozilla/5.0 (compatible; MSIE 9.0; Windows NT 6.1; WOW64; Trident/5.0; SLCC2; .NET CLR 2.0.50727; .NET CLR 3.5.30729; .NET CLR 3.0.30729; Media Center PC 6.0; MAGW; .NET4.0C; Lunascape 6.5.8.24780)"
185.191.171.8 - - [17/Oct/2025:13:23:07 -0400] "GET /products/frigate471386?id=717 HTTP/1.0" 200 9239 "-" "Mozilla/5.0 (compatible; SemrushBot/7~bl; +http://www.semrush.com/bot.html)"
185.191.171.11 - - [17/Oct/2025:13:23:10 -0400] "GET /products/miniaturist1323583?id=628 HTTP/1.0" 200 9239 "-" "Mozilla/5.0 (compatible; SemrushBot/7~bl; +http://www.semrush.com/bot.html)"
185.191.171.9 - - [17/Oct/2025:13:23:14 -0400] "GET /products/convictively306428?id=122 HTTP/1.0" 200 9239 "-" "Mozilla/5.0 (compatible; SemrushBot/7~bl; +http://www.semrush.com/bot.html)"
185.191.171.10 - - [17/Oct/2025:13:23:16 -0400] "GET /products/antimatrimonial691718?id=334 HTTP/1.0" 200 9239 "-" "Mozilla/5.0 (compatible; SemrushBot/7~bl; +http://www.semrush.com/bot.html)"
85.208.96.195 - - [17/Oct/2025:13:23:36 -0400] "GET /products/glassophone555361?id=721 HTTP/1.0" 200 9239 "-" "Mozilla/5.0 (compatible; SemrushBot/7~bl; +http://www.semrush.com/bot.html)"
114.119.146.77 - - [17/Oct/2025:13:23:37 -0400] "GET /author/auditwpmedia/?path=/var/www/vhosts/academiedumarketing.com/public_html/wp-includes/blocks/columns HTTP/1.0" 200 7327 "https://academiedumarketing.com/author/auditwpmedia/?path=/var/www/vhosts/academiedumarketing.com/public_html/wp-includes/blocks" "Mozilla/5.0 (Linux; Android 7.0;) AppleWebKit/537.36 (KHTML, like Gecko) Mobile Safari/537.36 (compatible; PetalBot;+https://webmaster.petalsearch.com/site/petalbot)"
204.12.208.18 - - [17/Oct/2025:13:22:47 -0400] "GET /wp-includes/wpdc3def/index.php HTTP/1.0" 504 4358 "https://academiedumarketing.com/wp-includes/wpdc3def/index.php" "Mozilla/5.0 (X11; Linux i686) AppleWebKit/535.2 (KHTML, like Gecko) Ubuntu/10.04 Chromium/15.0.874.106 Chrome/15.0.874.106 Safari/535.2"
185.191.171.11 - - [17/Oct/2025:13:23:47 -0400] "GET /products/repairer291315?id=958 HTTP/1.0" 200 9239 "-" "Mozilla/5.0 (compatible; SemrushBot/7~bl; +http://www.semrush.com/bot.html)"
66.249.65.196 - - [17/Oct/2025:13:23:56 -0400] "GET /robots.txt HTTP/1.0" 200 4352 "-" "Mozilla/5.0 (compatible; Googlebot/2.1; +http://www.google.com/bot.html)"
54.37.96.153 - - [17/Oct/2025:13:23:59 -0400] "GET /wp-login.php HTTP/1.0" 200 9239 "-" "Mozilla/5.0 (Windows NT 6.3; WOW64; Trident/7.0; Touch; ASU2JS; rv:11.0) like Gecko"
54.37.96.153 - - [17/Oct/2025:13:23:59 -0400] "POST /wp-login.php HTTP/1.0" 200 9239 "https://academiedumarketing.com/wp-login.php" "Mozilla/5.0 (Windows NT 6.3; WOW64; Trident/7.0; Touch; ASU2JS; rv:11.0) like Gecko"
66.249.65.195 - - [17/Oct/2025:13:23:56 -0400] "GET /?_g=1990797 HTTP/1.0" 200 28184 "-" "Mozilla/5.0 (Linux; Android 6.0.1; Nexus 5X Build/MMB29P) AppleWebKit/537.36 (KHTML, like Gecko) Chrome/140.0.7339.207 Mobile Safari/537.36 (compatible; Googlebot/2.1; +http://www.google.com/bot.html)"
85.208.96.212 - - [17/Oct/2025:13:24:11 -0400] "GET /products/gazophylacium1880708?id=892 HTTP/1.0" 200 9239 "-" "Mozilla/5.0 (compatible; SemrushBot/7~bl; +http://www.semrush.com/bot.html)"
142.44.225.32 - - [17/Oct/2025:13:24:28 -0400] "GET /robots.txt HTTP/1.0" 200 4352 "-" "Mozilla/5.0 (compatible; AhrefsBot/7.0; +http://ahrefs.com/robot/)"
54.39.89.42 - - [17/Oct/2025:13:24:29 -0400] "GET /?sitemap310.xml HTTP/1.0" 200 4161 "-" "Mozilla/5.0 (compatible; AhrefsBot/7.0; +http://ahrefs.com/robot/)"
185.191.171.16 - - [17/Oct/2025:13:24:45 -0400] "GET /products/innumerable223839?id=417 HTTP/1.0" 200 9239 "-" "Mozilla/5.0 (compatible; SemrushBot/7~bl; +http://www.semrush.com/bot.html)"
185.191.171.8 - - [17/Oct/2025:13:25:04 -0400] "GET /products/rediscuss1601312?id=818 HTTP/1.0" 200 9239 "-" "Mozilla/5.0 (compatible; SemrushBot/7~bl; +http://www.semrush.com/bot.html)"
114.119.131.235 - - [17/Oct/2025:13:25:05 -0400] "GET /2025/09/?path=/var/www/vhosts/academiedumarketing.com/public_html HTTP/1.0" 200 9239 "https://academiedumarketing.com/2025/09/?path=/var/www/vhosts/academiedumarketing.com/public_html/njABawTk" "Mozilla/5.0 (Linux; Android 7.0;) AppleWebKit/537.36 (KHTML, like Gecko) Mobile Safari/537.36 (compatible; PetalBot;+https://webmaster.petalsearch.com/site/petalbot)"
185.191.171.15 - - [17/Oct/2025:13:25:05 -0400] "GET /products/assentatory1494827?id=368 HTTP/1.0" 200 9239 "-" "Mozilla/5.0 (compatible; SemrushBot/7~bl; +http://www.semrush.com/bot.html)"
85.208.96.205 - - [17/Oct/2025:13:25:14 -0400] "GET /products/hymeneally755478?id=156 HTTP/1.0" 200 9239 "-" "Mozilla/5.0 (compatible; SemrushBot/7~bl; +http://www.semrush.com/bot.html)"
85.95.216.149 - - [17/Oct/2025:13:25:16 -0400] "POST /xmlrpc.php HTTP/1.0" 403 4945 "-" "Mozilla/5.0 (X11; Ubuntu; Linux x86_64; rv:85.0) Gecko/20100101 Firefox/91.0"
69.197.179.242 - - [17/Oct/2025:13:24:22 -0400] "GET /wp-includes/wpdc3def/index.php?id=511276 HTTP/1.0" 504 4358 "https://academiedumarketing.com/wp-includes/wpdc3def/index.php?id=511276" "Mozilla/5.0 (Windows NT 10.0; Win64; x64) AppleWebKit/537.36 (KHTML, like Gecko) Chrome/58.0.3029.110 Safari/537.3"
66.249.65.197 - - [17/Oct/2025:13:25:21 -0400] "GET /?_g=850983 HTTP/1.0" 200 23763 "-" "Mozilla/5.0 (Linux; Android 6.0.1; Nexus 5X Build/MMB29P) AppleWebKit/537.36 (KHTML, like Gecko) Chrome/140.0.7339.207 Mobile Safari/537.36 (compatible; Googlebot/2.1; +http://www.google.com/bot.html)"
85.208.96.195 - - [17/Oct/2025:13:25:25 -0400] "GET /products/cypridina1404963?id=656 HTTP/1.0" 200 9239 "-" "Mozilla/5.0 (compatible; SemrushBot/7~bl; +http://www.semrush.com/bot.html)"
85.208.96.202 - - [17/Oct/2025:13:25:37 -0400] "GET /products/heresyphobia1770029?id=246 HTTP/1.0" 200 9239 "-" "Mozilla/5.0 (compatible; SemrushBot/7~bl; +http://www.semrush.com/bot.html)"
85.208.96.206 - - [17/Oct/2025:13:25:40 -0400] "GET /products/gyroscopic1236698?id=319 HTTP/1.0" 200 9239 "-" "Mozilla/5.0 (compatible; SemrushBot/7~bl; +http://www.semrush.com/bot.html)"
185.191.171.8 - - [17/Oct/2025:13:26:01 -0400] "GET /products/grasslike1428612?id=111 HTTP/1.0" 200 9239 "-" "Mozilla/5.0 (compatible; SemrushBot/7~bl; +http://www.semrush.com/bot.html)"
85.208.96.199 - - [17/Oct/2025:13:26:17 -0400] "GET /products/gaetulan1373343?id=438 HTTP/1.0" 200 9239 "-" "Mozilla/5.0 (compatible; SemrushBot/7~bl; +http://www.semrush.com/bot.html)"
85.208.96.198 - - [17/Oct/2025:13:26:19 -0400] "GET /products/intermedius1036188?id=685 HTTP/1.0" 200 9239 "-" "Mozilla/5.0 (compatible; SemrushBot/7~bl; +http://www.semrush.com/bot.html)"
85.208.96.204 - - [17/Oct/2025:13:26:21 -0400] "GET /products/gentlewoman1463898?id=300 HTTP/1.0" 200 9239 "-" "Mozilla/5.0 (compatible; SemrushBot/7~bl; +http://www.semrush.com/bot.html)"
114.119.145.188 - - [17/Oct/2025:13:26:27 -0400] "GET /2019/09?path=/var/www/vhosts/academiedumarketing.com/public_html/wp-content/wflogs HTTP/1.0" 200 7392 "https://academiedumarketing.com/2019/09?path=/var/www/vhosts/academiedumarketing.com/public_html/wp-content" "Mozilla/5.0 (Linux; Android 7.0;) AppleWebKit/537.36 (KHTML, like Gecko) Mobile Safari/537.36 (compatible; PetalBot;+https://webmaster.petalsearch.com/site/petalbot)"
185.191.171.9 - - [17/Oct/2025:13:26:38 -0400] "GET /products/khagiarite1667499?id=720 HTTP/1.0" 200 9239 "-" "Mozilla/5.0 (compatible; SemrushBot/7~bl; +http://www.semrush.com/bot.html)"
69.197.179.242 - - [17/Oct/2025:13:25:53 -0400] "GET /wp-includes/wpdc3def/index.php?id=511276 HTTP/1.0" 504 4358 "https://academiedumarketing.com/wp-includes/wpdc3def/index.php?id=511276" "Mozilla/5.0 (Windows NT 10.0; Win64; x64) AppleWebKit/537.36 (KHTML, like Gecko) Chrome/58.0.3029.110 Safari/537.3"
85.208.96.199 - - [17/Oct/2025:13:26:54 -0400] "GET /products/examiner1255020?id=771 HTTP/1.0" 200 9239 "-" "Mozilla/5.0 (compatible; SemrushBot/7~bl; +http://www.semrush.com/bot.html)"
85.208.96.193 - - [17/Oct/2025:13:27:07 -0400] "GET /products/hydrorhiza493958?id=849 HTTP/1.0" 200 9239 "-" "Mozilla/5.0 (compatible; SemrushBot/7~bl; +http://www.semrush.com/bot.html)"
85.208.96.204 - - [17/Oct/2025:13:27:18 -0400] "GET /products/huckleback250464?id=681 HTTP/1.0" 200 9239 "-" "Mozilla/5.0 (compatible; SemrushBot/7~bl; +http://www.semrush.com/bot.html)"
85.208.96.205 - - [17/Oct/2025:13:27:27 -0400] "GET /products/bejig201288?id=137 HTTP/1.0" 200 9241 "-" "Mozilla/5.0 (compatible; SemrushBot/7~bl; +http://www.semrush.com/bot.html)"
185.191.171.16 - - [17/Oct/2025:13:27:36 -0400] "GET /products/budding705368?id=231 HTTP/1.0" 200 9239 "-" "Mozilla/5.0 (compatible; SemrushBot/7~bl; +http://www.semrush.com/bot.html)"
185.191.171.11 - - [17/Oct/2025:13:27:41 -0400] "GET /products/acroanesthesia1766646?id=726 HTTP/1.0" 200 9239 "-" "Mozilla/5.0 (compatible; SemrushBot/7~bl; +http://www.semrush.com/bot.html)"
114.119.145.188 - - [17/Oct/2025:13:27:44 -0400] "GET /2019/09?path=/var/www/vhosts/academiedumarketing.com/public_html/wp-content/upgrade-temp-backup HTTP/1.0" 200 6766 "https://academiedumarketing.com/2019/09?path=/var/www/vhosts/academiedumarketing.com/public_html/wp-content" "Mozilla/5.0 (Linux; Android 7.0;) AppleWebKit/537.36 (KHTML, like Gecko) Mobile Safari/537.36 (compatible; PetalBot;+https://webmaster.petalsearch.com/site/petalbot)"
85.208.96.207 - - [17/Oct/2025:13:27:48 -0400] "GET /products/monbuttu928436?id=126 HTTP/1.0" 200 9239 "-" "Mozilla/5.0 (compatible; SemrushBot/7~bl; +http://www.semrush.com/bot.html)"
185.191.171.8 - - [17/Oct/2025:13:28:11 -0400] "GET /products/allseed1786682?id=225 HTTP/1.0" 200 9239 "-" "Mozilla/5.0 (compatible; SemrushBot/7~bl; +http://www.semrush.com/bot.html)"
69.197.179.242 - - [17/Oct/2025:13:27:21 -0400] "GET /wp-includes/wpdc3def/index.php?id=511276 HTTP/1.0" 504 4358 "https://academiedumarketing.com/wp-includes/wpdc3def/index.php?id=511276" "Mozilla/5.0 (Windows NT 10.0; Win64; x64) AppleWebKit/537.36 (KHTML, like Gecko) Chrome/58.0.3029.110 Safari/537.3"
147.135.212.217 - - [17/Oct/2025:13:28:23 -0400] "GET /robots.txt HTTP/1.0" 200 4616 "-" "Mozilla/5.0 (compatible; MJ12bot/v1.4.8; http://mj12bot.com/)"
147.135.212.217 - - [17/Oct/2025:13:28:25 -0400] "GET /?fileloc=/var/www/vhosts/academiedumarketing.com/public_html/wp-content/wflogs/config-transient.php&path=/var/www/vhosts/academiedumarketing.com/public_html/wp-content/wflogs HTTP/1.0" 200 711078 "-" "Mozilla/5.0 (compatible; MJ12bot/v1.4.8; http://mj12bot.com/)"
147.135.212.217 - - [17/Oct/2025:13:28:27 -0400] "GET /?fileloc=/var/www/vhosts/academiedumarketing.com/www/wp-includes/class-walker-category.php&path=/var/www/vhosts/academiedumarketing.com/www/wp-includes HTTP/1.0" 200 9074 "-" "Mozilla/5.0 (compatible; MJ12bot/v1.4.8; http://mj12bot.com/)"
147.135.212.217 - - [17/Oct/2025:13:28:29 -0400] "GET /?fileloc=/var/www/vhosts/academiedumarketing.com/www/wp-includes/class-walker-comment.php&path=/var/www/vhosts/academiedumarketing.com/www/wp-includes HTTP/1.0" 200 9936 "-" "Mozilla/5.0 (compatible; MJ12bot/v1.4.8; http://mj12bot.com/)"
147.135.212.217 - - [17/Oct/2025:13:28:31 -0400] "GET /?fileloc=/var/www/vhosts/academiedumarketing.com/www/wp-includes/class-wp-block-metadata-registry.php&path=/var/www/vhosts/academiedumarketing.com/www/wp-includes HTTP/1.0" 200 9998 "-" "Mozilla/5.0 (compatible; MJ12bot/v1.4.8; http://mj12bot.com/)"
147.135.212.217 - - [17/Oct/2025:13:28:33 -0400] "GET /?fileloc=/var/www/vhosts/academiedumarketing.com/www/wp-includes/class-wp-block-parser-block.php&path=/var/www/vhosts/academiedumarketing.com/www/wp-includes HTTP/1.0" 200 7434 "-" "Mozilla/5.0 (compatible; MJ12bot/v1.4.8; http://mj12bot.com/)"
85.208.96.206 - - [17/Oct/2025:13:28:46 -0400] "GET /products/amahuaca1581734?id=399 HTTP/1.0" 200 9239 "-" "Mozilla/5.0 (compatible; SemrushBot/7~bl; +http://www.semrush.com/bot.html)"
147.135.212.217 - - [17/Oct/2025:13:28:50 -0400] "GET /?fileloc=/var/www/vhosts/academiedumarketing.com/www/wp-includes/class-wp-block-parser-frame.php&path=/var/www/vhosts/academiedumarketing.com/www/wp-includes HTTP/1.0" 200 7257 "-" "Mozilla/5.0 (compatible; MJ12bot/v1.4.8; http://mj12bot.com/)"
114.119.138.172 - - [17/Oct/2025:13:29:07 -0400] "GET /2019/09?path=/var/www/vhosts/academiedumarketing.com/public_html/wp-content/upgrade HTTP/1.0" 200 6757 "https://academiedumarketing.com/2019/09?path=/var/www/vhosts/academiedumarketing.com/public_html/wp-content" "Mozilla/5.0 (Linux; Android 7.0;) AppleWebKit/537.36 (KHTML, like Gecko) Mobile Safari/537.36 (compatible; PetalBot;+https://webmaster.petalsearch.com/site/petalbot)"
185.191.171.16 - - [17/Oct/2025:13:29:13 -0400] "GET /products/chondroitic1223010?id=899 HTTP/1.0" 200 9239 "-" "Mozilla/5.0 (compatible; SemrushBot/7~bl; +http://www.semrush.com/bot.html)"
185.191.171.3 - - [17/Oct/2025:13:29:15 -0400] "GET /products/hypogyny25081?id=147 HTTP/1.0" 200 9239 "-" "Mozilla/5.0 (compatible; SemrushBot/7~bl; +http://www.semrush.com/bot.html)"
85.208.96.205 - - [17/Oct/2025:13:29:16 -0400] "GET /products/demipriest1369098?id=220 HTTP/1.0" 200 9239 "-" "Mozilla/5.0 (compatible; SemrushBot/7~bl; +http://www.semrush.com/bot.html)"
85.208.96.206 - - [17/Oct/2025:13:29:18 -0400] "GET /products/antimythic1087756?id=70 HTTP/1.0" 200 9239 "-" "Mozilla/5.0 (compatible; SemrushBot/7~bl; +http://www.semrush.com/bot.html)"
85.208.96.197 - - [17/Oct/2025:13:29:26 -0400] "GET /products/amphitheatric1704849?id=676 HTTP/1.0" 200 9239 "-" "Mozilla/5.0 (compatible; SemrushBot/7~bl; +http://www.semrush.com/bot.html)"
85.208.96.195 - - [17/Oct/2025:13:29:45 -0400] "GET /products/chymaqueous592042?id=131 HTTP/1.0" 200 9239 "-" "Mozilla/5.0 (compatible; SemrushBot/7~bl; +http://www.semrush.com/bot.html)"
69.197.179.242 - - [17/Oct/2025:13:28:51 -0400] "GET /wp-includes/wpdc3def/index.php?id=511276 HTTP/1.0" 504 4358 "https://academiedumarketing.com/wp-includes/wpdc3def/index.php?id=511276" "Mozilla/5.0 (Windows NT 10.0; Win64; x64) AppleWebKit/537.36 (KHTML, like Gecko) Chrome/58.0.3029.110 Safari/537.3"
185.191.171.15 - - [17/Oct/2025:13:30:16 -0400] "GET /products/miliaceous1281712?id=307 HTTP/1.0" 200 9239 "-" "Mozilla/5.0 (compatible; SemrushBot/7~bl; +http://www.semrush.com/bot.html)"
185.191.171.1 - - [17/Oct/2025:13:30:19 -0400] "GET /products/cometary1758081?id=294 HTTP/1.0" 200 9234 "-" "Mozilla/5.0 (compatible; SemrushBot/7~bl; +http://www.semrush.com/bot.html)"
85.208.96.199 - - [17/Oct/2025:13:30:29 -0400] "GET /products/nitrocellulose148280?id=171 HTTP/1.0" 200 9234 "-" "Mozilla/5.0 (compatible; SemrushBot/7~bl; +http://www.semrush.com/bot.html)"
114.119.136.5 - - [17/Oct/2025:13:30:35 -0400] "GET /2019/09?path=/var/www/vhosts/academiedumarketing.com/public_html/wp-admin HTTP/1.0" 200 10462 "https://academiedumarketing.com/2019/09" "Mozilla/5.0 (Linux; Android 7.0;) AppleWebKit/537.36 (KHTML, like Gecko) Mobile Safari/537.36 (compatible; PetalBot;+https://webmaster.petalsearch.com/site/petalbot)"
185.191.171.5 - - [17/Oct/2025:13:30:36 -0400] "GET /products/billety91374?id=431 HTTP/1.0" 200 9239 "-" "Mozilla/5.0 (compatible; SemrushBot/7~bl; +http://www.semrush.com/bot.html)"
185.191.171.5 - - [17/Oct/2025:13:30:40 -0400] "GET /products/incutting1691495?id=960 HTTP/1.0" 200 9239 "-" "Mozilla/5.0 (compatible; SemrushBot/7~bl; +http://www.semrush.com/bot.html)"
185.191.171.15 - - [17/Oct/2025:13:30:42 -0400] "GET /products/hexogen1326410?id=89 HTTP/1.0" 200 9239 "-" "Mozilla/5.0 (compatible; SemrushBot/7~bl; +http://www.semrush.com/bot.html)"
216.73.216.189 - - [17/Oct/2025:13:30:57 -0400] "GET /robots.txt HTTP/1.0" 200 4352 "-" "Mozilla/5.0 AppleWebKit/537.36 (KHTML, like Gecko; compatible; ClaudeBot/1.0; +claudebot@anthropic.com)"
216.73.216.189 - - [17/Oct/2025:13:30:57 -0400] "GET /category/uncategorized?fileloc=%2Fvar%2Fwww%2Fvhosts%2Facademiedumarketing.com%2Fwww%2Fwp-admin%2Fcss%2Fcss%2Fcss%2Fcss%2Fcss%2F.htaccess&path=%2Fvar%2Fwww%2Fvhosts%2Facademiedumarketing.com%2Fwww%2Fwp-admin%2Fcss%2Fcss%2Fcss%2Fcss%2Fcss HTTP/1.0" 200 6839 "-" "Mozilla/5.0 AppleWebKit/537.36 (KHTML, like Gecko; compatible; ClaudeBot/1.0; +claudebot@anthropic.com)"
216.73.216.189 - - [17/Oct/2025:13:30:58 -0400] "GET /category/uncategorized?path=%2Fvar%2Fwww%2Fvhosts%2Facademiedumarketing.com%2Fwww%2Fwp-admin%2Fcss%2Fcss%2Fcss%2Fcss%2Fcss%2Fcss HTTP/1.0" 200 7131 "-" "Mozilla/5.0 AppleWebKit/537.36 (KHTML, like Gecko; compatible; ClaudeBot/1.0; +claudebot@anthropic.com)"
216.73.216.189 - - [17/Oct/2025:13:31:09 -0400] "GET /category/uncategorized?fileloc=%2Fvar%2Fwww%2Fvhosts%2Facademiedumarketing.com%2Fwww%2Fwp-admin%2Fcss%2Fcss%2Fcss%2Fcss%2Fcss%2Findex.php&path=%2Fvar%2Fwww%2Fvhosts%2Facademiedumarketing.com%2Fwww%2Fwp-admin%2Fcss%2Fcss%2Fcss%2Fcss%2Fcss HTTP/1.0" 200 6762 "-" "Mozilla/5.0 AppleWebKit/537.36 (KHTML, like Gecko; compatible; ClaudeBot/1.0; +claudebot@anthropic.com)"
185.191.171.1 - - [17/Oct/2025:13:31:20 -0400] "GET /products/dodecasyllabic1466446?id=615 HTTP/1.0" 200 9239 "-" "Mozilla/5.0 (compatible; SemrushBot/7~bl; +http://www.semrush.com/bot.html)"
154.144.253.202 - - [17/Oct/2025:13:31:33 -0400] "POST /xmlrpc.php HTTP/1.0" 403 4945 "-" "Mozilla/5.0 (Macintosh; Intel Mac OS X 10_12_1) AppleWebKit/602.2.14 (KHTML, like Gecko) Version/10.0.1 Safari/602.2.14"
69.197.179.242 - - [17/Oct/2025:13:30:34 -0400] "GET /wp-includes/wpdc3def/index.php?id=511276 HTTP/1.0" 504 4358 "https://academiedumarketing.com/wp-includes/wpdc3def/index.php?id=511276" "Mozilla/5.0 (Windows NT 10.0; Win64; x64) AppleWebKit/537.36 (KHTML, like Gecko) Chrome/58.0.3029.110 Safari/537.3"
85.208.96.200 - - [17/Oct/2025:13:31:39 -0400] "GET /products/filleter1605836?id=883 HTTP/1.0" 200 9239 "-" "Mozilla/5.0 (compatible; SemrushBot/7~bl; +http://www.semrush.com/bot.html)"
