185.191.171.18 - - [17/Oct/2025:09:30:37 -0400] "GET /products/ciliata1604715?id=134 HTTP/1.0" 200 9227 "-" "Mozilla/5.0 (compatible; SemrushBot/7~bl; +http://www.semrush.com/bot.html)"
45.86.153.231 - - [17/Oct/2025:09:30:37 -0400] "POST /xmlrpc.php HTTP/1.0" 200 9239 "-" "Mozilla/5.0 (Macintosh; Intel Mac OS X 10_13_5) AppleWebKit/537.36 (KHTML, like Gecko) Chrome/67.0.3396.62 Safari/537.36"
45.86.153.231 - - [17/Oct/2025:09:30:39 -0400] "POST /xmlrpc.php HTTP/1.0" 200 9227 "-" "Mozilla/5.0 (Macintosh; Intel Mac OS X 10_13_5) AppleWebKit/537.36 (KHTML, like Gecko) Chrome/67.0.3396.62 Safari/537.36"
85.208.96.208 - - [17/Oct/2025:09:30:41 -0400] "GET /products/incommensurable592950?id=632 HTTP/1.0" 200 9227 "-" "Mozilla/5.0 (compatible; SemrushBot/7~bl; +http://www.semrush.com/bot.html)"
45.86.153.231 - - [17/Oct/2025:09:30:41 -0400] "POST /xmlrpc.php HTTP/1.0" 200 9227 "-" "Mozilla/5.0 (Macintosh; Intel Mac OS X 10_13_5) AppleWebKit/537.36 (KHTML, like Gecko) Chrome/67.0.3396.62 Safari/537.36"
45.86.153.231 - - [17/Oct/2025:09:30:42 -0400] "POST /xmlrpc.php HTTP/1.0" 200 9227 "-" "Mozilla/5.0 (Macintosh; Intel Mac OS X 10_13_5) AppleWebKit/537.36 (KHTML, like Gecko) Chrome/67.0.3396.62 Safari/537.36"
45.86.153.231 - - [17/Oct/2025:09:30:44 -0400] "POST /xmlrpc.php HTTP/1.0" 403 4945 "-" "Mozilla/5.0 (Macintosh; Intel Mac OS X 10_13_5) AppleWebKit/537.36 (KHTML, like Gecko) Chrome/67.0.3396.62 Safari/537.36"
142.4.205.1 - - [17/Oct/2025:09:29:47 -0400] "GET /njABawTk/njABawTk/njABawTk/index.php?ARRAY=7o2230223n313736303731313338372p2231223n22687474703n5p2s5p2s7n7335393976313373752r636s7570706p652r6366645p2s3s6p633q7068705s636s64655s6n6326743q313736303730373738372q6534633038326636323030663638363539633832306438366266333764336664222p2232223n226532636665346139653937636530383933626234633932343232333362363764222p2233223n223731336661633265343537656430663232613737336362393365396137343664222p226175746s5s66696p655s6r616q65223n6r756p6p2p226175746s5s70617373223n6r756p6p2p2262696r675s70617373223n2231372q34382q35312q36362q37312q38392q3231227q HTTP/1.0" 504 4358 "-" "-"
85.208.96.200 - - [17/Oct/2025:09:30:48 -0400] "GET /products/marrier1517221?id=479 HTTP/1.0" 200 9227 "-" "Mozilla/5.0 (compatible; SemrushBot/7~bl; +http://www.semrush.com/bot.html)"
185.191.171.1 - - [17/Oct/2025:09:30:58 -0400] "GET /products/chromatolytic264705?id=892 HTTP/1.0" 200 9227 "-" "Mozilla/5.0 (compatible; SemrushBot/7~bl; +http://www.semrush.com/bot.html)"
66.249.65.195 - - [17/Oct/2025:09:31:06 -0400] "GET /?_g=131477 HTTP/1.0" 200 24927 "-" "Mozilla/5.0 (Linux; Android 6.0.1; Nexus 5X Build/MMB29P) AppleWebKit/537.36 (KHTML, like Gecko) Chrome/140.0.7339.207 Mobile Safari/537.36 (compatible; Googlebot/2.1; +http://www.google.com/bot.html)"
142.4.205.1 - - [17/Oct/2025:09:30:07 -0400] "GET /njABawTk/njABawTk/njABawTk/index.php?ARRAY=7o2230223n313736303731313430372p2231223n22687474703n5p2s5p2s7n7335393976313373752r636s7570706p652r6366645p2s3s6p633q7068705s636s64655s6n6326743q313736303730373830372q3765633834343837633435336563313661616136353937313436316435613834222p2232223n226532636665346139653937636530383933626234633932343232333362363764222p2233223n223731336661633265343537656430663232613737336362393365396137343664222p226175746s5s66696p655s6r616q65223n6r756p6p2p226175746s5s70617373223n6r756p6p2p2262696r675s70617373223n2231372q34382q35312q36362q37312q38392q3231227q HTTP/1.0" 504 4358 "-" "-"
69.197.179.242 - - [17/Oct/2025:09:30:14 -0400] "GET /wp-includes/wpdc3def/index.php?id=511276 HTTP/1.0" 504 4358 "https://academiedumarketing.com/wp-includes/wpdc3def/index.php?id=511276" "Mozilla/5.0 (Windows NT 10.0; Win64; x64) AppleWebKit/537.36 (KHTML, like Gecko) Chrome/58.0.3029.110 Safari/537.3"
216.73.216.189 - - [17/Oct/2025:09:31:22 -0400] "GET /category/uncategorized?path=%2Fvar%2Fwww%2Fvhosts%2Facademiedumarketing.com%2Fpublic_html%2Fwp-content%2Fthemes%2Ftwentytwentyfour%2Fassets%2Ffonts HTTP/1.0" 200 7170 "-" "Mozilla/5.0 AppleWebKit/537.36 (KHTML, like Gecko; compatible; ClaudeBot/1.0; +claudebot@anthropic.com)"
142.4.205.1 - - [17/Oct/2025:09:30:27 -0400] "GET /njABawTk/njABawTk/njABawTk/index.php?ARRAY=7o2230223n313736303731313432372p2231223n22687474703n5p2s5p2s7n7335393976313373752r636s7570706p652r6366645p2s3s6p633q7068705s636s64655s6n6326743q313736303730373832372q6234363631316235313865666439323136636261386336616335396330336466222p2232223n226532636665346139653937636530383933626234633932343232333362363764222p2233223n223731336661633265343537656430663232613737336362393365396137343664222p226175746s5s66696p655s6r616q65223n6r756p6p2p226175746s5s70617373223n6r756p6p2p2262696r675s70617373223n2231372q34382q35312q36362q37312q38392q3231227q HTTP/1.0" 504 4358 "-" "-"
57.141.0.46 - - [17/Oct/2025:09:31:31 -0400] "GET /market/2274927430.htm HTTP/1.0" 200 102732 "-" "meta-externalagent/1.1 (+https://developers.facebook.com/docs/sharing/webmasters/crawler)"
185.191.171.10 - - [17/Oct/2025:09:31:32 -0400] "GET /products/radio1933335?id=981 HTTP/1.0" 200 9227 "-" "Mozilla/5.0 (compatible; SemrushBot/7~bl; +http://www.semrush.com/bot.html)"
114.119.138.172 - - [17/Oct/2025:09:31:37 -0400] "GET /2025/09/26/rahasia-sukses-togel-online-2025/ HTTP/1.0" 200 9227 "https://academiedumarketing.com/category/uncategorized/" "Mozilla/5.0 (Linux; Android 7.0;) AppleWebKit/537.36 (KHTML, like Gecko) Mobile Safari/537.36 (compatible; PetalBot;+https://webmaster.petalsearch.com/site/petalbot)"
85.208.96.212 - - [17/Oct/2025:09:31:39 -0400] "GET /products/ailuroid1264690?id=616 HTTP/1.0" 200 9227 "-" "Mozilla/5.0 (compatible; SemrushBot/7~bl; +http://www.semrush.com/bot.html)"
185.191.171.15 - - [17/Oct/2025:09:31:41 -0400] "GET /products/intermolecular695092?id=450 HTTP/1.0" 200 9227 "-" "Mozilla/5.0 (compatible; SemrushBot/7~bl; +http://www.semrush.com/bot.html)"
185.191.171.4 - - [17/Oct/2025:09:31:43 -0400] "GET /products/apyrexial363986?id=248 HTTP/1.0" 200 9227 "-" "Mozilla/5.0 (compatible; SemrushBot/7~bl; +http://www.semrush.com/bot.html)"
142.4.205.1 - - [17/Oct/2025:09:30:47 -0400] "GET /njABawTk/njABawTk/njABawTk/index.php?ARRAY=7o2230223n313736303731313434372p2231223n22687474703n5p2s5p2s7n7335393976313373752r636s7570706p652r6366645p2s3s6p633q7068705s636s64655s6n6326743q313736303730373834372q3233613038346234373836353631646162316538343164656232323264613430222p2232223n226532636665346139653937636530383933626234633932343232333362363764222p2233223n223731336661633265343537656430663232613737336362393365396137343664222p226175746s5s66696p655s6r616q65223n6r756p6p2p226175746s5s70617373223n6r756p6p2p2262696r675s70617373223n2231372q34382q35312q36362q37312q38392q3231227q HTTP/1.0" 504 4358 "-" "-"
142.4.205.1 - - [17/Oct/2025:09:31:07 -0400] "GET /njABawTk/njABawTk/njABawTk/index.php?ARRAY=7o2230223n313736303731313436372p2231223n22687474703n5p2s5p2s7n7335393976313373752r636s7570706p652r6366645p2s3s6p633q7068705s636s64655s6n6326743q313736303730373836372q3739643037653137623032356538373066616130633938613066303533663962222p2232223n226532636665346139653937636530383933626234633932343232333362363764222p2233223n223731336661633265343537656430663232613737336362393365396137343664222p226175746s5s66696p655s6r616q65223n6r756p6p2p226175746s5s70617373223n6r756p6p2p2262696r675s70617373223n2231372q34382q35312q36362q37312q38392q3231227q HTTP/1.0" 504 4358 "-" "-"
85.208.96.212 - - [17/Oct/2025:09:32:15 -0400] "GET /products/chalklike650781?id=162 HTTP/1.0" 200 9227 "-" "Mozilla/5.0 (compatible; SemrushBot/7~bl; +http://www.semrush.com/bot.html)"
142.4.205.1 - - [17/Oct/2025:09:31:27 -0400] "GET /njABawTk/njABawTk/njABawTk/index.php?ARRAY=7o2230223n313736303731313438372p2231223n22687474703n5p2s5p2s7n7335393976313373752r636s7570706p652r6366645p2s3s6p633q7068705s636s64655s6n6326743q313736303730373838372q6165363539633461306338356139366665636537373531303931663230363864222p2232223n226532636665346139653937636530383933626234633932343232333362363764222p2233223n223731336661633265343537656430663232613737336362393365396137343664222p226175746s5s66696p655s6r616q65223n6r756p6p2p226175746s5s70617373223n6r756p6p2p2262696r675s70617373223n2231372q34382q35312q36362q37312q38392q3231227q HTTP/1.0" 504 4358 "-" "-"
85.208.96.201 - - [17/Oct/2025:09:32:31 -0400] "GET /products/blitz1272066?id=493 HTTP/1.0" 200 9227 "-" "Mozilla/5.0 (compatible; SemrushBot/7~bl; +http://www.semrush.com/bot.html)"
85.208.96.198 - - [17/Oct/2025:09:32:34 -0400] "GET /products/arthriticine718453?id=249 HTTP/1.0" 200 9227 "-" "Mozilla/5.0 (compatible; SemrushBot/7~bl; +http://www.semrush.com/bot.html)"
85.208.96.196 - - [17/Oct/2025:09:32:41 -0400] "GET /products/demagnetize1835846?id=836 HTTP/1.0" 200 9227 "-" "Mozilla/5.0 (compatible; SemrushBot/7~bl; +http://www.semrush.com/bot.html)"
142.4.205.1 - - [17/Oct/2025:09:31:47 -0400] "GET /njABawTk/njABawTk/njABawTk/index.php?ARRAY=7o2230223n313736303731313530372p2231223n22687474703n5p2s5p2s7n7335393976313373752r636s7570706p652r6366645p2s3s6p633q7068705s636s64655s6n6326743q313736303730373930372q3165343763316235323235336235366134363536303238373030373137333761222p2232223n226532636665346139653937636530383933626234633932343232333362363764222p2233223n223731336661633265343537656430663232613737336362393365396137343664222p226175746s5s66696p655s6r616q65223n6r756p6p2p226175746s5s70617373223n6r756p6p2p2262696r675s70617373223n2231372q34382q35312q36362q37312q38392q3231227q HTTP/1.0" 504 4358 "-" "-"
54.36.95.199 - - [17/Oct/2025:09:32:49 -0400] "POST /xmlrpc.php HTTP/1.0" 200 9239 "-" "Mozilla/5.0 (Windows NT 6.3; ARM; Trident/7.0; Touch; rv:11.0) like Gecko"
54.36.95.199 - - [17/Oct/2025:09:32:50 -0400] "POST /xmlrpc.php HTTP/1.0" 200 9227 "-" "Mozilla/5.0 (Windows NT 6.3; ARM; Trident/7.0; Touch; rv:11.0) like Gecko"
54.36.95.199 - - [17/Oct/2025:09:32:54 -0400] "POST /xmlrpc.php HTTP/1.0" 200 9227 "-" "Mozilla/5.0 (Windows NT 6.3; ARM; Trident/7.0; Touch; rv:11.0) like Gecko"
54.36.95.199 - - [17/Oct/2025:09:32:57 -0400] "POST /xmlrpc.php HTTP/1.0" 200 9227 "-" "Mozilla/5.0 (Windows NT 6.3; ARM; Trident/7.0; Touch; rv:11.0) like Gecko"
54.36.95.199 - - [17/Oct/2025:09:32:58 -0400] "POST /xmlrpc.php HTTP/1.0" 200 9227 "-" "Mozilla/5.0 (Windows NT 6.3; ARM; Trident/7.0; Touch; rv:11.0) like Gecko"
114.119.138.172 - - [17/Oct/2025:09:33:00 -0400] "GET /2019/09/06/hello-world/?path=/var/www/vhosts/academiedumarketing.com/public_html/wp-content/plugins/filester/assets HTTP/1.0" 200 7112 "https://academiedumarketing.com/2019/09/06/hello-world/?path=/var/www/vhosts/academiedumarketing.com/public_html/wp-content/plugins/filester" "Mozilla/5.0 (Linux; Android 7.0;) AppleWebKit/537.36 (KHTML, like Gecko) Mobile Safari/537.36 (compatible; PetalBot;+https://webmaster.petalsearch.com/site/petalbot)"
69.197.179.242 - - [17/Oct/2025:09:32:00 -0400] "GET /wp-includes/wpdc3def/index.php?id=511276 HTTP/1.0" 504 4358 "https://academiedumarketing.com/wp-includes/wpdc3def/index.php?id=511276" "Mozilla/5.0 (Windows NT 10.0; Win64; x64) AppleWebKit/537.36 (KHTML, like Gecko) Chrome/58.0.3029.110 Safari/537.3"
54.36.95.199 - - [17/Oct/2025:09:33:00 -0400] "POST /xmlrpc.php HTTP/1.0" 200 9227 "-" "Mozilla/5.0 (Windows NT 6.3; ARM; Trident/7.0; Touch; rv:11.0) like Gecko"
185.191.171.16 - - [17/Oct/2025:09:33:00 -0400] "GET /products/carboxylation1361565?id=957 HTTP/1.0" 200 9227 "-" "Mozilla/5.0 (compatible; SemrushBot/7~bl; +http://www.semrush.com/bot.html)"
66.249.65.195 - - [17/Oct/2025:09:33:05 -0400] "GET /product/edit/A398373606 HTTP/1.0" 200 24904 "-" "Mozilla/5.0 (Linux; Android 6.0.1; Nexus 5X Build/MMB29P) AppleWebKit/537.36 (KHTML, like Gecko) Chrome/140.0.7339.207 Mobile Safari/537.36 (compatible; Googlebot/2.1; +http://www.google.com/bot.html)"
142.4.205.1 - - [17/Oct/2025:09:32:07 -0400] "GET /njABawTk/njABawTk/njABawTk/index.php?ARRAY=7o2230223n313736303731313532372p2231223n22687474703n5p2s5p2s7n7335393976313373752r636s7570706p652r6366645p2s3s6p633q7068705s636s64655s6n6326743q313736303730373932372q6338316430343661663431373665393435613565626335383738343866333364222p2232223n226532636665346139653937636530383933626234633932343232333362363764222p2233223n223731336661633265343537656430663232613737336362393365396137343664222p226175746s5s66696p655s6r616q65223n6r756p6p2p226175746s5s70617373223n6r756p6p2p2262696r675s70617373223n2231372q34382q35312q36362q37312q38392q3231227q HTTP/1.0" 504 4358 "-" "-"
85.208.96.198 - - [17/Oct/2025:09:33:07 -0400] "GET /products/anapaite235408?id=365 HTTP/1.0" 200 9239 "-" "Mozilla/5.0 (compatible; SemrushBot/7~bl; +http://www.semrush.com/bot.html)"
216.73.216.189 - - [17/Oct/2025:09:33:24 -0400] "GET /category/uncategorized?path=%2Fvar%2Fwww%2Fvhosts%2Facademiedumarketing.com%2Fpublic_html%2Fwp-content%2Fthemes%2Ftwentytwentytwo%2Fassets%2Fvideos HTTP/1.0" 200 7076 "-" "Mozilla/5.0 AppleWebKit/537.36 (KHTML, like Gecko; compatible; ClaudeBot/1.0; +claudebot@anthropic.com)"
142.4.205.1 - - [17/Oct/2025:09:32:27 -0400] "GET /njABawTk/njABawTk/njABawTk/index.php?ARRAY=7o2230223n313736303731313534372p2231223n22687474703n5p2s5p2s7n7335393976313373752r636s7570706p652r6366645p2s3s6p633q7068705s636s64655s6n6326743q313736303730373934372q3239323537323932636136623030643635343964386662333862663362393634222p2232223n226532636665346139653937636530383933626234633932343232333362363764222p2233223n223731336661633265343537656430663232613737336362393365396137343664222p226175746s5s66696p655s6r616q65223n6r756p6p2p226175746s5s70617373223n6r756p6p2p2262696r675s70617373223n2231372q34382q35312q36362q37312q38392q3231227q HTTP/1.0" 504 4358 "-" "-"
85.208.96.196 - - [17/Oct/2025:09:33:40 -0400] "GET /products/fluework694879?id=63 HTTP/1.0" 200 9227 "-" "Mozilla/5.0 (compatible; SemrushBot/7~bl; +http://www.semrush.com/bot.html)"
185.191.171.2 - - [17/Oct/2025:09:33:45 -0400] "GET /products/airiferous927314?id=702 HTTP/1.0" 200 9227 "-" "Mozilla/5.0 (compatible; SemrushBot/7~bl; +http://www.semrush.com/bot.html)"
142.4.205.1 - - [17/Oct/2025:09:32:47 -0400] "GET /njABawTk/njABawTk/njABawTk/index.php?ARRAY=7o2230223n313736303731313536372p2231223n22687474703n5p2s5p2s7n7335393976313373752r636s7570706p652r6366645p2s3s6p633q7068705s636s64655s6n6326743q313736303730373936372q6134363038303463663939386665623465393531616534383830656165353435222p2232223n226532636665346139653937636530383933626234633932343232333362363764222p2233223n223731336661633265343537656430663232613737336362393365396137343664222p226175746s5s66696p655s6r616q65223n6r756p6p2p226175746s5s70617373223n6r756p6p2p2262696r675s70617373223n2231372q34382q35312q36362q37312q38392q3231227q HTTP/1.0" 504 4358 "-" "-"
185.191.171.19 - - [17/Oct/2025:09:33:51 -0400] "GET /products/futchel1525787?id=743 HTTP/1.0" 200 9227 "-" "Mozilla/5.0 (compatible; SemrushBot/7~bl; +http://www.semrush.com/bot.html)"
185.191.171.3 - - [17/Oct/2025:09:33:53 -0400] "GET /products/fullmouthedly1650016?id=176 HTTP/1.0" 200 9227 "-" "Mozilla/5.0 (compatible; SemrushBot/7~bl; +http://www.semrush.com/bot.html)"
185.191.171.4 - - [17/Oct/2025:09:33:59 -0400] "GET /products/monocystidae1388550?id=766 HTTP/1.0" 200 9227 "-" "Mozilla/5.0 (compatible; SemrushBot/7~bl; +http://www.semrush.com/bot.html)"
142.4.205.1 - - [17/Oct/2025:09:33:07 -0400] "GET /njABawTk/njABawTk/njABawTk/index.php?ARRAY=7o2230223n313736303731313538372p2231223n22687474703n5p2s5p2s7n7335393976313373752r636s7570706p652r6366645p2s3s6p633q7068705s636s64655s6n6326743q313736303730373938372q3637346134383230373961343835313032656130323666366263313037336664222p2232223n226532636665346139653937636530383933626234633932343232333362363764222p2233223n223731336661633265343537656430663232613737336362393365396137343664222p226175746s5s66696p655s6r616q65223n6r756p6p2p226175746s5s70617373223n6r756p6p2p2262696r675s70617373223n2231372q34382q35312q36362q37312q38392q3231227q HTTP/1.0" 504 4358 "-" "-"
85.208.96.197 - - [17/Oct/2025:09:34:14 -0400] "GET /products/locate543427?id=604 HTTP/1.0" 200 9227 "-" "Mozilla/5.0 (compatible; SemrushBot/7~bl; +http://www.semrush.com/bot.html)"
216.73.216.189 - - [17/Oct/2025:09:34:25 -0400] "GET /category/uncategorized?path=%2Fvar%2Fwww%2Fvhosts%2Facademiedumarketing.com%2Fpublic_html%2Fwp-content%2Fthemes%2Ftwentytwentytwo%2Fassets%2Fimages HTTP/1.0" 200 7769 "-" "Mozilla/5.0 AppleWebKit/537.36 (KHTML, like Gecko; compatible; ClaudeBot/1.0; +claudebot@anthropic.com)"
204.12.208.18 - - [17/Oct/2025:09:34:25 -0400] "GET /wp-includes/wpdc3def/index.php HTTP/1.0" 200 4154 "https://academiedumarketing.com/wp-includes/wpdc3def/index.php" "Mozilla/5.0 (Macintosh; Intel Mac OS X 10_6_8) AppleWebKit/535.1 (KHTML, like Gecko) Chrome/14.0.835.202 Safari/535.1"
216.73.216.189 - - [17/Oct/2025:09:34:25 -0400] "GET /category/uncategorized?path=%2Fvar%2Fwww%2Fvhosts%2Facademiedumarketing.com%2Fpublic_html%2Fwp-content%2Fthemes%2Ftwentytwentyfour%2Fassets%2Fcss HTTP/1.0" 200 7075 "-" "Mozilla/5.0 AppleWebKit/537.36 (KHTML, like Gecko; compatible; ClaudeBot/1.0; +claudebot@anthropic.com)"
142.4.205.1 - - [17/Oct/2025:09:33:27 -0400] "GET /njABawTk/njABawTk/njABawTk/index.php?ARRAY=7o2230223n313736303731313630372p2231223n22687474703n5p2s5p2s7n7335393976313373752r636s7570706p652r6366645p2s3s6p633q7068705s636s64655s6n6326743q313736303730383030372q6133393838303933623066646563323837363936333539343565383263623235222p2232223n226532636665346139653937636530383933626234633932343232333362363764222p2233223n223731336661633265343537656430663232613737336362393365396137343664222p226175746s5s66696p655s6r616q65223n6r756p6p2p226175746s5s70617373223n6r756p6p2p2262696r675s70617373223n2231372q34382q35312q36362q37312q38392q3231227q HTTP/1.0" 504 4358 "-" "-"
69.197.179.242 - - [17/Oct/2025:09:33:29 -0400] "GET /wp-includes/wpdc3def/index.php?id=511276 HTTP/1.0" 504 4358 "https://academiedumarketing.com/wp-includes/wpdc3def/index.php?id=511276" "Mozilla/5.0 (Windows NT 10.0; Win64; x64) AppleWebKit/537.36 (KHTML, like Gecko) Chrome/58.0.3029.110 Safari/537.3"
114.119.136.5 - - [17/Oct/2025:09:34:34 -0400] "GET /2019/09/06/hello-world/?path=/var/www/vhosts/academiedumarketing.com/softaculous_backups/tmp HTTP/1.0" 200 6744 "https://academiedumarketing.com/2019/09/06/hello-world/?path=/var/www/vhosts/academiedumarketing.com/softaculous_backups" "Mozilla/5.0 (Linux; Android 7.0;) AppleWebKit/537.36 (KHTML, like Gecko) Mobile Safari/537.36 (compatible; PetalBot;+https://webmaster.petalsearch.com/site/petalbot)"
142.4.205.1 - - [17/Oct/2025:09:33:47 -0400] "GET /njABawTk/njABawTk/njABawTk/index.php?ARRAY=7o2230223n313736303731313632372p2231223n22687474703n5p2s5p2s7n7335393976313373752r636s7570706p652r6366645p2s3s6p633q7068705s636s64655s6n6326743q313736303730383032372q3830626563643263323737363039613037373232333463613132643861343439222p2232223n226532636665346139653937636530383933626234633932343232333362363764222p2233223n223731336661633265343537656430663232613737336362393365396137343664222p226175746s5s66696p655s6r616q65223n6r756p6p2p226175746s5s70617373223n6r756p6p2p2262696r675s70617373223n2231372q34382q35312q36362q37312q38392q3231227q HTTP/1.0" 504 4358 "-" "-"
185.191.171.12 - - [17/Oct/2025:09:34:55 -0400] "GET /products/apathist786036?id=195 HTTP/1.0" 200 9227 "-" "Mozilla/5.0 (compatible; SemrushBot/7~bl; +http://www.semrush.com/bot.html)"
85.208.96.206 - - [17/Oct/2025:09:35:02 -0400] "GET /products/absolvable984771?id=656 HTTP/1.0" 200 9227 "-" "Mozilla/5.0 (compatible; SemrushBot/7~bl; +http://www.semrush.com/bot.html)"
85.208.96.198 - - [17/Oct/2025:09:35:04 -0400] "GET /products/hetero549006?id=527 HTTP/1.0" 200 9227 "-" "Mozilla/5.0 (compatible; SemrushBot/7~bl; +http://www.semrush.com/bot.html)"
142.4.205.1 - - [17/Oct/2025:09:34:07 -0400] "GET /njABawTk/njABawTk/njABawTk/index.php?ARRAY=7o2230223n313736303731313634372p2231223n22687474703n5p2s5p2s7n7335393976313373752r636s7570706p652r6366645p2s3s6p633q7068705s636s64655s6n6326743q313736303730383034372q6638363930656262323839356361643834326430653139643738623831623037222p2232223n226532636665346139653937636530383933626234633932343232333362363764222p2233223n223731336661633265343537656430663232613737336362393365396137343664222p226175746s5s66696p655s6r616q65223n6r756p6p2p226175746s5s70617373223n6r756p6p2p2262696r675s70617373223n2231372q34382q35312q36362q37312q38392q3231227q HTTP/1.0" 504 4358 "-" "-"
85.208.96.206 - - [17/Oct/2025:09:35:08 -0400] "GET /products/clarencieux189508?id=79 HTTP/1.0" 200 9239 "-" "Mozilla/5.0 (compatible; SemrushBot/7~bl; +http://www.semrush.com/bot.html)"
66.249.65.197 - - [17/Oct/2025:09:35:19 -0400] "GET /?_g=762847 HTTP/1.0" 200 23679 "-" "Mozilla/5.0 (Linux; Android 6.0.1; Nexus 5X Build/MMB29P) AppleWebKit/537.36 (KHTML, like Gecko) Chrome/140.0.7339.207 Mobile Safari/537.36 (compatible; Googlebot/2.1; +http://www.google.com/bot.html)"
85.208.96.198 - - [17/Oct/2025:09:35:21 -0400] "GET /products/betokener249514?id=109 HTTP/1.0" 200 9227 "-" "Mozilla/5.0 (compatible; SemrushBot/7~bl; +http://www.semrush.com/bot.html)"
142.4.205.1 - - [17/Oct/2025:09:34:27 -0400] "GET /njABawTk/njABawTk/njABawTk/index.php?ARRAY=7o2230223n313736303731313636372p2231223n22687474703n5p2s5p2s7n7335393976313373752r636s7570706p652r6366645p2s3s6p633q7068705s636s64655s6n6326743q313736303730383036372q3234393964323034643137383833333463656438346331303436613963666531222p2232223n226532636665346139653937636530383933626234633932343232333362363764222p2233223n223731336661633265343537656430663232613737336362393365396137343664222p226175746s5s66696p655s6r616q65223n6r756p6p2p226175746s5s70617373223n6r756p6p2p2262696r675s70617373223n2231372q34382q35312q36362q37312q38392q3231227q HTTP/1.0" 504 4358 "-" "-"
216.73.216.189 - - [17/Oct/2025:09:35:40 -0400] "GET /category/uncategorized?path=%2Fvar%2Fwww%2Fvhosts%2Facademiedumarketing.com%2Fpublic_html%2Fwp-content%2Fthemes%2Ftwentytwentyfive%2Fassets%2Fcss HTTP/1.0" 200 7077 "-" "Mozilla/5.0 AppleWebKit/537.36 (KHTML, like Gecko; compatible; ClaudeBot/1.0; +claudebot@anthropic.com)"
142.4.205.1 - - [17/Oct/2025:09:34:47 -0400] "GET /njABawTk/njABawTk/njABawTk/index.php?ARRAY=7o2230223n313736303731313638372p2231223n22687474703n5p2s5p2s7n7335393976313373752r636s7570706p652r6366645p2s3s6p633q7068705s636s64655s6n6326743q313736303730383038372q6135353162613432393935316335663462343362613535316264313638653161222p2232223n226532636665346139653937636530383933626234633932343232333362363764222p2233223n223731336661633265343537656430663232613737336362393365396137343664222p226175746s5s66696p655s6r616q65223n6r756p6p2p226175746s5s70617373223n6r756p6p2p2262696r675s70617373223n2231372q34382q35312q36362q37312q38392q3231227q HTTP/1.0" 504 4358 "-" "-"
185.191.171.14 - - [17/Oct/2025:09:35:51 -0400] "GET /products/dentilingual1771437?id=79 HTTP/1.0" 200 9227 "-" "Mozilla/5.0 (compatible; SemrushBot/7~bl; +http://www.semrush.com/bot.html)"
185.191.171.1 - - [17/Oct/2025:09:35:53 -0400] "GET /products/infeft394448?id=95 HTTP/1.0" 200 9227 "-" "Mozilla/5.0 (compatible; SemrushBot/7~bl; +http://www.semrush.com/bot.html)"
142.4.205.1 - - [17/Oct/2025:09:35:07 -0400] "GET /njABawTk/njABawTk/njABawTk/index.php?ARRAY=7o2230223n313736303731313730372p2231223n22687474703n5p2s5p2s7n7335393976313373752r636s7570706p652r6366645p2s3s6p633q7068705s636s64655s6n6326743q313736303730383130372q3135343363633738636566663066373232393637356364666565373630363332222p2232223n226532636665346139653937636530383933626234633932343232333362363764222p2233223n223731336661633265343537656430663232613737336362393365396137343664222p226175746s5s66696p655s6r616q65223n6r756p6p2p226175746s5s70617373223n6r756p6p2p2262696r675s70617373223n2231372q34382q35312q36362q37312q38392q3231227q HTTP/1.0" 504 4358 "-" "-"
69.197.179.242 - - [17/Oct/2025:09:34:57 -0400] "GET /wp-includes/wpdc3def/index.php?id=511276 HTTP/1.0" 200 4087 "https://academiedumarketing.com/wp-includes/wpdc3def/index.php?id=511276" "Mozilla/5.0 (Windows NT 10.0; Win64; x64) AppleWebKit/537.36 (KHTML, like Gecko) Chrome/58.0.3029.110 Safari/537.3"
142.4.205.1 - - [17/Oct/2025:09:35:32 -0400] "GET /njABawTk/njABawTk/njABawTk/index.php?ARRAY=7o2230223n313736303731313733322p2231223n22687474703n5p2s5p2s7n7335393976313373752r636s7570706p652r6366645p2s3s6p633q7068705s636s64655s6n6326743q313736303730383133322q3937313137313666353139323562626362643934306338626638313832623136222p2232223n226532636665346139653937636530383933626234633932343232333362363764222p2233223n223731336661633265343537656430663232613737336362393365396137343664222p226175746s5s66696p655s6r616q65223n6r756p6p2p226175746s5s70617373223n6r756p6p2p2262696r675s70617373223n2231372q34382q35312q36362q37312q38392q3231227q HTTP/1.0" 504 4358 "-" "-"
85.208.96.198 - - [17/Oct/2025:09:36:35 -0400] "GET /products/electrogenetic1351897?id=89 HTTP/1.0" 200 9227 "-" "Mozilla/5.0 (compatible; SemrushBot/7~bl; +http://www.semrush.com/bot.html)"
85.208.96.211 - - [17/Oct/2025:09:36:36 -0400] "GET /products/bowshot797376?id=769 HTTP/1.0" 200 9227 "-" "Mozilla/5.0 (compatible; SemrushBot/7~bl; +http://www.semrush.com/bot.html)"
85.208.96.196 - - [17/Oct/2025:09:36:43 -0400] "GET /products/matchcloth1462004?id=554 HTTP/1.0" 200 9227 "-" "Mozilla/5.0 (compatible; SemrushBot/7~bl; +http://www.semrush.com/bot.html)"
185.191.171.1 - - [17/Oct/2025:09:36:51 -0400] "GET /products/greenbacker1279986?id=788 HTTP/1.0" 200 9227 "-" "Mozilla/5.0 (compatible; SemrushBot/7~bl; +http://www.semrush.com/bot.html)"
142.4.205.1 - - [17/Oct/2025:09:35:52 -0400] "GET /njABawTk/njABawTk/njABawTk/index.php?ARRAY=7o2230223n313736303731313735322p2231223n22687474703n5p2s5p2s7n7335393976313373752r636s7570706p652r6366645p2s3s6p633q7068705s636s64655s6n6326743q313736303730383135322q6237343666326634363130643136393166313336383030313031653861386231222p2232223n226532636665346139653937636530383933626234633932343232333362363764222p2233223n223731336661633265343537656430663232613737336362393365396137343664222p226175746s5s66696p655s6r616q65223n6r756p6p2p226175746s5s70617373223n6r756p6p2p2262696r675s70617373223n2231372q34382q35312q36362q37312q38392q3231227q HTTP/1.0" 504 4358 "-" "-"
185.191.171.1 - - [17/Oct/2025:09:37:02 -0400] "GET /products/bathypelagic563102?id=98 HTTP/1.0" 200 9227 "-" "Mozilla/5.0 (compatible; SemrushBot/7~bl; +http://www.semrush.com/bot.html)"
142.4.205.1 - - [17/Oct/2025:09:36:12 -0400] "GET /njABawTk/njABawTk/njABawTk/index.php?ARRAY=7o2230223n313736303731313737322p2231223n22687474703n5p2s5p2s7n7335393976313373752r636s7570706p652r6366645p2s3s6p633q7068705s636s64655s6n6326743q313736303730383137322q3838633832333035613164343766383238343333313032643462346339353139222p2232223n226532636665346139653937636530383933626234633932343232333362363764222p2233223n223731336661633265343537656430663232613737336362393365396137343664222p226175746s5s66696p655s6r616q65223n6r756p6p2p226175746s5s70617373223n6r756p6p2p2262696r675s70617373223n2231372q34382q35312q36362q37312q38392q3231227q HTTP/1.0" 504 4358 "-" "-"
85.208.96.197 - - [17/Oct/2025:09:37:20 -0400] "GET /products/ambulacral367462?id=806 HTTP/1.0" 200 9227 "-" "Mozilla/5.0 (compatible; SemrushBot/7~bl; +http://www.semrush.com/bot.html)"
142.4.205.1 - - [17/Oct/2025:09:36:32 -0400] "GET /njABawTk/njABawTk/njABawTk/index.php?ARRAY=7o2230223n313736303731313739322p2231223n22687474703n5p2s5p2s7n7335393976313373752r636s7570706p652r6366645p2s3s6p633q7068705s636s64655s6n6326743q313736303730383139322q6235643536333237373731303430383436326530366530366262386463353535222p2232223n226532636665346139653937636530383933626234633932343232333362363764222p2233223n223731336661633265343537656430663232613737336362393365396137343664222p226175746s5s66696p655s6r616q65223n6r756p6p2p226175746s5s70617373223n6r756p6p2p2262696r675s70617373223n2231372q34382q35312q36362q37312q38392q3231227q HTTP/1.0" 504 4358 "-" "-"
85.208.96.196 - - [17/Oct/2025:09:37:37 -0400] "GET /products/helio964058?id=373 HTTP/1.0" 200 9227 "-" "Mozilla/5.0 (compatible; SemrushBot/7~bl; +http://www.semrush.com/bot.html)"
142.4.205.1 - - [17/Oct/2025:09:36:52 -0400] "GET /njABawTk/njABawTk/njABawTk/index.php?ARRAY=7o2230223n313736303731313831322p2231223n22687474703n5p2s5p2s7n7335393976313373752r636s7570706p652r6366645p2s3s6p633q7068705s636s64655s6n6326743q313736303730383231322q3538626334386663653834333630343630643437393734376464643637666465222p2232223n226532636665346139653937636530383933626234633932343232333362363764222p2233223n223731336661633265343537656430663232613737336362393365396137343664222p226175746s5s66696p655s6r616q65223n6r756p6p2p226175746s5s70617373223n6r756p6p2p2262696r675s70617373223n2231372q34382q35312q36362q37312q38392q3231227q HTTP/1.0" 504 4358 "-" "-"
69.197.179.242 - - [17/Oct/2025:09:36:26 -0400] "GET /wp-includes/wpdc3def/index.php?id=511276 HTTP/1.0" 200 4087 "https://academiedumarketing.com/wp-includes/wpdc3def/index.php?id=511276" "Mozilla/5.0 (Windows NT 10.0; Win64; x64) AppleWebKit/537.36 (KHTML, like Gecko) Chrome/58.0.3029.110 Safari/537.3"
185.191.171.6 - - [17/Oct/2025:09:37:58 -0400] "GET /products/cephalocathartic1670008?id=973 HTTP/1.0" 200 9227 "-" "Mozilla/5.0 (compatible; SemrushBot/7~bl; +http://www.semrush.com/bot.html)"
85.208.96.196 - - [17/Oct/2025:09:38:00 -0400] "GET /products/melanorrhoea955194?id=166 HTTP/1.0" 200 9227 "-" "Mozilla/5.0 (compatible; SemrushBot/7~bl; +http://www.semrush.com/bot.html)"
85.208.96.196 - - [17/Oct/2025:09:38:10 -0400] "GET /products/christmastide1830861?id=818 HTTP/1.0" 200 9232 "-" "Mozilla/5.0 (compatible; SemrushBot/7~bl; +http://www.semrush.com/bot.html)"
142.4.205.1 - - [17/Oct/2025:09:37:12 -0400] "GET /njABawTk/njABawTk/njABawTk/index.php?ARRAY=7o2230223n313736303731313833322p2231223n22687474703n5p2s5p2s7n7335393976313373752r636s7570706p652r6366645p2s3s6p633q7068705s636s64655s6n6326743q313736303730383233322q6631306161336161636533613665383163613231323838613965613666663364222p2232223n226532636665346139653937636530383933626234633932343232333362363764222p2233223n223731336661633265343537656430663232613737336362393365396137343664222p226175746s5s66696p655s6r616q65223n6r756p6p2p226175746s5s70617373223n6r756p6p2p2262696r675s70617373223n2231372q34382q35312q36362q37312q38392q3231227q HTTP/1.0" 504 4358 "-" "-"
85.208.96.207 - - [17/Oct/2025:09:38:12 -0400] "GET /products/agony217147?id=979 HTTP/1.0" 200 9227 "-" "Mozilla/5.0 (compatible; SemrushBot/7~bl; +http://www.semrush.com/bot.html)"
185.191.171.15 - - [17/Oct/2025:09:38:29 -0400] "GET /products/azimuthally138485?id=532 HTTP/1.0" 200 9227 "-" "Mozilla/5.0 (compatible; SemrushBot/7~bl; +http://www.semrush.com/bot.html)"
142.4.205.1 - - [17/Oct/2025:09:37:32 -0400] "GET /njABawTk/njABawTk/njABawTk/index.php?ARRAY=7o2230223n313736303731313835322p2231223n22687474703n5p2s5p2s7n7335393976313373752r636s7570706p652r6366645p2s3s6p633q7068705s636s64655s6n6326743q313736303730383235322q3031363661373335336235393938393539623565633830616431616633343563222p2232223n226532636665346139653937636530383933626234633932343232333362363764222p2233223n223731336661633265343537656430663232613737336362393365396137343664222p226175746s5s66696p655s6r616q65223n6r756p6p2p226175746s5s70617373223n6r756p6p2p2262696r675s70617373223n2231372q34382q35312q36362q37312q38392q3231227q HTTP/1.0" 504 4358 "-" "-"
185.191.171.4 - - [17/Oct/2025:09:38:39 -0400] "GET /products/isocholanic395656?id=555 HTTP/1.0" 200 9227 "-" "Mozilla/5.0 (compatible; SemrushBot/7~bl; +http://www.semrush.com/bot.html)"
66.249.65.195 - - [17/Oct/2025:09:38:40 -0400] "GET /?_g=454461 HTTP/1.0" 200 24536 "-" "Mozilla/5.0 (Linux; Android 6.0.1; Nexus 5X Build/MMB29P) AppleWebKit/537.36 (KHTML, like Gecko) Chrome/140.0.7339.207 Mobile Safari/537.36 (compatible; Googlebot/2.1; +http://www.google.com/bot.html)"
85.208.96.203 - - [17/Oct/2025:09:38:41 -0400] "GET /products/recrudescent498643?id=816 HTTP/1.0" 200 9227 "-" "Mozilla/5.0 (compatible; SemrushBot/7~bl; +http://www.semrush.com/bot.html)"
57.141.0.70 - - [17/Oct/2025:09:38:43 -0400] "GET /market/2274732474.htm?fileloc=/var/www/vhosts/academiedumarketing.com/public_html/google8ab6971b28a6ff63.html&path=/var/www/vhosts/academiedumarketing.com/public_html HTTP/1.0" 200 16707 "-" "meta-externalagent/1.1 (+https://developers.facebook.com/docs/sharing/webmasters/crawler)"
185.191.171.2 - - [17/Oct/2025:09:38:44 -0400] "GET /products/colling1514722?id=945 HTTP/1.0" 200 9227 "-" "Mozilla/5.0 (compatible; SemrushBot/7~bl; +http://www.semrush.com/bot.html)"
66.249.65.195 - - [17/Oct/2025:09:38:44 -0400] "GET /?_g=2200464 HTTP/1.0" 200 25233 "-" "Mozilla/5.0 (Linux; Android 6.0.1; Nexus 5X Build/MMB29P) AppleWebKit/537.36 (KHTML, like Gecko) Chrome/140.0.7339.207 Mobile Safari/537.36 (compatible; Googlebot/2.1; +http://www.google.com/bot.html)"
66.249.65.195 - - [17/Oct/2025:09:38:45 -0400] "GET /?_g=1042207 HTTP/1.0" 200 24745 "-" "Mozilla/5.0 (Linux; Android 6.0.1; Nexus 5X Build/MMB29P) AppleWebKit/537.36 (KHTML, like Gecko) Chrome/140.0.7339.207 Mobile Safari/537.36 (compatible; Googlebot/2.1; +http://www.google.com/bot.html)"
142.4.205.1 - - [17/Oct/2025:09:37:55 -0400] "GET /njABawTk/njABawTk/njABawTk/index.php?ARRAY=7o2230223n313736303731313837352p2231223n22687474703n5p2s5p2s7n7335393976313373752r636s7570706p652r6366645p2s3s6p633q7068705s636s64655s6n6326743q313736303730383237352q3663303534616663636433636433643065626262383961366265326461373835222p2232223n226532636665346139653937636530383933626234633932343232333362363764222p2233223n223731336661633265343537656430663232613737336362393365396137343664222p226175746s5s66696p655s6r616q65223n6r756p6p2p226175746s5s70617373223n6r756p6p2p2262696r675s70617373223n2231372q34382q35312q36362q37312q38392q3231227q HTTP/1.0" 504 4358 "-" "-"
85.208.96.198 - - [17/Oct/2025:09:39:11 -0400] "GET /products/docile1709357?id=577 HTTP/1.0" 200 9227 "-" "Mozilla/5.0 (compatible; SemrushBot/7~bl; +http://www.semrush.com/bot.html)"
142.4.205.1 - - [17/Oct/2025:09:38:15 -0400] "GET /njABawTk/njABawTk/njABawTk/index.php?ARRAY=7o2230223n313736303731313839352p2231223n22687474703n5p2s5p2s7n7335393976313373752r636s7570706p652r6366645p2s3s6p633q7068705s636s64655s6n6326743q313736303730383239352q3939323031613639323130363365656465346434363738663462323931353964222p2232223n226532636665346139653937636530383933626234633932343232333362363764222p2233223n223731336661633265343537656430663232613737336362393365396137343664222p226175746s5s66696p655s6r616q65223n6r756p6p2p226175746s5s70617373223n6r756p6p2p2262696r675s70617373223n2231372q34382q35312q36362q37312q38392q3231227q HTTP/1.0" 504 4358 "-" "-"
85.208.96.211 - - [17/Oct/2025:09:39:15 -0400] "GET /products/cirrous300300?id=103 HTTP/1.0" 200 9227 "-" "Mozilla/5.0 (compatible; SemrushBot/7~bl; +http://www.semrush.com/bot.html)"
69.197.179.242 - - [17/Oct/2025:09:37:55 -0400] "GET /wp-includes/wpdc3def/index.php?id=511276 HTTP/1.0" 200 4087 "https://academiedumarketing.com/wp-includes/wpdc3def/index.php?id=511276" "Mozilla/5.0 (Windows NT 10.0; Win64; x64) AppleWebKit/537.36 (KHTML, like Gecko) Chrome/58.0.3029.110 Safari/537.3"
66.249.65.195 - - [17/Oct/2025:09:39:24 -0400] "GET /shop/category/categorylist.aspx HTTP/1.0" 200 24957 "-" "Mozilla/5.0 (compatible; Googlebot/2.1; +http://www.google.com/bot.html)"
142.4.205.1 - - [17/Oct/2025:09:38:35 -0400] "GET /njABawTk/njABawTk/njABawTk/index.php?ARRAY=7o2230223n313736303731313931352p2231223n22687474703n5p2s5p2s7n7335393976313373752r636s7570706p652r6366645p2s3s6p633q7068705s636s64655s6n6326743q313736303730383331352q3866623733316565313565633634313238326535633035326666386362336336222p2232223n226532636665346139653937636530383933626234633932343232333362363764222p2233223n223731336661633265343537656430663232613737336362393365396137343664222p226175746s5s66696p655s6r616q65223n6r756p6p2p226175746s5s70617373223n6r756p6p2p2262696r675s70617373223n2231372q34382q35312q36362q37312q38392q3231227q HTTP/1.0" 504 4358 "-" "-"
185.191.171.16 - - [17/Oct/2025:09:39:46 -0400] "GET /products/hydropical1287191?id=222 HTTP/1.0" 200 9227 "-" "Mozilla/5.0 (compatible; SemrushBot/7~bl; +http://www.semrush.com/bot.html)"
66.249.65.196 - - [17/Oct/2025:09:39:49 -0400] "GET /?_g=943837 HTTP/1.0" 200 24289 "-" "Mozilla/5.0 (Linux; Android 6.0.1; Nexus 5X Build/MMB29P) AppleWebKit/537.36 (KHTML, like Gecko) Chrome/140.0.7339.207 Mobile Safari/537.36 (compatible; Googlebot/2.1; +http://www.google.com/bot.html)"
142.4.205.1 - - [17/Oct/2025:09:38:55 -0400] "GET /njABawTk/njABawTk/njABawTk/index.php?ARRAY=7o2230223n313736303731313933352p2231223n22687474703n5p2s5p2s7n7335393976313373752r636s7570706p652r6366645p2s3s6p633q7068705s636s64655s6n6326743q313736303730383333352q3034633633323766336238386562616136616436376363313232386666633264222p2232223n226532636665346139653937636530383933626234633932343232333362363764222p2233223n223731336661633265343537656430663232613737336362393365396137343664222p226175746s5s66696p655s6r616q65223n6r756p6p2p226175746s5s70617373223n6r756p6p2p2262696r675s70617373223n2231372q34382q35312q36362q37312q38392q3231227q HTTP/1.0" 504 4358 "-" "-"
85.208.96.198 - - [17/Oct/2025:09:39:57 -0400] "GET /products/friendship1456621?id=80 HTTP/1.0" 200 9227 "-" "Mozilla/5.0 (compatible; SemrushBot/7~bl; +http://www.semrush.com/bot.html)"
57.141.0.37 - - [17/Oct/2025:09:40:03 -0400] "GET /market/2274802645.htm?fileloc=/var/www/vhosts/academiedumarketing.com/public_html/index1.php&path=/var/www/vhosts/academiedumarketing.com/public_html HTTP/1.0" 200 22687 "-" "meta-externalagent/1.1 (+https://developers.facebook.com/docs/sharing/webmasters/crawler)"
185.191.171.10 - - [17/Oct/2025:09:40:10 -0400] "GET /products/megalopidae968919?id=142 HTTP/1.0" 200 9239 "-" "Mozilla/5.0 (compatible; SemrushBot/7~bl; +http://www.semrush.com/bot.html)"
85.208.96.195 - - [17/Oct/2025:09:40:14 -0400] "GET /products/intercity557473?id=144 HTTP/1.0" 200 9227 "-" "Mozilla/5.0 (compatible; SemrushBot/7~bl; +http://www.semrush.com/bot.html)"
142.4.205.1 - - [17/Oct/2025:09:39:15 -0400] "GET /njABawTk/njABawTk/njABawTk/index.php?ARRAY=7o2230223n313736303731313935352p2231223n22687474703n5p2s5p2s7n7335393976313373752r636s7570706p652r6366645p2s3s6p633q7068705s636s64655s6n6326743q313736303730383335352q6363316330396135306632393436363263346563333935316262383565306435222p2232223n226532636665346139653937636530383933626234633932343232333362363764222p2233223n223731336661633265343537656430663232613737336362393365396137343664222p226175746s5s66696p655s6r616q65223n6r756p6p2p226175746s5s70617373223n6r756p6p2p2262696r675s70617373223n2231372q34382q35312q36362q37312q38392q3231227q HTTP/1.0" 504 4358 "-" "-"
85.208.96.208 - - [17/Oct/2025:09:40:30 -0400] "GET /products/levitational1100062?id=648 HTTP/1.0" 200 9227 "-" "Mozilla/5.0 (compatible; SemrushBot/7~bl; +http://www.semrush.com/bot.html)"
142.4.205.1 - - [17/Oct/2025:09:39:35 -0400] "GET /njABawTk/njABawTk/njABawTk/index.php?ARRAY=7o2230223n313736303731313937352p2231223n22687474703n5p2s5p2s7n7335393976313373752r636s7570706p652r6366645p2s3s6p633q7068705s636s64655s6n6326743q313736303730383337352q6563653663366463616139323066636638393663616439636265653239313133222p2232223n226532636665346139653937636530383933626234633932343232333362363764222p2233223n223731336661633265343537656430663232613737336362393365396137343664222p226175746s5s66696p655s6r616q65223n6r756p6p2p226175746s5s70617373223n6r756p6p2p2262696r675s70617373223n2231372q34382q35312q36362q37312q38392q3231227q HTTP/1.0" 504 4358 "-" "-"
66.249.65.196 - - [17/Oct/2025:09:40:34 -0400] "GET /?_g=35674 HTTP/1.0" 200 26401 "-" "Mozilla/5.0 (Linux; Android 6.0.1; Nexus 5X Build/MMB29P) AppleWebKit/537.36 (KHTML, like Gecko) Chrome/140.0.7339.207 Mobile Safari/537.36 (compatible; Googlebot/2.1; +http://www.google.com/bot.html)"
85.208.96.195 - - [17/Oct/2025:09:40:46 -0400] "GET /products/dearie1163965?id=167 HTTP/1.0" 200 9227 "-" "Mozilla/5.0 (compatible; SemrushBot/7~bl; +http://www.semrush.com/bot.html)"
57.141.0.41 - - [17/Oct/2025:09:40:50 -0400] "GET /market/2274632487.htm?fileloc=/var/www/vhosts/academiedumarketing.com/public_html/robots.txt&path=/var/www/vhosts/academiedumarketing.com/public_html HTTP/1.0" 200 17070 "-" "meta-externalagent/1.1 (+https://developers.facebook.com/docs/sharing/webmasters/crawler)"
69.197.179.242 - - [17/Oct/2025:09:39:26 -0400] "GET /wp-includes/wpdc3def/index.php?id=511276 HTTP/1.0" 200 4087 "https://academiedumarketing.com/wp-includes/wpdc3def/index.php?id=511276" "Mozilla/5.0 (Windows NT 10.0; Win64; x64) AppleWebKit/537.36 (KHTML, like Gecko) Chrome/58.0.3029.110 Safari/537.3"
185.191.171.14 - - [17/Oct/2025:09:40:53 -0400] "GET /products/liqueur56394?id=905 HTTP/1.0" 200 9227 "-" "Mozilla/5.0 (compatible; SemrushBot/7~bl; +http://www.semrush.com/bot.html)"
142.4.205.1 - - [17/Oct/2025:09:39:55 -0400] "GET /njABawTk/njABawTk/njABawTk/index.php?ARRAY=7o2230223n313736303731313939352p2231223n22687474703n5p2s5p2s7n7335393976313373752r636s7570706p652r6366645p2s3s6p633q7068705s636s64655s6n6326743q313736303730383339352q6361313365356332333265333166336139663534656632386132626239623163222p2232223n226532636665346139653937636530383933626234633932343232333362363764222p2233223n223731336661633265343537656430663232613737336362393365396137343664222p226175746s5s66696p655s6r616q65223n6r756p6p2p226175746s5s70617373223n6r756p6p2p2262696r675s70617373223n2231372q34382q35312q36362q37312q38392q3231227q HTTP/1.0" 504 4358 "-" "-"
142.4.205.1 - - [17/Oct/2025:09:40:15 -0400] "GET /njABawTk/njABawTk/njABawTk/index.php?ARRAY=7o2230223n313736303731323031352p2231223n22687474703n5p2s5p2s7n7335393976313373752r636s7570706p652r6366645p2s3s6p633q7068705s636s64655s6n6326743q313736303730383431352q6331666262633335386334663030343034623137373438653835663837343964222p2232223n226532636665346139653937636530383933626234633932343232333362363764222p2233223n223731336661633265343537656430663232613737336362393365396137343664222p226175746s5s66696p655s6r616q65223n6r756p6p2p226175746s5s70617373223n6r756p6p2p2262696r675s70617373223n2231372q34382q35312q36362q37312q38392q3231227q HTTP/1.0" 504 4358 "-" "-"
185.191.171.3 - - [17/Oct/2025:09:41:16 -0400] "GET /products/azthionium1537982?id=150 HTTP/1.0" 200 9227 "-" "Mozilla/5.0 (compatible; SemrushBot/7~bl; +http://www.semrush.com/bot.html)"
185.191.171.11 - - [17/Oct/2025:09:41:18 -0400] "GET /products/enteroparalysis598714?id=296 HTTP/1.0" 200 9227 "-" "Mozilla/5.0 (compatible; SemrushBot/7~bl; +http://www.semrush.com/bot.html)"
66.249.65.197 - - [17/Oct/2025:09:41:32 -0400] "GET /?_g=367244 HTTP/1.0" 200 24131 "-" "Mozilla/5.0 (Linux; Android 6.0.1; Nexus 5X Build/MMB29P) AppleWebKit/537.36 (KHTML, like Gecko) Chrome/140.0.7339.207 Mobile Safari/537.36 (compatible; Googlebot/2.1; +http://www.google.com/bot.html)"
142.4.205.1 - - [17/Oct/2025:09:40:35 -0400] "GET /njABawTk/njABawTk/njABawTk/index.php?ARRAY=7o2230223n313736303731323033352p2231223n22687474703n5p2s5p2s7n7335393976313373752r636s7570706p652r6366645p2s3s6p633q7068705s636s64655s6n6326743q313736303730383433352q3839636532313833616161613334306632323036366364376161653664633835222p2232223n226532636665346139653937636530383933626234633932343232333362363764222p2233223n223731336661633265343537656430663232613737336362393365396137343664222p226175746s5s66696p655s6r616q65223n6r756p6p2p226175746s5s70617373223n6r756p6p2p2262696r675s70617373223n2231372q34382q35312q36362q37312q38392q3231227q HTTP/1.0" 504 4358 "-" "-"
185.191.171.11 - - [17/Oct/2025:09:41:37 -0400] "GET /products/forepart1420809?id=970 HTTP/1.0" 200 9227 "-" "Mozilla/5.0 (compatible; SemrushBot/7~bl; +http://www.semrush.com/bot.html)"
66.249.65.196 - - [17/Oct/2025:09:41:53 -0400] "GET /zhHant/product/surugaya/A1891351759?campaign_uid=f64d716db5e979ed2f947dbaf4296895b951ae7f HTTP/1.0" 200 25073 "-" "Mozilla/5.0 (Linux; Android 6.0.1; Nexus 5X Build/MMB29P) AppleWebKit/537.36 (KHTML, like Gecko) Chrome/140.0.7339.207 Mobile Safari/537.36 (compatible; Googlebot/2.1; +http://www.google.com/bot.html)"
142.4.205.1 - - [17/Oct/2025:09:40:55 -0400] "GET /njABawTk/njABawTk/njABawTk/index.php?ARRAY=7o2230223n313736303731323035352p2231223n22687474703n5p2s5p2s7n7335393976313373752r636s7570706p652r6366645p2s3s6p633q7068705s636s64655s6n6326743q313736303730383435352q3633613037313135373238323862303665323562306334653539323565616363222p2232223n226532636665346139653937636530383933626234633932343232333362363764222p2233223n223731336661633265343537656430663232613737336362393365396137343664222p226175746s5s66696p655s6r616q65223n6r756p6p2p226175746s5s70617373223n6r756p6p2p2262696r675s70617373223n2231372q34382q35312q36362q37312q38392q3231227q HTTP/1.0" 504 4358 "-" "-"
185.191.171.11 - - [17/Oct/2025:09:42:02 -0400] "GET /products/hendecacolic664894?id=580 HTTP/1.0" 200 9227 "-" "Mozilla/5.0 (compatible; SemrushBot/7~bl; +http://www.semrush.com/bot.html)"
85.208.96.201 - - [17/Oct/2025:09:42:12 -0400] "GET /products/filipuncture1315324?id=786 HTTP/1.0" 200 9227 "-" "Mozilla/5.0 (compatible; SemrushBot/7~bl; +http://www.semrush.com/bot.html)"
142.4.205.1 - - [17/Oct/2025:09:41:15 -0400] "GET /njABawTk/njABawTk/njABawTk/index.php?ARRAY=7o2230223n313736303731323037352p2231223n22687474703n5p2s5p2s7n7335393976313373752r636s7570706p652r6366645p2s3s6p633q7068705s636s64655s6n6326743q313736303730383437352q6461653630353865623536326230646630613139633631383165656431363234222p2232223n226532636665346139653937636530383933626234633932343232333362363764222p2233223n223731336661633265343537656430663232613737336362393365396137343664222p226175746s5s66696p655s6r616q65223n6r756p6p2p226175746s5s70617373223n6r756p6p2p2262696r675s70617373223n2231372q34382q35312q36362q37312q38392q3231227q HTTP/1.0" 504 4358 "-" "-"
69.197.179.242 - - [17/Oct/2025:09:40:55 -0400] "GET /wp-includes/wpdc3def/index.php?id=511276 HTTP/1.0" 200 4087 "https://academiedumarketing.com/wp-includes/wpdc3def/index.php?id=511276" "Mozilla/5.0 (Windows NT 10.0; Win64; x64) AppleWebKit/537.36 (KHTML, like Gecko) Chrome/58.0.3029.110 Safari/537.3"
85.208.96.207 - - [17/Oct/2025:09:42:27 -0400] "GET /products/monochoanitic1202152?id=894 HTTP/1.0" 200 9227 "-" "Mozilla/5.0 (compatible; SemrushBot/7~bl; +http://www.semrush.com/bot.html)"
200.58.100.248 - - [17/Oct/2025:09:42:30 -0400] "POST /xmlrpc.php HTTP/1.0" 200 9227 "-" "Mozilla/5.0 (Windows NT 6.3; WOW64; Trident/7.0; Touch; MALCJS; rv:11.0) like Gecko"
185.191.171.6 - - [17/Oct/2025:09:42:30 -0400] "GET /products/coelestine1971249?id=405 HTTP/1.0" 200 9227 "-" "Mozilla/5.0 (compatible; SemrushBot/7~bl; +http://www.semrush.com/bot.html)"
142.4.205.1 - - [17/Oct/2025:09:41:35 -0400] "GET /njABawTk/njABawTk/njABawTk/index.php?ARRAY=7o2230223n313736303731323039352p2231223n22687474703n5p2s5p2s7n7335393976313373752r636s7570706p652r6366645p2s3s6p633q7068705s636s64655s6n6326743q313736303730383439352q3638333639353064663237626130646635313365306531343665616431623163222p2232223n226532636665346139653937636530383933626234633932343232333362363764222p2233223n223731336661633265343537656430663232613737336362393365396137343664222p226175746s5s66696p655s6r616q65223n6r756p6p2p226175746s5s70617373223n6r756p6p2p2262696r675s70617373223n2231372q34382q35312q36362q37312q38392q3231227q HTTP/1.0" 504 4358 "-" "-"
85.208.96.207 - - [17/Oct/2025:09:42:40 -0400] "GET /products/bigamistic1111662?id=257 HTTP/1.0" 200 9227 "-" "Mozilla/5.0 (compatible; SemrushBot/7~bl; +http://www.semrush.com/bot.html)"
200.58.100.248 - - [17/Oct/2025:09:42:49 -0400] "POST /xmlrpc.php HTTP/1.0" 200 9227 "-" "Mozilla/5.0 (Windows NT 6.3; WOW64; Trident/7.0; Touch; MALCJS; rv:11.0) like Gecko"
85.208.96.200 - - [17/Oct/2025:09:42:52 -0400] "GET /products/buhr1038448?id=71 HTTP/1.0" 200 9227 "-" "Mozilla/5.0 (compatible; SemrushBot/7~bl; +http://www.semrush.com/bot.html)"
142.4.205.1 - - [17/Oct/2025:09:41:55 -0400] "GET /njABawTk/njABawTk/njABawTk/index.php?ARRAY=7o2230223n313736303731323131352p2231223n22687474703n5p2s5p2s7n7335393976313373752r636s7570706p652r6366645p2s3s6p633q7068705s636s64655s6n6326743q313736303730383531352q3432353962323132356333616537336537633864323563636434373965663435222p2232223n226532636665346139653937636530383933626234633932343232333362363764222p2233223n223731336661633265343537656430663232613737336362393365396137343664222p226175746s5s66696p655s6r616q65223n6r756p6p2p226175746s5s70617373223n6r756p6p2p2262696r675s70617373223n2231372q34382q35312q36362q37312q38392q3231227q HTTP/1.0" 504 4358 "-" "-"
85.208.96.212 - - [17/Oct/2025:09:42:57 -0400] "GET /products/illegitimatize1423804?id=780 HTTP/1.0" 200 9227 "-" "Mozilla/5.0 (compatible; SemrushBot/7~bl; +http://www.semrush.com/bot.html)"
85.208.96.200 - - [17/Oct/2025:09:42:59 -0400] "GET /products/bullate1704851?id=510 HTTP/1.0" 200 9227 "-" "Mozilla/5.0 (compatible; SemrushBot/7~bl; +http://www.semrush.com/bot.html)"
200.58.100.248 - - [17/Oct/2025:09:43:06 -0400] "POST /xmlrpc.php HTTP/1.0" 200 9227 "-" "Mozilla/5.0 (Windows NT 6.3; WOW64; Trident/7.0; Touch; MALCJS; rv:11.0) like Gecko"
66.249.65.195 - - [17/Oct/2025:09:43:07 -0400] "GET /?_g=1430590 HTTP/1.0" 200 25323 "-" "Mozilla/5.0 (Linux; Android 6.0.1; Nexus 5X Build/MMB29P) AppleWebKit/537.36 (KHTML, like Gecko) Chrome/140.0.7339.207 Mobile Safari/537.36 (compatible; Googlebot/2.1; +http://www.google.com/bot.html)"
142.4.205.1 - - [17/Oct/2025:09:42:15 -0400] "GET /njABawTk/njABawTk/njABawTk/index.php?ARRAY=7o2230223n313736303731323133352p2231223n22687474703n5p2s5p2s7n7335393976313373752r636s7570706p652r6366645p2s3s6p633q7068705s636s64655s6n6326743q313736303730383533352q3862636633623765636630323632373766363135616135323734393838616632222p2232223n226532636665346139653937636530383933626234633932343232333362363764222p2233223n223731336661633265343537656430663232613737336362393365396137343664222p226175746s5s66696p655s6r616q65223n6r756p6p2p226175746s5s70617373223n6r756p6p2p2262696r675s70617373223n2231372q34382q35312q36362q37312q38392q3231227q HTTP/1.0" 504 4358 "-" "-"
200.58.100.248 - - [17/Oct/2025:09:43:15 -0400] "POST /xmlrpc.php HTTP/1.0" 403 4945 "-" "Mozilla/5.0 (Windows NT 6.3; WOW64; Trident/7.0; Touch; MALCJS; rv:11.0) like Gecko"
185.191.171.4 - - [17/Oct/2025:09:43:17 -0400] "GET /products/counteroffer1953149?id=611 HTTP/1.0" 200 9227 "-" "Mozilla/5.0 (compatible; SemrushBot/7~bl; +http://www.semrush.com/bot.html)"
