69.197.179.242 - - [17/Oct/2025:11:49:26 -0400] "GET /wp-includes/wpdc3def/index.php?id=511276 HTTP/1.0" 504 4358 "https://academiedumarketing.com/wp-includes/wpdc3def/index.php?id=511276" "Mozilla/5.0 (Windows NT 10.0; Win64; x64) AppleWebKit/537.36 (KHTML, like Gecko) Chrome/58.0.3029.110 Safari/537.3"
185.191.171.6 - - [17/Oct/2025:11:50:39 -0400] "GET /products/landshard1434491?id=157 HTTP/1.0" 200 9239 "-" "Mozilla/5.0 (compatible; SemrushBot/7~bl; +http://www.semrush.com/bot.html)"
185.191.171.16 - - [17/Oct/2025:11:50:44 -0400] "GET /products/naemorhedinae654567?id=282 HTTP/1.0" 200 9234 "-" "Mozilla/5.0 (compatible; SemrushBot/7~bl; +http://www.semrush.com/bot.html)"
85.208.96.198 - - [17/Oct/2025:11:50:58 -0400] "GET /products/extraregularly665328?id=419 HTTP/1.0" 200 9239 "-" "Mozilla/5.0 (compatible; SemrushBot/7~bl; +http://www.semrush.com/bot.html)"
114.119.136.5 - - [17/Oct/2025:11:51:08 -0400] "GET /2019/09/06/hello-world/?path=/var/www/vhosts/academiedumarketing.com/public_html/wp-content/plugins/wp-file-manager/images HTTP/1.0" 200 7295 "https://academiedumarketing.com/2019/09/06/hello-world/?path=/var/www/vhosts/academiedumarketing.com/public_html/wp-content/plugins/wp-file-manager" "Mozilla/5.0 (Linux; Android 7.0;) AppleWebKit/537.36 (KHTML, like Gecko) Mobile Safari/537.36 (compatible; PetalBot;+https://webmaster.petalsearch.com/site/petalbot)"
185.191.171.5 - - [17/Oct/2025:11:51:14 -0400] "GET /products/arachnactis1872273?id=968 HTTP/1.0" 200 9239 "-" "Mozilla/5.0 (compatible; SemrushBot/7~bl; +http://www.semrush.com/bot.html)"
185.191.171.4 - - [17/Oct/2025:11:51:27 -0400] "GET /products/aedicula1956183?id=807 HTTP/1.0" 200 9239 "-" "Mozilla/5.0 (compatible; SemrushBot/7~bl; +http://www.semrush.com/bot.html)"
185.191.171.16 - - [17/Oct/2025:11:51:32 -0400] "GET /products/erythrite1509013?id=661 HTTP/1.0" 200 9239 "-" "Mozilla/5.0 (compatible; SemrushBot/7~bl; +http://www.semrush.com/bot.html)"
185.191.171.7 - - [17/Oct/2025:11:51:46 -0400] "GET /products/befoolment438941?id=877 HTTP/1.0" 200 9239 "-" "Mozilla/5.0 (compatible; SemrushBot/7~bl; +http://www.semrush.com/bot.html)"
185.191.171.11 - - [17/Oct/2025:11:51:50 -0400] "GET /products/amphipneust1316231?id=710 HTTP/1.0" 200 9239 "-" "Mozilla/5.0 (compatible; SemrushBot/7~bl; +http://www.semrush.com/bot.html)"
185.191.171.15 - - [17/Oct/2025:11:51:51 -0400] "GET /products/citril496032?id=380 HTTP/1.0" 200 9239 "-" "Mozilla/5.0 (compatible; SemrushBot/7~bl; +http://www.semrush.com/bot.html)"
69.197.179.242 - - [17/Oct/2025:11:50:54 -0400] "GET /wp-includes/wpdc3def/index.php?id=511276 HTTP/1.0" 504 4358 "https://academiedumarketing.com/wp-includes/wpdc3def/index.php?id=511276" "Mozilla/5.0 (Windows NT 10.0; Win64; x64) AppleWebKit/537.36 (KHTML, like Gecko) Chrome/58.0.3029.110 Safari/537.3"
85.208.96.203 - - [17/Oct/2025:11:51:53 -0400] "GET /products/leishmaniasis599204?id=332 HTTP/1.0" 200 9239 "-" "Mozilla/5.0 (compatible; SemrushBot/7~bl; +http://www.semrush.com/bot.html)"
85.208.96.193 - - [17/Oct/2025:11:51:56 -0400] "GET /products/blackening371487?id=977 HTTP/1.0" 200 9234 "-" "Mozilla/5.0 (compatible; SemrushBot/7~bl; +http://www.semrush.com/bot.html)"
85.208.96.203 - - [17/Oct/2025:11:52:00 -0400] "GET /products/plerocercoid40956?id=447 HTTP/1.0" 200 9239 "-" "Mozilla/5.0 (compatible; SemrushBot/7~bl; +http://www.semrush.com/bot.html)"
185.191.171.7 - - [17/Oct/2025:11:52:13 -0400] "GET /products/countershafting1842458?id=669 HTTP/1.0" 200 9239 "-" "Mozilla/5.0 (compatible; SemrushBot/7~bl; +http://www.semrush.com/bot.html)"
85.208.96.212 - - [17/Oct/2025:11:52:17 -0400] "GET /products/associate48122?id=712 HTTP/1.0" 200 9239 "-" "Mozilla/5.0 (compatible; SemrushBot/7~bl; +http://www.semrush.com/bot.html)"
85.208.96.203 - - [17/Oct/2025:11:52:28 -0400] "GET /products/auditorship820597?id=651 HTTP/1.0" 200 9239 "-" "Mozilla/5.0 (compatible; SemrushBot/7~bl; +http://www.semrush.com/bot.html)"
185.191.171.6 - - [17/Oct/2025:11:52:30 -0400] "GET /products/hybridity1945320?id=463 HTTP/1.0" 200 9234 "-" "Mozilla/5.0 (compatible; SemrushBot/7~bl; +http://www.semrush.com/bot.html)"
114.119.145.188 - - [17/Oct/2025:11:52:33 -0400] "GET /2025/10/04/rahasia-sukses-togel-online-2025-2/?path=/var/www/vhosts/academiedumarketing.com/public_html/wp-content/themes/twentysixteen/genericons HTTP/1.0" 200 7395 "https://academiedumarketing.com/2025/10/04/rahasia-sukses-togel-online-2025-2/?path=/var/www/vhosts/academiedumarketing.com/public_html/wp-content/themes/twentysixteen" "Mozilla/5.0 (Linux; Android 7.0;) AppleWebKit/537.36 (KHTML, like Gecko) Mobile Safari/537.36 (compatible; PetalBot;+https://webmaster.petalsearch.com/site/petalbot)"
216.73.216.189 - - [17/Oct/2025:11:52:38 -0400] "GET /category/uncategorized?fileloc=%2Fvar%2Fwww%2Fvhosts%2Facademiedumarketing.com%2Fwww%2Fwp-admin%2Fcss%2Fcss%2Fcss%2Fcss%2FNR.3gp&path=%2Fvar%2Fwww%2Fvhosts%2Facademiedumarketing.com%2Fwww%2Fwp-admin%2Fcss%2Fcss%2Fcss%2Fcss HTTP/1.0" 200 8855 "-" "Mozilla/5.0 AppleWebKit/537.36 (KHTML, like Gecko; compatible; ClaudeBot/1.0; +claudebot@anthropic.com)"
85.208.96.204 - - [17/Oct/2025:11:52:57 -0400] "GET /products/eelfare1592631?id=722 HTTP/1.0" 200 9239 "-" "Mozilla/5.0 (compatible; SemrushBot/7~bl; +http://www.semrush.com/bot.html)"
216.73.216.189 - - [17/Oct/2025:11:52:59 -0400] "GET /category/uncategorized?fileloc=%2Fvar%2Fwww%2Fvhosts%2Facademiedumarketing.com%2Fwww%2Fwp-admin%2Fcss%2Fcss%2Fcss%2Fcss%2Findex.php&path=%2Fvar%2Fwww%2Fvhosts%2Facademiedumarketing.com%2Fwww%2Fwp-admin%2Fcss%2Fcss%2Fcss%2Fcss HTTP/1.0" 200 6758 "-" "Mozilla/5.0 AppleWebKit/537.36 (KHTML, like Gecko; compatible; ClaudeBot/1.0; +claudebot@anthropic.com)"
85.208.96.203 - - [17/Oct/2025:11:53:10 -0400] "GET /products/baxterian596368?id=401 HTTP/1.0" 200 9239 "-" "Mozilla/5.0 (compatible; SemrushBot/7~bl; +http://www.semrush.com/bot.html)"
69.197.179.242 - - [17/Oct/2025:11:52:23 -0400] "GET /wp-includes/wpdc3def/index.php?id=511276 HTTP/1.0" 504 4358 "https://academiedumarketing.com/wp-includes/wpdc3def/index.php?id=511276" "Mozilla/5.0 (Windows NT 10.0; Win64; x64) AppleWebKit/537.36 (KHTML, like Gecko) Chrome/58.0.3029.110 Safari/537.3"
216.73.216.189 - - [17/Oct/2025:11:53:26 -0400] "GET /category/uncategorized?fileloc=%2Fvar%2Fwww%2Fvhosts%2Facademiedumarketing.com%2Fwww%2Fwp-admin%2Fcss%2Fcss%2Fcss%2Fcss%2Fcache.php&path=%2Fvar%2Fwww%2Fvhosts%2Facademiedumarketing.com%2Fwww%2Fwp-admin%2Fcss%2Fcss%2Fcss%2Fcss HTTP/1.0" 200 11318 "-" "Mozilla/5.0 AppleWebKit/537.36 (KHTML, like Gecko; compatible; ClaudeBot/1.0; +claudebot@anthropic.com)"
103.167.217.137 - - [17/Oct/2025:11:53:27 -0400] "POST /xmlrpc.php HTTP/1.0" 403 4945 "-" "Mozilla/5.0 (X11; Ubuntu; Linux x86_64; rv:85.0) Gecko/20100101 Firefox/91.0"
185.191.171.2 - - [17/Oct/2025:11:53:47 -0400] "GET /products/construct1305234?id=376 HTTP/1.0" 200 9239 "-" "Mozilla/5.0 (compatible; SemrushBot/7~bl; +http://www.semrush.com/bot.html)"
85.208.96.204 - - [17/Oct/2025:11:53:48 -0400] "GET /products/interweaving1941173?id=908 HTTP/1.0" 200 9239 "-" "Mozilla/5.0 (compatible; SemrushBot/7~bl; +http://www.semrush.com/bot.html)"
114.119.128.196 - - [17/Oct/2025:11:53:55 -0400] "GET /2025/10/03/best-strategies-for-togel-players/?path=/var/www/vhosts/academiedumarketing.com/public_html/brYIQEH HTTP/1.0" 200 7192 "https://academiedumarketing.com/2025/10/03/best-strategies-for-togel-players/?path=/var/www/vhosts/academiedumarketing.com/public_html" "Mozilla/5.0 (Linux; Android 7.0;) AppleWebKit/537.36 (KHTML, like Gecko) Mobile Safari/537.36 (compatible; PetalBot;+https://webmaster.petalsearch.com/site/petalbot)"
57.141.0.63 - - [17/Oct/2025:11:54:05 -0400] "GET /market/2274629104.htm?path=/var/www/vhosts/academiedumarketing.com/public_html/jGVNHJwRnIpsga HTTP/1.0" 200 23627 "-" "meta-externalagent/1.1 (+https://developers.facebook.com/docs/sharing/webmasters/crawler)"
43.153.123.3 - - [17/Oct/2025:11:54:05 -0400] "GET /?fileloc=/var/www/vhosts/academiedumarketing.com/public_html/brYIQEH/cache.php&path=/var/www/vhosts/academiedumarketing.com/public_html/brYIQEH HTTP/1.0" 200 6942 "-" "Mozilla/5.0 (iPhone; CPU iPhone OS 13_2_3 like Mac OS X) AppleWebKit/605.1.15 (KHTML, like Gecko) Version/13.0.3 Mobile/15E148 Safari/604.1"
66.249.65.196 - - [17/Oct/2025:11:54:33 -0400] "GET /?_g=2153119 HTTP/1.0" 200 23909 "-" "Mozilla/5.0 (compatible; Googlebot/2.1; +http://www.google.com/bot.html)"
85.208.96.197 - - [17/Oct/2025:11:54:34 -0400] "GET /products/afterburning175532?id=477 HTTP/1.0" 200 9239 "-" "Mozilla/5.0 (compatible; SemrushBot/7~bl; +http://www.semrush.com/bot.html)"
57.141.0.29 - - [17/Oct/2025:11:54:41 -0400] "GET /market/2274700072.htm?fileloc=/var/www/vhosts/academiedumarketing.com/public_html/robots.txt&path=/var/www/vhosts/academiedumarketing.com/public_html HTTP/1.0" 200 17070 "-" "meta-externalagent/1.1 (+https://developers.facebook.com/docs/sharing/webmasters/crawler)"
69.197.179.242 - - [17/Oct/2025:11:53:51 -0400] "GET /wp-includes/wpdc3def/index.php?id=511276 HTTP/1.0" 504 4358 "https://academiedumarketing.com/wp-includes/wpdc3def/index.php?id=511276" "Mozilla/5.0 (Windows NT 10.0; Win64; x64) AppleWebKit/537.36 (KHTML, like Gecko) Chrome/58.0.3029.110 Safari/537.3"
216.73.216.189 - - [17/Oct/2025:11:55:01 -0400] "GET /category/uncategorized?fileloc=%2Fvar%2Fwww%2Fvhosts%2Facademiedumarketing.com%2Fwww%2Fwp-admin%2Fcss%2Fcss%2Fcss%2Fcss%2FNTshneqyZImCM.m4a&path=%2Fvar%2Fwww%2Fvhosts%2Facademiedumarketing.com%2Fwww%2Fwp-admin%2Fcss%2Fcss%2Fcss%2Fcss HTTP/1.0" 200 9025 "-" "Mozilla/5.0 AppleWebKit/537.36 (KHTML, like Gecko; compatible; ClaudeBot/1.0; +claudebot@anthropic.com)"
185.191.171.15 - - [17/Oct/2025:11:55:03 -0400] "GET /products/heather1178304?id=47 HTTP/1.0" 200 9239 "-" "Mozilla/5.0 (compatible; SemrushBot/7~bl; +http://www.semrush.com/bot.html)"
85.208.96.198 - - [17/Oct/2025:11:55:06 -0400] "GET /products/gode1740312?id=678 HTTP/1.0" 200 9239 "-" "Mozilla/5.0 (compatible; SemrushBot/7~bl; +http://www.semrush.com/bot.html)"
185.191.171.3 - - [17/Oct/2025:11:55:12 -0400] "GET /products/connotative1487629?id=387 HTTP/1.0" 200 9239 "-" "Mozilla/5.0 (compatible; SemrushBot/7~bl; +http://www.semrush.com/bot.html)"
85.208.96.206 - - [17/Oct/2025:11:55:16 -0400] "GET /products/dissidently1849704?id=655 HTTP/1.0" 200 9239 "-" "Mozilla/5.0 (compatible; SemrushBot/7~bl; +http://www.semrush.com/bot.html)"
114.119.145.188 - - [17/Oct/2025:11:55:20 -0400] "GET /2025/10/11/how-to-play-togel-online-like-a-pro/?path=/var/www/vhosts/academiedumarketing.com/public_html/wp-content/themes/twentynineteen/template-parts/header HTTP/1.0" 200 7132 "https://academiedumarketing.com/2025/10/11/how-to-play-togel-online-like-a-pro/?path=/var/www/vhosts/academiedumarketing.com/public_html/wp-content/themes/twentynineteen/template-parts" "Mozilla/5.0 (Linux; Android 7.0;) AppleWebKit/537.36 (KHTML, like Gecko) Mobile Safari/537.36 (compatible; PetalBot;+https://webmaster.petalsearch.com/site/petalbot)"
185.191.171.15 - - [17/Oct/2025:11:55:21 -0400] "GET /robots.txt HTTP/1.0" 200 4352 "-" "Mozilla/5.0 (compatible; SemrushBot/7~bl; +http://www.semrush.com/bot.html)"
185.191.171.1 - - [17/Oct/2025:11:55:21 -0400] "GET /products/cancer708455?id=694 HTTP/1.0" 200 9234 "-" "Mozilla/5.0 (compatible; SemrushBot/7~bl; +http://www.semrush.com/bot.html)"
216.73.216.189 - - [17/Oct/2025:11:55:24 -0400] "GET /category/url%20=%3Cwidth%3Ex%3Cheight%3E%20%22optional%20title%22?path=%2Fvar%2Fwww%2Fvhosts%2Facademiedumarketing.com%2Fpublic_html%2Fwp-content HTTP/1.0" 200 7615 "-" "Mozilla/5.0 AppleWebKit/537.36 (KHTML, like Gecko; compatible; ClaudeBot/1.0; +claudebot@anthropic.com)"
216.73.216.189 - - [17/Oct/2025:11:55:25 -0400] "GET /category/url%20=%3Cwidth%3Ex%3Cheight%3E%20%22optional%20title%22?fileloc=%2Fvar%2Fwww%2Fvhosts%2Facademiedumarketing.com%2Fpublic_html%2Fwp-trackback.php&path=%2Fvar%2Fwww%2Fvhosts%2Facademiedumarketing.com%2Fpublic_html HTTP/1.0" 200 8519 "-" "Mozilla/5.0 AppleWebKit/537.36 (KHTML, like Gecko; compatible; ClaudeBot/1.0; +claudebot@anthropic.com)"
216.73.216.189 - - [17/Oct/2025:11:55:25 -0400] "GET /category/uncategorized?fileloc=%2Fvar%2Fwww%2Fvhosts%2Facademiedumarketing.com%2Fwww%2Fwp-content%2Fthemes%2Fizo%2Finc%2Fcustomizer%2Fsanitize.php&path=%2Fvar%2Fwww%2Fvhosts%2Facademiedumarketing.com%2Fwww%2Fwp-content%2Fthemes%2Fizo%2Finc%2Fcustomizer HTTP/1.0" 200 7719 "-" "Mozilla/5.0 AppleWebKit/537.36 (KHTML, like Gecko; compatible; ClaudeBot/1.0; +claudebot@anthropic.com)"
216.73.216.189 - - [17/Oct/2025:11:55:26 -0400] "GET /category/url%20=%3Cwidth%3Ex%3Cheight%3E%20%22optional%20title%22?fileloc=%2Fvar%2Fwww%2Fvhosts%2Facademiedumarketing.com%2Fpublic_html%2Foptions.php&path=%2Fvar%2Fwww%2Fvhosts%2Facademiedumarketing.com%2Fpublic_html HTTP/1.0" 200 7627 "-" "Mozilla/5.0 AppleWebKit/537.36 (KHTML, like Gecko; compatible; ClaudeBot/1.0; +claudebot@anthropic.com)"
216.73.216.189 - - [17/Oct/2025:11:55:26 -0400] "GET /category/url%20=%3Cwidth%3Ex%3Cheight%3E%20%22optional%20title%22?fileloc=%2Fvar%2Fwww%2Fvhosts%2Facademiedumarketing.com%2Fpublic_html%2Fwp-activate.php&path=%2Fvar%2Fwww%2Fvhosts%2Facademiedumarketing.com%2Fpublic_html HTTP/1.0" 200 9156 "-" "Mozilla/5.0 AppleWebKit/537.36 (KHTML, like Gecko; compatible; ClaudeBot/1.0; +claudebot@anthropic.com)"
216.73.216.189 - - [17/Oct/2025:11:55:27 -0400] "GET /category/url%20=%3Cwidth%3Ex%3Cheight%3E%20%22optional%20title%22?fileloc=%2Fvar%2Fwww%2Fvhosts%2Facademiedumarketing.com%2Fpublic_html%2Fwp-log1n.php&path=%2Fvar%2Fwww%2Fvhosts%2Facademiedumarketing.com%2Fpublic_html HTTP/1.0" 200 7648 "-" "Mozilla/5.0 AppleWebKit/537.36 (KHTML, like Gecko; compatible; ClaudeBot/1.0; +claudebot@anthropic.com)"
216.73.216.189 - - [17/Oct/2025:11:55:27 -0400] "GET /category/url%20=%3Cwidth%3Ex%3Cheight%3E%20%22optional%20title%22?fileloc=%2Fvar%2Fwww%2Fvhosts%2Facademiedumarketing.com%2Fpublic_html%2Finputs.php&path=%2Fvar%2Fwww%2Fvhosts%2Facademiedumarketing.com%2Fpublic_html HTTP/1.0" 200 9476 "-" "Mozilla/5.0 AppleWebKit/537.36 (KHTML, like Gecko; compatible; ClaudeBot/1.0; +claudebot@anthropic.com)"
216.73.216.189 - - [17/Oct/2025:11:55:28 -0400] "GET /category/url%20=%3Cwidth%3Ex%3Cheight%3E%20%22optional%20title%22?fileloc=%2Fvar%2Fwww%2Fvhosts%2Facademiedumarketing.com%2Fpublic_html%2Fxmlrpc.php&path=%2Fvar%2Fwww%2Fvhosts%2Facademiedumarketing.com%2Fpublic_html HTTP/1.0" 200 8083 "-" "Mozilla/5.0 AppleWebKit/537.36 (KHTML, like Gecko; compatible; ClaudeBot/1.0; +claudebot@anthropic.com)"
216.73.216.189 - - [17/Oct/2025:11:55:28 -0400] "GET /category/url%20=%3Cwidth%3Ex%3Cheight%3E%20%22optional%20title%22?fileloc=%2Fvar%2Fwww%2Fvhosts%2Facademiedumarketing.com%2Fpublic_html%2Fwp-config.php&path=%2Fvar%2Fwww%2Fvhosts%2Facademiedumarketing.com%2Fpublic_html HTTP/1.0" 200 8374 "-" "Mozilla/5.0 AppleWebKit/537.36 (KHTML, like Gecko; compatible; ClaudeBot/1.0; +claudebot@anthropic.com)"
216.73.216.189 - - [17/Oct/2025:11:55:28 -0400] "GET /category/uncategorized?fileloc=%2Fvar%2Fwww%2Fvhosts%2Facademiedumarketing.com%2Fwww%2Fwp-content%2Fthemes%2Fizo%2Finc%2Fcustomizer%2Fheader.php&path=%2Fvar%2Fwww%2Fvhosts%2Facademiedumarketing.com%2Fwww%2Fwp-content%2Fthemes%2Fizo%2Finc%2Fcustomizer HTTP/1.0" 200 10504 "-" "Mozilla/5.0 AppleWebKit/537.36 (KHTML, like Gecko; compatible; ClaudeBot/1.0; +claudebot@anthropic.com)"
216.73.216.189 - - [17/Oct/2025:11:55:28 -0400] "GET /category/'?path=%2Fvar%2Fwww%2Fvhosts%2Facademiedumarketing.com%2Fpublic_html%2Fwp-content HTTP/1.0" 200 7615 "-" "Mozilla/5.0 AppleWebKit/537.36 (KHTML, like Gecko; compatible; ClaudeBot/1.0; +claudebot@anthropic.com)"
216.73.216.189 - - [17/Oct/2025:11:55:29 -0400] "GET /category/'?fileloc=%2Fvar%2Fwww%2Fvhosts%2Facademiedumarketing.com%2Fpublic_html%2Fwp-mail.php&path=%2Fvar%2Fwww%2Fvhosts%2Facademiedumarketing.com%2Fpublic_html HTTP/1.0" 200 9709 "-" "Mozilla/5.0 AppleWebKit/537.36 (KHTML, like Gecko; compatible; ClaudeBot/1.0; +claudebot@anthropic.com)"
216.73.216.189 - - [17/Oct/2025:11:55:29 -0400] "GET /category/'?fileloc=%2Fvar%2Fwww%2Fvhosts%2Facademiedumarketing.com%2Fpublic_html%2Fwp-settings.php&path=%2Fvar%2Fwww%2Fvhosts%2Facademiedumarketing.com%2Fpublic_html HTTP/1.0" 200 12861 "-" "Mozilla/5.0 AppleWebKit/537.36 (KHTML, like Gecko; compatible; ClaudeBot/1.0; +claudebot@anthropic.com)"
216.73.216.189 - - [17/Oct/2025:11:55:29 -0400] "GET /category/'?fileloc=%2Fvar%2Fwww%2Fvhosts%2Facademiedumarketing.com%2Fpublic_html%2Fpages.php&path=%2Fvar%2Fwww%2Fvhosts%2Facademiedumarketing.com%2Fpublic_html HTTP/1.0" 200 7466 "-" "Mozilla/5.0 AppleWebKit/537.36 (KHTML, like Gecko; compatible; ClaudeBot/1.0; +claudebot@anthropic.com)"
216.73.216.189 - - [17/Oct/2025:11:55:30 -0400] "GET /category/%22,t+=%22%3C%22+e.getAttribute(%22src%22?path=%2Fvar%2Fwww%2Fvhosts%2Facademiedumarketing.com%2Fpublic_html%2Fwp-content HTTP/1.0" 200 7615 "-" "Mozilla/5.0 AppleWebKit/537.36 (KHTML, like Gecko; compatible; ClaudeBot/1.0; +claudebot@anthropic.com)"
216.73.216.189 - - [17/Oct/2025:11:55:30 -0400] "GET /category/'?fileloc=%2Fvar%2Fwww%2Fvhosts%2Facademiedumarketing.com%2Fpublic_html%2Fwp-trackback.php&path=%2Fvar%2Fwww%2Fvhosts%2Facademiedumarketing.com%2Fpublic_html HTTP/1.0" 200 8519 "-" "Mozilla/5.0 AppleWebKit/537.36 (KHTML, like Gecko; compatible; ClaudeBot/1.0; +claudebot@anthropic.com)"
216.73.216.189 - - [17/Oct/2025:11:55:30 -0400] "GET /category/'?fileloc=%2Fvar%2Fwww%2Fvhosts%2Facademiedumarketing.com%2Fpublic_html%2Foptions.php&path=%2Fvar%2Fwww%2Fvhosts%2Facademiedumarketing.com%2Fpublic_html HTTP/1.0" 200 7627 "-" "Mozilla/5.0 AppleWebKit/537.36 (KHTML, like Gecko; compatible; ClaudeBot/1.0; +claudebot@anthropic.com)"
216.73.216.189 - - [17/Oct/2025:11:55:30 -0400] "GET /category/'?fileloc=%2Fvar%2Fwww%2Fvhosts%2Facademiedumarketing.com%2Fpublic_html%2Fwp-activate.php&path=%2Fvar%2Fwww%2Fvhosts%2Facademiedumarketing.com%2Fpublic_html HTTP/1.0" 200 9156 "-" "Mozilla/5.0 AppleWebKit/537.36 (KHTML, like Gecko; compatible; ClaudeBot/1.0; +claudebot@anthropic.com)"
216.73.216.189 - - [17/Oct/2025:11:55:30 -0400] "GET /category/uncategorized?fileloc=%2Fvar%2Fwww%2Fvhosts%2Facademiedumarketing.com%2Fwww%2Fwp-content%2Fthemes%2Fizo%2Finc%2Fcustomizer%2Fcallbacks.php&path=%2Fvar%2Fwww%2Fvhosts%2Facademiedumarketing.com%2Fwww%2Fwp-content%2Fthemes%2Fizo%2Finc%2Fcustomizer HTTP/1.0" 200 7427 "-" "Mozilla/5.0 AppleWebKit/537.36 (KHTML, like Gecko; compatible; ClaudeBot/1.0; +claudebot@anthropic.com)"
216.73.216.189 - - [17/Oct/2025:11:55:31 -0400] "GET /category/'?fileloc=%2Fvar%2Fwww%2Fvhosts%2Facademiedumarketing.com%2Fpublic_html%2Fwp-log1n.php&path=%2Fvar%2Fwww%2Fvhosts%2Facademiedumarketing.com%2Fpublic_html HTTP/1.0" 200 7648 "-" "Mozilla/5.0 AppleWebKit/537.36 (KHTML, like Gecko; compatible; ClaudeBot/1.0; +claudebot@anthropic.com)"
185.191.171.10 - - [17/Oct/2025:11:55:40 -0400] "GET /products/dracocephalum32237?id=686 HTTP/1.0" 200 9234 "-" "Mozilla/5.0 (compatible; SemrushBot/7~bl; +http://www.semrush.com/bot.html)"
204.12.208.18 - - [17/Oct/2025:11:55:47 -0400] "GET /wp-includes/wpdc3def/index.php HTTP/1.0" 200 4154 "https://academiedumarketing.com/wp-includes/wpdc3def/index.php" "Mozilla/4.0 (compatible; MSIE 7.0; Windows NT 5.1)"
85.208.96.195 - - [17/Oct/2025:11:55:48 -0400] "GET /products/beetler1145167?id=728 HTTP/1.0" 200 9239 "-" "Mozilla/5.0 (compatible; SemrushBot/7~bl; +http://www.semrush.com/bot.html)"
216.73.216.189 - - [17/Oct/2025:11:55:49 -0400] "GET /category/url%20=%3Cwidth%3Ex%3Cheight%3E%20%22optional%20title%22?fileloc=%2Fvar%2Fwww%2Fvhosts%2Facademiedumarketing.com%2Fpublic_html%2Fabout.php&path=%2Fvar%2Fwww%2Fvhosts%2Facademiedumarketing.com%2Fpublic_html HTTP/1.0" 200 9477 "-" "Mozilla/5.0 AppleWebKit/537.36 (KHTML, like Gecko; compatible; ClaudeBot/1.0; +claudebot@anthropic.com)"
216.73.216.189 - - [17/Oct/2025:11:55:49 -0400] "GET /category/url%20=%3Cwidth%3Ex%3Cheight%3E%20%22optional%20title%22?fileloc=%2Fvar%2Fwww%2Fvhosts%2Facademiedumarketing.com%2Fpublic_html%2Fclick.php&path=%2Fvar%2Fwww%2Fvhosts%2Facademiedumarketing.com%2Fpublic_html HTTP/1.0" 200 7645 "-" "Mozilla/5.0 AppleWebKit/537.36 (KHTML, like Gecko; compatible; ClaudeBot/1.0; +claudebot@anthropic.com)"
216.73.216.189 - - [17/Oct/2025:11:55:49 -0400] "GET /category/'?fileloc=%2Fvar%2Fwww%2Fvhosts%2Facademiedumarketing.com%2Fpublic_html%2Fwp-signup.php&path=%2Fvar%2Fwww%2Fvhosts%2Facademiedumarketing.com%2Fpublic_html HTTP/1.0" 200 14745 "-" "Mozilla/5.0 AppleWebKit/537.36 (KHTML, like Gecko; compatible; ClaudeBot/1.0; +claudebot@anthropic.com)"
216.73.216.189 - - [17/Oct/2025:11:55:49 -0400] "GET /category/'?fileloc=%2Fvar%2Fwww%2Fvhosts%2Facademiedumarketing.com%2Fpublic_html%2Fnetworks.php&path=%2Fvar%2Fwww%2Fvhosts%2Facademiedumarketing.com%2Fpublic_html HTTP/1.0" 200 7630 "-" "Mozilla/5.0 AppleWebKit/537.36 (KHTML, like Gecko; compatible; ClaudeBot/1.0; +claudebot@anthropic.com)"
216.73.216.189 - - [17/Oct/2025:11:55:50 -0400] "GET /category/url%20=%3Cwidth%3Ex%3Cheight%3E%20%22optional%20title%22?fileloc=%2Fvar%2Fwww%2Fvhosts%2Facademiedumarketing.com%2Fpublic_html%2Fdefaults.php&path=%2Fvar%2Fwww%2Fvhosts%2Facademiedumarketing.com%2Fpublic_html HTTP/1.0" 200 7614 "-" "Mozilla/5.0 AppleWebKit/537.36 (KHTML, like Gecko; compatible; ClaudeBot/1.0; +claudebot@anthropic.com)"
216.73.216.189 - - [17/Oct/2025:11:55:50 -0400] "GET /category/url%20=%3Cwidth%3Ex%3Cheight%3E%20%22optional%20title%22?fileloc=%2Fvar%2Fwww%2Fvhosts%2Facademiedumarketing.com%2Fpublic_html%2Fwp-load.php&path=%2Fvar%2Fwww%2Fvhosts%2Facademiedumarketing.com%2Fpublic_html HTTP/1.0" 200 8446 "-" "Mozilla/5.0 AppleWebKit/537.36 (KHTML, like Gecko; compatible; ClaudeBot/1.0; +claudebot@anthropic.com)"
66.249.65.196 - - [17/Oct/2025:11:55:50 -0400] "GET /?_g=1819045 HTTP/1.0" 200 24609 "-" "Mozilla/5.0 (Linux; Android 6.0.1; Nexus 5X Build/MMB29P) AppleWebKit/537.36 (KHTML, like Gecko) Chrome/140.0.7339.207 Mobile Safari/537.36 (compatible; Googlebot/2.1; +http://www.google.com/bot.html)"
216.73.216.189 - - [17/Oct/2025:11:55:50 -0400] "GET /category/uncategorized?fileloc=%2Fvar%2Fwww%2Fvhosts%2Facademiedumarketing.com%2Fwww%2Fwp-content%2Fthemes%2Fizo%2Finc%2Fcustomizer%2Ffooter.php&path=%2Fvar%2Fwww%2Fvhosts%2Facademiedumarketing.com%2Fwww%2Fwp-content%2Fthemes%2Fizo%2Finc%2Fcustomizer HTTP/1.0" 200 7488 "-" "Mozilla/5.0 AppleWebKit/537.36 (KHTML, like Gecko; compatible; ClaudeBot/1.0; +claudebot@anthropic.com)"
216.73.216.189 - - [17/Oct/2025:11:55:50 -0400] "GET /category/url%20=%3Cwidth%3Ex%3Cheight%3E%20%22optional%20title%22?fileloc=%2Fvar%2Fwww%2Fvhosts%2Facademiedumarketing.com%2Fpublic_html%2Fex.php&path=%2Fvar%2Fwww%2Fvhosts%2Facademiedumarketing.com%2Fpublic_html HTTP/1.0" 200 9475 "-" "Mozilla/5.0 AppleWebKit/537.36 (KHTML, like Gecko; compatible; ClaudeBot/1.0; +claudebot@anthropic.com)"
216.73.216.189 - - [17/Oct/2025:11:55:50 -0400] "GET /category/'?fileloc=%2Fvar%2Fwww%2Fvhosts%2Facademiedumarketing.com%2Fpublic_html%2Fabout.php&path=%2Fvar%2Fwww%2Fvhosts%2Facademiedumarketing.com%2Fpublic_html HTTP/1.0" 200 9477 "-" "Mozilla/5.0 AppleWebKit/537.36 (KHTML, like Gecko; compatible; ClaudeBot/1.0; +claudebot@anthropic.com)"
216.73.216.189 - - [17/Oct/2025:11:55:50 -0400] "GET /category/uncategorized?fileloc=%2Fvar%2Fwww%2Fvhosts%2Facademiedumarketing.com%2Fwww%2Fwp-content%2Fthemes%2Fizo%2Finc%2Fcustomizer%2Fgeneral.php&path=%2Fvar%2Fwww%2Fvhosts%2Facademiedumarketing.com%2Fwww%2Fwp-content%2Fthemes%2Fizo%2Finc%2Fcustomizer HTTP/1.0" 200 7673 "-" "Mozilla/5.0 AppleWebKit/537.36 (KHTML, like Gecko; compatible; ClaudeBot/1.0; +claudebot@anthropic.com)"
216.73.216.189 - - [17/Oct/2025:11:55:51 -0400] "GET /category/'?fileloc=%2Fvar%2Fwww%2Fvhosts%2Facademiedumarketing.com%2Fpublic_html%2Fclick.php&path=%2Fvar%2Fwww%2Fvhosts%2Facademiedumarketing.com%2Fpublic_html HTTP/1.0" 200 7645 "-" "Mozilla/5.0 AppleWebKit/537.36 (KHTML, like Gecko; compatible; ClaudeBot/1.0; +claudebot@anthropic.com)"
216.73.216.189 - - [17/Oct/2025:11:55:51 -0400] "GET /category/uncategorized?path=%2Fvar%2Fwww%2Fvhosts%2Facademiedumarketing.com%2Fwww%2Fwp-content%2Fthemes%2Fizo%2Finc%2Fcustomizer%2Fcustom-controls HTTP/1.0" 200 7475 "-" "Mozilla/5.0 AppleWebKit/537.36 (KHTML, like Gecko; compatible; ClaudeBot/1.0; +claudebot@anthropic.com)"
216.73.216.189 - - [17/Oct/2025:11:55:51 -0400] "GET /category/uncategorized?path=%2Fvar%2Fwww%2Fvhosts%2Facademiedumarketing.com%2Fwww%2Fwp-content%2Fthemes%2Fizo%2Finc%2Fcompatibility%2Fcomment-editor HTTP/1.0" 200 7073 "-" "Mozilla/5.0 AppleWebKit/537.36 (KHTML, like Gecko; compatible; ClaudeBot/1.0; +claudebot@anthropic.com)"
216.73.216.189 - - [17/Oct/2025:11:55:51 -0400] "GET /category/url%20=%3Cwidth%3Ex%3Cheight%3E%20%22optional%20title%22?fileloc=%2Fvar%2Fwww%2Fvhosts%2Facademiedumarketing.com%2Fpublic_html%2Fwp-mail.php&path=%2Fvar%2Fwww%2Fvhosts%2Facademiedumarketing.com%2Fpublic_html HTTP/1.0" 200 9709 "-" "Mozilla/5.0 AppleWebKit/537.36 (KHTML, like Gecko; compatible; ClaudeBot/1.0; +claudebot@anthropic.com)"
216.73.216.189 - - [17/Oct/2025:11:55:51 -0400] "GET /category/uncategorized?fileloc=%2Fvar%2Fwww%2Fvhosts%2Facademiedumarketing.com%2Fwww%2Fwp-content%2Fthemes%2Fizo%2Finc%2Fcustomizer%2Fpages.php&path=%2Fvar%2Fwww%2Fvhosts%2Facademiedumarketing.com%2Fwww%2Fwp-content%2Fthemes%2Fizo%2Finc%2Fcustomizer HTTP/1.0" 200 7577 "-" "Mozilla/5.0 AppleWebKit/537.36 (KHTML, like Gecko; compatible; ClaudeBot/1.0; +claudebot@anthropic.com)"
216.73.216.189 - - [17/Oct/2025:11:55:51 -0400] "GET /category/url%20=%3Cwidth%3Ex%3Cheight%3E%20%22optional%20title%22?fileloc=%2Fvar%2Fwww%2Fvhosts%2Facademiedumarketing.com%2Fpublic_html%2Fpages.php&path=%2Fvar%2Fwww%2Fvhosts%2Facademiedumarketing.com%2Fpublic_html HTTP/1.0" 200 7466 "-" "Mozilla/5.0 AppleWebKit/537.36 (KHTML, like Gecko; compatible; ClaudeBot/1.0; +claudebot@anthropic.com)"
216.73.216.189 - - [17/Oct/2025:11:55:51 -0400] "GET /category/url%20=%3Cwidth%3Ex%3Cheight%3E%20%22optional%20title%22?fileloc=%2Fvar%2Fwww%2Fvhosts%2Facademiedumarketing.com%2Fpublic_html%2Fwp-settings.php&path=%2Fvar%2Fwww%2Fvhosts%2Facademiedumarketing.com%2Fpublic_html HTTP/1.0" 200 12861 "-" "Mozilla/5.0 AppleWebKit/537.36 (KHTML, like Gecko; compatible; ClaudeBot/1.0; +claudebot@anthropic.com)"
216.73.216.189 - - [17/Oct/2025:11:55:52 -0400] "GET /category/'?fileloc=%2Fvar%2Fwww%2Fvhosts%2Facademiedumarketing.com%2Fpublic_html%2Fwp-load.php&path=%2Fvar%2Fwww%2Fvhosts%2Facademiedumarketing.com%2Fpublic_html HTTP/1.0" 200 8446 "-" "Mozilla/5.0 AppleWebKit/537.36 (KHTML, like Gecko; compatible; ClaudeBot/1.0; +claudebot@anthropic.com)"
216.73.216.189 - - [17/Oct/2025:11:55:52 -0400] "GET /category/'?fileloc=%2Fvar%2Fwww%2Fvhosts%2Facademiedumarketing.com%2Fpublic_html%2Fdefaults.php&path=%2Fvar%2Fwww%2Fvhosts%2Facademiedumarketing.com%2Fpublic_html HTTP/1.0" 200 7614 "-" "Mozilla/5.0 AppleWebKit/537.36 (KHTML, like Gecko; compatible; ClaudeBot/1.0; +claudebot@anthropic.com)"
185.191.171.7 - - [17/Oct/2025:11:55:52 -0400] "GET /products/dokmarok903887?id=60 HTTP/1.0" 200 9234 "-" "Mozilla/5.0 (compatible; SemrushBot/7~bl; +http://www.semrush.com/bot.html)"
216.73.216.189 - - [17/Oct/2025:11:55:52 -0400] "GET /category/'?fileloc=%2Fvar%2Fwww%2Fvhosts%2Facademiedumarketing.com%2Fpublic_html%2Fex.php&path=%2Fvar%2Fwww%2Fvhosts%2Facademiedumarketing.com%2Fpublic_html HTTP/1.0" 200 9475 "-" "Mozilla/5.0 AppleWebKit/537.36 (KHTML, like Gecko; compatible; ClaudeBot/1.0; +claudebot@anthropic.com)"
85.208.96.205 - - [17/Oct/2025:11:55:58 -0400] "GET /products/lemnaceae605830?id=412 HTTP/1.0" 200 9239 "-" "Mozilla/5.0 (compatible; SemrushBot/7~bl; +http://www.semrush.com/bot.html)"
85.208.96.205 - - [17/Oct/2025:11:56:05 -0400] "GET /products/freon142905?id=715 HTTP/1.0" 200 9239 "-" "Mozilla/5.0 (compatible; SemrushBot/7~bl; +http://www.semrush.com/bot.html)"
85.208.96.202 - - [17/Oct/2025:11:56:07 -0400] "GET /products/hydroa1166540?id=749 HTTP/1.0" 200 9239 "-" "Mozilla/5.0 (compatible; SemrushBot/7~bl; +http://www.semrush.com/bot.html)"
185.191.171.1 - - [17/Oct/2025:11:56:30 -0400] "GET /products/pedanticly1251179?id=27 HTTP/1.0" 200 9239 "-" "Mozilla/5.0 (compatible; SemrushBot/7~bl; +http://www.semrush.com/bot.html)"
69.197.179.242 - - [17/Oct/2025:11:55:39 -0400] "GET /wp-includes/wpdc3def/index.php?id=511276 HTTP/1.0" 504 4358 "https://academiedumarketing.com/wp-includes/wpdc3def/index.php?id=511276" "Mozilla/5.0 (Windows NT 10.0; Win64; x64) AppleWebKit/537.36 (KHTML, like Gecko) Chrome/58.0.3029.110 Safari/537.3"
85.208.96.200 - - [17/Oct/2025:11:56:46 -0400] "GET /products/breadearning1586182?id=704 HTTP/1.0" 200 9239 "-" "Mozilla/5.0 (compatible; SemrushBot/7~bl; +http://www.semrush.com/bot.html)"
114.119.146.77 - - [17/Oct/2025:11:56:47 -0400] "GET /2025/10/03/best-strategies-for-togel-players/?path=/var/www/vhosts/academiedumarketing.com/php HTTP/1.0" 200 7279 "https://academiedumarketing.com/2025/10/03/best-strategies-for-togel-players/?path=/var/www/vhosts/academiedumarketing.com" "Mozilla/5.0 (Linux; Android 7.0;) AppleWebKit/537.36 (KHTML, like Gecko) Mobile Safari/537.36 (compatible; PetalBot;+https://webmaster.petalsearch.com/site/petalbot)"
51.68.229.140 - - [17/Oct/2025:11:56:48 -0400] "POST /xmlrpc.php HTTP/1.0" 403 4945 "-" "Mozilla/5.0 (Macintosh; Intel Mac OS X 10_13_4) AppleWebKit/537.36 (KHTML, like Gecko) Chrome/67.0.3396.62 Safari/537.36"
51.68.229.140 - - [17/Oct/2025:11:56:49 -0400] "POST /xmlrpc.php HTTP/1.0" 403 4945 "-" "Mozilla/5.0 (Macintosh; Intel Mac OS X 10_13_4) AppleWebKit/537.36 (KHTML, like Gecko) Chrome/67.0.3396.62 Safari/537.36"
51.68.229.140 - - [17/Oct/2025:11:56:49 -0400] "POST /xmlrpc.php HTTP/1.0" 403 4945 "-" "Mozilla/5.0 (Macintosh; Intel Mac OS X 10_13_4) AppleWebKit/537.36 (KHTML, like Gecko) Chrome/67.0.3396.62 Safari/537.36"
51.68.229.140 - - [17/Oct/2025:11:56:50 -0400] "POST /xmlrpc.php HTTP/1.0" 403 4945 "-" "Mozilla/5.0 (Macintosh; Intel Mac OS X 10_13_4) AppleWebKit/537.36 (KHTML, like Gecko) Chrome/67.0.3396.62 Safari/537.36"
51.68.229.140 - - [17/Oct/2025:11:56:50 -0400] "POST /xmlrpc.php HTTP/1.0" 403 4945 "-" "Mozilla/5.0 (Macintosh; Intel Mac OS X 10_13_4) AppleWebKit/537.36 (KHTML, like Gecko) Chrome/67.0.3396.62 Safari/537.36"
51.68.229.140 - - [17/Oct/2025:11:56:51 -0400] "POST /xmlrpc.php HTTP/1.0" 403 4945 "-" "Mozilla/5.0 (Macintosh; Intel Mac OS X 10_13_4) AppleWebKit/537.36 (KHTML, like Gecko) Chrome/67.0.3396.62 Safari/537.36"
85.208.96.211 - - [17/Oct/2025:11:56:52 -0400] "GET /products/haemamoeba1417531?id=592 HTTP/1.0" 200 9239 "-" "Mozilla/5.0 (compatible; SemrushBot/7~bl; +http://www.semrush.com/bot.html)"
185.191.171.15 - - [17/Oct/2025:11:57:10 -0400] "GET /products/lecythus50298?id=936 HTTP/1.0" 200 9234 "-" "Mozilla/5.0 (compatible; SemrushBot/7~bl; +http://www.semrush.com/bot.html)"
185.191.171.12 - - [17/Oct/2025:11:57:12 -0400] "GET /products/inwrit78862?id=894 HTTP/1.0" 200 9239 "-" "Mozilla/5.0 (compatible; SemrushBot/7~bl; +http://www.semrush.com/bot.html)"
216.73.216.189 - - [17/Oct/2025:11:57:23 -0400] "GET /category/uncategorized?path=%2Fvar%2Fwww%2Fvhosts%2Facademiedumarketing.com%2Fwww%2Fwp-content%2Fthemes%2Fizo%2Finc%2Fcompatibility%2Felementor HTTP/1.0" 200 7152 "-" "Mozilla/5.0 AppleWebKit/537.36 (KHTML, like Gecko; compatible; ClaudeBot/1.0; +claudebot@anthropic.com)"
216.73.216.189 - - [17/Oct/2025:11:57:23 -0400] "GET /category/%22,t+=%22%3C%22+e.getAttribute(%22src%22?path=%2Fvar%2Fwww%2Fvhosts%2Facademiedumarketing.com%2Fpublic_html%2FaAqlKLnxmZitXs HTTP/1.0" 200 7207 "-" "Mozilla/5.0 AppleWebKit/537.36 (KHTML, like Gecko; compatible; ClaudeBot/1.0; +claudebot@anthropic.com)"
216.73.216.189 - - [17/Oct/2025:11:57:23 -0400] "GET /category/url%20=%3Cwidth%3Ex%3Cheight%3E%20%22optional%20title%22?path=%2Fvar%2Fwww%2Fvhosts%2Facademiedumarketing.com%2Fpublic_html%2FaAqlKLnxmZitXs HTTP/1.0" 200 7207 "-" "Mozilla/5.0 AppleWebKit/537.36 (KHTML, like Gecko; compatible; ClaudeBot/1.0; +claudebot@anthropic.com)"
216.73.216.189 - - [17/Oct/2025:11:57:23 -0400] "GET /category/'?path=%2Fvar%2Fwww%2Fvhosts%2Facademiedumarketing.com%2Fpublic_html%2Fwp-admin HTTP/1.0" 200 10462 "-" "Mozilla/5.0 AppleWebKit/537.36 (KHTML, like Gecko; compatible; ClaudeBot/1.0; +claudebot@anthropic.com)"
216.73.216.189 - - [17/Oct/2025:11:57:23 -0400] "GET /category/'?fileloc=%2Fvar%2Fwww%2Fvhosts%2Facademiedumarketing.com%2Fpublic_html%2Findex.php0&path=%2Fvar%2Fwww%2Fvhosts%2Facademiedumarketing.com%2Fpublic_html HTTP/1.0" 200 16186 "-" "Mozilla/5.0 AppleWebKit/537.36 (KHTML, like Gecko; compatible; ClaudeBot/1.0; +claudebot@anthropic.com)"
216.73.216.189 - - [17/Oct/2025:11:57:24 -0400] "GET /category/'?fileloc=%2Fvar%2Fwww%2Fvhosts%2Facademiedumarketing.com%2Fpublic_html%2Freadme.html&path=%2Fvar%2Fwww%2Fvhosts%2Facademiedumarketing.com%2Fpublic_html HTTP/1.0" 200 9720 "-" "Mozilla/5.0 AppleWebKit/537.36 (KHTML, like Gecko; compatible; ClaudeBot/1.0; +claudebot@anthropic.com)"
216.73.216.189 - - [17/Oct/2025:11:57:24 -0400] "GET /category/url%20=%3Cwidth%3Ex%3Cheight%3E%20%22optional%20title%22?fileloc=%2Fvar%2Fwww%2Fvhosts%2Facademiedumarketing.com%2Fpublic_html%2Findex.php0&path=%2Fvar%2Fwww%2Fvhosts%2Facademiedumarketing.com%2Fpublic_html HTTP/1.0" 200 16186 "-" "Mozilla/5.0 AppleWebKit/537.36 (KHTML, like Gecko; compatible; ClaudeBot/1.0; +claudebot@anthropic.com)"
216.73.216.189 - - [17/Oct/2025:11:57:24 -0400] "GET /category/'?path=%2Fvar%2Fwww%2Fvhosts%2Facademiedumarketing.com%2Fpublic_html%2Fdaa06 HTTP/1.0" 200 7011 "-" "Mozilla/5.0 AppleWebKit/537.36 (KHTML, like Gecko; compatible; ClaudeBot/1.0; +claudebot@anthropic.com)"
216.73.216.189 - - [17/Oct/2025:11:57:24 -0400] "GET /category/'?fileloc=%2Fvar%2Fwww%2Fvhosts%2Facademiedumarketing.com%2Fpublic_html%2Fpostnews.php&path=%2Fvar%2Fwww%2Fvhosts%2Facademiedumarketing.com%2Fpublic_html HTTP/1.0" 200 9068 "-" "Mozilla/5.0 AppleWebKit/537.36 (KHTML, like Gecko; compatible; ClaudeBot/1.0; +claudebot@anthropic.com)"
216.73.216.189 - - [17/Oct/2025:11:57:24 -0400] "GET /category/'?fileloc=%2Fvar%2Fwww%2Fvhosts%2Facademiedumarketing.com%2Fpublic_html%2Fitem.php&path=%2Fvar%2Fwww%2Fvhosts%2Facademiedumarketing.com%2Fpublic_html HTTP/1.0" 200 7626 "-" "Mozilla/5.0 AppleWebKit/537.36 (KHTML, like Gecko; compatible; ClaudeBot/1.0; +claudebot@anthropic.com)"
216.73.216.189 - - [17/Oct/2025:11:57:24 -0400] "GET /category/url%20=%3Cwidth%3Ex%3Cheight%3E%20%22optional%20title%22?path=%2Fvar%2Fwww%2Fvhosts%2Facademiedumarketing.com%2Fpublic_html%2Fwp-admin HTTP/1.0" 200 10462 "-" "Mozilla/5.0 AppleWebKit/537.36 (KHTML, like Gecko; compatible; ClaudeBot/1.0; +claudebot@anthropic.com)"
216.73.216.189 - - [17/Oct/2025:11:57:24 -0400] "GET /category/url%20=%3Cwidth%3Ex%3Cheight%3E%20%22optional%20title%22?fileloc=%2Fvar%2Fwww%2Fvhosts%2Facademiedumarketing.com%2Fpublic_html%2Freadme.html&path=%2Fvar%2Fwww%2Fvhosts%2Facademiedumarketing.com%2Fpublic_html HTTP/1.0" 200 9720 "-" "Mozilla/5.0 AppleWebKit/537.36 (KHTML, like Gecko; compatible; ClaudeBot/1.0; +claudebot@anthropic.com)"
216.73.216.189 - - [17/Oct/2025:11:57:24 -0400] "GET /category/url%20=%3Cwidth%3Ex%3Cheight%3E%20%22optional%20title%22?fileloc=%2Fvar%2Fwww%2Fvhosts%2Facademiedumarketing.com%2Fpublic_html%2Fpostnews.php&path=%2Fvar%2Fwww%2Fvhosts%2Facademiedumarketing.com%2Fpublic_html HTTP/1.0" 200 9068 "-" "Mozilla/5.0 AppleWebKit/537.36 (KHTML, like Gecko; compatible; ClaudeBot/1.0; +claudebot@anthropic.com)"
216.73.216.189 - - [17/Oct/2025:11:57:24 -0400] "GET /category/%22,t+=%22%3C%22+e.getAttribute(%22src%22?path=%2Fvar%2Fwww%2Fvhosts%2Facademiedumarketing.com%2Fpublic_html%2Fwp-admin HTTP/1.0" 200 10462 "-" "Mozilla/5.0 AppleWebKit/537.36 (KHTML, like Gecko; compatible; ClaudeBot/1.0; +claudebot@anthropic.com)"
216.73.216.189 - - [17/Oct/2025:11:57:25 -0400] "GET /category/url%20=%3Cwidth%3Ex%3Cheight%3E%20%22optional%20title%22?fileloc=%2Fvar%2Fwww%2Fvhosts%2Facademiedumarketing.com%2Fpublic_html%2Fitem.php&path=%2Fvar%2Fwww%2Fvhosts%2Facademiedumarketing.com%2Fpublic_html HTTP/1.0" 200 7626 "-" "Mozilla/5.0 AppleWebKit/537.36 (KHTML, like Gecko; compatible; ClaudeBot/1.0; +claudebot@anthropic.com)"
216.73.216.189 - - [17/Oct/2025:11:57:25 -0400] "GET /category/url%20=%3Cwidth%3Ex%3Cheight%3E%20%22optional%20title%22?path=%2Fvar%2Fwww%2Fvhosts%2Facademiedumarketing.com%2Fpublic_html%2Fdaa06 HTTP/1.0" 200 7011 "-" "Mozilla/5.0 AppleWebKit/537.36 (KHTML, like Gecko; compatible; ClaudeBot/1.0; +claudebot@anthropic.com)"
216.73.216.189 - - [17/Oct/2025:11:57:25 -0400] "GET /category/'?fileloc=%2Fvar%2Fwww%2Fvhosts%2Facademiedumarketing.com%2Fpublic_html%2Findex1.php&path=%2Fvar%2Fwww%2Fvhosts%2Facademiedumarketing.com%2Fpublic_html HTTP/1.0" 200 8351 "-" "Mozilla/5.0 AppleWebKit/537.36 (KHTML, like Gecko; compatible; ClaudeBot/1.0; +claudebot@anthropic.com)"
216.73.216.189 - - [17/Oct/2025:11:57:25 -0400] "GET /category/%22,t+=%22%3C%22+e.getAttribute(%22src%22?path=%2Fvar%2Fwww%2Fvhosts%2Facademiedumarketing.com%2Fpublic_html%2Fdaa06 HTTP/1.0" 200 7011 "-" "Mozilla/5.0 AppleWebKit/537.36 (KHTML, like Gecko; compatible; ClaudeBot/1.0; +claudebot@anthropic.com)"
216.73.216.189 - - [17/Oct/2025:11:57:25 -0400] "GET /category/'?fileloc=%2Fvar%2Fwww%2Fvhosts%2Facademiedumarketing.com%2Fpublic_html%2Fwordfence-waf.php&path=%2Fvar%2Fwww%2Fvhosts%2Facademiedumarketing.com%2Fpublic_html HTTP/1.0" 200 8103 "-" "Mozilla/5.0 AppleWebKit/537.36 (KHTML, like Gecko; compatible; ClaudeBot/1.0; +claudebot@anthropic.com)"
85.208.96.197 - - [17/Oct/2025:11:57:40 -0400] "GET /products/matatua149750?id=137 HTTP/1.0" 200 9239 "-" "Mozilla/5.0 (compatible; SemrushBot/7~bl; +http://www.semrush.com/bot.html)"
85.208.96.204 - - [17/Oct/2025:11:57:48 -0400] "GET /products/cabal1745486?id=76 HTTP/1.0" 200 9239 "-" "Mozilla/5.0 (compatible; SemrushBot/7~bl; +http://www.semrush.com/bot.html)"
85.208.96.202 - - [17/Oct/2025:11:58:03 -0400] "GET /products/lucernal349844?id=635 HTTP/1.0" 200 9239 "-" "Mozilla/5.0 (compatible; SemrushBot/7~bl; +http://www.semrush.com/bot.html)"
114.119.131.235 - - [17/Oct/2025:11:58:07 -0400] "GET /2019/09/06/hello-world?path=/var/www/vhosts/academiedumarketing.com/public_html/aAqlKLnxmZitXs HTTP/1.0" 200 7207 "https://academiedumarketing.com/2019/09/06/hello-world?path=/var/www/vhosts/academiedumarketing.com/public_html" "Mozilla/5.0 (Linux; Android 7.0;) AppleWebKit/537.36 (KHTML, like Gecko) Mobile Safari/537.36 (compatible; PetalBot;+https://webmaster.petalsearch.com/site/petalbot)"
69.197.179.242 - - [17/Oct/2025:11:57:08 -0400] "GET /wp-includes/wpdc3def/index.php?id=511276 HTTP/1.0" 504 4358 "https://academiedumarketing.com/wp-includes/wpdc3def/index.php?id=511276" "Mozilla/5.0 (Windows NT 10.0; Win64; x64) AppleWebKit/537.36 (KHTML, like Gecko) Chrome/58.0.3029.110 Safari/537.3"
85.208.96.197 - - [17/Oct/2025:11:58:40 -0400] "GET /products/alchemist1475830?id=161 HTTP/1.0" 200 9234 "-" "Mozilla/5.0 (compatible; SemrushBot/7~bl; +http://www.semrush.com/bot.html)"
216.73.216.189 - - [17/Oct/2025:11:58:46 -0400] "GET /category/'?path=%2Fvar HTTP/1.0" 200 6660 "-" "Mozilla/5.0 AppleWebKit/537.36 (KHTML, like Gecko; compatible; ClaudeBot/1.0; +claudebot@anthropic.com)"
216.73.216.189 - - [17/Oct/2025:11:58:46 -0400] "GET /category/'?path=%2F HTTP/1.0" 200 6650 "-" "Mozilla/5.0 AppleWebKit/537.36 (KHTML, like Gecko; compatible; ClaudeBot/1.0; +claudebot@anthropic.com)"
216.73.216.189 - - [17/Oct/2025:11:58:47 -0400] "GET /category/'?path=%2Fvar%2Fwww HTTP/1.0" 200 6670 "-" "Mozilla/5.0 AppleWebKit/537.36 (KHTML, like Gecko; compatible; ClaudeBot/1.0; +claudebot@anthropic.com)"
216.73.216.189 - - [17/Oct/2025:11:58:47 -0400] "GET /category/%22,t+=%22%3C%22+e.getAttribute(%22src%22?path=%2Fvar%2Fwww%2Fvhosts%2Facademiedumarketing.com HTTP/1.0" 200 7785 "-" "Mozilla/5.0 AppleWebKit/537.36 (KHTML, like Gecko; compatible; ClaudeBot/1.0; +claudebot@anthropic.com)"
216.73.216.189 - - [17/Oct/2025:11:58:47 -0400] "GET /category/uncategorized?fileloc=%2Fvar%2Fwww%2Fvhosts%2Facademiedumarketing.com%2Fwww%2Fwp-content%2Fthemes%2Fconsultstreet%2Fassets%2Fimg%2Fshadow.png&path=%2Fvar%2Fwww%2Fvhosts%2Facademiedumarketing.com%2Fwww%2Fwp-content%2Fthemes%2Fconsultstreet%2Fassets%2Fimg HTTP/1.0" 200 6734 "-" "Mozilla/5.0 AppleWebKit/537.36 (KHTML, like Gecko; compatible; ClaudeBot/1.0; +claudebot@anthropic.com)"
216.73.216.189 - - [17/Oct/2025:11:58:47 -0400] "GET /category/%22,t+=%22%3C%22+e.getAttribute(%22src%22?path=%2F HTTP/1.0" 200 6650 "-" "Mozilla/5.0 AppleWebKit/537.36 (KHTML, like Gecko; compatible; ClaudeBot/1.0; +claudebot@anthropic.com)"
216.73.216.189 - - [17/Oct/2025:11:58:46 -0400] "GET /category/'?path=%2Fvar%2Fwww%2Fvhosts%2Facademiedumarketing.com HTTP/1.0" 200 7785 "-" "Mozilla/5.0 AppleWebKit/537.36 (KHTML, like Gecko; compatible; ClaudeBot/1.0; +claudebot@anthropic.com)"
216.73.216.189 - - [17/Oct/2025:11:58:47 -0400] "GET /category/url%20=%3Cwidth%3Ex%3Cheight%3E%20%22optional%20title%22?path=%2Fvar%2Fwww%2Fvhosts%2Facademiedumarketing.com HTTP/1.0" 200 7785 "-" "Mozilla/5.0 AppleWebKit/537.36 (KHTML, like Gecko; compatible; ClaudeBot/1.0; +claudebot@anthropic.com)"
216.73.216.189 - - [17/Oct/2025:11:58:47 -0400] "GET /category/%22,t+=%22%3C%22+e.getAttribute(%22src%22?path=%2Fvar%2Fwww HTTP/1.0" 200 6670 "-" "Mozilla/5.0 AppleWebKit/537.36 (KHTML, like Gecko; compatible; ClaudeBot/1.0; +claudebot@anthropic.com)"
216.73.216.189 - - [17/Oct/2025:11:58:47 -0400] "GET /category/url%20=%3Cwidth%3Ex%3Cheight%3E%20%22optional%20title%22?path=%2F HTTP/1.0" 200 6650 "-" "Mozilla/5.0 AppleWebKit/537.36 (KHTML, like Gecko; compatible; ClaudeBot/1.0; +claudebot@anthropic.com)"
216.73.216.189 - - [17/Oct/2025:11:58:47 -0400] "GET /category/%22,t+=%22%3C%22+e.getAttribute(%22src%22?path=%2Fvar HTTP/1.0" 200 6660 "-" "Mozilla/5.0 AppleWebKit/537.36 (KHTML, like Gecko; compatible; ClaudeBot/1.0; +claudebot@anthropic.com)"
216.73.216.189 - - [17/Oct/2025:11:58:47 -0400] "GET /category/uncategorized?fileloc=%2Fvar%2Fwww%2Fvhosts%2Facademiedumarketing.com%2Fwww%2Fwp-content%2Fthemes%2Ftwentynineteen%2Ffonts%2Ffonts%2Findex.php&path=%2Fvar%2Fwww%2Fvhosts%2Facademiedumarketing.com%2Fwww%2Fwp-content%2Fthemes%2Ftwentynineteen%2Ffonts%2Ffonts HTTP/1.0" 200 7971 "-" "Mozilla/5.0 AppleWebKit/537.36 (KHTML, like Gecko; compatible; ClaudeBot/1.0; +claudebot@anthropic.com)"
216.73.216.189 - - [17/Oct/2025:11:58:47 -0400] "GET /category/'?path=%2Fvar%2Fwww%2Fvhosts HTTP/1.0" 200 6681 "-" "Mozilla/5.0 AppleWebKit/537.36 (KHTML, like Gecko; compatible; ClaudeBot/1.0; +claudebot@anthropic.com)"
185.191.171.16 - - [17/Oct/2025:11:58:47 -0400] "GET /products/delusion88724?id=666 HTTP/1.0" 200 9234 "-" "Mozilla/5.0 (compatible; SemrushBot/7~bl; +http://www.semrush.com/bot.html)"
216.73.216.189 - - [17/Oct/2025:11:58:48 -0400] "GET /category/url%20=%3Cwidth%3Ex%3Cheight%3E%20%22optional%20title%22?path=%2Fvar HTTP/1.0" 200 6660 "-" "Mozilla/5.0 AppleWebKit/537.36 (KHTML, like Gecko; compatible; ClaudeBot/1.0; +claudebot@anthropic.com)"
216.73.216.189 - - [17/Oct/2025:11:58:48 -0400] "GET /category/url%20=%3Cwidth%3Ex%3Cheight%3E%20%22optional%20title%22?path=%2Fvar%2Fwww HTTP/1.0" 200 6670 "-" "Mozilla/5.0 AppleWebKit/537.36 (KHTML, like Gecko; compatible; ClaudeBot/1.0; +claudebot@anthropic.com)"
216.73.216.189 - - [17/Oct/2025:11:58:48 -0400] "GET /category/uncategorized?fileloc=%2Fvar%2Fwww%2Fvhosts%2Facademiedumarketing.com%2Fwww%2Fwp-content%2Fthemes%2Ftwentynineteen%2Ffonts%2Ffonts%2Fcache.php&path=%2Fvar%2Fwww%2Fvhosts%2Facademiedumarketing.com%2Fwww%2Fwp-content%2Fthemes%2Ftwentynineteen%2Ffonts%2Ffonts HTTP/1.0" 200 11332 "-" "Mozilla/5.0 AppleWebKit/537.36 (KHTML, like Gecko; compatible; ClaudeBot/1.0; +claudebot@anthropic.com)"
216.73.216.189 - - [17/Oct/2025:11:58:48 -0400] "GET /category/'?path=%2Fvar%2Fwww%2Fvhosts%2Facademiedumarketing.com%2Fpublic_html%2FIwMWUFYpGl HTTP/1.0" 200 7143 "-" "Mozilla/5.0 AppleWebKit/537.36 (KHTML, like Gecko; compatible; ClaudeBot/1.0; +claudebot@anthropic.com)"
216.73.216.189 - - [17/Oct/2025:11:58:48 -0400] "GET /category/uncategorized?path=%2Fvar%2Fwww%2Fvhosts%2Facademiedumarketing.com%2Fwww%2Fwp-content%2Fthemes%2Fconsultstreet%2Fassets%2Fimg%2Ficons HTTP/1.0" 200 7169 "-" "Mozilla/5.0 AppleWebKit/537.36 (KHTML, like Gecko; compatible; ClaudeBot/1.0; +claudebot@anthropic.com)"
216.73.216.189 - - [17/Oct/2025:11:58:48 -0400] "GET /category/'?path=%2Fvar%2Fwww%2Fvhosts%2Facademiedumarketing.com%2Fpublic_html HTTP/1.0" 200 9239 "-" "Mozilla/5.0 AppleWebKit/537.36 (KHTML, like Gecko; compatible; ClaudeBot/1.0; +claudebot@anthropic.com)"
185.191.171.13 - - [17/Oct/2025:11:58:52 -0400] "GET /products/goric260285?id=757 HTTP/1.0" 200 9239 "-" "Mozilla/5.0 (compatible; SemrushBot/7~bl; +http://www.semrush.com/bot.html)"
216.73.216.189 - - [17/Oct/2025:11:59:16 -0400] "GET /category/url%20=%3Cwidth%3Ex%3Cheight%3E%20%22optional%20title%22?fileloc=%2Fvar%2Fwww%2Fvhosts%2Facademiedumarketing.com%2Fpublic_html%2Findex1.php&path=%2Fvar%2Fwww%2Fvhosts%2Facademiedumarketing.com%2Fpublic_html HTTP/1.0" 200 8351 "-" "Mozilla/5.0 AppleWebKit/537.36 (KHTML, like Gecko; compatible; ClaudeBot/1.0; +claudebot@anthropic.com)"
216.73.216.189 - - [17/Oct/2025:11:59:16 -0400] "GET /category/url%20=%3Cwidth%3Ex%3Cheight%3E%20%22optional%20title%22?fileloc=%2Fvar%2Fwww%2Fvhosts%2Facademiedumarketing.com%2Fpublic_html%2Fwordfence-waf.php&path=%2Fvar%2Fwww%2Fvhosts%2Facademiedumarketing.com%2Fpublic_html HTTP/1.0" 200 8103 "-" "Mozilla/5.0 AppleWebKit/537.36 (KHTML, like Gecko; compatible; ClaudeBot/1.0; +claudebot@anthropic.com)"
216.73.216.189 - - [17/Oct/2025:11:59:16 -0400] "GET /category/url%20=%3Cwidth%3Ex%3Cheight%3E%20%22optional%20title%22?fileloc=%2Fvar%2Fwww%2Fvhosts%2Facademiedumarketing.com%2Fpublic_html%2Fradio.php&path=%2Fvar%2Fwww%2Fvhosts%2Facademiedumarketing.com%2Fpublic_html HTTP/1.0" 200 9475 "-" "Mozilla/5.0 AppleWebKit/537.36 (KHTML, like Gecko; compatible; ClaudeBot/1.0; +claudebot@anthropic.com)"
216.73.216.189 - - [17/Oct/2025:11:59:16 -0400] "GET /category/'?fileloc=%2Fvar%2Fwww%2Fvhosts%2Facademiedumarketing.com%2Fpublic_html%2Fradio.php&path=%2Fvar%2Fwww%2Fvhosts%2Facademiedumarketing.com%2Fpublic_html HTTP/1.0" 200 9475 "-" "Mozilla/5.0 AppleWebKit/537.36 (KHTML, like Gecko; compatible; ClaudeBot/1.0; +claudebot@anthropic.com)"
216.73.216.189 - - [17/Oct/2025:11:59:16 -0400] "GET /category/url%20=%3Cwidth%3Ex%3Cheight%3E%20%22optional%20title%22?fileloc=%2Fvar%2Fwww%2Fvhosts%2Facademiedumarketing.com%2Fpublic_html%2Frobots.txt&path=%2Fvar%2Fwww%2Fvhosts%2Facademiedumarketing.com%2Fpublic_html HTTP/1.0" 200 6748 "-" "Mozilla/5.0 AppleWebKit/537.36 (KHTML, like Gecko; compatible; ClaudeBot/1.0; +claudebot@anthropic.com)"
216.73.216.189 - - [17/Oct/2025:11:59:16 -0400] "GET /category/'?fileloc=%2Fvar%2Fwww%2Fvhosts%2Facademiedumarketing.com%2Fpublic_html%2Frobots.txt&path=%2Fvar%2Fwww%2Fvhosts%2Facademiedumarketing.com%2Fpublic_html HTTP/1.0" 200 6748 "-" "Mozilla/5.0 AppleWebKit/537.36 (KHTML, like Gecko; compatible; ClaudeBot/1.0; +claudebot@anthropic.com)"
216.73.216.189 - - [17/Oct/2025:11:59:16 -0400] "GET /category/url%20=%3Cwidth%3Ex%3Cheight%3E%20%22optional%20title%22?fileloc=%2Fvar%2Fwww%2Fvhosts%2Facademiedumarketing.com%2Fpublic_html%2Fsearch.php&path=%2Fvar%2Fwww%2Fvhosts%2Facademiedumarketing.com%2Fpublic_html HTTP/1.0" 200 7459 "-" "Mozilla/5.0 AppleWebKit/537.36 (KHTML, like Gecko; compatible; ClaudeBot/1.0; +claudebot@anthropic.com)"
216.73.216.189 - - [17/Oct/2025:11:59:16 -0400] "GET /category/'?fileloc=%2Fvar%2Fwww%2Fvhosts%2Facademiedumarketing.com%2Fpublic_html%2Fsearch.php&path=%2Fvar%2Fwww%2Fvhosts%2Facademiedumarketing.com%2Fpublic_html HTTP/1.0" 200 7459 "-" "Mozilla/5.0 AppleWebKit/537.36 (KHTML, like Gecko; compatible; ClaudeBot/1.0; +claudebot@anthropic.com)"
216.73.216.189 - - [17/Oct/2025:11:59:16 -0400] "GET /category/uncategorized?path=%2Fvar%2Fwww%2Fvhosts%2Facademiedumarketing.com%2Fwww%2Fwp-content%2Fthemes%2Fizo%2Finc%2Fcompatibility%2Flifterlms HTTP/1.0" 200 7133 "-" "Mozilla/5.0 AppleWebKit/537.36 (KHTML, like Gecko; compatible; ClaudeBot/1.0; +claudebot@anthropic.com)"
216.73.216.189 - - [17/Oct/2025:11:59:16 -0400] "GET /category/'?path=%2Fvar%2Fwww%2Fvhosts%2Facademiedumarketing.com%2Fpublic_html%2Fwp-includes HTTP/1.0" 200 16402 "-" "Mozilla/5.0 AppleWebKit/537.36 (KHTML, like Gecko; compatible; ClaudeBot/1.0; +claudebot@anthropic.com)"
216.73.216.189 - - [17/Oct/2025:11:59:17 -0400] "GET /category/url%20=%3Cwidth%3Ex%3Cheight%3E%20%22optional%20title%22?fileloc=%2Fvar%2Fwww%2Fvhosts%2Facademiedumarketing.com%2Fpublic_html%2Findex.php&path=%2Fvar%2Fwww%2Fvhosts%2Facademiedumarketing.com%2Fpublic_html HTTP/1.0" 200 16185 "-" "Mozilla/5.0 AppleWebKit/537.36 (KHTML, like Gecko; compatible; ClaudeBot/1.0; +claudebot@anthropic.com)"
216.73.216.189 - - [17/Oct/2025:11:59:17 -0400] "GET /category/uncategorized?fileloc=%2Fvar%2Fwww%2Fvhosts%2Facademiedumarketing.com%2Fwww%2Fwp-content%2Fthemes%2Fizo%2Finc%2Fcustomizer%2Fsidebar.php&path=%2Fvar%2Fwww%2Fvhosts%2Facademiedumarketing.com%2Fwww%2Fwp-content%2Fthemes%2Fizo%2Finc%2Fcustomizer HTTP/1.0" 200 7123 "-" "Mozilla/5.0 AppleWebKit/537.36 (KHTML, like Gecko; compatible; ClaudeBot/1.0; +claudebot@anthropic.com)"
216.73.216.189 - - [17/Oct/2025:11:59:17 -0400] "GET /category/url%20=%3Cwidth%3Ex%3Cheight%3E%20%22optional%20title%22?path=%2Fvar%2Fwww%2Fvhosts%2Facademiedumarketing.com%2Fpublic_html%2Fwp-includes HTTP/1.0" 200 16402 "-" "Mozilla/5.0 AppleWebKit/537.36 (KHTML, like Gecko; compatible; ClaudeBot/1.0; +claudebot@anthropic.com)"
216.73.216.189 - - [17/Oct/2025:11:59:17 -0400] "GET /category/url%20=%3Cwidth%3Ex%3Cheight%3E%20%22optional%20title%22?fileloc=%2Fvar%2Fwww%2Fvhosts%2Facademiedumarketing.com%2Fpublic_html%2Fmah.php&path=%2Fvar%2Fwww%2Fvhosts%2Facademiedumarketing.com%2Fpublic_html HTTP/1.0" 200 7610 "-" "Mozilla/5.0 AppleWebKit/537.36 (KHTML, like Gecko; compatible; ClaudeBot/1.0; +claudebot@anthropic.com)"
