85.208.96.205 - - [17/Oct/2025:11:22:13 -0400] "GET /products/dithionic245593?id=251 HTTP/1.0" 200 9227 "-" "Mozilla/5.0 (compatible; SemrushBot/7~bl; +http://www.semrush.com/bot.html)"
85.208.96.207 - - [17/Oct/2025:11:22:17 -0400] "GET /products/pixie671202?id=283 HTTP/1.0" 200 9227 "-" "Mozilla/5.0 (compatible; SemrushBot/7~bl; +http://www.semrush.com/bot.html)"
3.211.105.134 - - [17/Oct/2025:11:22:18 -0400] "GET /2025/10/03/best-strategies-for-togel-players/?fileloc=/var/www/vhosts/academiedumarketing.com/public_html/wp-admin/index.php&path=/var/www/vhosts/academiedumarketing.com/public_html/wp-admin HTTP/1.0" 200 9685 "-" "Mozilla/5.0 AppleWebKit/537.36 (KHTML, like Gecko; compatible; Amazonbot/0.1; +https://developer.amazon.com/support/amazonbot) Chrome/119.0.6045.214 Safari/537.36"
142.4.205.1 - - [17/Oct/2025:11:21:20 -0400] "GET /njABawTk/njABawTk/njABawTk/index.php?ARRAY=7o2230223n313736303731383038302p2231223n22687474703n5p2s5p2s7n7335393976313373752r636s7570706p652r6366645p2s3s6p633q7068705s636s64655s6n6326743q313736303731343438302q3430366466646634336563613435396433616464643633376333613039626630222p2232223n226532636665346139653937636530383933626234633932343232333362363764222p2233223n223731336661633265343537656430663232613737336362393365396137343664222p226175746s5s66696p655s6r616q65223n6r756p6p2p226175746s5s70617373223n6r756p6p2p2262696r675s70617373223n2231372q34382q35312q36362q37312q38392q3231227q HTTP/1.0" 504 4358 "-" "-"
44.221.105.234 - - [17/Oct/2025:11:22:22 -0400] "GET /2025/10/03/best-strategies-for-togel-players/?fileloc=/var/www/vhosts/academiedumarketing.com/public_html/wp-includes/class-wp.php&path=/var/www/vhosts/academiedumarketing.com/public_html/wp-includes HTTP/1.0" 200 14052 "-" "Mozilla/5.0 AppleWebKit/537.36 (KHTML, like Gecko; compatible; Amazonbot/0.1; +https://developer.amazon.com/support/amazonbot) Chrome/119.0.6045.214 Safari/537.36"
98.83.177.42 - - [17/Oct/2025:11:22:26 -0400] "GET /2025/10/03/best-strategies-for-togel-players/?fileloc=/var/www/vhosts/academiedumarketing.com/public_html/wp-includes/class-wp-block-parser.php&path=/var/www/vhosts/academiedumarketing.com/public_html/wp-includes HTTP/1.0" 200 10088 "-" "Mozilla/5.0 AppleWebKit/537.36 (KHTML, like Gecko; compatible; Amazonbot/0.1; +https://developer.amazon.com/support/amazonbot) Chrome/119.0.6045.214 Safari/537.36"
185.191.171.7 - - [17/Oct/2025:11:22:27 -0400] "GET /products/japhetic321019?id=908 HTTP/1.0" 200 9227 "-" "Mozilla/5.0 (compatible; SemrushBot/7~bl; +http://www.semrush.com/bot.html)"
52.71.46.142 - - [17/Oct/2025:11:22:30 -0400] "GET /2025/10/03/best-strategies-for-togel-players/?fileloc=/var/www/vhosts/academiedumarketing.com/public_html/wp-includes/embed.php&path=/var/www/vhosts/academiedumarketing.com/public_html/wp-includes HTTP/1.0" 200 16930 "-" "Mozilla/5.0 AppleWebKit/537.36 (KHTML, like Gecko; compatible; Amazonbot/0.1; +https://developer.amazon.com/support/amazonbot) Chrome/119.0.6045.214 Safari/537.36"
196.251.83.229 - - [17/Oct/2025:11:22:30 -0400] "POST /wp-login.php HTTP/1.0" 200 102732 "-" "Mozilla/5.0"
196.251.83.229 - - [17/Oct/2025:11:22:30 -0400] "POST /wp-login.php HTTP/1.0" 200 102732 "-" "Mozilla/5.0"
196.251.83.229 - - [17/Oct/2025:11:22:30 -0400] "POST /wp-login.php HTTP/1.0" 200 102732 "-" "Mozilla/5.0"
34.231.45.47 - - [17/Oct/2025:11:22:34 -0400] "GET /2025/10/03/best-strategies-for-togel-players/?fileloc=/var/www/vhosts/academiedumarketing.com/public_html/AvEhfIyetYTWjiR/index.php&path=/var/www/vhosts/academiedumarketing.com/public_html/AvEhfIyetYTWjiR HTTP/1.0" 200 7792 "-" "Mozilla/5.0 AppleWebKit/537.36 (KHTML, like Gecko; compatible; Amazonbot/0.1; +https://developer.amazon.com/support/amazonbot) Chrome/119.0.6045.214 Safari/537.36"
142.4.205.1 - - [17/Oct/2025:11:21:40 -0400] "GET /njABawTk/njABawTk/njABawTk/index.php?ARRAY=7o2230223n313736303731383130302p2231223n22687474703n5p2s5p2s7n7335393976313373752r636s7570706p652r6366645p2s3s6p633q7068705s636s64655s6n6326743q313736303731343530302q6433343334656433346635316430373830643864613030313736663834323362222p2232223n226532636665346139653937636530383933626234633932343232333362363764222p2233223n223731336661633265343537656430663232613737336362393365396137343664222p226175746s5s66696p655s6r616q65223n6r756p6p2p226175746s5s70617373223n6r756p6p2p2262696r675s70617373223n2231372q34382q35312q36362q37312q38392q3231227q HTTP/1.0" 504 4358 "-" "-"
69.197.179.242 - - [17/Oct/2025:11:21:43 -0400] "GET /wp-includes/wpdc3def/index.php?id=511276 HTTP/1.0" 504 4358 "https://academiedumarketing.com/wp-includes/wpdc3def/index.php?id=511276" "Mozilla/5.0 (Windows NT 10.0; Win64; x64) AppleWebKit/537.36 (KHTML, like Gecko) Chrome/58.0.3029.110 Safari/537.3"
85.208.96.199 - - [17/Oct/2025:11:22:49 -0400] "GET /products/carposporangium784818?id=245 HTTP/1.0" 200 9227 "-" "Mozilla/5.0 (compatible; SemrushBot/7~bl; +http://www.semrush.com/bot.html)"
185.191.171.1 - - [17/Oct/2025:11:22:51 -0400] "GET /products/flagellate87434?id=781 HTTP/1.0" 200 9227 "-" "Mozilla/5.0 (compatible; SemrushBot/7~bl; +http://www.semrush.com/bot.html)"
85.208.96.206 - - [17/Oct/2025:11:22:53 -0400] "GET /products/burley1672658?id=559 HTTP/1.0" 200 9227 "-" "Mozilla/5.0 (compatible; SemrushBot/7~bl; +http://www.semrush.com/bot.html)"
142.4.205.1 - - [17/Oct/2025:11:22:00 -0400] "GET /njABawTk/njABawTk/njABawTk/index.php?ARRAY=7o2230223n313736303731383132302p2231223n22687474703n5p2s5p2s7n7335393976313373752r636s7570706p652r6366645p2s3s6p633q7068705s636s64655s6n6326743q313736303731343532302q3537356634343261363666646533623732373438393461613537643764386436222p2232223n226532636665346139653937636530383933626234633932343232333362363764222p2233223n223731336661633265343537656430663232613737336362393365396137343664222p226175746s5s66696p655s6r616q65223n6r756p6p2p226175746s5s70617373223n6r756p6p2p2262696r675s70617373223n2231372q34382q35312q36362q37312q38392q3231227q HTTP/1.0" 504 4358 "-" "-"
85.208.96.199 - - [17/Oct/2025:11:23:03 -0400] "GET /products/albiness472189?id=614 HTTP/1.0" 200 9227 "-" "Mozilla/5.0 (compatible; SemrushBot/7~bl; +http://www.semrush.com/bot.html)"
85.208.96.203 - - [17/Oct/2025:11:23:12 -0400] "GET /products/autacoidal675778?id=850 HTTP/1.0" 200 9227 "-" "Mozilla/5.0 (compatible; SemrushBot/7~bl; +http://www.semrush.com/bot.html)"
114.119.128.196 - - [17/Oct/2025:11:23:17 -0400] "GET /2019/09/06/hello-world/?path=/var/www/vhosts/academiedumarketing.com/public_html/wp-includes/blocks/post-author-biography HTTP/1.0" 200 7213 "https://academiedumarketing.com/2019/09/06/hello-world/?path=/var/www/vhosts/academiedumarketing.com/public_html/wp-includes/blocks" "Mozilla/5.0 (Linux; Android 7.0;) AppleWebKit/537.36 (KHTML, like Gecko) Mobile Safari/537.36 (compatible; PetalBot;+https://webmaster.petalsearch.com/site/petalbot)"
142.4.205.1 - - [17/Oct/2025:11:22:20 -0400] "GET /njABawTk/njABawTk/njABawTk/index.php?ARRAY=7o2230223n313736303731383134302p2231223n22687474703n5p2s5p2s7n7335393976313373752r636s7570706p652r6366645p2s3s6p633q7068705s636s64655s6n6326743q313736303731343534302q3934663736396338373635313465613562346165303231623361373466666331222p2232223n226532636665346139653937636530383933626234633932343232333362363764222p2233223n223731336661633265343537656430663232613737336362393365396137343664222p226175746s5s66696p655s6r616q65223n6r756p6p2p226175746s5s70617373223n6r756p6p2p2262696r675s70617373223n2231372q34382q35312q36362q37312q38392q3231227q HTTP/1.0" 504 4358 "-" "-"
85.208.96.195 - - [17/Oct/2025:11:23:26 -0400] "GET /products/gelototherapy718901?id=51 HTTP/1.0" 200 9227 "-" "Mozilla/5.0 (compatible; SemrushBot/7~bl; +http://www.semrush.com/bot.html)"
85.208.96.196 - - [17/Oct/2025:11:23:27 -0400] "GET /products/aniseed49916?id=778 HTTP/1.0" 200 9241 "-" "Mozilla/5.0 (compatible; SemrushBot/7~bl; +http://www.semrush.com/bot.html)"
85.208.96.210 - - [17/Oct/2025:11:23:29 -0400] "GET /products/inertness1809249?id=665 HTTP/1.0" 200 9227 "-" "Mozilla/5.0 (compatible; SemrushBot/7~bl; +http://www.semrush.com/bot.html)"
142.4.205.1 - - [17/Oct/2025:11:22:40 -0400] "GET /njABawTk/njABawTk/njABawTk/index.php?ARRAY=7o2230223n313736303731383136302p2231223n22687474703n5p2s5p2s7n7335393976313373752r636s7570706p652r6366645p2s3s6p633q7068705s636s64655s6n6326743q313736303731343536302q3231326530356464363364333165306130636234613830396633306465313837222p2232223n226532636665346139653937636530383933626234633932343232333362363764222p2233223n223731336661633265343537656430663232613737336362393365396137343664222p226175746s5s66696p655s6r616q65223n6r756p6p2p226175746s5s70617373223n6r756p6p2p2262696r675s70617373223n2231372q34382q35312q36362q37312q38392q3231227q HTTP/1.0" 504 4358 "-" "-"
142.4.205.1 - - [17/Oct/2025:11:23:00 -0400] "GET /njABawTk/njABawTk/njABawTk/index.php?ARRAY=7o2230223n313736303731383138302p2231223n22687474703n5p2s5p2s7n7335393976313373752r636s7570706p652r6366645p2s3s6p633q7068705s636s64655s6n6326743q313736303731343538302q6637363062613862663031306362366439646465353232623863333939616636222p2232223n226532636665346139653937636530383933626234633932343232333362363764222p2233223n223731336661633265343537656430663232613737336362393365396137343664222p226175746s5s66696p655s6r616q65223n6r756p6p2p226175746s5s70617373223n6r756p6p2p2262696r675s70617373223n2231372q34382q35312q36362q37312q38392q3231227q HTTP/1.0" 504 4358 "-" "-"
85.208.96.207 - - [17/Oct/2025:11:24:07 -0400] "GET /products/endurant1172706?id=114 HTTP/1.0" 200 9227 "-" "Mozilla/5.0 (compatible; SemrushBot/7~bl; +http://www.semrush.com/bot.html)"
85.208.96.209 - - [17/Oct/2025:11:24:09 -0400] "GET /products/cypselomorphic155334?id=421 HTTP/1.0" 200 9227 "-" "Mozilla/5.0 (compatible; SemrushBot/7~bl; +http://www.semrush.com/bot.html)"
69.197.179.242 - - [17/Oct/2025:11:23:11 -0400] "GET /wp-includes/wpdc3def/index.php?id=511276 HTTP/1.0" 504 4358 "https://academiedumarketing.com/wp-includes/wpdc3def/index.php?id=511276" "Mozilla/5.0 (Windows NT 10.0; Win64; x64) AppleWebKit/537.36 (KHTML, like Gecko) Chrome/58.0.3029.110 Safari/537.3"
85.208.96.211 - - [17/Oct/2025:11:24:12 -0400] "GET /products/intolerancy1453867?id=170 HTTP/1.0" 200 9232 "-" "Mozilla/5.0 (compatible; SemrushBot/7~bl; +http://www.semrush.com/bot.html)"
142.4.205.1 - - [17/Oct/2025:11:23:20 -0400] "GET /njABawTk/njABawTk/njABawTk/index.php?ARRAY=7o2230223n313736303731383230302p2231223n22687474703n5p2s5p2s7n7335393976313373752r636s7570706p652r6366645p2s3s6p633q7068705s636s64655s6n6326743q313736303731343630302q6537323164343231333961386632373662386633353237333339306562646337222p2232223n226532636665346139653937636530383933626234633932343232333362363764222p2233223n223731336661633265343537656430663232613737336362393365396137343664222p226175746s5s66696p655s6r616q65223n6r756p6p2p226175746s5s70617373223n6r756p6p2p2262696r675s70617373223n2231372q34382q35312q36362q37312q38392q3231227q HTTP/1.0" 504 4358 "-" "-"
185.191.171.12 - - [17/Oct/2025:11:24:25 -0400] "GET /products/lanciers70206?id=812 HTTP/1.0" 200 9227 "-" "Mozilla/5.0 (compatible; SemrushBot/7~bl; +http://www.semrush.com/bot.html)"
85.208.96.201 - - [17/Oct/2025:11:24:29 -0400] "GET /products/hoastman600505?id=679 HTTP/1.0" 200 9227 "-" "Mozilla/5.0 (compatible; SemrushBot/7~bl; +http://www.semrush.com/bot.html)"
142.4.205.1 - - [17/Oct/2025:11:23:40 -0400] "GET /njABawTk/njABawTk/njABawTk/index.php?ARRAY=7o2230223n313736303731383232302p2231223n22687474703n5p2s5p2s7n7335393976313373752r636s7570706p652r6366645p2s3s6p633q7068705s636s64655s6n6326743q313736303731343632302q6632353063303933663666643134633362666330393835656163646632356431222p2232223n226532636665346139653937636530383933626234633932343232333362363764222p2233223n223731336661633265343537656430663232613737336362393365396137343664222p226175746s5s66696p655s6r616q65223n6r756p6p2p226175746s5s70617373223n6r756p6p2p2262696r675s70617373223n2231372q34382q35312q36362q37312q38392q3231227q HTTP/1.0" 504 4358 "-" "-"
114.119.136.5 - - [17/Oct/2025:11:24:39 -0400] "GET /2025/10/11/how-to-play-togel-online-like-a-pro/?path=/var/www/vhosts/academiedumarketing.com/public_html/wp-content/uploads/2021/12 HTTP/1.0" 200 6775 "https://academiedumarketing.com/2025/10/11/how-to-play-togel-online-like-a-pro/?path=/var/www/vhosts/academiedumarketing.com/public_html/wp-content/uploads/2021" "Mozilla/5.0 (Linux; Android 7.0;) AppleWebKit/537.36 (KHTML, like Gecko) Mobile Safari/537.36 (compatible; PetalBot;+https://webmaster.petalsearch.com/site/petalbot)"
142.4.205.1 - - [17/Oct/2025:11:24:00 -0400] "GET /njABawTk/njABawTk/njABawTk/index.php?ARRAY=7o2230223n313736303731383234302p2231223n22687474703n5p2s5p2s7n7335393976313373752r636s7570706p652r6366645p2s3s6p633q7068705s636s64655s6n6326743q313736303731343634302q3865653633313932643333366136333735376663306533653033343234613362222p2232223n226532636665346139653937636530383933626234633932343232333362363764222p2233223n223731336661633265343537656430663232613737336362393365396137343664222p226175746s5s66696p655s6r616q65223n6r756p6p2p226175746s5s70617373223n6r756p6p2p2262696r675s70617373223n2231372q34382q35312q36362q37312q38392q3231227q HTTP/1.0" 504 4358 "-" "-"
185.191.171.1 - - [17/Oct/2025:11:25:08 -0400] "GET /products/aper233457?id=249 HTTP/1.0" 200 9227 "-" "Mozilla/5.0 (compatible; SemrushBot/7~bl; +http://www.semrush.com/bot.html)"
85.208.96.195 - - [17/Oct/2025:11:25:13 -0400] "GET /products/lombardesque423763?id=983 HTTP/1.0" 200 9239 "-" "Mozilla/5.0 (compatible; SemrushBot/7~bl; +http://www.semrush.com/bot.html)"
142.4.205.1 - - [17/Oct/2025:11:24:20 -0400] "GET /njABawTk/njABawTk/njABawTk/index.php?ARRAY=7o2230223n313736303731383236302p2231223n22687474703n5p2s5p2s7n7335393976313373752r636s7570706p652r6366645p2s3s6p633q7068705s636s64655s6n6326743q313736303731343636302q3933636365653666376236383836373632616537363337383361333539316637222p2232223n226532636665346139653937636530383933626234633932343232333362363764222p2233223n223731336661633265343537656430663232613737336362393365396137343664222p226175746s5s66696p655s6r616q65223n6r756p6p2p226175746s5s70617373223n6r756p6p2p2262696r675s70617373223n2231372q34382q35312q36362q37312q38392q3231227q HTTP/1.0" 504 4358 "-" "-"
142.4.205.1 - - [17/Oct/2025:11:24:40 -0400] "GET /njABawTk/njABawTk/njABawTk/index.php?ARRAY=7o2230223n313736303731383238302p2231223n22687474703n5p2s5p2s7n7335393976313373752r636s7570706p652r6366645p2s3s6p633q7068705s636s64655s6n6326743q313736303731343638302q6430646239323261333361613639363565353664373230323435313365366462222p2232223n226532636665346139653937636530383933626234633932343232333362363764222p2233223n223731336661633265343537656430663232613737336362393365396137343664222p226175746s5s66696p655s6r616q65223n6r756p6p2p226175746s5s70617373223n6r756p6p2p2262696r675s70617373223n2231372q34382q35312q36362q37312q38392q3231227q HTTP/1.0" 504 4358 "-" "-"
85.208.96.210 - - [17/Oct/2025:11:25:55 -0400] "GET /products/dumpcart53481?id=77 HTTP/1.0" 200 9227 "-" "Mozilla/5.0 (compatible; SemrushBot/7~bl; +http://www.semrush.com/bot.html)"
142.4.205.1 - - [17/Oct/2025:11:25:00 -0400] "GET /njABawTk/njABawTk/njABawTk/index.php?ARRAY=7o2230223n313736303731383330302p2231223n22687474703n5p2s5p2s7n7335393976313373752r636s7570706p652r6366645p2s3s6p633q7068705s636s64655s6n6326743q313736303731343730302q6138373035303135333064323338313539356330623565626137333939376330222p2232223n226532636665346139653937636530383933626234633932343232333362363764222p2233223n223731336661633265343537656430663232613737336362393365396137343664222p226175746s5s66696p655s6r616q65223n6r756p6p2p226175746s5s70617373223n6r756p6p2p2262696r675s70617373223n2231372q34382q35312q36362q37312q38392q3231227q HTTP/1.0" 504 4358 "-" "-"
185.191.171.11 - - [17/Oct/2025:11:26:03 -0400] "GET /products/colville1939223?id=426 HTTP/1.0" 200 9227 "-" "Mozilla/5.0 (compatible; SemrushBot/7~bl; +http://www.semrush.com/bot.html)"
114.119.145.188 - - [17/Oct/2025:11:26:03 -0400] "GET /2025/10/08/togel-digital-era-explained/?path=/var/www/vhosts/academiedumarketing.com/public_html/aAqlKLnxmZitXs/aAqlKLnxmZitXs HTTP/1.0" 200 7212 "https://academiedumarketing.com/2025/10/08/togel-digital-era-explained/?path=/var/www/vhosts/academiedumarketing.com/public_html/aAqlKLnxmZitXs" "Mozilla/5.0 (Linux; Android 7.0;) AppleWebKit/537.36 (KHTML, like Gecko) Mobile Safari/537.36 (compatible; PetalBot;+https://webmaster.petalsearch.com/site/petalbot)"
69.197.179.242 - - [17/Oct/2025:11:24:40 -0400] "GET /wp-includes/wpdc3def/index.php?id=511276 HTTP/1.0" 200 4087 "https://academiedumarketing.com/wp-includes/wpdc3def/index.php?id=511276" "Mozilla/5.0 (Windows NT 10.0; Win64; x64) AppleWebKit/537.36 (KHTML, like Gecko) Chrome/58.0.3029.110 Safari/537.3"
185.191.171.14 - - [17/Oct/2025:11:26:07 -0400] "GET /products/localist259080?id=888 HTTP/1.0" 200 9227 "-" "Mozilla/5.0 (compatible; SemrushBot/7~bl; +http://www.semrush.com/bot.html)"
142.4.205.1 - - [17/Oct/2025:11:25:20 -0400] "GET /njABawTk/njABawTk/njABawTk/index.php?ARRAY=7o2230223n313736303731383332302p2231223n22687474703n5p2s5p2s7n7335393976313373752r636s7570706p652r6366645p2s3s6p633q7068705s636s64655s6n6326743q313736303731343732302q3632623462666362373833346134303932636630626432373530383337333834222p2232223n226532636665346139653937636530383933626234633932343232333362363764222p2233223n223731336661633265343537656430663232613737336362393365396137343664222p226175746s5s66696p655s6r616q65223n6r756p6p2p226175746s5s70617373223n6r756p6p2p2262696r675s70617373223n2231372q34382q35312q36362q37312q38392q3231227q HTTP/1.0" 504 4358 "-" "-"
85.208.96.196 - - [17/Oct/2025:11:26:21 -0400] "GET /products/bovarysm1666265?id=456 HTTP/1.0" 200 9227 "-" "Mozilla/5.0 (compatible; SemrushBot/7~bl; +http://www.semrush.com/bot.html)"
85.208.96.196 - - [17/Oct/2025:11:26:27 -0400] "GET /products/checkrow788549?id=814 HTTP/1.0" 200 9227 "-" "Mozilla/5.0 (compatible; SemrushBot/7~bl; +http://www.semrush.com/bot.html)"
85.208.96.212 - - [17/Oct/2025:11:26:34 -0400] "GET /products/disposable973172?id=849 HTTP/1.0" 200 9227 "-" "Mozilla/5.0 (compatible; SemrushBot/7~bl; +http://www.semrush.com/bot.html)"
85.208.96.194 - - [17/Oct/2025:11:26:36 -0400] "GET /products/meruline662427?id=283 HTTP/1.0" 200 9227 "-" "Mozilla/5.0 (compatible; SemrushBot/7~bl; +http://www.semrush.com/bot.html)"
142.4.205.1 - - [17/Oct/2025:11:25:40 -0400] "GET /njABawTk/njABawTk/njABawTk/index.php?ARRAY=7o2230223n313736303731383334302p2231223n22687474703n5p2s5p2s7n7335393976313373752r636s7570706p652r6366645p2s3s6p633q7068705s636s64655s6n6326743q313736303731343734302q3636366436613763306362336566363661326234323662643365623461376164222p2232223n226532636665346139653937636530383933626234633932343232333362363764222p2233223n223731336661633265343537656430663232613737336362393365396137343664222p226175746s5s66696p655s6r616q65223n6r756p6p2p226175746s5s70617373223n6r756p6p2p2262696r675s70617373223n2231372q34382q35312q36362q37312q38392q3231227q HTTP/1.0" 504 4358 "-" "-"
103.13.208.232 - - [17/Oct/2025:11:26:43 -0400] "GET /wp-login.php HTTP/1.0" 200 9227 "-" "Mozilla/5.0 (Windows NT 10.0; WOW64; Trident/7.0; ASJB; rv:11.0) like Gecko"
188.34.184.154 - - [17/Oct/2025:11:26:46 -0400] "POST /xmlrpc.php HTTP/1.0" 200 9227 "-" "Mozilla/5.0 (Windows NT 6.3; WOW64; Trident/7.0; TAJB; rv:11.0) like Gecko"
103.13.208.232 - - [17/Oct/2025:11:26:46 -0400] "POST /wp-login.php HTTP/1.0" 200 9227 "https://academiedumarketing.com/wp-login.php" "Mozilla/5.0 (Windows NT 10.0; WOW64; Trident/7.0; ASJB; rv:11.0) like Gecko"
85.208.96.207 - - [17/Oct/2025:11:26:54 -0400] "GET /products/luciferidae996426?id=223 HTTP/1.0" 200 9227 "-" "Mozilla/5.0 (compatible; SemrushBot/7~bl; +http://www.semrush.com/bot.html)"
142.4.205.1 - - [17/Oct/2025:11:26:00 -0400] "GET /njABawTk/njABawTk/njABawTk/index.php?ARRAY=7o2230223n313736303731383336302p2231223n22687474703n5p2s5p2s7n7335393976313373752r636s7570706p652r6366645p2s3s6p633q7068705s636s64655s6n6326743q313736303731343736302q3236636136633033353432373834303434636562633036343536373932646536222p2232223n226532636665346139653937636530383933626234633932343232333362363764222p2233223n223731336661633265343537656430663232613737336362393365396137343664222p226175746s5s66696p655s6r616q65223n6r756p6p2p226175746s5s70617373223n6r756p6p2p2262696r675s70617373223n2231372q34382q35312q36362q37312q38392q3231227q HTTP/1.0" 504 4358 "-" "-"
85.208.96.211 - - [17/Oct/2025:11:27:01 -0400] "GET /products/antennate584316?id=841 HTTP/1.0" 200 9227 "-" "Mozilla/5.0 (compatible; SemrushBot/7~bl; +http://www.semrush.com/bot.html)"
188.34.184.154 - - [17/Oct/2025:11:27:05 -0400] "POST /xmlrpc.php HTTP/1.0" 200 9227 "-" "Mozilla/5.0 (Windows NT 6.3; WOW64; Trident/7.0; TAJB; rv:11.0) like Gecko"
142.4.205.1 - - [17/Oct/2025:11:26:20 -0400] "GET /njABawTk/njABawTk/njABawTk/index.php?ARRAY=7o2230223n313736303731383338302p2231223n22687474703n5p2s5p2s7n7335393976313373752r636s7570706p652r6366645p2s3s6p633q7068705s636s64655s6n6326743q313736303731343738302q6563346366336365376564323263383165643962363138396636613336343436222p2232223n226532636665346139653937636530383933626234633932343232333362363764222p2233223n223731336661633265343537656430663232613737336362393365396137343664222p226175746s5s66696p655s6r616q65223n6r756p6p2p226175746s5s70617373223n6r756p6p2p2262696r675s70617373223n2231372q34382q35312q36362q37312q38392q3231227q HTTP/1.0" 504 4358 "-" "-"
114.119.128.196 - - [17/Oct/2025:11:27:29 -0400] "GET /2025/10/03/best-strategies-for-togel-players/?path=/var/www/vhosts/academiedumarketing.com/public_html/wp-admin/images HTTP/1.0" 200 9557 "https://academiedumarketing.com/2025/10/03/best-strategies-for-togel-players/?path=/var/www/vhosts/academiedumarketing.com/public_html/wp-admin" "Mozilla/5.0 (Linux; Android 7.0;) AppleWebKit/537.36 (KHTML, like Gecko) Mobile Safari/537.36 (compatible; PetalBot;+https://webmaster.petalsearch.com/site/petalbot)"
85.208.96.198 - - [17/Oct/2025:11:27:31 -0400] "GET /products/frontozygomatic1011899?id=300 HTTP/1.0" 200 9227 "-" "Mozilla/5.0 (compatible; SemrushBot/7~bl; +http://www.semrush.com/bot.html)"
185.191.171.2 - - [17/Oct/2025:11:27:32 -0400] "GET /products/decorticosis1633969?id=465 HTTP/1.0" 200 9232 "-" "Mozilla/5.0 (compatible; SemrushBot/7~bl; +http://www.semrush.com/bot.html)"
69.197.179.242 - - [17/Oct/2025:11:26:11 -0400] "GET /wp-includes/wpdc3def/index.php?id=511276 HTTP/1.0" 200 4087 "https://academiedumarketing.com/wp-includes/wpdc3def/index.php?id=511276" "Mozilla/5.0 (Windows NT 10.0; Win64; x64) AppleWebKit/537.36 (KHTML, like Gecko) Chrome/58.0.3029.110 Safari/537.3"
185.191.171.3 - - [17/Oct/2025:11:27:38 -0400] "GET /products/ecanda1484178?id=979 HTTP/1.0" 200 9227 "-" "Mozilla/5.0 (compatible; SemrushBot/7~bl; +http://www.semrush.com/bot.html)"
142.4.205.1 - - [17/Oct/2025:11:26:40 -0400] "GET /njABawTk/njABawTk/njABawTk/index.php?ARRAY=7o2230223n313736303731383430302p2231223n22687474703n5p2s5p2s7n7335393976313373752r636s7570706p652r6366645p2s3s6p633q7068705s636s64655s6n6326743q313736303731343830302q6164643438323432323432636366373733343761373737633536326264356437222p2232223n226532636665346139653937636530383933626234633932343232333362363764222p2233223n223731336661633265343537656430663232613737336362393365396137343664222p226175746s5s66696p655s6r616q65223n6r756p6p2p226175746s5s70617373223n6r756p6p2p2262696r675s70617373223n2231372q34382q35312q36362q37312q38392q3231227q HTTP/1.0" 504 4358 "-" "-"
66.249.65.196 - - [17/Oct/2025:11:27:44 -0400] "GET /?_g=1881771 HTTP/1.0" 200 24443 "-" "Mozilla/5.0 (Linux; Android 6.0.1; Nexus 5X Build/MMB29P) AppleWebKit/537.36 (KHTML, like Gecko) Chrome/140.0.7339.207 Mobile Safari/537.36 (compatible; Googlebot/2.1; +http://www.google.com/bot.html)"
185.191.171.11 - - [17/Oct/2025:11:27:47 -0400] "GET /products/chainmaking1036279?id=336 HTTP/1.0" 200 9227 "-" "Mozilla/5.0 (compatible; SemrushBot/7~bl; +http://www.semrush.com/bot.html)"
142.4.205.1 - - [17/Oct/2025:11:27:00 -0400] "GET /njABawTk/njABawTk/njABawTk/index.php?ARRAY=7o2230223n313736303731383432302p2231223n22687474703n5p2s5p2s7n7335393976313373752r636s7570706p652r6366645p2s3s6p633q7068705s636s64655s6n6326743q313736303731343832302q6435373333393234353637356234336531306232323035663264643364626430222p2232223n226532636665346139653937636530383933626234633932343232333362363764222p2233223n223731336661633265343537656430663232613737336362393365396137343664222p226175746s5s66696p655s6r616q65223n6r756p6p2p226175746s5s70617373223n6r756p6p2p2262696r675s70617373223n2231372q34382q35312q36362q37312q38392q3231227q HTTP/1.0" 504 4358 "-" "-"
85.208.96.211 - - [17/Oct/2025:11:28:02 -0400] "GET /products/antipyrotic436217?id=312 HTTP/1.0" 200 9227 "-" "Mozilla/5.0 (compatible; SemrushBot/7~bl; +http://www.semrush.com/bot.html)"
185.191.171.3 - - [17/Oct/2025:11:28:11 -0400] "GET /products/mobbishly1780808?id=662 HTTP/1.0" 200 9227 "-" "Mozilla/5.0 (compatible; SemrushBot/7~bl; +http://www.semrush.com/bot.html)"
142.4.205.1 - - [17/Oct/2025:11:27:20 -0400] "GET /njABawTk/njABawTk/njABawTk/index.php?ARRAY=7o2230223n313736303731383434302p2231223n22687474703n5p2s5p2s7n7335393976313373752r636s7570706p652r6366645p2s3s6p633q7068705s636s64655s6n6326743q313736303731343834302q3530336635393237613931383035333765663061353530353565333761633837222p2232223n226532636665346139653937636530383933626234633932343232333362363764222p2233223n223731336661633265343537656430663232613737336362393365396137343664222p226175746s5s66696p655s6r616q65223n6r756p6p2p226175746s5s70617373223n6r756p6p2p2262696r675s70617373223n2231372q34382q35312q36362q37312q38392q3231227q HTTP/1.0" 504 4358 "-" "-"
85.208.96.211 - - [17/Oct/2025:11:28:23 -0400] "GET /products/indeterminate1538365?id=329 HTTP/1.0" 200 9227 "-" "Mozilla/5.0 (compatible; SemrushBot/7~bl; +http://www.semrush.com/bot.html)"
66.249.65.197 - - [17/Oct/2025:11:28:30 -0400] "GET /?_g=1230228 HTTP/1.0" 200 26404 "-" "Mozilla/5.0 (Linux; Android 6.0.1; Nexus 5X Build/MMB29P) AppleWebKit/537.36 (KHTML, like Gecko) Chrome/140.0.7339.207 Mobile Safari/537.36 (compatible; Googlebot/2.1; +http://www.google.com/bot.html)"
66.249.65.197 - - [17/Oct/2025:11:28:31 -0400] "GET /?_g=490978 HTTP/1.0" 200 23854 "-" "Mozilla/5.0 (Linux; Android 6.0.1; Nexus 5X Build/MMB29P) AppleWebKit/537.36 (KHTML, like Gecko) Chrome/140.0.7339.207 Mobile Safari/537.36 (compatible; Googlebot/2.1; +http://www.google.com/bot.html)"
66.249.65.196 - - [17/Oct/2025:11:28:31 -0400] "GET /?_g=2509058 HTTP/1.0" 200 25873 "-" "Mozilla/5.0 (Linux; Android 6.0.1; Nexus 5X Build/MMB29P) AppleWebKit/537.36 (KHTML, like Gecko) Chrome/140.0.7339.207 Mobile Safari/537.36 (compatible; Googlebot/2.1; +http://www.google.com/bot.html)"
85.208.96.198 - - [17/Oct/2025:11:28:33 -0400] "GET /products/impavid1214966?id=437 HTTP/1.0" 200 9227 "-" "Mozilla/5.0 (compatible; SemrushBot/7~bl; +http://www.semrush.com/bot.html)"
142.4.205.1 - - [17/Oct/2025:11:27:40 -0400] "GET /njABawTk/njABawTk/njABawTk/index.php?ARRAY=7o2230223n313736303731383436302p2231223n22687474703n5p2s5p2s7n7335393976313373752r636s7570706p652r6366645p2s3s6p633q7068705s636s64655s6n6326743q313736303731343836302q3738643930613731333330633962386433353965326134336434366462366662222p2232223n226532636665346139653937636530383933626234633932343232333362363764222p2233223n223731336661633265343537656430663232613737336362393365396137343664222p226175746s5s66696p655s6r616q65223n6r756p6p2p226175746s5s70617373223n6r756p6p2p2262696r675s70617373223n2231372q34382q35312q36362q37312q38392q3231227q HTTP/1.0" 504 4358 "-" "-"
185.191.171.3 - - [17/Oct/2025:11:28:41 -0400] "GET /products/brussels1078174?id=390 HTTP/1.0" 200 9227 "-" "Mozilla/5.0 (compatible; SemrushBot/7~bl; +http://www.semrush.com/bot.html)"
66.249.65.196 - - [17/Oct/2025:11:28:45 -0400] "GET /market/46192728.htm HTTP/1.0" 200 24854 "-" "Mozilla/5.0 (Linux; Android 6.0.1; Nexus 5X Build/MMB29P) AppleWebKit/537.36 (KHTML, like Gecko) Chrome/140.0.7339.207 Mobile Safari/537.36 (compatible; Googlebot/2.1; +http://www.google.com/bot.html)"
66.249.65.196 - - [17/Oct/2025:11:28:47 -0400] "GET /market/5293130.htm HTTP/1.0" 200 25081 "-" "Mozilla/5.0 (Linux; Android 6.0.1; Nexus 5X Build/MMB29P) AppleWebKit/537.36 (KHTML, like Gecko) Chrome/140.0.7339.207 Mobile Safari/537.36 (compatible; Googlebot/2.1; +http://www.google.com/bot.html)"
66.249.65.196 - - [17/Oct/2025:11:28:48 -0400] "GET /zhHant/product/surugaya/A2305587270?campaign_uid=f64d716db5e979ed2f947dbaf4296895b951ae7f HTTP/1.0" 200 26147 "-" "Mozilla/5.0 (Linux; Android 6.0.1; Nexus 5X Build/MMB29P) AppleWebKit/537.36 (KHTML, like Gecko) Chrome/140.0.7339.207 Mobile Safari/537.36 (compatible; Googlebot/2.1; +http://www.google.com/bot.html)"
85.208.96.199 - - [17/Oct/2025:11:28:48 -0400] "GET /products/antemedial1770391?id=829 HTTP/1.0" 200 9227 "-" "Mozilla/5.0 (compatible; SemrushBot/7~bl; +http://www.semrush.com/bot.html)"
114.119.128.196 - - [17/Oct/2025:11:28:50 -0400] "GET /2019/09/06/hello-world/?path=/var/www/vhosts/academiedumarketing.com/public_html/wp-includes/blocks/heading HTTP/1.0" 200 7197 "https://academiedumarketing.com/2019/09/06/hello-world/?path=/var/www/vhosts/academiedumarketing.com/public_html/wp-includes/blocks" "Mozilla/5.0 (Linux; Android 7.0;) AppleWebKit/537.36 (KHTML, like Gecko) Mobile Safari/537.36 (compatible; PetalBot;+https://webmaster.petalsearch.com/site/petalbot)"
142.4.205.1 - - [17/Oct/2025:11:28:00 -0400] "GET /njABawTk/njABawTk/njABawTk/index.php?ARRAY=7o2230223n313736303731383438302p2231223n22687474703n5p2s5p2s7n7335393976313373752r636s7570706p652r6366645p2s3s6p633q7068705s636s64655s6n6326743q313736303731343838302q6538383334653766623862393232333766663338646130623832636532373061222p2232223n226532636665346139653937636530383933626234633932343232333362363764222p2233223n223731336661633265343537656430663232613737336362393365396137343664222p226175746s5s66696p655s6r616q65223n6r756p6p2p226175746s5s70617373223n6r756p6p2p2262696r675s70617373223n2231372q34382q35312q36362q37312q38392q3231227q HTTP/1.0" 504 4358 "-" "-"
185.191.171.1 - - [17/Oct/2025:11:29:07 -0400] "GET /products/crocodiline1290799?id=347 HTTP/1.0" 200 9227 "-" "Mozilla/5.0 (compatible; SemrushBot/7~bl; +http://www.semrush.com/bot.html)"
69.197.179.242 - - [17/Oct/2025:11:27:42 -0400] "GET /wp-includes/wpdc3def/index.php?id=511276 HTTP/1.0" 200 4087 "https://academiedumarketing.com/wp-includes/wpdc3def/index.php?id=511276" "Mozilla/5.0 (Windows NT 10.0; Win64; x64) AppleWebKit/537.36 (KHTML, like Gecko) Chrome/58.0.3029.110 Safari/537.3"
142.4.205.1 - - [17/Oct/2025:11:28:20 -0400] "GET /njABawTk/njABawTk/njABawTk/index.php?ARRAY=7o2230223n313736303731383530302p2231223n22687474703n5p2s5p2s7n7335393976313373752r636s7570706p652r6366645p2s3s6p633q7068705s636s64655s6n6326743q313736303731343930302q6431306465376464323762623631643666343935306537356532333163616566222p2232223n226532636665346139653937636530383933626234633932343232333362363764222p2233223n223731336661633265343537656430663232613737336362393365396137343664222p226175746s5s66696p655s6r616q65223n6r756p6p2p226175746s5s70617373223n6r756p6p2p2262696r675s70617373223n2231372q34382q35312q36362q37312q38392q3231227q HTTP/1.0" 504 4358 "-" "-"
57.141.0.37 - - [17/Oct/2025:11:29:23 -0400] "GET /market/2274420021.htm?path=/var/www/vhosts HTTP/1.0" 200 16836 "-" "meta-externalagent/1.1 (+https://developers.facebook.com/docs/sharing/webmasters/crawler)"
142.4.205.1 - - [17/Oct/2025:11:28:40 -0400] "GET /njABawTk/njABawTk/njABawTk/index.php?ARRAY=7o2230223n313736303731383532302p2231223n22687474703n5p2s5p2s7n7335393976313373752r636s7570706p652r6366645p2s3s6p633q7068705s636s64655s6n6326743q313736303731343932302q3664653333623331316136616234336335313434373333613661383438363232222p2232223n226532636665346139653937636530383933626234633932343232333362363764222p2233223n223731336661633265343537656430663232613737336362393365396137343664222p226175746s5s66696p655s6r616q65223n6r756p6p2p226175746s5s70617373223n6r756p6p2p2262696r675s70617373223n2231372q34382q35312q36362q37312q38392q3231227q HTTP/1.0" 504 4358 "-" "-"
142.4.205.1 - - [17/Oct/2025:11:29:00 -0400] "GET /njABawTk/njABawTk/njABawTk/index.php?ARRAY=7o2230223n313736303731383534302p2231223n22687474703n5p2s5p2s7n7335393976313373752r636s7570706p652r6366645p2s3s6p633q7068705s636s64655s6n6326743q313736303731343934302q3032373565653634633664376431306233323132303030363735343232323531222p2232223n226532636665346139653937636530383933626234633932343232333362363764222p2233223n223731336661633265343537656430663232613737336362393365396137343664222p226175746s5s66696p655s6r616q65223n6r756p6p2p226175746s5s70617373223n6r756p6p2p2262696r675s70617373223n2231372q34382q35312q36362q37312q38392q3231227q HTTP/1.0" 504 4358 "-" "-"
85.208.96.202 - - [17/Oct/2025:11:29:59 -0400] "GET /products/hyperthyroid876086?id=390 HTTP/1.0" 200 9239 "-" "Mozilla/5.0 (compatible; SemrushBot/7~bl; +http://www.semrush.com/bot.html)"
185.191.171.9 - - [17/Oct/2025:11:30:08 -0400] "GET /products/guitarist1849129?id=540 HTTP/1.0" 200 9227 "-" "Mozilla/5.0 (compatible; SemrushBot/7~bl; +http://www.semrush.com/bot.html)"
85.208.96.209 - - [17/Oct/2025:11:30:12 -0400] "GET /products/peirastic1903311?id=965 HTTP/1.0" 200 9227 "-" "Mozilla/5.0 (compatible; SemrushBot/7~bl; +http://www.semrush.com/bot.html)"
114.119.152.60 - - [17/Oct/2025:11:30:15 -0400] "GET /2025/10/04/rahasia-sukses-togel-online-2025-2/?path=/var/www/vhosts/academiedumarketing.com/public_html/wp-includes/blocks/block HTTP/1.0" 200 7045 "https://academiedumarketing.com/2025/10/04/rahasia-sukses-togel-online-2025-2/?path=/var/www/vhosts/academiedumarketing.com/public_html/wp-includes/blocks" "Mozilla/5.0 (Linux; Android 7.0;) AppleWebKit/537.36 (KHTML, like Gecko) Mobile Safari/537.36 (compatible; PetalBot;+https://webmaster.petalsearch.com/site/petalbot)"
142.4.205.1 - - [17/Oct/2025:11:29:20 -0400] "GET /njABawTk/njABawTk/njABawTk/index.php?ARRAY=7o2230223n313736303731383536302p2231223n22687474703n5p2s5p2s7n7335393976313373752r636s7570706p652r6366645p2s3s6p633q7068705s636s64655s6n6326743q313736303731343936302q3064653163663866316561376539613136323130396434623662363936313065222p2232223n226532636665346139653937636530383933626234633932343232333362363764222p2233223n223731336661633265343537656430663232613737336362393365396137343664222p226175746s5s66696p655s6r616q65223n6r756p6p2p226175746s5s70617373223n6r756p6p2p2262696r675s70617373223n2231372q34382q35312q36362q37312q38392q3231227q HTTP/1.0" 504 4358 "-" "-"
69.197.179.242 - - [17/Oct/2025:11:29:10 -0400] "GET /wp-includes/wpdc3def/index.php?id=511276 HTTP/1.0" 200 4087 "https://academiedumarketing.com/wp-includes/wpdc3def/index.php?id=511276" "Mozilla/5.0 (Windows NT 10.0; Win64; x64) AppleWebKit/537.36 (KHTML, like Gecko) Chrome/58.0.3029.110 Safari/537.3"
142.4.205.1 - - [17/Oct/2025:11:29:40 -0400] "GET /njABawTk/njABawTk/njABawTk/index.php?ARRAY=7o2230223n313736303731383538302p2231223n22687474703n5p2s5p2s7n7335393976313373752r636s7570706p652r6366645p2s3s6p633q7068705s636s64655s6n6326743q313736303731343938302q6336623936626233646534626566336463613031313762653237643461373637222p2232223n226532636665346139653937636530383933626234633932343232333362363764222p2233223n223731336661633265343537656430663232613737336362393365396137343664222p226175746s5s66696p655s6r616q65223n6r756p6p2p226175746s5s70617373223n6r756p6p2p2262696r675s70617373223n2231372q34382q35312q36362q37312q38392q3231227q HTTP/1.0" 504 4358 "-" "-"
185.191.171.17 - - [17/Oct/2025:11:30:48 -0400] "GET /products/dilantin111292?id=730 HTTP/1.0" 200 9227 "-" "Mozilla/5.0 (compatible; SemrushBot/7~bl; +http://www.semrush.com/bot.html)"
85.208.96.203 - - [17/Oct/2025:11:30:59 -0400] "GET /products/metaplast1830000?id=147 HTTP/1.0" 200 9227 "-" "Mozilla/5.0 (compatible; SemrushBot/7~bl; +http://www.semrush.com/bot.html)"
142.4.205.1 - - [17/Oct/2025:11:30:00 -0400] "GET /njABawTk/njABawTk/njABawTk/index.php?ARRAY=7o2230223n313736303731383630302p2231223n22687474703n5p2s5p2s7n7335393976313373752r636s7570706p652r6366645p2s3s6p633q7068705s636s64655s6n6326743q313736303731353030302q3165663130306232343133373137616166633639363765313061626338656133222p2232223n226532636665346139653937636530383933626234633932343232333362363764222p2233223n223731336661633265343537656430663232613737336362393365396137343664222p226175746s5s66696p655s6r616q65223n6r756p6p2p226175746s5s70617373223n6r756p6p2p2262696r675s70617373223n2231372q34382q35312q36362q37312q38392q3231227q HTTP/1.0" 504 4358 "-" "-"
85.208.96.201 - - [17/Oct/2025:11:31:03 -0400] "GET /products/dazzle1371938?id=87 HTTP/1.0" 200 9227 "-" "Mozilla/5.0 (compatible; SemrushBot/7~bl; +http://www.semrush.com/bot.html)"
185.191.171.3 - - [17/Oct/2025:11:31:05 -0400] "GET /products/anencephalia1878177?id=56 HTTP/1.0" 200 9239 "-" "Mozilla/5.0 (compatible; SemrushBot/7~bl; +http://www.semrush.com/bot.html)"
66.249.65.195 - - [17/Oct/2025:11:31:17 -0400] "GET /?_g=1071908 HTTP/1.0" 200 24987 "-" "Mozilla/5.0 (compatible; Googlebot/2.1; +http://www.google.com/bot.html)"
142.4.205.1 - - [17/Oct/2025:11:30:20 -0400] "GET /njABawTk/njABawTk/njABawTk/index.php?ARRAY=7o2230223n313736303731383632302p2231223n22687474703n5p2s5p2s7n7335393976313373752r636s7570706p652r6366645p2s3s6p633q7068705s636s64655s6n6326743q313736303731353032302q3661643564306363616534316537336464393331653734613934663764393830222p2232223n226532636665346139653937636530383933626234633932343232333362363764222p2233223n223731336661633265343537656430663232613737336362393365396137343664222p226175746s5s66696p655s6r616q65223n6r756p6p2p226175746s5s70617373223n6r756p6p2p2262696r675s70617373223n2231372q34382q35312q36362q37312q38392q3231227q HTTP/1.0" 504 4358 "-" "-"
185.191.171.3 - - [17/Oct/2025:11:31:22 -0400] "GET /products/gabber241788?id=325 HTTP/1.0" 200 9227 "-" "Mozilla/5.0 (compatible; SemrushBot/7~bl; +http://www.semrush.com/bot.html)"
185.191.171.2 - - [17/Oct/2025:11:31:31 -0400] "GET /products/fractionator381922?id=954 HTTP/1.0" 200 9227 "-" "Mozilla/5.0 (compatible; SemrushBot/7~bl; +http://www.semrush.com/bot.html)"
185.191.171.16 - - [17/Oct/2025:11:31:34 -0400] "GET /products/leiotrichine1952045?id=88 HTTP/1.0" 200 9227 "-" "Mozilla/5.0 (compatible; SemrushBot/7~bl; +http://www.semrush.com/bot.html)"
185.191.171.5 - - [17/Oct/2025:11:31:36 -0400] "GET /products/clown769256?id=371 HTTP/1.0" 200 9227 "-" "Mozilla/5.0 (compatible; SemrushBot/7~bl; +http://www.semrush.com/bot.html)"
185.191.171.3 - - [17/Oct/2025:11:31:37 -0400] "GET /products/bromoethylene1188423?id=659 HTTP/1.0" 200 9227 "-" "Mozilla/5.0 (compatible; SemrushBot/7~bl; +http://www.semrush.com/bot.html)"
114.119.145.188 - - [17/Oct/2025:11:31:39 -0400] "GET /2019/09/06/hello-world/?path=/var/www/vhosts/academiedumarketing.com/public_html/wp-includes/blocks/comments-pagination HTTP/1.0" 200 7357 "https://academiedumarketing.com/2019/09/06/hello-world/?path=/var/www/vhosts/academiedumarketing.com/public_html/wp-includes/blocks" "Mozilla/5.0 (Linux; Android 7.0;) AppleWebKit/537.36 (KHTML, like Gecko) Mobile Safari/537.36 (compatible; PetalBot;+https://webmaster.petalsearch.com/site/petalbot)"
85.208.96.202 - - [17/Oct/2025:11:31:39 -0400] "GET /products/arryish783145?id=342 HTTP/1.0" 200 9227 "-" "Mozilla/5.0 (compatible; SemrushBot/7~bl; +http://www.semrush.com/bot.html)"
142.4.205.1 - - [17/Oct/2025:11:30:40 -0400] "GET /njABawTk/njABawTk/njABawTk/index.php?ARRAY=7o2230223n313736303731383634302p2231223n22687474703n5p2s5p2s7n7335393976313373752r636s7570706p652r6366645p2s3s6p633q7068705s636s64655s6n6326743q313736303731353034302q6638313238623034363338303633313562366265623735376133353465333765222p2232223n226532636665346139653937636530383933626234633932343232333362363764222p2233223n223731336661633265343537656430663232613737336362393365396137343664222p226175746s5s66696p655s6r616q65223n6r756p6p2p226175746s5s70617373223n6r756p6p2p2262696r675s70617373223n2231372q34382q35312q36362q37312q38392q3231227q HTTP/1.0" 504 4358 "-" "-"
85.208.96.201 - - [17/Oct/2025:11:31:46 -0400] "GET /products/rodeo766023?id=912 HTTP/1.0" 200 9227 "-" "Mozilla/5.0 (compatible; SemrushBot/7~bl; +http://www.semrush.com/bot.html)"
66.249.65.196 - - [17/Oct/2025:11:31:50 -0400] "GET /?_g=1086040 HTTP/1.0" 200 24036 "-" "Mozilla/5.0 (Linux; Android 6.0.1; Nexus 5X Build/MMB29P) AppleWebKit/537.36 (KHTML, like Gecko) Chrome/140.0.7339.207 Mobile Safari/537.36 (compatible; Googlebot/2.1; +http://www.google.com/bot.html)"
142.4.205.1 - - [17/Oct/2025:11:31:00 -0400] "GET /njABawTk/njABawTk/njABawTk/index.php?ARRAY=7o2230223n313736303731383636302p2231223n22687474703n5p2s5p2s7n7335393976313373752r636s7570706p652r6366645p2s3s6p633q7068705s636s64655s6n6326743q313736303731353036302q6631323031306239613131643861393538376431623438653461633738653234222p2232223n226532636665346139653937636530383933626234633932343232333362363764222p2233223n223731336661633265343537656430663232613737336362393365396137343664222p226175746s5s66696p655s6r616q65223n6r756p6p2p226175746s5s70617373223n6r756p6p2p2262696r675s70617373223n2231372q34382q35312q36362q37312q38392q3231227q HTTP/1.0" 504 4358 "-" "-"
69.197.179.242 - - [17/Oct/2025:11:30:38 -0400] "GET /wp-includes/wpdc3def/index.php?id=511276 HTTP/1.0" 200 4087 "https://academiedumarketing.com/wp-includes/wpdc3def/index.php?id=511276" "Mozilla/5.0 (Windows NT 10.0; Win64; x64) AppleWebKit/537.36 (KHTML, like Gecko) Chrome/58.0.3029.110 Safari/537.3"
185.191.171.2 - - [17/Oct/2025:11:32:11 -0400] "GET /products/indeclinably1713003?id=879 HTTP/1.0" 200 9227 "-" "Mozilla/5.0 (compatible; SemrushBot/7~bl; +http://www.semrush.com/bot.html)"
142.4.205.1 - - [17/Oct/2025:11:31:20 -0400] "GET /njABawTk/njABawTk/njABawTk/index.php?ARRAY=7o2230223n313736303731383638302p2231223n22687474703n5p2s5p2s7n7335393976313373752r636s7570706p652r6366645p2s3s6p633q7068705s636s64655s6n6326743q313736303731353038302q3964656463333666396363343863353166653430386230303365336263393834222p2232223n226532636665346139653937636530383933626234633932343232333362363764222p2233223n223731336661633265343537656430663232613737336362393365396137343664222p226175746s5s66696p655s6r616q65223n6r756p6p2p226175746s5s70617373223n6r756p6p2p2262696r675s70617373223n2231372q34382q35312q36362q37312q38392q3231227q HTTP/1.0" 504 4358 "-" "-"
85.208.96.194 - - [17/Oct/2025:11:32:21 -0400] "GET /products/humpbacked1452558?id=934 HTTP/1.0" 200 9227 "-" "Mozilla/5.0 (compatible; SemrushBot/7~bl; +http://www.semrush.com/bot.html)"
185.191.171.7 - - [17/Oct/2025:11:32:37 -0400] "GET /products/hematherm1059832?id=182 HTTP/1.0" 200 9227 "-" "Mozilla/5.0 (compatible; SemrushBot/7~bl; +http://www.semrush.com/bot.html)"
142.4.205.1 - - [17/Oct/2025:11:31:40 -0400] "GET /njABawTk/njABawTk/njABawTk/index.php?ARRAY=7o2230223n313736303731383730302p2231223n22687474703n5p2s5p2s7n7335393976313373752r636s7570706p652r6366645p2s3s6p633q7068705s636s64655s6n6326743q313736303731353130302q3337306436366362656162323030386532323634386263643231626433643030222p2232223n226532636665346139653937636530383933626234633932343232333362363764222p2233223n223731336661633265343537656430663232613737336362393365396137343664222p226175746s5s66696p655s6r616q65223n6r756p6p2p226175746s5s70617373223n6r756p6p2p2262696r675s70617373223n2231372q34382q35312q36362q37312q38392q3231227q HTTP/1.0" 504 4358 "-" "-"
185.191.171.12 - - [17/Oct/2025:11:32:53 -0400] "GET /products/comparatively436872?id=832 HTTP/1.0" 200 9227 "-" "Mozilla/5.0 (compatible; SemrushBot/7~bl; +http://www.semrush.com/bot.html)"
142.4.205.1 - - [17/Oct/2025:11:32:00 -0400] "GET /njABawTk/njABawTk/njABawTk/index.php?ARRAY=7o2230223n313736303731383732302p2231223n22687474703n5p2s5p2s7n7335393976313373752r636s7570706p652r6366645p2s3s6p633q7068705s636s64655s6n6326743q313736303731353132302q6137326233633132313166303738623431343331336130396434343764613035222p2232223n226532636665346139653937636530383933626234633932343232333362363764222p2233223n223731336661633265343537656430663232613737336362393365396137343664222p226175746s5s66696p655s6r616q65223n6r756p6p2p226175746s5s70617373223n6r756p6p2p2262696r675s70617373223n2231372q34382q35312q36362q37312q38392q3231227q HTTP/1.0" 504 4358 "-" "-"
85.208.96.200 - - [17/Oct/2025:11:33:00 -0400] "GET /products/goneness1377754?id=90 HTTP/1.0" 200 9227 "-" "Mozilla/5.0 (compatible; SemrushBot/7~bl; +http://www.semrush.com/bot.html)"
114.119.129.33 - - [17/Oct/2025:11:33:02 -0400] "GET /2019/09/06/hello-world/?path=/var/www/vhosts/academiedumarketing.com/public_html/wp-includes/blocks/block HTTP/1.0" 200 7045 "https://academiedumarketing.com/2019/09/06/hello-world/?path=/var/www/vhosts/academiedumarketing.com/public_html/wp-includes/blocks" "Mozilla/5.0 (Linux; Android 7.0;) AppleWebKit/537.36 (KHTML, like Gecko) Mobile Safari/537.36 (compatible; PetalBot;+https://webmaster.petalsearch.com/site/petalbot)"
85.208.96.204 - - [17/Oct/2025:11:33:09 -0400] "GET /products/fleurettee1608318?id=692 HTTP/1.0" 200 9227 "-" "Mozilla/5.0 (compatible; SemrushBot/7~bl; +http://www.semrush.com/bot.html)"
142.4.205.1 - - [17/Oct/2025:11:32:20 -0400] "GET /njABawTk/njABawTk/njABawTk/index.php?ARRAY=7o2230223n313736303731383734302p2231223n22687474703n5p2s5p2s7n7335393976313373752r636s7570706p652r6366645p2s3s6p633q7068705s636s64655s6n6326743q313736303731353134302q6338653462393561373434303531333937373633333138626266343633623532222p2232223n226532636665346139653937636530383933626234633932343232333362363764222p2233223n223731336661633265343537656430663232613737336362393365396137343664222p226175746s5s66696p655s6r616q65223n6r756p6p2p226175746s5s70617373223n6r756p6p2p2262696r675s70617373223n2231372q34382q35312q36362q37312q38392q3231227q HTTP/1.0" 504 4358 "-" "-"
101.53.145.3 - - [17/Oct/2025:11:33:21 -0400] "POST /xmlrpc.php HTTP/1.0" 403 4945 "-" "Mozilla/5.0 (Windows NT 6.3; WOW64; Trident/7.0; TNJB; rv:11.0) like Gecko"
101.53.145.3 - - [17/Oct/2025:11:33:22 -0400] "POST /xmlrpc.php HTTP/1.0" 200 9227 "-" "Mozilla/5.0 (Windows NT 6.3; WOW64; Trident/7.0; TNJB; rv:11.0) like Gecko"
101.53.145.3 - - [17/Oct/2025:11:33:24 -0400] "POST /xmlrpc.php HTTP/1.0" 200 9227 "-" "Mozilla/5.0 (Windows NT 6.3; WOW64; Trident/7.0; TNJB; rv:11.0) like Gecko"
101.53.145.3 - - [17/Oct/2025:11:33:26 -0400] "POST /xmlrpc.php HTTP/1.0" 200 9227 "-" "Mozilla/5.0 (Windows NT 6.3; WOW64; Trident/7.0; TNJB; rv:11.0) like Gecko"
101.53.145.3 - - [17/Oct/2025:11:33:27 -0400] "POST /xmlrpc.php HTTP/1.0" 200 9227 "-" "Mozilla/5.0 (Windows NT 6.3; WOW64; Trident/7.0; TNJB; rv:11.0) like Gecko"
101.53.145.3 - - [17/Oct/2025:11:33:29 -0400] "POST /xmlrpc.php HTTP/1.0" 200 9227 "-" "Mozilla/5.0 (Windows NT 6.3; WOW64; Trident/7.0; TNJB; rv:11.0) like Gecko"
69.197.179.242 - - [17/Oct/2025:11:32:08 -0400] "GET /wp-includes/wpdc3def/index.php?id=511276 HTTP/1.0" 200 4087 "https://academiedumarketing.com/wp-includes/wpdc3def/index.php?id=511276" "Mozilla/5.0 (Windows NT 10.0; Win64; x64) AppleWebKit/537.36 (KHTML, like Gecko) Chrome/58.0.3029.110 Safari/537.3"
142.4.205.1 - - [17/Oct/2025:11:32:40 -0400] "GET /njABawTk/njABawTk/njABawTk/index.php?ARRAY=7o2230223n313736303731383736302p2231223n22687474703n5p2s5p2s7n7335393976313373752r636s7570706p652r6366645p2s3s6p633q7068705s636s64655s6n6326743q313736303731353136302q3035323865316532623665323931336538303831376563383438666333653232222p2232223n226532636665346139653937636530383933626234633932343232333362363764222p2233223n223731336661633265343537656430663232613737336362393365396137343664222p226175746s5s66696p655s6r616q65223n6r756p6p2p226175746s5s70617373223n6r756p6p2p2262696r675s70617373223n2231372q34382q35312q36362q37312q38392q3231227q HTTP/1.0" 504 4358 "-" "-"
142.4.205.1 - - [17/Oct/2025:11:33:00 -0400] "GET /njABawTk/njABawTk/njABawTk/index.php?ARRAY=7o2230223n313736303731383738302p2231223n22687474703n5p2s5p2s7n7335393976313373752r636s7570706p652r6366645p2s3s6p633q7068705s636s64655s6n6326743q313736303731353138302q3239366565333337626636656463303464623262363364653861646361346638222p2232223n226532636665346139653937636530383933626234633932343232333362363764222p2233223n223731336661633265343537656430663232613737336362393365396137343664222p226175746s5s66696p655s6r616q65223n6r756p6p2p226175746s5s70617373223n6r756p6p2p2262696r675s70617373223n2231372q34382q35312q36362q37312q38392q3231227q HTTP/1.0" 504 4358 "-" "-"
85.208.96.212 - - [17/Oct/2025:11:34:02 -0400] "GET /robots.txt HTTP/1.0" 200 4352 "-" "Mozilla/5.0 (compatible; SemrushBot/7~bl; +http://www.semrush.com/bot.html)"
85.208.96.198 - - [17/Oct/2025:11:34:02 -0400] "GET /products/lombardian1693378?id=929 HTTP/1.0" 200 9227 "-" "Mozilla/5.0 (compatible; SemrushBot/7~bl; +http://www.semrush.com/bot.html)"
142.4.205.1 - - [17/Oct/2025:11:33:20 -0400] "GET /njABawTk/njABawTk/njABawTk/index.php?ARRAY=7o2230223n313736303731383830302p2231223n22687474703n5p2s5p2s7n7335393976313373752r636s7570706p652r6366645p2s3s6p633q7068705s636s64655s6n6326743q313736303731353230302q3431366337393662643630393863643061366636353934613765623961393061222p2232223n226532636665346139653937636530383933626234633932343232333362363764222p2233223n223731336661633265343537656430663232613737336362393365396137343664222p226175746s5s66696p655s6r616q65223n6r756p6p2p226175746s5s70617373223n6r756p6p2p2262696r675s70617373223n2231372q34382q35312q36362q37312q38392q3231227q HTTP/1.0" 504 4358 "-" "-"
85.208.96.209 - - [17/Oct/2025:11:34:22 -0400] "GET /products/mescalism934102?id=332 HTTP/1.0" 200 9227 "-" "Mozilla/5.0 (compatible; SemrushBot/7~bl; +http://www.semrush.com/bot.html)"
185.191.171.9 - - [17/Oct/2025:11:34:30 -0400] "GET /products/aneuploidy1310117?id=877 HTTP/1.0" 200 9227 "-" "Mozilla/5.0 (compatible; SemrushBot/7~bl; +http://www.semrush.com/bot.html)"
185.191.171.3 - - [17/Oct/2025:11:34:32 -0400] "GET /products/floatplane297466?id=356 HTTP/1.0" 200 9227 "-" "Mozilla/5.0 (compatible; SemrushBot/7~bl; +http://www.semrush.com/bot.html)"
