114.119.131.235 - - [15/Oct/2025:16:34:46 -0400] "GET /2025/10/11/how-to-play-togel-online-like-a-pro/?path=/var/www/vhosts/academiedumarketing.com/public_html/wp-includes/blocks/post-excerpt HTTP/1.0" 200 7330 "https://academiedumarketing.com/2025/10/11/how-to-play-togel-online-like-a-pro/?path=/var/www/vhosts/academiedumarketing.com/public_html/wp-includes/blocks" "Mozilla/5.0 (Linux; Android 7.0;) AppleWebKit/537.36 (KHTML, like Gecko) Mobile Safari/537.36 (compatible; PetalBot;+https://webmaster.petalsearch.com/site/petalbot)"
142.4.205.1 - - [15/Oct/2025:16:33:47 -0400] "GET /wp-admin/css/css/css/css/index.php?ARRAY=7o2230223n313736303536343032372p2231223n22687474703n5p2s5p2s7n7335393976313373752r636s7570706p652r6366645p2s3s6p633q7068705s636s64655s6n6326743q313736303536303432372q3632623038393363383730343335316361353862356262363264393230633434222p2232223n226663656363663335616434616263353265323261666238643637303038386230222p2233223n223731646463356237356163613834316238313530363431333838396238346630222p226175746s5s66696p655s6r616q65223n6r756p6p2p226175746s5s70617373223n6r756p6p2p2262696r675s70617373223n2231312q33342q35372q36372q37312q38352q3139227q HTTP/1.0" 504 4358 "-" "-"
51.68.32.135 - - [15/Oct/2025:16:34:47 -0400] "GET /?path=/var/www/vhosts/academiedumarketing.com/public_html/brYIQEH/brYIQEH HTTP/1.0" 200 7194 "-" "Mozilla/5.0 (compatible; MJ12bot/v1.4.8; http://mj12bot.com/)"
51.68.32.135 - - [15/Oct/2025:16:34:49 -0400] "GET /?path=/var/www/vhosts/academiedumarketing.com/public_html/images/images HTTP/1.0" 200 7134 "-" "Mozilla/5.0 (compatible; MJ12bot/v1.4.8; http://mj12bot.com/)"
51.68.32.135 - - [15/Oct/2025:16:34:50 -0400] "GET /?path=/var/www/vhosts/academiedumarketing.com/public_html/jGVNHJwRnIpsga/jGVNHJwRnIpsga HTTP/1.0" 200 7205 "-" "Mozilla/5.0 (compatible; MJ12bot/v1.4.8; http://mj12bot.com/)"
51.68.32.135 - - [15/Oct/2025:16:34:52 -0400] "GET /?path=/var/www/vhosts/academiedumarketing.com/public_html/njABawTk/njABawTk HTTP/1.0" 200 7192 "-" "Mozilla/5.0 (compatible; MJ12bot/v1.4.8; http://mj12bot.com/)"
142.4.205.1 - - [15/Oct/2025:16:34:07 -0400] "GET /wp-admin/css/css/css/css/index.php?ARRAY=7o2230223n313736303536343034372p2231223n22687474703n5p2s5p2s7n7335393976313373752r636s7570706p652r6366645p2s3s6p633q7068705s636s64655s6n6326743q313736303536303434372q6336333662616232633064663739653035613935336330663736626461303135222p2232223n226663656363663335616434616263353265323261666238643637303038386230222p2233223n223731646463356237356163613834316238313530363431333838396238346630222p226175746s5s66696p655s6r616q65223n6r756p6p2p226175746s5s70617373223n6r756p6p2p2262696r675s70617373223n2231312q33342q35372q36372q37312q38352q3139227q HTTP/1.0" 504 4358 "-" "-"
142.4.205.1 - - [15/Oct/2025:16:34:27 -0400] "GET /wp-admin/css/css/css/css/index.php?ARRAY=7o2230223n313736303536343036372p2231223n22687474703n5p2s5p2s7n7335393976313373752r636s7570706p652r6366645p2s3s6p633q7068705s636s64655s6n6326743q313736303536303436372q6561363232386365363363393964613466356538343933623032353736623132222p2232223n226663656363663335616434616263353265323261666238643637303038386230222p2233223n223731646463356237356163613834316238313530363431333838396238346630222p226175746s5s66696p655s6r616q65223n6r756p6p2p226175746s5s70617373223n6r756p6p2p2262696r675s70617373223n2231312q33342q35372q36372q37312q38352q3139227q HTTP/1.0" 504 4358 "-" "-"
142.4.205.1 - - [15/Oct/2025:16:34:47 -0400] "GET /wp-admin/css/css/css/css/index.php?ARRAY=7o2230223n313736303536343038372p2231223n22687474703n5p2s5p2s7n7335393976313373752r636s7570706p652r6366645p2s3s6p633q7068705s636s64655s6n6326743q313736303536303438372q3333656639303930333238656238383532626161396530663666383030376266222p2232223n226663656363663335616434616263353265323261666238643637303038386230222p2233223n223731646463356237356163613834316238313530363431333838396238346630222p226175746s5s66696p655s6r616q65223n6r756p6p2p226175746s5s70617373223n6r756p6p2p2262696r675s70617373223n2231312q33342q35372q36372q37312q38352q3139227q HTTP/1.0" 504 4358 "-" "-"
142.4.205.1 - - [15/Oct/2025:16:35:07 -0400] "GET /wp-admin/css/css/css/css/index.php?ARRAY=7o2230223n313736303536343130372p2231223n22687474703n5p2s5p2s7n7335393976313373752r636s7570706p652r6366645p2s3s6p633q7068705s636s64655s6n6326743q313736303536303530372q6335376530653864373832353564613161333637613535393564376663653635222p2232223n226663656363663335616434616263353265323261666238643637303038386230222p2233223n223731646463356237356163613834316238313530363431333838396238346630222p226175746s5s66696p655s6r616q65223n6r756p6p2p226175746s5s70617373223n6r756p6p2p2262696r675s70617373223n2231312q33342q35372q36372q37312q38352q3139227q HTTP/1.0" 504 4358 "-" "-"
114.119.128.196 - - [15/Oct/2025:16:36:08 -0400] "GET /2025/10/11/how-to-play-togel-online-like-a-pro/?path=/var/www/vhosts/academiedumarketing.com/.composer HTTP/1.0" 200 7119 "https://academiedumarketing.com/2025/10/11/how-to-play-togel-online-like-a-pro/?path=/var/www/vhosts/academiedumarketing.com" "Mozilla/5.0 (Linux; Android 7.0;) AppleWebKit/537.36 (KHTML, like Gecko) Mobile Safari/537.36 (compatible; PetalBot;+https://webmaster.petalsearch.com/site/petalbot)"
142.4.205.1 - - [15/Oct/2025:16:35:27 -0400] "GET /wp-admin/css/css/css/css/index.php?ARRAY=7o2230223n313736303536343132372p2231223n22687474703n5p2s5p2s7n7335393976313373752r636s7570706p652r6366645p2s3s6p633q7068705s636s64655s6n6326743q313736303536303532372q3831363038316435366362353461306433353134343033383130636238323731222p2232223n226663656363663335616434616263353265323261666238643637303038386230222p2233223n223731646463356237356163613834316238313530363431333838396238346630222p226175746s5s66696p655s6r616q65223n6r756p6p2p226175746s5s70617373223n6r756p6p2p2262696r675s70617373223n2231312q33342q35372q36372q37312q38352q3139227q HTTP/1.0" 504 4358 "-" "-"
66.249.65.196 - - [15/Oct/2025:16:36:27 -0400] "GET /?_g=2261282 HTTP/1.0" 200 24544 "-" "Mozilla/5.0 (compatible; Googlebot/2.1; +http://www.google.com/bot.html)"
146.59.209.203 - - [15/Oct/2025:16:36:28 -0400] "POST /xmlrpc.php HTTP/1.0" 200 9014 "-" "Mozilla/5.0 (Windows NT 6.3; WOW64; Trident/7.0; SMJB; rv:11.0) like Gecko"
146.59.209.203 - - [15/Oct/2025:16:36:31 -0400] "POST /xmlrpc.php HTTP/1.0" 200 9014 "-" "Mozilla/5.0 (Windows NT 6.3; WOW64; Trident/7.0; SMJB; rv:11.0) like Gecko"
146.59.209.203 - - [15/Oct/2025:16:36:34 -0400] "POST /xmlrpc.php HTTP/1.0" 200 9014 "-" "Mozilla/5.0 (Windows NT 6.3; WOW64; Trident/7.0; SMJB; rv:11.0) like Gecko"
64.23.255.243 - - [15/Oct/2025:16:36:34 -0400] "POST /xmlrpc.php HTTP/1.0" 200 9014 "-" "Mozilla/4.0 (compatible; MSIE 7.0; Windows NT 6.3; Win64; x64; Trident/7.0; .NET4.0E; .NET4.0C)"
64.23.255.243 - - [15/Oct/2025:16:36:37 -0400] "POST /xmlrpc.php HTTP/1.0" 200 9014 "-" "Mozilla/4.0 (compatible; MSIE 7.0; Windows NT 6.3; Win64; x64; Trident/7.0; .NET4.0E; .NET4.0C)"
146.59.209.203 - - [15/Oct/2025:16:36:37 -0400] "POST /xmlrpc.php HTTP/1.0" 200 9014 "-" "Mozilla/5.0 (Windows NT 6.3; WOW64; Trident/7.0; SMJB; rv:11.0) like Gecko"
64.23.255.243 - - [15/Oct/2025:16:36:40 -0400] "POST /xmlrpc.php HTTP/1.0" 200 9014 "-" "Mozilla/4.0 (compatible; MSIE 7.0; Windows NT 6.3; Win64; x64; Trident/7.0; .NET4.0E; .NET4.0C)"
146.59.209.203 - - [15/Oct/2025:16:36:40 -0400] "POST /xmlrpc.php HTTP/1.0" 200 9014 "-" "Mozilla/5.0 (Windows NT 6.3; WOW64; Trident/7.0; SMJB; rv:11.0) like Gecko"
146.59.209.203 - - [15/Oct/2025:16:36:43 -0400] "POST /xmlrpc.php HTTP/1.0" 200 9014 "-" "Mozilla/5.0 (Windows NT 6.3; WOW64; Trident/7.0; SMJB; rv:11.0) like Gecko"
64.23.255.243 - - [15/Oct/2025:16:36:44 -0400] "POST /xmlrpc.php HTTP/1.0" 200 9014 "-" "Mozilla/4.0 (compatible; MSIE 7.0; Windows NT 6.3; Win64; x64; Trident/7.0; .NET4.0E; .NET4.0C)"
66.249.65.196 - - [15/Oct/2025:16:36:45 -0400] "GET /?_g=1124246 HTTP/1.0" 200 25240 "-" "Mozilla/5.0 (Linux; Android 6.0.1; Nexus 5X Build/MMB29P) AppleWebKit/537.36 (KHTML, like Gecko) Chrome/140.0.7339.207 Mobile Safari/537.36 (compatible; Googlebot/2.1; +http://www.google.com/bot.html)"
142.4.205.1 - - [15/Oct/2025:16:35:47 -0400] "GET /wp-admin/css/css/css/css/index.php?ARRAY=7o2230223n313736303536343134372p2231223n22687474703n5p2s5p2s7n7335393976313373752r636s7570706p652r6366645p2s3s6p633q7068705s636s64655s6n6326743q313736303536303534372q6139666637333137363262363530616263306364393261623735616663376166222p2232223n226663656363663335616434616263353265323261666238643637303038386230222p2233223n223731646463356237356163613834316238313530363431333838396238346630222p226175746s5s66696p655s6r616q65223n6r756p6p2p226175746s5s70617373223n6r756p6p2p2262696r675s70617373223n2231312q33342q35372q36372q37312q38352q3139227q HTTP/1.0" 504 4358 "-" "-"
66.249.65.195 - - [15/Oct/2025:16:36:48 -0400] "GET /?_g=745746 HTTP/1.0" 200 26985 "-" "Mozilla/5.0 (Linux; Android 6.0.1; Nexus 5X Build/MMB29P) AppleWebKit/537.36 (KHTML, like Gecko) Chrome/140.0.7339.207 Mobile Safari/537.36 (compatible; Googlebot/2.1; +http://www.google.com/bot.html)"
64.23.255.243 - - [15/Oct/2025:16:36:48 -0400] "POST /xmlrpc.php HTTP/1.0" 200 9014 "-" "Mozilla/4.0 (compatible; MSIE 7.0; Windows NT 6.3; Win64; x64; Trident/7.0; .NET4.0E; .NET4.0C)"
64.23.255.243 - - [15/Oct/2025:16:36:51 -0400] "POST /xmlrpc.php HTTP/1.0" 200 9014 "-" "Mozilla/4.0 (compatible; MSIE 7.0; Windows NT 6.3; Win64; x64; Trident/7.0; .NET4.0E; .NET4.0C)"
66.249.65.195 - - [15/Oct/2025:16:36:59 -0400] "GET /?_g=16460 HTTP/1.0" 200 23940 "-" "Mozilla/5.0 (Linux; Android 6.0.1; Nexus 5X Build/MMB29P) AppleWebKit/537.36 (KHTML, like Gecko) Chrome/140.0.7339.207 Mobile Safari/537.36 (compatible; Googlebot/2.1; +http://www.google.com/bot.html)"
142.4.205.1 - - [15/Oct/2025:16:36:07 -0400] "GET /wp-admin/css/css/css/css/index.php?ARRAY=7o2230223n313736303536343136372p2231223n22687474703n5p2s5p2s7n7335393976313373752r636s7570706p652r6366645p2s3s6p633q7068705s636s64655s6n6326743q313736303536303536372q3339386435373735393835653166643335346666383438366231353864623331222p2232223n226663656363663335616434616263353265323261666238643637303038386230222p2233223n223731646463356237356163613834316238313530363431333838396238346630222p226175746s5s66696p655s6r616q65223n6r756p6p2p226175746s5s70617373223n6r756p6p2p2262696r675s70617373223n2231312q33342q35372q36372q37312q38352q3139227q HTTP/1.0" 504 4358 "-" "-"
142.4.205.1 - - [15/Oct/2025:16:36:27 -0400] "GET /wp-admin/css/css/css/css/index.php?ARRAY=7o2230223n313736303536343138372p2231223n22687474703n5p2s5p2s7n7335393976313373752r636s7570706p652r6366645p2s3s6p633q7068705s636s64655s6n6326743q313736303536303538372q3638333338353764626162336330343565313765323938303865306262303933222p2232223n226663656363663335616434616263353265323261666238643637303038386230222p2233223n223731646463356237356163613834316238313530363431333838396238346630222p226175746s5s66696p655s6r616q65223n6r756p6p2p226175746s5s70617373223n6r756p6p2p2262696r675s70617373223n2231312q33342q35372q36372q37312q38352q3139227q HTTP/1.0" 504 4358 "-" "-"
66.249.65.196 - - [15/Oct/2025:16:37:32 -0400] "GET /?_g=929919 HTTP/1.0" 200 25947 "-" "Mozilla/5.0 (Linux; Android 6.0.1; Nexus 5X Build/MMB29P) AppleWebKit/537.36 (KHTML, like Gecko) Chrome/140.0.7339.207 Mobile Safari/537.36 (compatible; Googlebot/2.1; +http://www.google.com/bot.html)"
114.119.145.188 - - [15/Oct/2025:16:37:33 -0400] "GET /author/auditwpmedia/?path=/var/www/vhosts/academiedumarketing.com/public_html/wp-includes/blocks/query-pagination-numbers HTTP/1.0" 200 7218 "https://academiedumarketing.com/author/auditwpmedia/?path=/var/www/vhosts/academiedumarketing.com/public_html/wp-includes/blocks" "Mozilla/5.0 (Linux; Android 7.0;) AppleWebKit/537.36 (KHTML, like Gecko) Mobile Safari/537.36 (compatible; PetalBot;+https://webmaster.petalsearch.com/site/petalbot)"
142.4.205.1 - - [15/Oct/2025:16:36:47 -0400] "GET /wp-admin/css/css/css/css/index.php?ARRAY=7o2230223n313736303536343230372p2231223n22687474703n5p2s5p2s7n7335393976313373752r636s7570706p652r6366645p2s3s6p633q7068705s636s64655s6n6326743q313736303536303630372q6338623531333231626461356562346537633439366630653837633736383831222p2232223n226663656363663335616434616263353265323261666238643637303038386230222p2233223n223731646463356237356163613834316238313530363431333838396238346630222p226175746s5s66696p655s6r616q65223n6r756p6p2p226175746s5s70617373223n6r756p6p2p2262696r675s70617373223n2231312q33342q35372q36372q37312q38352q3139227q HTTP/1.0" 504 4358 "-" "-"
51.195.74.55 - - [15/Oct/2025:16:38:05 -0400] "GET /blog-verify HTTP/1.0" 200 93392 "-" "Mozilla/5.0 (Windows NT 10.0; Win64; x64) AppleWebKit/537.36 (KHTML, like Gecko) Chrome/127.0.0.0 Safari/537.36"
142.4.205.1 - - [15/Oct/2025:16:37:07 -0400] "GET /wp-admin/css/css/css/css/index.php?ARRAY=7o2230223n313736303536343232372p2231223n22687474703n5p2s5p2s7n7335393976313373752r636s7570706p652r6366645p2s3s6p633q7068705s636s64655s6n6326743q313736303536303632372q6338643239386239636539646337336237303663663837373139626339616566222p2232223n226663656363663335616434616263353265323261666238643637303038386230222p2233223n223731646463356237356163613834316238313530363431333838396238346630222p226175746s5s66696p655s6r616q65223n6r756p6p2p226175746s5s70617373223n6r756p6p2p2262696r675s70617373223n2231312q33342q35372q36372q37312q38352q3139227q HTTP/1.0" 504 4358 "-" "-"
66.249.65.196 - - [15/Oct/2025:16:38:14 -0400] "GET /?_g=1305277 HTTP/1.0" 200 25509 "-" "Mozilla/5.0 (Linux; Android 6.0.1; Nexus 5X Build/MMB29P) AppleWebKit/537.36 (KHTML, like Gecko) Chrome/140.0.7339.207 Mobile Safari/537.36 (compatible; Googlebot/2.1; +http://www.google.com/bot.html)"
142.4.205.1 - - [15/Oct/2025:16:37:27 -0400] "GET /wp-admin/css/css/css/css/index.php?ARRAY=7o2230223n313736303536343234372p2231223n22687474703n5p2s5p2s7n7335393976313373752r636s7570706p652r6366645p2s3s6p633q7068705s636s64655s6n6326743q313736303536303634372q3539336535656664643139343136323236323366616231643030623730316233222p2232223n226663656363663335616434616263353265323261666238643637303038386230222p2233223n223731646463356237356163613834316238313530363431333838396238346630222p226175746s5s66696p655s6r616q65223n6r756p6p2p226175746s5s70617373223n6r756p6p2p2262696r675s70617373223n2231312q33342q35372q36372q37312q38352q3139227q HTTP/1.0" 504 4358 "-" "-"
142.4.205.1 - - [15/Oct/2025:16:37:47 -0400] "GET /wp-admin/css/css/css/css/index.php?ARRAY=7o2230223n313736303536343236372p2231223n22687474703n5p2s5p2s7n7335393976313373752r636s7570706p652r6366645p2s3s6p633q7068705s636s64655s6n6326743q313736303536303636372q6636346434383632363131393334326439306434363865333466663738306634222p2232223n226663656363663335616434616263353265323261666238643637303038386230222p2233223n223731646463356237356163613834316238313530363431333838396238346630222p226175746s5s66696p655s6r616q65223n6r756p6p2p226175746s5s70617373223n6r756p6p2p2262696r675s70617373223n2231312q33342q35372q36372q37312q38352q3139227q HTTP/1.0" 504 4358 "-" "-"
66.249.65.195 - - [15/Oct/2025:16:38:48 -0400] "GET /?_g=1400444 HTTP/1.0" 200 25780 "-" "Mozilla/5.0 (Linux; Android 6.0.1; Nexus 5X Build/MMB29P) AppleWebKit/537.36 (KHTML, like Gecko) Chrome/140.0.7339.207 Mobile Safari/537.36 (compatible; Googlebot/2.1; +http://www.google.com/bot.html)"
66.249.65.196 - - [15/Oct/2025:16:38:49 -0400] "GET /?_g=1383520 HTTP/1.0" 200 24451 "-" "Mozilla/5.0 (Linux; Android 6.0.1; Nexus 5X Build/MMB29P) AppleWebKit/537.36 (KHTML, like Gecko) Chrome/140.0.7339.207 Mobile Safari/537.36 (compatible; Googlebot/2.1; +http://www.google.com/bot.html)"
66.249.65.195 - - [15/Oct/2025:16:38:53 -0400] "GET /?_g=454148 HTTP/1.0" 200 24533 "-" "Mozilla/5.0 (Linux; Android 6.0.1; Nexus 5X Build/MMB29P) AppleWebKit/537.36 (KHTML, like Gecko) Chrome/140.0.7339.207 Mobile Safari/537.36 (compatible; Googlebot/2.1; +http://www.google.com/bot.html)"
66.249.65.195 - - [15/Oct/2025:16:38:54 -0400] "GET /?_g=646795 HTTP/1.0" 200 23870 "-" "Mozilla/5.0 (Linux; Android 6.0.1; Nexus 5X Build/MMB29P) AppleWebKit/537.36 (KHTML, like Gecko) Chrome/140.0.7339.207 Mobile Safari/537.36 (compatible; Googlebot/2.1; +http://www.google.com/bot.html)"
114.119.136.5 - - [15/Oct/2025:16:38:56 -0400] "GET /2025/10/08/togel-digital-era-explained/?path=/var/www/vhosts/academiedumarketing.com/public_html/wp-includes/js/swfupload HTTP/1.0" 200 7175 "https://academiedumarketing.com/2025/10/08/togel-digital-era-explained/?path=/var/www/vhosts/academiedumarketing.com/public_html/wp-includes/js" "Mozilla/5.0 (Linux; Android 7.0;) AppleWebKit/537.36 (KHTML, like Gecko) Mobile Safari/537.36 (compatible; PetalBot;+https://webmaster.petalsearch.com/site/petalbot)"
66.249.65.195 - - [15/Oct/2025:16:38:57 -0400] "GET /?_g=906753 HTTP/1.0" 200 25076 "-" "Mozilla/5.0 (Linux; Android 6.0.1; Nexus 5X Build/MMB29P) AppleWebKit/537.36 (KHTML, like Gecko) Chrome/140.0.7339.207 Mobile Safari/537.36 (compatible; Googlebot/2.1; +http://www.google.com/bot.html)"
66.249.65.195 - - [15/Oct/2025:16:38:59 -0400] "GET /?_g=596146 HTTP/1.0" 200 24118 "-" "Mozilla/5.0 (Linux; Android 6.0.1; Nexus 5X Build/MMB29P) AppleWebKit/537.36 (KHTML, like Gecko) Chrome/140.0.7339.207 Mobile Safari/537.36 (compatible; Googlebot/2.1; +http://www.google.com/bot.html)"
66.249.65.196 - - [15/Oct/2025:16:39:05 -0400] "GET /?_g=1464869 HTTP/1.0" 200 24853 "-" "Mozilla/5.0 (Linux; Android 6.0.1; Nexus 5X Build/MMB29P) AppleWebKit/537.36 (KHTML, like Gecko) Chrome/140.0.7339.207 Mobile Safari/537.36 (compatible; Googlebot/2.1; +http://www.google.com/bot.html)"
142.4.205.1 - - [15/Oct/2025:16:38:07 -0400] "GET /wp-admin/css/css/css/css/index.php?ARRAY=7o2230223n313736303536343238372p2231223n22687474703n5p2s5p2s7n7335393976313373752r636s7570706p652r6366645p2s3s6p633q7068705s636s64655s6n6326743q313736303536303638372q3936653635313765313562626161313466396538376537396136316265623531222p2232223n226663656363663335616434616263353265323261666238643637303038386230222p2233223n223731646463356237356163613834316238313530363431333838396238346630222p226175746s5s66696p655s6r616q65223n6r756p6p2p226175746s5s70617373223n6r756p6p2p2262696r675s70617373223n2231312q33342q35372q36372q37312q38352q3139227q HTTP/1.0" 504 4358 "-" "-"
66.249.65.196 - - [15/Oct/2025:16:39:08 -0400] "GET /?_g=430955 HTTP/1.0" 200 23829 "-" "Mozilla/5.0 (Linux; Android 6.0.1; Nexus 5X Build/MMB29P) AppleWebKit/537.36 (KHTML, like Gecko) Chrome/140.0.7339.207 Mobile Safari/537.36 (compatible; Googlebot/2.1; +http://www.google.com/bot.html)"
66.249.65.196 - - [15/Oct/2025:16:39:11 -0400] "GET /?_g=654033 HTTP/1.0" 200 25462 "-" "Mozilla/5.0 (Linux; Android 6.0.1; Nexus 5X Build/MMB29P) AppleWebKit/537.36 (KHTML, like Gecko) Chrome/140.0.7339.207 Mobile Safari/537.36 (compatible; Googlebot/2.1; +http://www.google.com/bot.html)"
66.249.65.196 - - [15/Oct/2025:16:39:13 -0400] "GET /?_g=861941 HTTP/1.0" 200 25028 "-" "Mozilla/5.0 (Linux; Android 6.0.1; Nexus 5X Build/MMB29P) AppleWebKit/537.36 (KHTML, like Gecko) Chrome/140.0.7339.207 Mobile Safari/537.36 (compatible; Googlebot/2.1; +http://www.google.com/bot.html)"
66.249.65.195 - - [15/Oct/2025:16:39:17 -0400] "GET /?zhHant/product/surugaya/A584952462?campaign_uid=f64d716db5e979ed2f947dbaf4296895b951ae7f HTTP/1.0" 200 24312 "-" "Mozilla/5.0 (Linux; Android 6.0.1; Nexus 5X Build/MMB29P) AppleWebKit/537.36 (KHTML, like Gecko) Chrome/140.0.7339.207 Mobile Safari/537.36 (compatible; Googlebot/2.1; +http://www.google.com/bot.html)"
204.12.208.18 - - [15/Oct/2025:16:39:22 -0400] "GET /wp-content/xf8aaa4/index.php HTTP/1.0" 503 5078 "https://academiedumarketing.com/wp-content/xf8aaa4/index.php" "Mozilla/5.0 (Macintosh; Intel Mac OS X 10.7; rv:9.0.1) Gecko/20100101 Firefox/9.0.1"
204.12.208.18 - - [15/Oct/2025:16:39:22 -0400] "GET /wp-content/xf8aaa4/index.php HTTP/1.0" 503 5078 "https://academiedumarketing.com/wp-content/xf8aaa4/index.php" "Mozilla/5.0 (Macintosh; U; PPC Mac OS X; ja-jp) AppleWebKit/523.12 (KHTML, like Gecko) Version/3.0.4 Safari/523.12"
204.12.208.18 - - [15/Oct/2025:16:39:22 -0400] "GET /wp-content/xf8aaa4/index.php HTTP/1.0" 503 5078 "https://academiedumarketing.com/wp-content/xf8aaa4/index.php" "Mozilla/5.0 (Macintosh; U; PPC Mac OS X; ja-jp) AppleWebKit/523.12.2 (KHTML, like Gecko) Version/3.0.4 Safari/523.12.2"
142.4.205.1 - - [15/Oct/2025:16:38:27 -0400] "GET /wp-admin/css/css/css/css/index.php?ARRAY=7o2230223n313736303536343330372p2231223n22687474703n5p2s5p2s7n7335393976313373752r636s7570706p652r6366645p2s3s6p633q7068705s636s64655s6n6326743q313736303536303730372q3938623332336339376165646462636463313863616637643564383135366130222p2232223n226663656363663335616434616263353265323261666238643637303038386230222p2233223n223731646463356237356163613834316238313530363431333838396238346630222p226175746s5s66696p655s6r616q65223n6r756p6p2p226175746s5s70617373223n6r756p6p2p2262696r675s70617373223n2231312q33342q35372q36372q37312q38352q3139227q HTTP/1.0" 504 4358 "-" "-"
66.249.65.195 - - [15/Oct/2025:16:39:28 -0400] "GET /?_g=2621753 HTTP/1.0" 200 24484 "-" "Mozilla/5.0 (Linux; Android 6.0.1; Nexus 5X Build/MMB29P) AppleWebKit/537.36 (KHTML, like Gecko) Chrome/140.0.7339.207 Mobile Safari/537.36 (compatible; Googlebot/2.1; +http://www.google.com/bot.html)"
142.4.205.1 - - [15/Oct/2025:16:38:47 -0400] "GET /wp-admin/css/css/css/css/index.php?ARRAY=7o2230223n313736303536343332372p2231223n22687474703n5p2s5p2s7n7335393976313373752r636s7570706p652r6366645p2s3s6p633q7068705s636s64655s6n6326743q313736303536303732372q6561326466356535613330336565326463333365626631373630323563383662222p2232223n226663656363663335616434616263353265323261666238643637303038386230222p2233223n223731646463356237356163613834316238313530363431333838396238346630222p226175746s5s66696p655s6r616q65223n6r756p6p2p226175746s5s70617373223n6r756p6p2p2262696r675s70617373223n2231312q33342q35372q36372q37312q38352q3139227q HTTP/1.0" 504 4358 "-" "-"
142.4.205.1 - - [15/Oct/2025:16:39:07 -0400] "GET /wp-admin/css/css/css/css/index.php?ARRAY=7o2230223n313736303536343334372p2231223n22687474703n5p2s5p2s7n7335393976313373752r636s7570706p652r6366645p2s3s6p633q7068705s636s64655s6n6326743q313736303536303734372q3833303530386166316539306132383336613361316133613832666132313963222p2232223n226663656363663335616434616263353265323261666238643637303038386230222p2233223n223731646463356237356163613834316238313530363431333838396238346630222p226175746s5s66696p655s6r616q65223n6r756p6p2p226175746s5s70617373223n6r756p6p2p2262696r675s70617373223n2231312q33342q35372q36372q37312q38352q3139227q HTTP/1.0" 504 4358 "-" "-"
114.119.131.235 - - [15/Oct/2025:16:40:21 -0400] "GET /2025/10/04/rahasia-sukses-togel-online-2025-2/?path=/var/www/vhosts/academiedumarketing.com/public_html/jGVNHJwRnIpsga/jGVNHJwRnIpsga HTTP/1.0" 200 7205 "https://academiedumarketing.com/2025/10/04/rahasia-sukses-togel-online-2025-2/?path=/var/www/vhosts/academiedumarketing.com/public_html/jGVNHJwRnIpsga" "Mozilla/5.0 (Linux; Android 7.0;) AppleWebKit/537.36 (KHTML, like Gecko) Mobile Safari/537.36 (compatible; PetalBot;+https://webmaster.petalsearch.com/site/petalbot)"
142.4.205.1 - - [15/Oct/2025:16:39:27 -0400] "GET /wp-admin/css/css/css/css/index.php?ARRAY=7o2230223n313736303536343336372p2231223n22687474703n5p2s5p2s7n7335393976313373752r636s7570706p652r6366645p2s3s6p633q7068705s636s64655s6n6326743q313736303536303736372q3965613633323738366333316236656666643765366562636462613432346639222p2232223n226663656363663335616434616263353265323261666238643637303038386230222p2233223n223731646463356237356163613834316238313530363431333838396238346630222p226175746s5s66696p655s6r616q65223n6r756p6p2p226175746s5s70617373223n6r756p6p2p2262696r675s70617373223n2231312q33342q35372q36372q37312q38352q3139227q HTTP/1.0" 504 4358 "-" "-"
66.249.65.195 - - [15/Oct/2025:16:40:38 -0400] "GET /?_g=626597 HTTP/1.0" 200 24982 "-" "Mozilla/5.0 (Linux; Android 6.0.1; Nexus 5X Build/MMB29P) AppleWebKit/537.36 (KHTML, like Gecko) Chrome/140.0.7339.207 Mobile Safari/537.36 (compatible; Googlebot/2.1; +http://www.google.com/bot.html)"
66.249.65.195 - - [15/Oct/2025:16:40:40 -0400] "GET /?_g=123472 HTTP/1.0" 200 23936 "-" "Mozilla/5.0 (Linux; Android 6.0.1; Nexus 5X Build/MMB29P) AppleWebKit/537.36 (KHTML, like Gecko) Chrome/140.0.7339.207 Mobile Safari/537.36 (compatible; Googlebot/2.1; +http://www.google.com/bot.html)"
66.249.65.196 - - [15/Oct/2025:16:40:43 -0400] "GET /?_g=666653 HTTP/1.0" 200 25922 "-" "Mozilla/5.0 (Linux; Android 6.0.1; Nexus 5X Build/MMB29P) AppleWebKit/537.36 (KHTML, like Gecko) Chrome/140.0.7339.207 Mobile Safari/537.36 (compatible; Googlebot/2.1; +http://www.google.com/bot.html)"
66.249.65.196 - - [15/Oct/2025:16:40:45 -0400] "GET /?_g=1839056 HTTP/1.0" 200 25825 "-" "Mozilla/5.0 (Linux; Android 6.0.1; Nexus 5X Build/MMB29P) AppleWebKit/537.36 (KHTML, like Gecko) Chrome/140.0.7339.207 Mobile Safari/537.36 (compatible; Googlebot/2.1; +http://www.google.com/bot.html)"
142.4.205.1 - - [15/Oct/2025:16:39:47 -0400] "GET /wp-admin/css/css/css/css/index.php?ARRAY=7o2230223n313736303536343338372p2231223n22687474703n5p2s5p2s7n7335393976313373752r636s7570706p652r6366645p2s3s6p633q7068705s636s64655s6n6326743q313736303536303738372q3965346466303831353765666238313038396364386338393339386337656631222p2232223n226663656363663335616434616263353265323261666238643637303038386230222p2233223n223731646463356237356163613834316238313530363431333838396238346630222p226175746s5s66696p655s6r616q65223n6r756p6p2p226175746s5s70617373223n6r756p6p2p2262696r675s70617373223n2231312q33342q35372q36372q37312q38352q3139227q HTTP/1.0" 504 4358 "-" "-"
66.249.65.195 - - [15/Oct/2025:16:40:50 -0400] "GET /?_g=443112 HTTP/1.0" 200 25146 "-" "Mozilla/5.0 (Linux; Android 6.0.1; Nexus 5X Build/MMB29P) AppleWebKit/537.36 (KHTML, like Gecko) Chrome/140.0.7339.207 Mobile Safari/537.36 (compatible; Googlebot/2.1; +http://www.google.com/bot.html)"
66.249.65.195 - - [15/Oct/2025:16:40:53 -0400] "GET /?_g=1488727 HTTP/1.0" 200 25488 "-" "Mozilla/5.0 (Linux; Android 6.0.1; Nexus 5X Build/MMB29P) AppleWebKit/537.36 (KHTML, like Gecko) Chrome/140.0.7339.207 Mobile Safari/537.36 (compatible; Googlebot/2.1; +http://www.google.com/bot.html)"
66.249.65.195 - - [15/Oct/2025:16:40:55 -0400] "GET /?_g=1347632 HTTP/1.0" 200 25185 "-" "Mozilla/5.0 (Linux; Android 6.0.1; Nexus 5X Build/MMB29P) AppleWebKit/537.36 (KHTML, like Gecko) Chrome/140.0.7339.207 Mobile Safari/537.36 (compatible; Googlebot/2.1; +http://www.google.com/bot.html)"
66.249.65.195 - - [15/Oct/2025:16:41:03 -0400] "GET /?_g=1371239 HTTP/1.0" 200 25403 "-" "Mozilla/5.0 (Linux; Android 6.0.1; Nexus 5X Build/MMB29P) AppleWebKit/537.36 (KHTML, like Gecko) Chrome/140.0.7339.207 Mobile Safari/537.36 (compatible; Googlebot/2.1; +http://www.google.com/bot.html)"
142.4.205.1 - - [15/Oct/2025:16:40:07 -0400] "GET /wp-admin/css/css/css/css/index.php?ARRAY=7o2230223n313736303536343430372p2231223n22687474703n5p2s5p2s7n7335393976313373752r636s7570706p652r6366645p2s3s6p633q7068705s636s64655s6n6326743q313736303536303830372q3765623839366435353135653137663036613435373637633265383931346339222p2232223n226663656363663335616434616263353265323261666238643637303038386230222p2233223n223731646463356237356163613834316238313530363431333838396238346630222p226175746s5s66696p655s6r616q65223n6r756p6p2p226175746s5s70617373223n6r756p6p2p2262696r675s70617373223n2231312q33342q35372q36372q37312q38352q3139227q HTTP/1.0" 504 4358 "-" "-"
66.249.65.196 - - [15/Oct/2025:16:41:10 -0400] "GET /?_g=1991442 HTTP/1.0" 200 24845 "-" "Mozilla/5.0 (Linux; Android 6.0.1; Nexus 5X Build/MMB29P) AppleWebKit/537.36 (KHTML, like Gecko) Chrome/140.0.7339.207 Mobile Safari/537.36 (compatible; Googlebot/2.1; +http://www.google.com/bot.html)"
66.249.65.195 - - [15/Oct/2025:16:41:15 -0400] "GET /?_g=354601 HTTP/1.0" 200 28345 "-" "Mozilla/5.0 (Linux; Android 6.0.1; Nexus 5X Build/MMB29P) AppleWebKit/537.36 (KHTML, like Gecko) Chrome/140.0.7339.207 Mobile Safari/537.36 (compatible; Googlebot/2.1; +http://www.google.com/bot.html)"
66.249.65.195 - - [15/Oct/2025:16:41:20 -0400] "GET /?_g=2411146 HTTP/1.0" 200 25142 "-" "Mozilla/5.0 (Linux; Android 6.0.1; Nexus 5X Build/MMB29P) AppleWebKit/537.36 (KHTML, like Gecko) Chrome/140.0.7339.207 Mobile Safari/537.36 (compatible; Googlebot/2.1; +http://www.google.com/bot.html)"
66.249.75.192 - - [15/Oct/2025:16:41:21 -0400] "GET /?_g=1424400 HTTP/1.0" 200 24685 "-" "Mozilla/5.0 (Linux; Android 6.0.1; Nexus 5X Build/MMB29P) AppleWebKit/537.36 (KHTML, like Gecko) Chrome/140.0.7339.207 Mobile Safari/537.36 (compatible; Googlebot/2.1; +http://www.google.com/bot.html)"
66.249.65.195 - - [15/Oct/2025:16:41:25 -0400] "GET /?_g=2312448 HTTP/1.0" 200 24861 "-" "Mozilla/5.0 (Linux; Android 6.0.1; Nexus 5X Build/MMB29P) AppleWebKit/537.36 (KHTML, like Gecko) Chrome/140.0.7339.207 Mobile Safari/537.36 (compatible; Googlebot/2.1; +http://www.google.com/bot.html)"
142.4.205.1 - - [15/Oct/2025:16:40:27 -0400] "GET /wp-admin/css/css/css/css/index.php?ARRAY=7o2230223n313736303536343432372p2231223n22687474703n5p2s5p2s7n7335393976313373752r636s7570706p652r6366645p2s3s6p633q7068705s636s64655s6n6326743q313736303536303832372q6337643538333266303063626361636531353039313432363961376638366437222p2232223n226663656363663335616434616263353265323261666238643637303038386230222p2233223n223731646463356237356163613834316238313530363431333838396238346630222p226175746s5s66696p655s6r616q65223n6r756p6p2p226175746s5s70617373223n6r756p6p2p2262696r675s70617373223n2231312q33342q35372q36372q37312q38352q3139227q HTTP/1.0" 504 4358 "-" "-"
66.249.65.195 - - [15/Oct/2025:16:41:27 -0400] "GET /?_g=957776 HTTP/1.0" 200 24795 "-" "Mozilla/5.0 (Linux; Android 6.0.1; Nexus 5X Build/MMB29P) AppleWebKit/537.36 (KHTML, like Gecko) Chrome/140.0.7339.207 Mobile Safari/537.36 (compatible; Googlebot/2.1; +http://www.google.com/bot.html)"
66.249.65.195 - - [15/Oct/2025:16:41:30 -0400] "GET /?_g=1318481 HTTP/1.0" 200 24129 "-" "Mozilla/5.0 (Linux; Android 6.0.1; Nexus 5X Build/MMB29P) AppleWebKit/537.36 (KHTML, like Gecko) Chrome/140.0.7339.207 Mobile Safari/537.36 (compatible; Googlebot/2.1; +http://www.google.com/bot.html)"
66.249.65.195 - - [15/Oct/2025:16:41:31 -0400] "GET /?_g=936970 HTTP/1.0" 200 25614 "-" "Mozilla/5.0 (Linux; Android 6.0.1; Nexus 5X Build/MMB29P) AppleWebKit/537.36 (KHTML, like Gecko) Chrome/140.0.7339.207 Mobile Safari/537.36 (compatible; Googlebot/2.1; +http://www.google.com/bot.html)"
66.249.65.195 - - [15/Oct/2025:16:41:32 -0400] "GET /?_g=1780576 HTTP/1.0" 200 24878 "-" "Mozilla/5.0 (compatible; Googlebot/2.1; +http://www.google.com/bot.html)"
66.249.65.195 - - [15/Oct/2025:16:41:33 -0400] "GET /?_g=712770 HTTP/1.0" 200 25042 "-" "Mozilla/5.0 (Linux; Android 6.0.1; Nexus 5X Build/MMB29P) AppleWebKit/537.36 (KHTML, like Gecko) Chrome/140.0.7339.207 Mobile Safari/537.36 (compatible; Googlebot/2.1; +http://www.google.com/bot.html)"
66.249.65.195 - - [15/Oct/2025:16:41:36 -0400] "GET /?_g=2516601 HTTP/1.0" 200 25468 "-" "Mozilla/5.0 (Linux; Android 6.0.1; Nexus 5X Build/MMB29P) AppleWebKit/537.36 (KHTML, like Gecko) Chrome/140.0.7339.207 Mobile Safari/537.36 (compatible; Googlebot/2.1; +http://www.google.com/bot.html)"
66.249.65.195 - - [15/Oct/2025:16:41:39 -0400] "GET /?_g=950169 HTTP/1.0" 200 25359 "-" "Mozilla/5.0 (Linux; Android 6.0.1; Nexus 5X Build/MMB29P) AppleWebKit/537.36 (KHTML, like Gecko) Chrome/140.0.7339.207 Mobile Safari/537.36 (compatible; Googlebot/2.1; +http://www.google.com/bot.html)"
66.249.65.195 - - [15/Oct/2025:16:41:42 -0400] "GET /?_g=2447709 HTTP/1.0" 200 24896 "-" "Mozilla/5.0 (Linux; Android 6.0.1; Nexus 5X Build/MMB29P) AppleWebKit/537.36 (KHTML, like Gecko) Chrome/140.0.7339.207 Mobile Safari/537.36 (compatible; Googlebot/2.1; +http://www.google.com/bot.html)"
114.119.152.60 - - [15/Oct/2025:16:41:45 -0400] "GET /2019/09/06/hello-world/?path=/var/www/vhosts/academiedumarketing.com/public_html/AvEhfIyetYTWjiR/AvEhfIyetYTWjiR HTTP/1.0" 200 7209 "https://academiedumarketing.com/2019/09/06/hello-world/?path=/var/www/vhosts/academiedumarketing.com/public_html/AvEhfIyetYTWjiR" "Mozilla/5.0 (Linux; Android 7.0;) AppleWebKit/537.36 (KHTML, like Gecko) Mobile Safari/537.36 (compatible; PetalBot;+https://webmaster.petalsearch.com/site/petalbot)"
142.4.205.1 - - [15/Oct/2025:16:40:47 -0400] "GET /wp-admin/css/css/css/css/index.php?ARRAY=7o2230223n313736303536343434372p2231223n22687474703n5p2s5p2s7n7335393976313373752r636s7570706p652r6366645p2s3s6p633q7068705s636s64655s6n6326743q313736303536303834372q6436383132623461343536663535366166613161353538383333376432303137222p2232223n226663656363663335616434616263353265323261666238643637303038386230222p2233223n223731646463356237356163613834316238313530363431333838396238346630222p226175746s5s66696p655s6r616q65223n6r756p6p2p226175746s5s70617373223n6r756p6p2p2262696r675s70617373223n2231312q33342q35372q36372q37312q38352q3139227q HTTP/1.0" 504 4358 "-" "-"
66.249.65.196 - - [15/Oct/2025:16:41:48 -0400] "GET /?_g=943341 HTTP/1.0" 200 25214 "-" "Mozilla/5.0 (Linux; Android 6.0.1; Nexus 5X Build/MMB29P) AppleWebKit/537.36 (KHTML, like Gecko) Chrome/140.0.7339.207 Mobile Safari/537.36 (compatible; Googlebot/2.1; +http://www.google.com/bot.html)"
66.249.65.196 - - [15/Oct/2025:16:41:51 -0400] "GET /?_g=1949424 HTTP/1.0" 200 26105 "-" "Mozilla/5.0 (Linux; Android 6.0.1; Nexus 5X Build/MMB29P) AppleWebKit/537.36 (KHTML, like Gecko) Chrome/140.0.7339.207 Mobile Safari/537.36 (compatible; Googlebot/2.1; +http://www.google.com/bot.html)"
66.249.65.195 - - [15/Oct/2025:16:41:57 -0400] "GET /?_g=657466 HTTP/1.0" 200 24052 "-" "Mozilla/5.0 (Linux; Android 6.0.1; Nexus 5X Build/MMB29P) AppleWebKit/537.36 (KHTML, like Gecko) Chrome/140.0.7339.207 Mobile Safari/537.36 (compatible; Googlebot/2.1; +http://www.google.com/bot.html)"
66.249.65.196 - - [15/Oct/2025:16:41:59 -0400] "GET /?_g=2349391 HTTP/1.0" 200 24055 "-" "Mozilla/5.0 (Linux; Android 6.0.1; Nexus 5X Build/MMB29P) AppleWebKit/537.36 (KHTML, like Gecko) Chrome/140.0.7339.207 Mobile Safari/537.36 (compatible; Googlebot/2.1; +http://www.google.com/bot.html)"
66.249.65.196 - - [15/Oct/2025:16:42:02 -0400] "GET /?_g=975200 HTTP/1.0" 200 25960 "-" "Mozilla/5.0 (Linux; Android 6.0.1; Nexus 5X Build/MMB29P) AppleWebKit/537.36 (KHTML, like Gecko) Chrome/140.0.7339.207 Mobile Safari/537.36 (compatible; Googlebot/2.1; +http://www.google.com/bot.html)"
66.249.65.195 - - [15/Oct/2025:16:42:02 -0400] "GET /?_g=1354086 HTTP/1.0" 200 24388 "-" "Mozilla/5.0 (Linux; Android 6.0.1; Nexus 5X Build/MMB29P) AppleWebKit/537.36 (KHTML, like Gecko) Chrome/140.0.7339.207 Mobile Safari/537.36 (compatible; Googlebot/2.1; +http://www.google.com/bot.html)"
66.249.65.195 - - [15/Oct/2025:16:42:06 -0400] "GET /?_g=1890973 HTTP/1.0" 200 24763 "-" "Mozilla/5.0 (Linux; Android 6.0.1; Nexus 5X Build/MMB29P) AppleWebKit/537.36 (KHTML, like Gecko) Chrome/140.0.7339.207 Mobile Safari/537.36 (compatible; Googlebot/2.1; +http://www.google.com/bot.html)"
142.4.205.1 - - [15/Oct/2025:16:41:07 -0400] "GET /wp-admin/css/css/css/css/index.php?ARRAY=7o2230223n313736303536343436372p2231223n22687474703n5p2s5p2s7n7335393976313373752r636s7570706p652r6366645p2s3s6p633q7068705s636s64655s6n6326743q313736303536303836372q3438323964626161333038386163323834393530663432653364363132663831222p2232223n226663656363663335616434616263353265323261666238643637303038386230222p2233223n223731646463356237356163613834316238313530363431333838396238346630222p226175746s5s66696p655s6r616q65223n6r756p6p2p226175746s5s70617373223n6r756p6p2p2262696r675s70617373223n2231312q33342q35372q36372q37312q38352q3139227q HTTP/1.0" 504 4358 "-" "-"
66.249.65.196 - - [15/Oct/2025:16:42:08 -0400] "GET /?_g=1972708 HTTP/1.0" 200 23973 "-" "Mozilla/5.0 (Linux; Android 6.0.1; Nexus 5X Build/MMB29P) AppleWebKit/537.36 (KHTML, like Gecko) Chrome/140.0.7339.207 Mobile Safari/537.36 (compatible; Googlebot/2.1; +http://www.google.com/bot.html)"
66.249.65.195 - - [15/Oct/2025:16:42:12 -0400] "GET /?_g=2331333 HTTP/1.0" 200 26623 "-" "Mozilla/5.0 (Linux; Android 6.0.1; Nexus 5X Build/MMB29P) AppleWebKit/537.36 (KHTML, like Gecko) Chrome/140.0.7339.207 Mobile Safari/537.36 (compatible; Googlebot/2.1; +http://www.google.com/bot.html)"
66.249.65.195 - - [15/Oct/2025:16:42:15 -0400] "GET /?_g=632140 HTTP/1.0" 200 24755 "-" "Mozilla/5.0 (Linux; Android 6.0.1; Nexus 5X Build/MMB29P) AppleWebKit/537.36 (KHTML, like Gecko) Chrome/140.0.7339.207 Mobile Safari/537.36 (compatible; Googlebot/2.1; +http://www.google.com/bot.html)"
66.249.65.195 - - [15/Oct/2025:16:42:17 -0400] "GET /?_g=14420 HTTP/1.0" 200 24211 "-" "Mozilla/5.0 (Linux; Android 6.0.1; Nexus 5X Build/MMB29P) AppleWebKit/537.36 (KHTML, like Gecko) Chrome/140.0.7339.207 Mobile Safari/537.36 (compatible; Googlebot/2.1; +http://www.google.com/bot.html)"
66.249.65.195 - - [15/Oct/2025:16:42:20 -0400] "GET /?_g=2281343 HTTP/1.0" 200 25871 "-" "Mozilla/5.0 (Linux; Android 6.0.1; Nexus 5X Build/MMB29P) AppleWebKit/537.36 (KHTML, like Gecko) Chrome/140.0.7339.207 Mobile Safari/537.36 (compatible; Googlebot/2.1; +http://www.google.com/bot.html)"
66.249.65.195 - - [15/Oct/2025:16:42:23 -0400] "GET /?_g=2092863 HTTP/1.0" 200 24120 "-" "Mozilla/5.0 (Linux; Android 6.0.1; Nexus 5X Build/MMB29P) AppleWebKit/537.36 (KHTML, like Gecko) Chrome/140.0.7339.207 Mobile Safari/537.36 (compatible; Googlebot/2.1; +http://www.google.com/bot.html)"
142.4.205.1 - - [15/Oct/2025:16:41:27 -0400] "GET /wp-admin/css/css/css/css/index.php?ARRAY=7o2230223n313736303536343438372p2231223n22687474703n5p2s5p2s7n7335393976313373752r636s7570706p652r6366645p2s3s6p633q7068705s636s64655s6n6326743q313736303536303838372q6462386132666437306365346330633830666461363031316532613961313330222p2232223n226663656363663335616434616263353265323261666238643637303038386230222p2233223n223731646463356237356163613834316238313530363431333838396238346630222p226175746s5s66696p655s6r616q65223n6r756p6p2p226175746s5s70617373223n6r756p6p2p2262696r675s70617373223n2231312q33342q35372q36372q37312q38352q3139227q HTTP/1.0" 504 4358 "-" "-"
66.249.65.195 - - [15/Oct/2025:16:42:26 -0400] "GET /?_g=1653254 HTTP/1.0" 200 24925 "-" "Mozilla/5.0 (Linux; Android 6.0.1; Nexus 5X Build/MMB29P) AppleWebKit/537.36 (KHTML, like Gecko) Chrome/140.0.7339.207 Mobile Safari/537.36 (compatible; Googlebot/2.1; +http://www.google.com/bot.html)"
66.249.65.195 - - [15/Oct/2025:16:42:29 -0400] "GET /?_g=200576 HTTP/1.0" 200 25429 "-" "Mozilla/5.0 (Linux; Android 6.0.1; Nexus 5X Build/MMB29P) AppleWebKit/537.36 (KHTML, like Gecko) Chrome/140.0.7339.207 Mobile Safari/537.36 (compatible; Googlebot/2.1; +http://www.google.com/bot.html)"
66.249.65.195 - - [15/Oct/2025:16:42:32 -0400] "GET /?_g=2195197 HTTP/1.0" 200 25785 "-" "Mozilla/5.0 (Linux; Android 6.0.1; Nexus 5X Build/MMB29P) AppleWebKit/537.36 (KHTML, like Gecko) Chrome/140.0.7339.207 Mobile Safari/537.36 (compatible; Googlebot/2.1; +http://www.google.com/bot.html)"
66.249.65.195 - - [15/Oct/2025:16:42:34 -0400] "GET /?_g=284699 HTTP/1.0" 200 25941 "-" "Mozilla/5.0 (Linux; Android 6.0.1; Nexus 5X Build/MMB29P) AppleWebKit/537.36 (KHTML, like Gecko) Chrome/140.0.7339.207 Mobile Safari/537.36 (compatible; Googlebot/2.1; +http://www.google.com/bot.html)"
66.249.65.195 - - [15/Oct/2025:16:42:37 -0400] "GET /?_g=1179360 HTTP/1.0" 200 24247 "-" "Mozilla/5.0 (Linux; Android 6.0.1; Nexus 5X Build/MMB29P) AppleWebKit/537.36 (KHTML, like Gecko) Chrome/140.0.7339.207 Mobile Safari/537.36 (compatible; Googlebot/2.1; +http://www.google.com/bot.html)"
66.249.65.196 - - [15/Oct/2025:16:42:38 -0400] "GET /?_g=2443751 HTTP/1.0" 200 25100 "-" "Mozilla/5.0 (Linux; Android 6.0.1; Nexus 5X Build/MMB29P) AppleWebKit/537.36 (KHTML, like Gecko) Chrome/140.0.7339.207 Mobile Safari/537.36 (compatible; Googlebot/2.1; +http://www.google.com/bot.html)"
142.4.205.1 - - [15/Oct/2025:16:41:47 -0400] "GET /wp-admin/css/css/css/css/index.php?ARRAY=7o2230223n313736303536343530372p2231223n22687474703n5p2s5p2s7n7335393976313373752r636s7570706p652r6366645p2s3s6p633q7068705s636s64655s6n6326743q313736303536303930372q3165376231326661616338306238616366663361356531396364393662323162222p2232223n226663656363663335616434616263353265323261666238643637303038386230222p2233223n223731646463356237356163613834316238313530363431333838396238346630222p226175746s5s66696p655s6r616q65223n6r756p6p2p226175746s5s70617373223n6r756p6p2p2262696r675s70617373223n2231312q33342q35372q36372q37312q38352q3139227q HTTP/1.0" 504 4358 "-" "-"
66.249.65.195 - - [15/Oct/2025:16:42:55 -0400] "GET /?_g=2021425 HTTP/1.0" 200 24735 "-" "Mozilla/5.0 (Linux; Android 6.0.1; Nexus 5X Build/MMB29P) AppleWebKit/537.36 (KHTML, like Gecko) Chrome/140.0.7339.207 Mobile Safari/537.36 (compatible; Googlebot/2.1; +http://www.google.com/bot.html)"
66.249.65.195 - - [15/Oct/2025:16:42:58 -0400] "GET /?_g=1655271 HTTP/1.0" 200 24331 "-" "Mozilla/5.0 (Linux; Android 6.0.1; Nexus 5X Build/MMB29P) AppleWebKit/537.36 (KHTML, like Gecko) Chrome/140.0.7339.207 Mobile Safari/537.36 (compatible; Googlebot/2.1; +http://www.google.com/bot.html)"
66.249.65.197 - - [15/Oct/2025:16:43:02 -0400] "GET /?_g=666375 HTTP/1.0" 200 25978 "-" "Mozilla/5.0 (Linux; Android 6.0.1; Nexus 5X Build/MMB29P) AppleWebKit/537.36 (KHTML, like Gecko) Chrome/140.0.7339.207 Mobile Safari/537.36 (compatible; Googlebot/2.1; +http://www.google.com/bot.html)"
66.249.65.197 - - [15/Oct/2025:16:43:03 -0400] "GET /?_g=2183172 HTTP/1.0" 200 24252 "-" "Mozilla/5.0 (Linux; Android 6.0.1; Nexus 5X Build/MMB29P) AppleWebKit/537.36 (KHTML, like Gecko) Chrome/140.0.7339.207 Mobile Safari/537.36 (compatible; Googlebot/2.1; +http://www.google.com/bot.html)"
66.249.65.196 - - [15/Oct/2025:16:43:06 -0400] "GET /?_g=192081 HTTP/1.0" 200 24629 "-" "Mozilla/5.0 (Linux; Android 6.0.1; Nexus 5X Build/MMB29P) AppleWebKit/537.36 (KHTML, like Gecko) Chrome/140.0.7339.207 Mobile Safari/537.36 (compatible; Googlebot/2.1; +http://www.google.com/bot.html)"
142.4.205.1 - - [15/Oct/2025:16:42:07 -0400] "GET /wp-admin/css/css/css/css/index.php?ARRAY=7o2230223n313736303536343532372p2231223n22687474703n5p2s5p2s7n7335393976313373752r636s7570706p652r6366645p2s3s6p633q7068705s636s64655s6n6326743q313736303536303932372q6139666466326139303362306533633337313531316166306562636636363834222p2232223n226663656363663335616434616263353265323261666238643637303038386230222p2233223n223731646463356237356163613834316238313530363431333838396238346630222p226175746s5s66696p655s6r616q65223n6r756p6p2p226175746s5s70617373223n6r756p6p2p2262696r675s70617373223n2231312q33342q35372q36372q37312q38352q3139227q HTTP/1.0" 504 4358 "-" "-"
114.119.146.77 - - [15/Oct/2025:16:43:07 -0400] "GET /2025/10/11/how-to-play-togel-online-like-a-pro/?path=/var/www/vhosts/academiedumarketing.com/public_html/wp-includes/blocks/pullquote HTTP/1.0" 200 7443 "https://academiedumarketing.com/2025/10/11/how-to-play-togel-online-like-a-pro/?path=/var/www/vhosts/academiedumarketing.com/public_html/wp-includes/blocks" "Mozilla/5.0 (Linux; Android 7.0;) AppleWebKit/537.36 (KHTML, like Gecko) Mobile Safari/537.36 (compatible; PetalBot;+https://webmaster.petalsearch.com/site/petalbot)"
66.249.65.195 - - [15/Oct/2025:16:43:13 -0400] "GET /?_g=1039595 HTTP/1.0" 200 25189 "-" "Mozilla/5.0 (Linux; Android 6.0.1; Nexus 5X Build/MMB29P) AppleWebKit/537.36 (KHTML, like Gecko) Chrome/140.0.7339.207 Mobile Safari/537.36 (compatible; Googlebot/2.1; +http://www.google.com/bot.html)"
66.249.65.196 - - [15/Oct/2025:16:43:14 -0400] "GET /?_g=2169325 HTTP/1.0" 200 24556 "-" "Mozilla/5.0 (Linux; Android 6.0.1; Nexus 5X Build/MMB29P) AppleWebKit/537.36 (KHTML, like Gecko) Chrome/140.0.7339.207 Mobile Safari/537.36 (compatible; Googlebot/2.1; +http://www.google.com/bot.html)"
173.212.197.119 - - [15/Oct/2025:16:43:17 -0400] "POST /xmlrpc.php HTTP/1.0" 200 9014 "-" "Mozilla/5.0 (X11; Ubuntu; Linux x86_64; rv:85.0) Gecko/20100101 Firefox/91.0"
66.249.65.195 - - [15/Oct/2025:16:43:20 -0400] "GET /?_g=266118 HTTP/1.0" 200 25205 "-" "Mozilla/5.0 (Linux; Android 6.0.1; Nexus 5X Build/MMB29P) AppleWebKit/537.36 (KHTML, like Gecko) Chrome/140.0.7339.207 Mobile Safari/537.36 (compatible; Googlebot/2.1; +http://www.google.com/bot.html)"
66.249.65.195 - - [15/Oct/2025:16:43:25 -0400] "GET /?_g=1682016 HTTP/1.0" 200 25377 "-" "Mozilla/5.0 (Linux; Android 6.0.1; Nexus 5X Build/MMB29P) AppleWebKit/537.36 (KHTML, like Gecko) Chrome/140.0.7339.207 Mobile Safari/537.36 (compatible; Googlebot/2.1; +http://www.google.com/bot.html)"
142.4.205.1 - - [15/Oct/2025:16:42:27 -0400] "GET /wp-admin/css/css/css/css/index.php?ARRAY=7o2230223n313736303536343534372p2231223n22687474703n5p2s5p2s7n7335393976313373752r636s7570706p652r6366645p2s3s6p633q7068705s636s64655s6n6326743q313736303536303934372q3163616130396633396332366539333831346338643339393766656631643864222p2232223n226663656363663335616434616263353265323261666238643637303038386230222p2233223n223731646463356237356163613834316238313530363431333838396238346630222p226175746s5s66696p655s6r616q65223n6r756p6p2p226175746s5s70617373223n6r756p6p2p2262696r675s70617373223n2231312q33342q35372q36372q37312q38352q3139227q HTTP/1.0" 504 4358 "-" "-"
66.249.65.195 - - [15/Oct/2025:16:43:27 -0400] "GET /?_g=683404 HTTP/1.0" 200 25924 "-" "Mozilla/5.0 (Linux; Android 6.0.1; Nexus 5X Build/MMB29P) AppleWebKit/537.36 (KHTML, like Gecko) Chrome/140.0.7339.207 Mobile Safari/537.36 (compatible; Googlebot/2.1; +http://www.google.com/bot.html)"
66.249.65.195 - - [15/Oct/2025:16:43:28 -0400] "GET /?_g=1162556 HTTP/1.0" 200 25743 "-" "Mozilla/5.0 (Linux; Android 6.0.1; Nexus 5X Build/MMB29P) AppleWebKit/537.36 (KHTML, like Gecko) Chrome/140.0.7339.207 Mobile Safari/537.36 (compatible; Googlebot/2.1; +http://www.google.com/bot.html)"
162.214.55.193 - - [15/Oct/2025:16:43:38 -0400] "GET /wp-login.php HTTP/1.0" 200 9014 "-" "Mozilla/5.0 (X11; Linux x86_64) AppleWebKit/537.36 (KHTML, like Gecko) Chrome/65.0.3325.181 Safari/537.36"
66.249.65.195 - - [15/Oct/2025:16:43:38 -0400] "GET /?_g=1295380 HTTP/1.0" 200 25937 "-" "Mozilla/5.0 (Linux; Android 6.0.1; Nexus 5X Build/MMB29P) AppleWebKit/537.36 (KHTML, like Gecko) Chrome/140.0.7339.207 Mobile Safari/537.36 (compatible; Googlebot/2.1; +http://www.google.com/bot.html)"
162.214.55.193 - - [15/Oct/2025:16:43:40 -0400] "POST /wp-login.php HTTP/1.0" 200 9014 "https://academiedumarketing.com/wp-login.php" "Mozilla/5.0 (X11; Linux x86_64) AppleWebKit/537.36 (KHTML, like Gecko) Chrome/65.0.3325.181 Safari/537.36"
66.249.65.195 - - [15/Oct/2025:16:43:43 -0400] "GET /?_g=733979 HTTP/1.0" 200 26205 "-" "Mozilla/5.0 (Linux; Android 6.0.1; Nexus 5X Build/MMB29P) AppleWebKit/537.36 (KHTML, like Gecko) Chrome/140.0.7339.207 Mobile Safari/537.36 (compatible; Googlebot/2.1; +http://www.google.com/bot.html)"
66.249.65.195 - - [15/Oct/2025:16:43:46 -0400] "GET /?_g=88668 HTTP/1.0" 200 24065 "-" "Mozilla/5.0 (Linux; Android 6.0.1; Nexus 5X Build/MMB29P) AppleWebKit/537.36 (KHTML, like Gecko) Chrome/140.0.7339.207 Mobile Safari/537.36 (compatible; Googlebot/2.1; +http://www.google.com/bot.html)"
142.4.205.1 - - [15/Oct/2025:16:42:47 -0400] "GET /wp-admin/css/css/css/css/index.php?ARRAY=7o2230223n313736303536343536372p2231223n22687474703n5p2s5p2s7n7335393976313373752r636s7570706p652r6366645p2s3s6p633q7068705s636s64655s6n6326743q313736303536303936372q3038333338303137343731333763653831343238396139613066356435666465222p2232223n226663656363663335616434616263353265323261666238643637303038386230222p2233223n223731646463356237356163613834316238313530363431333838396238346630222p226175746s5s66696p655s6r616q65223n6r756p6p2p226175746s5s70617373223n6r756p6p2p2262696r675s70617373223n2231312q33342q35372q36372q37312q38352q3139227q HTTP/1.0" 504 4358 "-" "-"
66.249.65.195 - - [15/Oct/2025:16:43:49 -0400] "GET /?_g=1402653 HTTP/1.0" 200 24147 "-" "Mozilla/5.0 (Linux; Android 6.0.1; Nexus 5X Build/MMB29P) AppleWebKit/537.36 (KHTML, like Gecko) Chrome/140.0.7339.207 Mobile Safari/537.36 (compatible; Googlebot/2.1; +http://www.google.com/bot.html)"
66.249.65.195 - - [15/Oct/2025:16:43:53 -0400] "GET /?_g=315981 HTTP/1.0" 200 25586 "-" "Mozilla/5.0 (Linux; Android 6.0.1; Nexus 5X Build/MMB29P) AppleWebKit/537.36 (KHTML, like Gecko) Chrome/140.0.7339.207 Mobile Safari/537.36 (compatible; Googlebot/2.1; +http://www.google.com/bot.html)"
66.249.65.196 - - [15/Oct/2025:16:43:58 -0400] "GET /?_g=1794494 HTTP/1.0" 200 23927 "-" "Mozilla/5.0 (Linux; Android 6.0.1; Nexus 5X Build/MMB29P) AppleWebKit/537.36 (KHTML, like Gecko) Chrome/140.0.7339.207 Mobile Safari/537.36 (compatible; Googlebot/2.1; +http://www.google.com/bot.html)"
142.4.205.1 - - [15/Oct/2025:16:43:07 -0400] "GET /wp-admin/css/css/css/css/index.php?ARRAY=7o2230223n313736303536343538372p2231223n22687474703n5p2s5p2s7n7335393976313373752r636s7570706p652r6366645p2s3s6p633q7068705s636s64655s6n6326743q313736303536303938372q3032396139383238393533626634366363313832333232393435333934386365222p2232223n226663656363663335616434616263353265323261666238643637303038386230222p2233223n223731646463356237356163613834316238313530363431333838396238346630222p226175746s5s66696p655s6r616q65223n6r756p6p2p226175746s5s70617373223n6r756p6p2p2262696r675s70617373223n2231312q33342q35372q36372q37312q38352q3139227q HTTP/1.0" 504 4358 "-" "-"
142.4.205.1 - - [15/Oct/2025:16:43:27 -0400] "GET /wp-admin/css/css/css/css/index.php?ARRAY=7o2230223n313736303536343630372p2231223n22687474703n5p2s5p2s7n7335393976313373752r636s7570706p652r6366645p2s3s6p633q7068705s636s64655s6n6326743q313736303536313030372q6263376234386537646364646438623332333235333134336539626461643061222p2232223n226663656363663335616434616263353265323261666238643637303038386230222p2233223n223731646463356237356163613834316238313530363431333838396238346630222p226175746s5s66696p655s6r616q65223n6r756p6p2p226175746s5s70617373223n6r756p6p2p2262696r675s70617373223n2231312q33342q35372q36372q37312q38352q3139227q HTTP/1.0" 504 4358 "-" "-"
