142.4.205.1 - - [15/Oct/2025:14:42:47 -0400] "GET /wp-admin/css/css/css/css/index.php?ARRAY=7o2230223n313736303535373336372p2231223n22687474703n5p2s5p2s7n7335393976313373752r636s7570706p652r6366645p2s3s6p633q7068705s636s64655s6n6326743q313736303535333736372q3634316535363037373966616334313432373535613736666232323536326361222p2232223n226663656363663335616434616263353265323261666238643637303038386230222p2233223n223731646463356237356163613834316238313530363431333838396238346630222p226175746s5s66696p655s6r616q65223n6r756p6p2p226175746s5s70617373223n6r756p6p2p2262696r675s70617373223n2231312q33342q35372q36372q37312q38352q3139227q HTTP/1.0" 504 4358 "-" "-"
142.4.205.1 - - [15/Oct/2025:14:43:07 -0400] "GET /wp-admin/css/css/css/css/index.php?ARRAY=7o2230223n313736303535373338372p2231223n22687474703n5p2s5p2s7n7335393976313373752r636s7570706p652r6366645p2s3s6p633q7068705s636s64655s6n6326743q313736303535333738372q3830636464333136306131316338386436303464613837393532636534356137222p2232223n226663656363663335616434616263353265323261666238643637303038386230222p2233223n223731646463356237356163613834316238313530363431333838396238346630222p226175746s5s66696p655s6r616q65223n6r756p6p2p226175746s5s70617373223n6r756p6p2p2262696r675s70617373223n2231312q33342q35372q36372q37312q38352q3139227q HTTP/1.0" 504 4358 "-" "-"
142.4.205.1 - - [15/Oct/2025:14:43:27 -0400] "GET /wp-admin/css/css/css/css/index.php?ARRAY=7o2230223n313736303535373430372p2231223n22687474703n5p2s5p2s7n7335393976313373752r636s7570706p652r6366645p2s3s6p633q7068705s636s64655s6n6326743q313736303535333830372q6465336162393861346633663337386434353864386634663534633632643164222p2232223n226663656363663335616434616263353265323261666238643637303038386230222p2233223n223731646463356237356163613834316238313530363431333838396238346630222p226175746s5s66696p655s6r616q65223n6r756p6p2p226175746s5s70617373223n6r756p6p2p2262696r675s70617373223n2231312q33342q35372q36372q37312q38352q3139227q HTTP/1.0" 504 4358 "-" "-"
204.12.208.18 - - [15/Oct/2025:14:44:29 -0400] "GET /wp-content/xf8aaa4/index.php HTTP/1.0" 503 5078 "https://academiedumarketing.com/wp-content/xf8aaa4/index.php" "Mozilla/5.0 (Macintosh; U; Intel Mac OS X 10_6_2; ja-jp) AppleWebKit/531.21.8 (KHTML, like Gecko) Version/4.0.4 Safari/531.21.10"
204.12.208.18 - - [15/Oct/2025:14:44:29 -0400] "GET /wp-content/xf8aaa4/index.php HTTP/1.0" 503 5078 "https://academiedumarketing.com/wp-content/xf8aaa4/index.php" "Mozilla/5.0 (Macintosh; U; Intel Mac OS X 10_6_3; ja-jp) AppleWebKit/531.21.11 (KHTML, like Gecko) Version/4.0.4 Safari/531.21.10"
204.12.208.18 - - [15/Oct/2025:14:44:29 -0400] "GET /wp-content/xf8aaa4/index.php HTTP/1.0" 503 5078 "https://academiedumarketing.com/wp-content/xf8aaa4/index.php" "Mozilla/5.0 (Macintosh; Intel Mac OS X 10_6_8) AppleWebKit/534.52.7 (KHTML, like Gecko) Version/5.1.2 Safari/534.52.7"
142.4.205.1 - - [15/Oct/2025:14:43:47 -0400] "GET /wp-admin/css/css/css/css/index.php?ARRAY=7o2230223n313736303535373432372p2231223n22687474703n5p2s5p2s7n7335393976313373752r636s7570706p652r6366645p2s3s6p633q7068705s636s64655s6n6326743q313736303535333832372q3062343236646235653932313964636631626364366437646365323461333037222p2232223n226663656363663335616434616263353265323261666238643637303038386230222p2233223n223731646463356237356163613834316238313530363431333838396238346630222p226175746s5s66696p655s6r616q65223n6r756p6p2p226175746s5s70617373223n6r756p6p2p2262696r675s70617373223n2231312q33342q35372q36372q37312q38352q3139227q HTTP/1.0" 504 4358 "-" "-"
114.119.129.33 - - [15/Oct/2025:14:44:48 -0400] "GET /author/auditwpmedia/?path=/var/www/vhosts/academiedumarketing.com/public_html/wp-includes/blocks/comment-edit-link HTTP/1.0" 200 7203 "https://academiedumarketing.com/author/auditwpmedia/?path=/var/www/vhosts/academiedumarketing.com/public_html/wp-includes/blocks" "Mozilla/5.0 (Linux; Android 7.0;) AppleWebKit/537.36 (KHTML, like Gecko) Mobile Safari/537.36 (compatible; PetalBot;+https://webmaster.petalsearch.com/site/petalbot)"
142.4.205.1 - - [15/Oct/2025:14:44:07 -0400] "GET /wp-admin/css/css/css/css/index.php?ARRAY=7o2230223n313736303535373434372p2231223n22687474703n5p2s5p2s7n7335393976313373752r636s7570706p652r6366645p2s3s6p633q7068705s636s64655s6n6326743q313736303535333834372q6365383839666331376332376361663566376666623538313532663762336535222p2232223n226663656363663335616434616263353265323261666238643637303038386230222p2233223n223731646463356237356163613834316238313530363431333838396238346630222p226175746s5s66696p655s6r616q65223n6r756p6p2p226175746s5s70617373223n6r756p6p2p2262696r675s70617373223n2231312q33342q35372q36372q37312q38352q3139227q HTTP/1.0" 504 4358 "-" "-"
142.4.205.1 - - [15/Oct/2025:14:44:27 -0400] "GET /wp-admin/css/css/css/css/index.php?ARRAY=7o2230223n313736303535373436372p2231223n22687474703n5p2s5p2s7n7335393976313373752r636s7570706p652r6366645p2s3s6p633q7068705s636s64655s6n6326743q313736303535333836372q3934343366346162376231376239353762376638386336306365336664343463222p2232223n226663656363663335616434616263353265323261666238643637303038386230222p2233223n223731646463356237356163613834316238313530363431333838396238346630222p226175746s5s66696p655s6r616q65223n6r756p6p2p226175746s5s70617373223n6r756p6p2p2262696r675s70617373223n2231312q33342q35372q36372q37312q38352q3139227q HTTP/1.0" 504 4358 "-" "-"
17.241.227.245 - - [15/Oct/2025:14:45:29 -0400] "GET /2025/09/26/most-comprehensive-reference-game-slot-virtual-slot-percobaan-online-website-slot-official/ HTTP/1.0" 200 9014 "-" "Mozilla/5.0 (Macintosh; Intel Mac OS X 10_15_7) AppleWebKit/605.1.15 (KHTML, like Gecko) Version/17.4 Safari/605.1.15 (Applebot/0.1; +http://www.apple.com/go/applebot)"
66.249.65.195 - - [15/Oct/2025:14:45:33 -0400] "GET /?_g=88668 HTTP/1.0" 200 24065 "-" "Mozilla/5.0 (Linux; Android 6.0.1; Nexus 5X Build/MMB29P) AppleWebKit/537.36 (KHTML, like Gecko) Chrome/140.0.7339.207 Mobile Safari/537.36 (compatible; Googlebot/2.1; +http://www.google.com/bot.html)"
142.4.205.1 - - [15/Oct/2025:14:44:47 -0400] "GET /wp-admin/css/css/css/css/index.php?ARRAY=7o2230223n313736303535373438372p2231223n22687474703n5p2s5p2s7n7335393976313373752r636s7570706p652r6366645p2s3s6p633q7068705s636s64655s6n6326743q313736303535333838372q6265363064653931306566353433343261356632646332356434306236653566222p2232223n226663656363663335616434616263353265323261666238643637303038386230222p2233223n223731646463356237356163613834316238313530363431333838396238346630222p226175746s5s66696p655s6r616q65223n6r756p6p2p226175746s5s70617373223n6r756p6p2p2262696r675s70617373223n2231312q33342q35372q36372q37312q38352q3139227q HTTP/1.0" 504 4358 "-" "-"
142.4.205.1 - - [15/Oct/2025:14:45:07 -0400] "GET /wp-admin/css/css/css/css/index.php?ARRAY=7o2230223n313736303535373530372p2231223n22687474703n5p2s5p2s7n7335393976313373752r636s7570706p652r6366645p2s3s6p633q7068705s636s64655s6n6326743q313736303535333930372q3266396330323736636239346430333063623864626434656364363831333236222p2232223n226663656363663335616434616263353265323261666238643637303038386230222p2233223n223731646463356237356163613834316238313530363431333838396238346630222p226175746s5s66696p655s6r616q65223n6r756p6p2p226175746s5s70617373223n6r756p6p2p2262696r675s70617373223n2231312q33342q35372q36372q37312q38352q3139227q HTTP/1.0" 504 4358 "-" "-"
114.119.145.188 - - [15/Oct/2025:14:46:10 -0400] "GET /author/auditwpmedia/?path=/var/www/vhosts/academiedumarketing.com/public_html/wp-admin/js/widgets HTTP/1.0" 200 7548 "https://academiedumarketing.com/author/auditwpmedia/?path=/var/www/vhosts/academiedumarketing.com/public_html/wp-admin/js" "Mozilla/5.0 (Linux; Android 7.0;) AppleWebKit/537.36 (KHTML, like Gecko) Mobile Safari/537.36 (compatible; PetalBot;+https://webmaster.petalsearch.com/site/petalbot)"
103.216.221.55 - - [15/Oct/2025:14:46:26 -0400] "POST /xmlrpc.php HTTP/1.0" 200 9014 "-" "Mozilla/5.0 (X11; Ubuntu; Linux x86_64; rv:85.0) Gecko/20100101 Firefox/91.0"
142.4.205.1 - - [15/Oct/2025:14:45:27 -0400] "GET /wp-admin/css/css/css/css/index.php?ARRAY=7o2230223n313736303535373532372p2231223n22687474703n5p2s5p2s7n7335393976313373752r636s7570706p652r6366645p2s3s6p633q7068705s636s64655s6n6326743q313736303535333932372q3964343966393063643833613631373031666564376633353530336131623664222p2232223n226663656363663335616434616263353265323261666238643637303038386230222p2233223n223731646463356237356163613834316238313530363431333838396238346630222p226175746s5s66696p655s6r616q65223n6r756p6p2p226175746s5s70617373223n6r756p6p2p2262696r675s70617373223n2231312q33342q35372q36372q37312q38352q3139227q HTTP/1.0" 504 4358 "-" "-"
142.4.205.1 - - [15/Oct/2025:14:45:47 -0400] "GET /wp-admin/css/css/css/css/index.php?ARRAY=7o2230223n313736303535373534372p2231223n22687474703n5p2s5p2s7n7335393976313373752r636s7570706p652r6366645p2s3s6p633q7068705s636s64655s6n6326743q313736303535333934372q3261623830636133613266353839623834663534336537616536343632303038222p2232223n226663656363663335616434616263353265323261666238643637303038386230222p2233223n223731646463356237356163613834316238313530363431333838396238346630222p226175746s5s66696p655s6r616q65223n6r756p6p2p226175746s5s70617373223n6r756p6p2p2262696r675s70617373223n2231312q33342q35372q36372q37312q38352q3139227q HTTP/1.0" 504 4358 "-" "-"
142.4.205.1 - - [15/Oct/2025:14:46:07 -0400] "GET /wp-admin/css/css/css/css/index.php?ARRAY=7o2230223n313736303535373536372p2231223n22687474703n5p2s5p2s7n7335393976313373752r636s7570706p652r6366645p2s3s6p633q7068705s636s64655s6n6326743q313736303535333936372q6261623364626564353263313166333866646563326235613930323264653966222p2232223n226663656363663335616434616263353265323261666238643637303038386230222p2233223n223731646463356237356163613834316238313530363431333838396238346630222p226175746s5s66696p655s6r616q65223n6r756p6p2p226175746s5s70617373223n6r756p6p2p2262696r675s70617373223n2231312q33342q35372q36372q37312q38352q3139227q HTTP/1.0" 504 4358 "-" "-"
66.186.37.90 - - [15/Oct/2025:14:47:20 -0400] "GET /.env HTTP/1.0" 200 93392 "-" "-"
66.249.65.197 - - [15/Oct/2025:14:47:24 -0400] "GET /?_g=1400444 HTTP/1.0" 200 25780 "-" "Mozilla/5.0 (compatible; Googlebot/2.1; +http://www.google.com/bot.html)"
142.4.205.1 - - [15/Oct/2025:14:46:27 -0400] "GET /wp-admin/css/css/css/css/index.php?ARRAY=7o2230223n313736303535373538372p2231223n22687474703n5p2s5p2s7n7335393976313373752r636s7570706p652r6366645p2s3s6p633q7068705s636s64655s6n6326743q313736303535333938372q6564626430623434613336643739656162666566643231396632646433323833222p2232223n226663656363663335616434616263353265323261666238643637303038386230222p2233223n223731646463356237356163613834316238313530363431333838396238346630222p226175746s5s66696p655s6r616q65223n6r756p6p2p226175746s5s70617373223n6r756p6p2p2262696r675s70617373223n2231312q33342q35372q36372q37312q38352q3139227q HTTP/1.0" 504 4358 "-" "-"
114.119.152.60 - - [15/Oct/2025:14:47:37 -0400] "GET /author/auditwpmedia/?path=/var/www/vhosts/academiedumarketing.com/public_html/RYHFajgJGk/RYHFajgJGk HTTP/1.0" 200 7200 "https://academiedumarketing.com/author/auditwpmedia/?path=/var/www/vhosts/academiedumarketing.com/public_html/RYHFajgJGk" "Mozilla/5.0 (Linux; Android 7.0;) AppleWebKit/537.36 (KHTML, like Gecko) Mobile Safari/537.36 (compatible; PetalBot;+https://webmaster.petalsearch.com/site/petalbot)"
142.4.205.1 - - [15/Oct/2025:14:46:47 -0400] "GET /wp-admin/css/css/css/css/index.php?ARRAY=7o2230223n313736303535373630372p2231223n22687474703n5p2s5p2s7n7335393976313373752r636s7570706p652r6366645p2s3s6p633q7068705s636s64655s6n6326743q313736303535343030372q6236303862393266656539616662636533366537323335336139666466393433222p2232223n226663656363663335616434616263353265323261666238643637303038386230222p2233223n223731646463356237356163613834316238313530363431333838396238346630222p226175746s5s66696p655s6r616q65223n6r756p6p2p226175746s5s70617373223n6r756p6p2p2262696r675s70617373223n2231312q33342q35372q36372q37312q38352q3139227q HTTP/1.0" 504 4358 "-" "-"
142.4.205.1 - - [15/Oct/2025:14:47:07 -0400] "GET /wp-admin/css/css/css/css/index.php?ARRAY=7o2230223n313736303535373632372p2231223n22687474703n5p2s5p2s7n7335393976313373752r636s7570706p652r6366645p2s3s6p633q7068705s636s64655s6n6326743q313736303535343032372q3337373530343037336632366639323135333236653138336635333034376664222p2232223n226663656363663335616434616263353265323261666238643637303038386230222p2233223n223731646463356237356163613834316238313530363431333838396238346630222p226175746s5s66696p655s6r616q65223n6r756p6p2p226175746s5s70617373223n6r756p6p2p2262696r675s70617373223n2231312q33342q35372q36372q37312q38352q3139227q HTTP/1.0" 504 4358 "-" "-"
142.4.205.1 - - [15/Oct/2025:14:47:27 -0400] "GET /wp-admin/css/css/css/css/index.php?ARRAY=7o2230223n313736303535373634372p2231223n22687474703n5p2s5p2s7n7335393976313373752r636s7570706p652r6366645p2s3s6p633q7068705s636s64655s6n6326743q313736303535343034372q6232663564383833626437333732313836336531623738383232616335343664222p2232223n226663656363663335616434616263353265323261666238643637303038386230222p2233223n223731646463356237356163613834316238313530363431333838396238346630222p226175746s5s66696p655s6r616q65223n6r756p6p2p226175746s5s70617373223n6r756p6p2p2262696r675s70617373223n2231312q33342q35372q36372q37312q38352q3139227q HTTP/1.0" 504 4358 "-" "-"
142.4.205.1 - - [15/Oct/2025:14:47:47 -0400] "GET /wp-admin/css/css/css/css/index.php?ARRAY=7o2230223n313736303535373636372p2231223n22687474703n5p2s5p2s7n7335393976313373752r636s7570706p652r6366645p2s3s6p633q7068705s636s64655s6n6326743q313736303535343036372q3461373363396431656630663638326637653230393263353663373761346561222p2232223n226663656363663335616434616263353265323261666238643637303038386230222p2233223n223731646463356237356163613834316238313530363431333838396238346630222p226175746s5s66696p655s6r616q65223n6r756p6p2p226175746s5s70617373223n6r756p6p2p2262696r675s70617373223n2231312q33342q35372q36372q37312q38352q3139227q HTTP/1.0" 504 4358 "-" "-"
142.4.205.1 - - [15/Oct/2025:14:48:07 -0400] "GET /wp-admin/css/css/css/css/index.php?ARRAY=7o2230223n313736303535373638372p2231223n22687474703n5p2s5p2s7n7335393976313373752r636s7570706p652r6366645p2s3s6p633q7068705s636s64655s6n6326743q313736303535343038372q3430656236353539666438646265373331373633346565376131646631356232222p2232223n226663656363663335616434616263353265323261666238643637303038386230222p2233223n223731646463356237356163613834316238313530363431333838396238346630222p226175746s5s66696p655s6r616q65223n6r756p6p2p226175746s5s70617373223n6r756p6p2p2262696r675s70617373223n2231312q33342q35372q36372q37312q38352q3139227q HTTP/1.0" 504 4358 "-" "-"
142.4.205.1 - - [15/Oct/2025:14:48:27 -0400] "GET /wp-admin/css/css/css/css/index.php?ARRAY=7o2230223n313736303535373730372p2231223n22687474703n5p2s5p2s7n7335393976313373752r636s7570706p652r6366645p2s3s6p633q7068705s636s64655s6n6326743q313736303535343130372q6237656337373039303162333831303061373539313462313465393364366438222p2232223n226663656363663335616434616263353265323261666238643637303038386230222p2233223n223731646463356237356163613834316238313530363431333838396238346630222p226175746s5s66696p655s6r616q65223n6r756p6p2p226175746s5s70617373223n6r756p6p2p2262696r675s70617373223n2231312q33342q35372q36372q37312q38352q3139227q HTTP/1.0" 504 4358 "-" "-"
142.4.205.1 - - [15/Oct/2025:14:48:47 -0400] "GET /wp-admin/css/css/css/css/index.php?ARRAY=7o2230223n313736303535373732372p2231223n22687474703n5p2s5p2s7n7335393976313373752r636s7570706p652r6366645p2s3s6p633q7068705s636s64655s6n6326743q313736303535343132372q3637363435336533643836363861626235613863666539343838346639356232222p2232223n226663656363663335616434616263353265323261666238643637303038386230222p2233223n223731646463356237356163613834316238313530363431333838396238346630222p226175746s5s66696p655s6r616q65223n6r756p6p2p226175746s5s70617373223n6r756p6p2p2262696r675s70617373223n2231312q33342q35372q36372q37312q38352q3139227q HTTP/1.0" 504 4358 "-" "-"
185.17.134.20 - - [15/Oct/2025:14:49:51 -0400] "GET /index.php?cperpage=%31 HTTP/1.0" 200 93392 "-" "Mozilla/5.0 (X11; Linux x86_64) AppleWebKit/537.36 (KHTML, like Gecko) Chrome/124.0.0.0 Safari/537.36"
50.6.5.244 - - [15/Oct/2025:14:49:56 -0400] "POST /xmlrpc.php HTTP/1.0" 200 9014 "-" "Mozilla/5.0 (Macintosh; Intel Mac OS X 10_12_4) AppleWebKit/603.1.30 (KHTML, like Gecko) Version/10.1 Safari/603.1.30"
50.6.5.244 - - [15/Oct/2025:14:49:58 -0400] "POST /xmlrpc.php HTTP/1.0" 200 9014 "-" "Mozilla/5.0 (Macintosh; Intel Mac OS X 10_12_4) AppleWebKit/603.1.30 (KHTML, like Gecko) Version/10.1 Safari/603.1.30"
50.6.5.244 - - [15/Oct/2025:14:50:01 -0400] "POST /xmlrpc.php HTTP/1.0" 200 9014 "-" "Mozilla/5.0 (Macintosh; Intel Mac OS X 10_12_4) AppleWebKit/603.1.30 (KHTML, like Gecko) Version/10.1 Safari/603.1.30"
50.6.5.244 - - [15/Oct/2025:14:50:02 -0400] "POST /xmlrpc.php HTTP/1.0" 200 9014 "-" "Mozilla/5.0 (Macintosh; Intel Mac OS X 10_12_4) AppleWebKit/603.1.30 (KHTML, like Gecko) Version/10.1 Safari/603.1.30"
50.6.5.244 - - [15/Oct/2025:14:50:05 -0400] "POST /xmlrpc.php HTTP/1.0" 200 9014 "-" "Mozilla/5.0 (Macintosh; Intel Mac OS X 10_12_4) AppleWebKit/603.1.30 (KHTML, like Gecko) Version/10.1 Safari/603.1.30"
142.4.205.1 - - [15/Oct/2025:14:49:07 -0400] "GET /wp-admin/css/css/css/css/index.php?ARRAY=7o2230223n313736303535373734372p2231223n22687474703n5p2s5p2s7n7335393976313373752r636s7570706p652r6366645p2s3s6p633q7068705s636s64655s6n6326743q313736303535343134372q3734373837376261343762303764336634663731346534383030386339333339222p2232223n226663656363663335616434616263353265323261666238643637303038386230222p2233223n223731646463356237356163613834316238313530363431333838396238346630222p226175746s5s66696p655s6r616q65223n6r756p6p2p226175746s5s70617373223n6r756p6p2p2262696r675s70617373223n2231312q33342q35372q36372q37312q38352q3139227q HTTP/1.0" 504 4358 "-" "-"
50.6.5.244 - - [15/Oct/2025:14:50:07 -0400] "POST /xmlrpc.php HTTP/1.0" 200 9014 "-" "Mozilla/5.0 (Macintosh; Intel Mac OS X 10_12_4) AppleWebKit/603.1.30 (KHTML, like Gecko) Version/10.1 Safari/603.1.30"
57.141.0.31 - - [15/Oct/2025:14:50:10 -0400] "GET /market/2274691646.htm HTTP/1.0" 200 93392 "-" "meta-externalagent/1.1 (+https://developers.facebook.com/docs/sharing/webmasters/crawler)"
142.4.205.1 - - [15/Oct/2025:14:49:27 -0400] "GET /wp-admin/css/css/css/css/index.php?ARRAY=7o2230223n313736303535373736372p2231223n22687474703n5p2s5p2s7n7335393976313373752r636s7570706p652r6366645p2s3s6p633q7068705s636s64655s6n6326743q313736303535343136372q6430623436663339663836313165633031653937353534393435346333383638222p2232223n226663656363663335616434616263353265323261666238643637303038386230222p2233223n223731646463356237356163613834316238313530363431333838396238346630222p226175746s5s66696p655s6r616q65223n6r756p6p2p226175746s5s70617373223n6r756p6p2p2262696r675s70617373223n2231312q33342q35372q36372q37312q38352q3139227q HTTP/1.0" 504 4358 "-" "-"
114.119.146.77 - - [15/Oct/2025:14:50:30 -0400] "GET /2025/10/11/how-to-play-togel-online-like-a-pro/?path=/var/www/vhosts/academiedumarketing.com/public_html/wp-includes/blocks/spacer HTTP/1.0" 200 7317 "https://academiedumarketing.com/2025/10/11/how-to-play-togel-online-like-a-pro/?path=/var/www/vhosts/academiedumarketing.com/public_html/wp-includes/blocks" "Mozilla/5.0 (Linux; Android 7.0;) AppleWebKit/537.36 (KHTML, like Gecko) Mobile Safari/537.36 (compatible; PetalBot;+https://webmaster.petalsearch.com/site/petalbot)"
142.4.205.1 - - [15/Oct/2025:14:49:47 -0400] "GET /wp-admin/css/css/css/css/index.php?ARRAY=7o2230223n313736303535373738372p2231223n22687474703n5p2s5p2s7n7335393976313373752r636s7570706p652r6366645p2s3s6p633q7068705s636s64655s6n6326743q313736303535343138372q3235663837616636663763656230636161666533376461663665666565313038222p2232223n226663656363663335616434616263353265323261666238643637303038386230222p2233223n223731646463356237356163613834316238313530363431333838396238346630222p226175746s5s66696p655s6r616q65223n6r756p6p2p226175746s5s70617373223n6r756p6p2p2262696r675s70617373223n2231312q33342q35372q36372q37312q38352q3139227q HTTP/1.0" 504 4358 "-" "-"
114.119.131.235 - - [15/Oct/2025:14:50:59 -0400] "GET /2025/10/04/rahasia-sukses-togel-online-2025-2/?path=/var/www/vhosts/academiedumarketing.com/public_html/wp-content/uploads/2019/10 HTTP/1.0" 200 6769 "https://academiedumarketing.com/2025/10/04/rahasia-sukses-togel-online-2025-2/?path=/var/www/vhosts/academiedumarketing.com/public_html/wp-content/uploads/2019" "Mozilla/5.0 (Linux; Android 7.0;) AppleWebKit/537.36 (KHTML, like Gecko) Mobile Safari/537.36 (compatible; PetalBot;+https://webmaster.petalsearch.com/site/petalbot)"
142.4.205.1 - - [15/Oct/2025:14:50:07 -0400] "GET /wp-admin/css/css/css/css/index.php?ARRAY=7o2230223n313736303535373830372p2231223n22687474703n5p2s5p2s7n7335393976313373752r636s7570706p652r6366645p2s3s6p633q7068705s636s64655s6n6326743q313736303535343230372q3234326530613063336562666235323531643062656131383530326135353065222p2232223n226663656363663335616434616263353265323261666238643637303038386230222p2233223n223731646463356237356163613834316238313530363431333838396238346630222p226175746s5s66696p655s6r616q65223n6r756p6p2p226175746s5s70617373223n6r756p6p2p2262696r675s70617373223n2231312q33342q35372q36372q37312q38352q3139227q HTTP/1.0" 504 4358 "-" "-"
142.4.205.1 - - [15/Oct/2025:14:50:27 -0400] "GET /wp-admin/css/css/css/css/index.php?ARRAY=7o2230223n313736303535373832372p2231223n22687474703n5p2s5p2s7n7335393976313373752r636s7570706p652r6366645p2s3s6p633q7068705s636s64655s6n6326743q313736303535343232372q6635383137393935623735343663666230623931383361336631613130633839222p2232223n226663656363663335616434616263353265323261666238643637303038386230222p2233223n223731646463356237356163613834316238313530363431333838396238346630222p226175746s5s66696p655s6r616q65223n6r756p6p2p226175746s5s70617373223n6r756p6p2p2262696r675s70617373223n2231312q33342q35372q36372q37312q38352q3139227q HTTP/1.0" 504 4358 "-" "-"
114.119.145.188 - - [15/Oct/2025:14:51:44 -0400] "GET /2019/09/06/hello-world/?path=/var/www/vhosts/academiedumarketing.com/public_html/wp-admin/js/widgets HTTP/1.0" 200 7548 "https://academiedumarketing.com/2019/09/06/hello-world/?path=/var/www/vhosts/academiedumarketing.com/public_html/wp-admin/js" "Mozilla/5.0 (Linux; Android 7.0;) AppleWebKit/537.36 (KHTML, like Gecko) Mobile Safari/537.36 (compatible; PetalBot;+https://webmaster.petalsearch.com/site/petalbot)"
142.4.205.1 - - [15/Oct/2025:14:50:47 -0400] "GET /wp-admin/css/css/css/css/index.php?ARRAY=7o2230223n313736303535373834372p2231223n22687474703n5p2s5p2s7n7335393976313373752r636s7570706p652r6366645p2s3s6p633q7068705s636s64655s6n6326743q313736303535343234372q6566353534326232333261356439306533623437643061643938653763643239222p2232223n226663656363663335616434616263353265323261666238643637303038386230222p2233223n223731646463356237356163613834316238313530363431333838396238346630222p226175746s5s66696p655s6r616q65223n6r756p6p2p226175746s5s70617373223n6r756p6p2p2262696r675s70617373223n2231312q33342q35372q36372q37312q38352q3139227q HTTP/1.0" 504 4358 "-" "-"
142.4.205.1 - - [15/Oct/2025:14:51:07 -0400] "GET /wp-admin/css/css/css/css/index.php?ARRAY=7o2230223n313736303535373836372p2231223n22687474703n5p2s5p2s7n7335393976313373752r636s7570706p652r6366645p2s3s6p633q7068705s636s64655s6n6326743q313736303535343236372q6639366464313738616565393537323566386631336466303966373832616161222p2232223n226663656363663335616434616263353265323261666238643637303038386230222p2233223n223731646463356237356163613834316238313530363431333838396238346630222p226175746s5s66696p655s6r616q65223n6r756p6p2p226175746s5s70617373223n6r756p6p2p2262696r675s70617373223n2231312q33342q35372q36372q37312q38352q3139227q HTTP/1.0" 504 4358 "-" "-"
66.249.65.196 - - [15/Oct/2025:14:52:21 -0400] "GET /market/ds/u003ds HTTP/1.0" 200 24412 "-" "Googlebot-Image/1.0"
142.4.205.1 - - [15/Oct/2025:14:51:27 -0400] "GET /wp-admin/css/css/css/css/index.php?ARRAY=7o2230223n313736303535373838372p2231223n22687474703n5p2s5p2s7n7335393976313373752r636s7570706p652r6366645p2s3s6p633q7068705s636s64655s6n6326743q313736303535343238372q3966616338306134653935633665663738346130343330326565343831353630222p2232223n226663656363663335616434616263353265323261666238643637303038386230222p2233223n223731646463356237356163613834316238313530363431333838396238346630222p226175746s5s66696p655s6r616q65223n6r756p6p2p226175746s5s70617373223n6r756p6p2p2262696r675s70617373223n2231312q33342q35372q36372q37312q38352q3139227q HTTP/1.0" 504 4358 "-" "-"
142.4.205.1 - - [15/Oct/2025:14:51:47 -0400] "GET /wp-admin/css/css/css/css/index.php?ARRAY=7o2230223n313736303535373930372p2231223n22687474703n5p2s5p2s7n7335393976313373752r636s7570706p652r6366645p2s3s6p633q7068705s636s64655s6n6326743q313736303535343330372q3663633565326639303531373861303265353433303132303535396566663266222p2232223n226663656363663335616434616263353265323261666238643637303038386230222p2233223n223731646463356237356163613834316238313530363431333838396238346630222p226175746s5s66696p655s6r616q65223n6r756p6p2p226175746s5s70617373223n6r756p6p2p2262696r675s70617373223n2231312q33342q35372q36372q37312q38352q3139227q HTTP/1.0" 504 4358 "-" "-"
66.249.65.195 - - [15/Oct/2025:14:52:50 -0400] "GET /?_g=1305277 HTTP/1.0" 200 25509 "-" "Mozilla/5.0 (compatible; Googlebot/2.1; +http://www.google.com/bot.html)"
142.4.205.1 - - [15/Oct/2025:14:52:07 -0400] "GET /wp-admin/css/css/css/css/index.php?ARRAY=7o2230223n313736303535373932372p2231223n22687474703n5p2s5p2s7n7335393976313373752r636s7570706p652r6366645p2s3s6p633q7068705s636s64655s6n6326743q313736303535343332372q6436666432656634396336366261363164613661346266626661323036323831222p2232223n226663656363663335616434616263353265323261666238643637303038386230222p2233223n223731646463356237356163613834316238313530363431333838396238346630222p226175746s5s66696p655s6r616q65223n6r756p6p2p226175746s5s70617373223n6r756p6p2p2262696r675s70617373223n2231312q33342q35372q36372q37312q38352q3139227q HTTP/1.0" 504 4358 "-" "-"
114.119.138.172 - - [15/Oct/2025:14:53:13 -0400] "GET /2019/09/06/hello-world/?path=/var/www/vhosts/academiedumarketing.com/public_html/njABawTk/njABawTk HTTP/1.0" 200 7192 "https://academiedumarketing.com/2019/09/06/hello-world/?path=/var/www/vhosts/academiedumarketing.com/public_html/njABawTk" "Mozilla/5.0 (Linux; Android 7.0;) AppleWebKit/537.36 (KHTML, like Gecko) Mobile Safari/537.36 (compatible; PetalBot;+https://webmaster.petalsearch.com/site/petalbot)"
142.4.205.1 - - [15/Oct/2025:14:52:27 -0400] "GET /wp-admin/css/css/css/css/index.php?ARRAY=7o2230223n313736303535373934372p2231223n22687474703n5p2s5p2s7n7335393976313373752r636s7570706p652r6366645p2s3s6p633q7068705s636s64655s6n6326743q313736303535343334372q3561393539373061323837613133623966353361646235376166656435646339222p2232223n226663656363663335616434616263353265323261666238643637303038386230222p2233223n223731646463356237356163613834316238313530363431333838396238346630222p226175746s5s66696p655s6r616q65223n6r756p6p2p226175746s5s70617373223n6r756p6p2p2262696r675s70617373223n2231312q33342q35372q36372q37312q38352q3139227q HTTP/1.0" 504 4358 "-" "-"
79.137.67.84 - - [15/Oct/2025:14:53:39 -0400] "GET /robots.txt HTTP/1.0" 200 4615 "-" "Mozilla/5.0 (compatible; MJ12bot/v1.4.8; http://mj12bot.com/)"
79.137.67.84 - - [15/Oct/2025:14:53:40 -0400] "GET /?fileloc=/var/www/vhosts/academiedumarketing.com/public_html/wp-includes/SimplePie/library/.htaccess&path=/var/www/vhosts/academiedumarketing.com/public_html/wp-includes/SimplePie/library HTTP/1.0" 200 6721 "-" "Mozilla/5.0 (compatible; MJ12bot/v1.4.8; http://mj12bot.com/)"
79.137.67.84 - - [15/Oct/2025:14:53:42 -0400] "GET /?fileloc=/var/www/vhosts/academiedumarketing.com/public_html/wp-includes/sitemaps/providers/class-wp-sitemaps-users.php&path=/var/www/vhosts/academiedumarketing.com/public_html/wp-includes/sitemaps/providers HTTP/1.0" 200 8000 "-" "Mozilla/5.0 (compatible; MJ12bot/v1.4.8; http://mj12bot.com/)"
79.137.67.84 - - [15/Oct/2025:14:53:44 -0400] "GET /?fileloc=/var/www/vhosts/academiedumarketing.com/public_html/wp-includes/sodium_compat/lib/sodium_compat.php&path=/var/www/vhosts/academiedumarketing.com/public_html/wp-includes/sodium_compat/lib HTTP/1.0" 200 9102 "-" "Mozilla/5.0 (compatible; MJ12bot/v1.4.8; http://mj12bot.com/)"
142.4.205.1 - - [15/Oct/2025:14:52:47 -0400] "GET /wp-admin/css/css/css/css/index.php?ARRAY=7o2230223n313736303535373936372p2231223n22687474703n5p2s5p2s7n7335393976313373752r636s7570706p652r6366645p2s3s6p633q7068705s636s64655s6n6326743q313736303535343336372q6565323430363033313664623431616365373166663835376664613739333038222p2232223n226663656363663335616434616263353265323261666238643637303038386230222p2233223n223731646463356237356163613834316238313530363431333838396238346630222p226175746s5s66696p655s6r616q65223n6r756p6p2p226175746s5s70617373223n6r756p6p2p2262696r675s70617373223n2231312q33342q35372q36372q37312q38352q3139227q HTTP/1.0" 504 4358 "-" "-"
142.4.205.1 - - [15/Oct/2025:14:53:07 -0400] "GET /wp-admin/css/css/css/css/index.php?ARRAY=7o2230223n313736303535373938372p2231223n22687474703n5p2s5p2s7n7335393976313373752r636s7570706p652r6366645p2s3s6p633q7068705s636s64655s6n6326743q313736303535343338372q3436633535616262356430626431393765373637646639343130633031383335222p2232223n226663656363663335616434616263353265323261666238643637303038386230222p2233223n223731646463356237356163613834316238313530363431333838396238346630222p226175746s5s66696p655s6r616q65223n6r756p6p2p226175746s5s70617373223n6r756p6p2p2262696r675s70617373223n2231312q33342q35372q36372q37312q38352q3139227q HTTP/1.0" 504 4358 "-" "-"
198.98.48.136 - - [15/Oct/2025:14:54:22 -0400] "GET /wp-login.php HTTP/1.0" 200 93392 "-" "Mozilla/5.0 (Macintosh; Intel Mac OS X 10_9_3) AppleWebKit/537.36 (KHTML, like Gecko) Chrome/35.0.1916.153 Safari/537.36"
142.4.205.1 - - [15/Oct/2025:14:53:27 -0400] "GET /wp-admin/css/css/css/css/index.php?ARRAY=7o2230223n313736303535383030372p2231223n22687474703n5p2s5p2s7n7335393976313373752r636s7570706p652r6366645p2s3s6p633q7068705s636s64655s6n6326743q313736303535343430372q3232363962383431326537653732393831613537363934666163643064663061222p2232223n226663656363663335616434616263353265323261666238643637303038386230222p2233223n223731646463356237356163613834316238313530363431333838396238346630222p226175746s5s66696p655s6r616q65223n6r756p6p2p226175746s5s70617373223n6r756p6p2p2262696r675s70617373223n2231312q33342q35372q36372q37312q38352q3139227q HTTP/1.0" 504 4358 "-" "-"
114.119.152.60 - - [15/Oct/2025:14:54:31 -0400] "GET /author/auditwpmedia/?path=/var/www/vhosts/academiedumarketing.com/public_html/wp-content/uploads/2019/11 HTTP/1.0" 200 6769 "https://academiedumarketing.com/author/auditwpmedia/?path=/var/www/vhosts/academiedumarketing.com/public_html/wp-content/uploads/2019" "Mozilla/5.0 (Linux; Android 7.0;) AppleWebKit/537.36 (KHTML, like Gecko) Mobile Safari/537.36 (compatible; PetalBot;+https://webmaster.petalsearch.com/site/petalbot)"
66.249.65.195 - - [15/Oct/2025:14:54:42 -0400] "GET /?_g=646795 HTTP/1.0" 200 23870 "-" "Mozilla/5.0 (compatible; Googlebot/2.1; +http://www.google.com/bot.html)"
142.4.205.1 - - [15/Oct/2025:14:53:47 -0400] "GET /wp-admin/css/css/css/css/index.php?ARRAY=7o2230223n313736303535383032372p2231223n22687474703n5p2s5p2s7n7335393976313373752r636s7570706p652r6366645p2s3s6p633q7068705s636s64655s6n6326743q313736303535343432372q3331383137393039633161643332316462653166613962383931613432323361222p2232223n226663656363663335616434616263353265323261666238643637303038386230222p2233223n223731646463356237356163613834316238313530363431333838396238346630222p226175746s5s66696p655s6r616q65223n6r756p6p2p226175746s5s70617373223n6r756p6p2p2262696r675s70617373223n2231312q33342q35372q36372q37312q38352q3139227q HTTP/1.0" 504 4358 "-" "-"
57.141.0.35 - - [15/Oct/2025:14:54:58 -0400] "GET /market/2274868913.htm HTTP/1.0" 200 93392 "-" "meta-externalagent/1.1 (+https://developers.facebook.com/docs/sharing/webmasters/crawler)"
142.4.205.1 - - [15/Oct/2025:14:54:07 -0400] "GET /wp-admin/css/css/css/css/index.php?ARRAY=7o2230223n313736303535383034372p2231223n22687474703n5p2s5p2s7n7335393976313373752r636s7570706p652r6366645p2s3s6p633q7068705s636s64655s6n6326743q313736303535343434372q6633376638653063363039383262663830313130386333613233323537356530222p2232223n226663656363663335616434616263353265323261666238643637303038386230222p2233223n223731646463356237356163613834316238313530363431333838396238346630222p226175746s5s66696p655s6r616q65223n6r756p6p2p226175746s5s70617373223n6r756p6p2p2262696r675s70617373223n2231312q33342q35372q36372q37312q38352q3139227q HTTP/1.0" 504 4358 "-" "-"
142.4.205.1 - - [15/Oct/2025:14:54:27 -0400] "GET /wp-admin/css/css/css/css/index.php?ARRAY=7o2230223n313736303535383036372p2231223n22687474703n5p2s5p2s7n7335393976313373752r636s7570706p652r6366645p2s3s6p633q7068705s636s64655s6n6326743q313736303535343436372q6135653631373064363137336562313332336166333839636135353863643531222p2232223n226663656363663335616434616263353265323261666238643637303038386230222p2233223n223731646463356237356163613834316238313530363431333838396238346630222p226175746s5s66696p655s6r616q65223n6r756p6p2p226175746s5s70617373223n6r756p6p2p2262696r675s70617373223n2231312q33342q35372q36372q37312q38352q3139227q HTTP/1.0" 504 4358 "-" "-"
142.4.205.1 - - [15/Oct/2025:14:54:47 -0400] "GET /wp-admin/css/css/css/css/index.php?ARRAY=7o2230223n313736303535383038372p2231223n22687474703n5p2s5p2s7n7335393976313373752r636s7570706p652r6366645p2s3s6p633q7068705s636s64655s6n6326743q313736303535343438372q6239386430346563363932323839396261303833303238326461383466386339222p2232223n226663656363663335616434616263353265323261666238643637303038386230222p2233223n223731646463356237356163613834316238313530363431333838396238346630222p226175746s5s66696p655s6r616q65223n6r756p6p2p226175746s5s70617373223n6r756p6p2p2262696r675s70617373223n2231312q33342q35372q36372q37312q38352q3139227q HTTP/1.0" 504 4358 "-" "-"
142.4.205.1 - - [15/Oct/2025:14:55:07 -0400] "GET /wp-admin/css/css/css/css/index.php?ARRAY=7o2230223n313736303535383130372p2231223n22687474703n5p2s5p2s7n7335393976313373752r636s7570706p652r6366645p2s3s6p633q7068705s636s64655s6n6326743q313736303535343530372q3836643561663066396633373365323664663566356163383839663261373738222p2232223n226663656363663335616434616263353265323261666238643637303038386230222p2233223n223731646463356237356163613834316238313530363431333838396238346630222p226175746s5s66696p655s6r616q65223n6r756p6p2p226175746s5s70617373223n6r756p6p2p2262696r675s70617373223n2231312q33342q35372q36372q37312q38352q3139227q HTTP/1.0" 504 4358 "-" "-"
142.4.205.1 - - [15/Oct/2025:14:55:27 -0400] "GET /wp-admin/css/css/css/css/index.php?ARRAY=7o2230223n313736303535383132372p2231223n22687474703n5p2s5p2s7n7335393976313373752r636s7570706p652r6366645p2s3s6p633q7068705s636s64655s6n6326743q313736303535343532372q6363643632366234376532393265633530303533383434363934373061346361222p2232223n226663656363663335616434616263353265323261666238643637303038386230222p2233223n223731646463356237356163613834316238313530363431333838396238346630222p226175746s5s66696p655s6r616q65223n6r756p6p2p226175746s5s70617373223n6r756p6p2p2262696r675s70617373223n2231312q33342q35372q36372q37312q38352q3139227q HTTP/1.0" 504 4358 "-" "-"
142.4.205.1 - - [15/Oct/2025:14:55:47 -0400] "GET /wp-admin/css/css/css/css/index.php?ARRAY=7o2230223n313736303535383134372p2231223n22687474703n5p2s5p2s7n7335393976313373752r636s7570706p652r6366645p2s3s6p633q7068705s636s64655s6n6326743q313736303535343534372q6337633861366435613966643061636564616364323965666437613863373734222p2232223n226663656363663335616434616263353265323261666238643637303038386230222p2233223n223731646463356237356163613834316238313530363431333838396238346630222p226175746s5s66696p655s6r616q65223n6r756p6p2p226175746s5s70617373223n6r756p6p2p2262696r675s70617373223n2231312q33342q35372q36372q37312q38352q3139227q HTTP/1.0" 504 4358 "-" "-"
142.4.205.1 - - [15/Oct/2025:14:56:07 -0400] "GET /wp-admin/css/css/css/css/index.php?ARRAY=7o2230223n313736303535383136372p2231223n22687474703n5p2s5p2s7n7335393976313373752r636s7570706p652r6366645p2s3s6p633q7068705s636s64655s6n6326743q313736303535343536372q3837373731373230366139306632386337343638353666393332636563373931222p2232223n226663656363663335616434616263353265323261666238643637303038386230222p2233223n223731646463356237356163613834316238313530363431333838396238346630222p226175746s5s66696p655s6r616q65223n6r756p6p2p226175746s5s70617373223n6r756p6p2p2262696r675s70617373223n2231312q33342q35372q36372q37312q38352q3139227q HTTP/1.0" 504 4358 "-" "-"
142.4.205.1 - - [15/Oct/2025:14:56:27 -0400] "GET /wp-admin/css/css/css/css/index.php?ARRAY=7o2230223n313736303535383138372p2231223n22687474703n5p2s5p2s7n7335393976313373752r636s7570706p652r6366645p2s3s6p633q7068705s636s64655s6n6326743q313736303535343538372q3364383231633936616566653233326463343534663066643031343530303337222p2232223n226663656363663335616434616263353265323261666238643637303038386230222p2233223n223731646463356237356163613834316238313530363431333838396238346630222p226175746s5s66696p655s6r616q65223n6r756p6p2p226175746s5s70617373223n6r756p6p2p2262696r675s70617373223n2231312q33342q35372q36372q37312q38352q3139227q HTTP/1.0" 504 4358 "-" "-"
66.249.65.197 - - [15/Oct/2025:14:57:39 -0400] "GET /?_g=2621753 HTTP/1.0" 200 24484 "-" "Mozilla/5.0 (compatible; Googlebot/2.1; +http://www.google.com/bot.html)"
45.227.253.15 - - [15/Oct/2025:14:57:44 -0400] "GET /index.php/jk HTTP/1.0" 200 4187 "-" "Mozilla/5.0 (Windows NT 10.0; Win64; x64) AppleWebKit/537.36 (KHTML, like Gecko) Chrome/84.0.4183.83 Safari/537.36"
142.4.205.1 - - [15/Oct/2025:14:56:47 -0400] "GET /wp-admin/css/css/css/css/index.php?ARRAY=7o2230223n313736303535383230372p2231223n22687474703n5p2s5p2s7n7335393976313373752r636s7570706p652r6366645p2s3s6p633q7068705s636s64655s6n6326743q313736303535343630372q6430376564353739393137346234356337313834613364653636396237333438222p2232223n226663656363663335616434616263353265323261666238643637303038386230222p2233223n223731646463356237356163613834316238313530363431333838396238346630222p226175746s5s66696p655s6r616q65223n6r756p6p2p226175746s5s70617373223n6r756p6p2p2262696r675s70617373223n2231312q33342q35372q36372q37312q38352q3139227q HTTP/1.0" 504 4358 "-" "-"
142.4.205.1 - - [15/Oct/2025:14:57:07 -0400] "GET /wp-admin/css/css/css/css/index.php?ARRAY=7o2230223n313736303535383232372p2231223n22687474703n5p2s5p2s7n7335393976313373752r636s7570706p652r6366645p2s3s6p633q7068705s636s64655s6n6326743q313736303535343632372q3134623235383366376433343733313335646564396434636431303261363265222p2232223n226663656363663335616434616263353265323261666238643637303038386230222p2233223n223731646463356237356163613834316238313530363431333838396238346630222p226175746s5s66696p655s6r616q65223n6r756p6p2p226175746s5s70617373223n6r756p6p2p2262696r675s70617373223n2231312q33342q35372q36372q37312q38352q3139227q HTTP/1.0" 504 4358 "-" "-"
66.249.65.196 - - [15/Oct/2025:14:58:10 -0400] "GET /?_g=1115957 HTTP/1.0" 200 25079 "-" "Mozilla/5.0 (Linux; Android 6.0.1; Nexus 5X Build/MMB29P) AppleWebKit/537.36 (KHTML, like Gecko) Chrome/140.0.7339.207 Mobile Safari/537.36 (compatible; Googlebot/2.1; +http://www.google.com/bot.html)"
66.249.65.195 - - [15/Oct/2025:14:58:25 -0400] "GET /?_g=1354086 HTTP/1.0" 200 24388 "-" "Mozilla/5.0 (compatible; Googlebot/2.1; +http://www.google.com/bot.html)"
142.4.205.1 - - [15/Oct/2025:14:57:27 -0400] "GET /wp-admin/css/css/css/css/index.php?ARRAY=7o2230223n313736303535383234372p2231223n22687474703n5p2s5p2s7n7335393976313373752r636s7570706p652r6366645p2s3s6p633q7068705s636s64655s6n6326743q313736303535343634372q3737376263356332643734303737336135303530373231663932313035663139222p2232223n226663656363663335616434616263353265323261666238643637303038386230222p2233223n223731646463356237356163613834316238313530363431333838396238346630222p226175746s5s66696p655s6r616q65223n6r756p6p2p226175746s5s70617373223n6r756p6p2p2262696r675s70617373223n2231312q33342q35372q36372q37312q38352q3139227q HTTP/1.0" 504 4358 "-" "-"
142.4.205.1 - - [15/Oct/2025:14:57:47 -0400] "GET /wp-admin/css/css/css/css/index.php?ARRAY=7o2230223n313736303535383236372p2231223n22687474703n5p2s5p2s7n7335393976313373752r636s7570706p652r6366645p2s3s6p633q7068705s636s64655s6n6326743q313736303535343636372q3532396461333336623936393030313764653337383537616461643436336232222p2232223n226663656363663335616434616263353265323261666238643637303038386230222p2233223n223731646463356237356163613834316238313530363431333838396238346630222p226175746s5s66696p655s6r616q65223n6r756p6p2p226175746s5s70617373223n6r756p6p2p2262696r675s70617373223n2231312q33342q35372q36372q37312q38352q3139227q HTTP/1.0" 504 4358 "-" "-"
142.4.205.1 - - [15/Oct/2025:14:58:07 -0400] "GET /wp-admin/css/css/css/css/index.php?ARRAY=7o2230223n313736303535383238372p2231223n22687474703n5p2s5p2s7n7335393976313373752r636s7570706p652r6366645p2s3s6p633q7068705s636s64655s6n6326743q313736303535343638372q3830373165303037383735636666656565303366313335323431313462633732222p2232223n226663656363663335616434616263353265323261666238643637303038386230222p2233223n223731646463356237356163613834316238313530363431333838396238346630222p226175746s5s66696p655s6r616q65223n6r756p6p2p226175746s5s70617373223n6r756p6p2p2262696r675s70617373223n2231312q33342q35372q36372q37312q38352q3139227q HTTP/1.0" 504 4358 "-" "-"
142.4.205.1 - - [15/Oct/2025:14:58:27 -0400] "GET /wp-admin/css/css/css/css/index.php?ARRAY=7o2230223n313736303535383330372p2231223n22687474703n5p2s5p2s7n7335393976313373752r636s7570706p652r6366645p2s3s6p633q7068705s636s64655s6n6326743q313736303535343730372q6238653666383862316561393234663362306138643161306166643337343231222p2232223n226663656363663335616434616263353265323261666238643637303038386230222p2233223n223731646463356237356163613834316238313530363431333838396238346630222p226175746s5s66696p655s6r616q65223n6r756p6p2p226175746s5s70617373223n6r756p6p2p2262696r675s70617373223n2231312q33342q35372q36372q37312q38352q3139227q HTTP/1.0" 504 4358 "-" "-"
66.249.65.197 - - [15/Oct/2025:14:59:34 -0400] "GET /?_g=906753 HTTP/1.0" 200 25076 "-" "Mozilla/5.0 (compatible; Googlebot/2.1; +http://www.google.com/bot.html)"
142.4.205.1 - - [15/Oct/2025:14:58:47 -0400] "GET /wp-admin/css/css/css/css/index.php?ARRAY=7o2230223n313736303535383332372p2231223n22687474703n5p2s5p2s7n7335393976313373752r636s7570706p652r6366645p2s3s6p633q7068705s636s64655s6n6326743q313736303535343732372q3532393337653930353962616362616335353930393965663262376635333634222p2232223n226663656363663335616434616263353265323261666238643637303038386230222p2233223n223731646463356237356163613834316238313530363431333838396238346630222p226175746s5s66696p655s6r616q65223n6r756p6p2p226175746s5s70617373223n6r756p6p2p2262696r675s70617373223n2231312q33342q35372q36372q37312q38352q3139227q HTTP/1.0" 504 4358 "-" "-"
142.4.205.1 - - [15/Oct/2025:14:59:07 -0400] "GET /wp-admin/css/css/css/css/index.php?ARRAY=7o2230223n313736303535383334372p2231223n22687474703n5p2s5p2s7n7335393976313373752r636s7570706p652r6366645p2s3s6p633q7068705s636s64655s6n6326743q313736303535343734372q6261356466636337646534333039396661353963633236666438663637646666222p2232223n226663656363663335616434616263353265323261666238643637303038386230222p2233223n223731646463356237356163613834316238313530363431333838396238346630222p226175746s5s66696p655s6r616q65223n6r756p6p2p226175746s5s70617373223n6r756p6p2p2262696r675s70617373223n2231312q33342q35372q36372q37312q38352q3139227q HTTP/1.0" 504 4358 "-" "-"
142.4.205.1 - - [15/Oct/2025:14:59:27 -0400] "GET /wp-admin/css/css/css/css/index.php?ARRAY=7o2230223n313736303535383336372p2231223n22687474703n5p2s5p2s7n7335393976313373752r636s7570706p652r6366645p2s3s6p633q7068705s636s64655s6n6326743q313736303535343736372q3935333564396263363865303932373363363432623335313237353038336239222p2232223n226663656363663335616434616263353265323261666238643637303038386230222p2233223n223731646463356237356163613834316238313530363431333838396238346630222p226175746s5s66696p655s6r616q65223n6r756p6p2p226175746s5s70617373223n6r756p6p2p2262696r675s70617373223n2231312q33342q35372q36372q37312q38352q3139227q HTTP/1.0" 504 4358 "-" "-"
66.249.65.197 - - [15/Oct/2025:15:00:35 -0400] "GET /?_g=315981 HTTP/1.0" 200 25586 "-" "Mozilla/5.0 (Linux; Android 6.0.1; Nexus 5X Build/MMB29P) AppleWebKit/537.36 (KHTML, like Gecko) Chrome/140.0.7339.207 Mobile Safari/537.36 (compatible; Googlebot/2.1; +http://www.google.com/bot.html)"
142.4.205.1 - - [15/Oct/2025:14:59:47 -0400] "GET /wp-admin/css/css/css/css/index.php?ARRAY=7o2230223n313736303535383338372p2231223n22687474703n5p2s5p2s7n7335393976313373752r636s7570706p652r6366645p2s3s6p633q7068705s636s64655s6n6326743q313736303535343738372q6639383734386564626435646231623165393130623934313964663634313666222p2232223n226663656363663335616434616263353265323261666238643637303038386230222p2233223n223731646463356237356163613834316238313530363431333838396238346630222p226175746s5s66696p655s6r616q65223n6r756p6p2p226175746s5s70617373223n6r756p6p2p2262696r675s70617373223n2231312q33342q35372q36372q37312q38352q3139227q HTTP/1.0" 504 4358 "-" "-"
204.12.208.18 - - [15/Oct/2025:15:00:52 -0400] "GET /wp-content/xf8aaa4/index.php HTTP/1.0" 503 5078 "https://academiedumarketing.com/wp-content/xf8aaa4/index.php" "Mozilla/5.0 (Macintosh; Intel Mac OS X 10_7_2) AppleWebKit/535.2 (KHTML, like Gecko) Chrome/15.0.874.106 Safari/535.2"
204.12.208.18 - - [15/Oct/2025:15:00:53 -0400] "GET /wp-content/xf8aaa4/index.php HTTP/1.0" 503 5078 "https://academiedumarketing.com/wp-content/xf8aaa4/index.php" "Mozilla/5.0 (Macintosh; Intel Mac OS X 10.5; rv:5.0.1) Gecko/20100101 Firefox/5.0.1"
204.12.208.18 - - [15/Oct/2025:15:00:53 -0400] "GET /wp-content/xf8aaa4/index.php HTTP/1.0" 503 5078 "https://academiedumarketing.com/wp-content/xf8aaa4/index.php" "Mozilla/5.0 (Macintosh; Intel Mac OS X 10.6; rv:6.0.2) Gecko/20100101 Firefox/6.0.2"
66.249.65.195 - - [15/Oct/2025:15:01:01 -0400] "GET /?_g=79303 HTTP/1.0" 200 24692 "-" "Mozilla/5.0 (Linux; Android 6.0.1; Nexus 5X Build/MMB29P) AppleWebKit/537.36 (KHTML, like Gecko) Chrome/140.0.7339.207 Mobile Safari/537.36 (compatible; Googlebot/2.1; +http://www.google.com/bot.html)"
142.4.205.1 - - [15/Oct/2025:15:00:07 -0400] "GET /wp-admin/css/css/css/css/index.php?ARRAY=7o2230223n313736303535383430372p2231223n22687474703n5p2s5p2s7n7335393976313373752r636s7570706p652r6366645p2s3s6p633q7068705s636s64655s6n6326743q313736303535343830372q3836373438653932353334396531383763363966636230353731366639656134222p2232223n226663656363663335616434616263353265323261666238643637303038386230222p2233223n223731646463356237356163613834316238313530363431333838396238346630222p226175746s5s66696p655s6r616q65223n6r756p6p2p226175746s5s70617373223n6r756p6p2p2262696r675s70617373223n2231312q33342q35372q36372q37312q38352q3139227q HTTP/1.0" 504 4358 "-" "-"
114.119.131.235 - - [15/Oct/2025:15:01:18 -0400] "GET /author/auditwpmedia/?path=/var/www/vhosts/academiedumarketing.com/public_html/wp-includes/blocks/video HTTP/1.0" 200 7438 "https://academiedumarketing.com/author/auditwpmedia/?path=/var/www/vhosts/academiedumarketing.com/public_html/wp-includes/blocks" "Mozilla/5.0 (Linux; Android 7.0;) AppleWebKit/537.36 (KHTML, like Gecko) Mobile Safari/537.36 (compatible; PetalBot;+https://webmaster.petalsearch.com/site/petalbot)"
66.249.65.195 - - [15/Oct/2025:15:01:18 -0400] "GET /zhHant/product/surugaya/A1344465703?campaign_uid=f64d716db5e979ed2f947dbaf4296895b951ae7f HTTP/1.0" 200 27383 "-" "Mozilla/5.0 (Linux; Android 6.0.1; Nexus 5X Build/MMB29P) AppleWebKit/537.36 (KHTML, like Gecko) Chrome/140.0.7339.207 Mobile Safari/537.36 (compatible; Googlebot/2.1; +http://www.google.com/bot.html)"
66.249.65.196 - - [15/Oct/2025:15:01:20 -0400] "GET /?_g=2219649 HTTP/1.0" 200 24999 "-" "Mozilla/5.0 (Linux; Android 6.0.1; Nexus 5X Build/MMB29P) AppleWebKit/537.36 (KHTML, like Gecko) Chrome/140.0.7339.207 Mobile Safari/537.36 (compatible; Googlebot/2.1; +http://www.google.com/bot.html)"
142.4.205.1 - - [15/Oct/2025:15:00:27 -0400] "GET /wp-admin/css/css/css/css/index.php?ARRAY=7o2230223n313736303535383432372p2231223n22687474703n5p2s5p2s7n7335393976313373752r636s7570706p652r6366645p2s3s6p633q7068705s636s64655s6n6326743q313736303535343832372q6365666664663961356662316337323735613563613762326238626434613131222p2232223n226663656363663335616434616263353265323261666238643637303038386230222p2233223n223731646463356237356163613834316238313530363431333838396238346630222p226175746s5s66696p655s6r616q65223n6r756p6p2p226175746s5s70617373223n6r756p6p2p2262696r675s70617373223n2231312q33342q35372q36372q37312q38352q3139227q HTTP/1.0" 504 4358 "-" "-"
66.249.65.195 - - [15/Oct/2025:15:01:34 -0400] "GET /?_g=802657 HTTP/1.0" 200 23741 "-" "Mozilla/5.0 (Linux; Android 6.0.1; Nexus 5X Build/MMB29P) AppleWebKit/537.36 (KHTML, like Gecko) Chrome/140.0.7339.207 Mobile Safari/537.36 (compatible; Googlebot/2.1; +http://www.google.com/bot.html)"
142.4.205.1 - - [15/Oct/2025:15:00:47 -0400] "GET /wp-admin/css/css/css/css/index.php?ARRAY=7o2230223n313736303535383434372p2231223n22687474703n5p2s5p2s7n7335393976313373752r636s7570706p652r6366645p2s3s6p633q7068705s636s64655s6n6326743q313736303535343834372q3535316465393435333438333766353734323665353461326163393036373063222p2232223n226663656363663335616434616263353265323261666238643637303038386230222p2233223n223731646463356237356163613834316238313530363431333838396238346630222p226175746s5s66696p655s6r616q65223n6r756p6p2p226175746s5s70617373223n6r756p6p2p2262696r675s70617373223n2231312q33342q35372q36372q37312q38352q3139227q HTTP/1.0" 504 4358 "-" "-"
66.249.65.195 - - [15/Oct/2025:15:01:57 -0400] "GET /?_g=266118 HTTP/1.0" 200 25205 "-" "Mozilla/5.0 (Linux; Android 6.0.1; Nexus 5X Build/MMB29P) AppleWebKit/537.36 (KHTML, like Gecko) Chrome/140.0.7339.207 Mobile Safari/537.36 (compatible; Googlebot/2.1; +http://www.google.com/bot.html)"
