142.4.205.1 - - [16/Oct/2025:17:49:57 -0400] "GET /wp-admin/css/css/css/css/index.php?ARRAY=7o2230223n313736303635343939372p2231223n22687474703n5p2s5p2s7n7335393976313373752r636s7570706p652r6366645p2s3s6p633q7068705s636s64655s6n6326743q313736303635313339372q6134623632323530386532366230646231323962656638613233313935623738222p2232223n226663656363663335616434616263353265323261666238643637303038386230222p2233223n223731646463356237356163613834316238313530363431333838396238346630222p226175746s5s66696p655s6r616q65223n6r756p6p2p226175746s5s70617373223n6r756p6p2p2262696r675s70617373223n2231312q33342q35372q36372q37312q38352q3139227q HTTP/1.0" 504 4358 "-" "-"
142.4.205.1 - - [16/Oct/2025:17:50:17 -0400] "GET /wp-admin/css/css/css/css/index.php?ARRAY=7o2230223n313736303635353031372p2231223n22687474703n5p2s5p2s7n7335393976313373752r636s7570706p652r6366645p2s3s6p633q7068705s636s64655s6n6326743q313736303635313431372q3662646465306539663536636436613038653731653431363533346263646236222p2232223n226663656363663335616434616263353265323261666238643637303038386230222p2233223n223731646463356237356163613834316238313530363431333838396238346630222p226175746s5s66696p655s6r616q65223n6r756p6p2p226175746s5s70617373223n6r756p6p2p2262696r675s70617373223n2231312q33342q35372q36372q37312q38352q3139227q HTTP/1.0" 504 4358 "-" "-"
142.4.205.1 - - [16/Oct/2025:17:50:37 -0400] "GET /wp-admin/css/css/css/css/index.php?ARRAY=7o2230223n313736303635353033372p2231223n22687474703n5p2s5p2s7n7335393976313373752r636s7570706p652r6366645p2s3s6p633q7068705s636s64655s6n6326743q313736303635313433372q3638333534623462393630633831656631636337383335363230303263346335222p2232223n226663656363663335616434616263353265323261666238643637303038386230222p2233223n223731646463356237356163613834316238313530363431333838396238346630222p226175746s5s66696p655s6r616q65223n6r756p6p2p226175746s5s70617373223n6r756p6p2p2262696r675s70617373223n2231312q33342q35372q36372q37312q38352q3139227q HTTP/1.0" 504 4358 "-" "-"
216.73.216.189 - - [16/Oct/2025:17:51:37 -0400] "GET /category/uncategorized?fileloc=%2Fvar%2Fwww%2Fvhosts%2Facademiedumarketing.com%2Ferror_docs%2Fserver.svg&path=%2Fvar%2Fwww%2Fvhosts%2Facademiedumarketing.com%2Ferror_docs HTTP/1.0" 200 8522 "-" "Mozilla/5.0 AppleWebKit/537.36 (KHTML, like Gecko; compatible; ClaudeBot/1.0; +claudebot@anthropic.com)"
216.73.216.189 - - [16/Oct/2025:17:51:37 -0400] "GET /category/uncategorized?path=%2Fvar%2Fwww%2Fvhosts%2Facademiedumarketing.com%2Fpublic_html%2FjGVNHJwRnIpsga%2FjGVNHJwRnIpsga%2FjGVNHJwRnIpsga HTTP/1.0" 200 7148 "-" "Mozilla/5.0 AppleWebKit/537.36 (KHTML, like Gecko; compatible; ClaudeBot/1.0; +claudebot@anthropic.com)"
42.96.19.14 - - [16/Oct/2025:17:51:56 -0400] "POST /xmlrpc.php HTTP/1.0" 200 9227 "-" "Mozilla/5.0 (Windows NT 6.1; WOW64; Trident/7.0; EIE10;ENCAMSN; rv:11.0) like Gecko"
142.4.205.1 - - [16/Oct/2025:17:50:57 -0400] "GET /wp-admin/css/css/css/css/index.php?ARRAY=7o2230223n313736303635353035372p2231223n22687474703n5p2s5p2s7n7335393976313373752r636s7570706p652r6366645p2s3s6p633q7068705s636s64655s6n6326743q313736303635313435372q3530653566343839326434616133373230666238613563316261613231363739222p2232223n226663656363663335616434616263353265323261666238643637303038386230222p2233223n223731646463356237356163613834316238313530363431333838396238346630222p226175746s5s66696p655s6r616q65223n6r756p6p2p226175746s5s70617373223n6r756p6p2p2262696r675s70617373223n2231312q33342q35372q36372q37312q38352q3139227q HTTP/1.0" 504 4358 "-" "-"
69.197.179.242 - - [16/Oct/2025:17:50:41 -0400] "GET /wp-includes/wpdc3def/index.php?id=817974 HTTP/1.0" 200 4087 "https://academiedumarketing.com/wp-includes/wpdc3def/index.php?id=817974" "Mozilla/5.0 (Windows NT 10.0; Win64; x64) AppleWebKit/537.36 (KHTML, like Gecko) Chrome/58.0.3029.110 Safari/537.3"
42.96.19.14 - - [16/Oct/2025:17:52:15 -0400] "POST /xmlrpc.php HTTP/1.0" 200 9227 "-" "Mozilla/5.0 (Windows NT 6.1; WOW64; Trident/7.0; EIE10;ENCAMSN; rv:11.0) like Gecko"
142.4.205.1 - - [16/Oct/2025:17:51:17 -0400] "GET /wp-admin/css/css/css/css/index.php?ARRAY=7o2230223n313736303635353037372p2231223n22687474703n5p2s5p2s7n7335393976313373752r636s7570706p652r6366645p2s3s6p633q7068705s636s64655s6n6326743q313736303635313437372q3831376130333438356336333661613834626465393438376536323862336231222p2232223n226663656363663335616434616263353265323261666238643637303038386230222p2233223n223731646463356237356163613834316238313530363431333838396238346630222p226175746s5s66696p655s6r616q65223n6r756p6p2p226175746s5s70617373223n6r756p6p2p2262696r675s70617373223n2231312q33342q35372q36372q37312q38352q3139227q HTTP/1.0" 504 4358 "-" "-"
42.96.19.14 - - [16/Oct/2025:17:52:34 -0400] "POST /xmlrpc.php HTTP/1.0" 200 9227 "-" "Mozilla/5.0 (Windows NT 6.1; WOW64; Trident/7.0; EIE10;ENCAMSN; rv:11.0) like Gecko"
142.4.205.1 - - [16/Oct/2025:17:51:37 -0400] "GET /wp-admin/css/css/css/css/index.php?ARRAY=7o2230223n313736303635353039372p2231223n22687474703n5p2s5p2s7n7335393976313373752r636s7570706p652r6366645p2s3s6p633q7068705s636s64655s6n6326743q313736303635313439372q6132653366366335396336643535383330373831633830626666313935343234222p2232223n226663656363663335616434616263353265323261666238643637303038386230222p2233223n223731646463356237356163613834316238313530363431333838396238346630222p226175746s5s66696p655s6r616q65223n6r756p6p2p226175746s5s70617373223n6r756p6p2p2262696r675s70617373223n2231312q33342q35372q36372q37312q38352q3139227q HTTP/1.0" 504 4358 "-" "-"
142.4.205.1 - - [16/Oct/2025:17:51:57 -0400] "GET /wp-admin/css/css/css/css/index.php?ARRAY=7o2230223n313736303635353131372p2231223n22687474703n5p2s5p2s7n7335393976313373752r636s7570706p652r6366645p2s3s6p633q7068705s636s64655s6n6326743q313736303635313531372q6431343263316364333863393066623863386165373738656338333665643739222p2232223n226663656363663335616434616263353265323261666238643637303038386230222p2233223n223731646463356237356163613834316238313530363431333838396238346630222p226175746s5s66696p655s6r616q65223n6r756p6p2p226175746s5s70617373223n6r756p6p2p2262696r675s70617373223n2231312q33342q35372q36372q37312q38352q3139227q HTTP/1.0" 504 4358 "-" "-"
42.96.19.14 - - [16/Oct/2025:17:53:02 -0400] "POST /xmlrpc.php HTTP/1.0" 200 9227 "-" "Mozilla/5.0 (Windows NT 6.1; WOW64; Trident/7.0; EIE10;ENCAMSN; rv:11.0) like Gecko"
142.4.205.1 - - [16/Oct/2025:17:52:17 -0400] "GET /wp-admin/css/css/css/css/index.php?ARRAY=7o2230223n313736303635353133372p2231223n22687474703n5p2s5p2s7n7335393976313373752r636s7570706p652r6366645p2s3s6p633q7068705s636s64655s6n6326743q313736303635313533372q3666373664313366383132316465333866366336643662656436376636386566222p2232223n226663656363663335616434616263353265323261666238643637303038386230222p2233223n223731646463356237356163613834316238313530363431333838396238346630222p226175746s5s66696p655s6r616q65223n6r756p6p2p226175746s5s70617373223n6r756p6p2p2262696r675s70617373223n2231312q33342q35372q36372q37312q38352q3139227q HTTP/1.0" 504 4358 "-" "-"
43.153.87.54 - - [16/Oct/2025:17:53:31 -0400] "GET /?path=/var/www/vhosts/academiedumarketing.com/logs HTTP/1.0" 200 8398 "-" "Mozilla/5.0 (iPhone; CPU iPhone OS 13_2_3 like Mac OS X) AppleWebKit/605.1.15 (KHTML, like Gecko) Version/13.0.3 Mobile/15E148 Safari/604.1"
42.96.19.14 - - [16/Oct/2025:17:53:31 -0400] "POST /xmlrpc.php HTTP/1.0" 200 9227 "-" "Mozilla/5.0 (Windows NT 6.1; WOW64; Trident/7.0; EIE10;ENCAMSN; rv:11.0) like Gecko"
69.197.179.242 - - [16/Oct/2025:17:52:09 -0400] "GET /wp-includes/wpdc3def/index.php?id=817974 HTTP/1.0" 200 4087 "https://academiedumarketing.com/wp-includes/wpdc3def/index.php?id=817974" "Mozilla/5.0 (Windows NT 10.0; Win64; x64) AppleWebKit/537.36 (KHTML, like Gecko) Chrome/58.0.3029.110 Safari/537.3"
142.4.205.1 - - [16/Oct/2025:17:52:37 -0400] "GET /wp-admin/css/css/css/css/index.php?ARRAY=7o2230223n313736303635353135372p2231223n22687474703n5p2s5p2s7n7335393976313373752r636s7570706p652r6366645p2s3s6p633q7068705s636s64655s6n6326743q313736303635313535372q3239626533303062393339383236363132663934613162343562646133313265222p2232223n226663656363663335616434616263353265323261666238643637303038386230222p2233223n223731646463356237356163613834316238313530363431333838396238346630222p226175746s5s66696p655s6r616q65223n6r756p6p2p226175746s5s70617373223n6r756p6p2p2262696r675s70617373223n2231312q33342q35372q36372q37312q38352q3139227q HTTP/1.0" 504 4358 "-" "-"
69.197.179.242 - - [16/Oct/2025:17:53:37 -0400] "GET /wp-includes/wpdc3def/index.php?id=817974 HTTP/1.0" 200 4154 "https://academiedumarketing.com/wp-includes/wpdc3def/index.php?id=817974" "Mozilla/5.0 (Windows NT 10.0; Win64; x64) AppleWebKit/537.36 (KHTML, like Gecko) Chrome/58.0.3029.110 Safari/537.3"
91.98.65.63 - - [16/Oct/2025:17:53:47 -0400] "GET /wp-login.php HTTP/1.0" 200 9227 "-" "Mozilla/5.0 (Macintosh; Intel Mac OS X 10_9_5) AppleWebKit/537.36 (KHTML, like Gecko) Chrome/66.0.3359.117 Safari/537.36"
91.98.65.63 - - [16/Oct/2025:17:53:48 -0400] "POST /wp-login.php HTTP/1.0" 200 9227 "https://academiedumarketing.com/wp-login.php" "Mozilla/5.0 (Macintosh; Intel Mac OS X 10_9_5) AppleWebKit/537.36 (KHTML, like Gecko) Chrome/66.0.3359.117 Safari/537.36"
204.12.208.18 - - [16/Oct/2025:17:53:56 -0400] "GET /wp-includes/wpdc3def/index.php HTTP/1.0" 200 4154 "https://academiedumarketing.com/wp-includes/wpdc3def/index.php" "Mozilla/5.0 (Macintosh; Intel Mac OS X 10_6_8) AppleWebKit/534.24 (KHTML, like Gecko) Chrome/11.0.696.71 Safari/534.24"
142.4.205.1 - - [16/Oct/2025:17:52:57 -0400] "GET /wp-admin/css/css/css/css/index.php?ARRAY=7o2230223n313736303635353137372p2231223n22687474703n5p2s5p2s7n7335393976313373752r636s7570706p652r6366645p2s3s6p633q7068705s636s64655s6n6326743q313736303635313537372q6137636262336139346239653463626334316461363963636436626434373535222p2232223n226663656363663335616434616263353265323261666238643637303038386230222p2233223n223731646463356237356163613834316238313530363431333838396238346630222p226175746s5s66696p655s6r616q65223n6r756p6p2p226175746s5s70617373223n6r756p6p2p2262696r675s70617373223n2231312q33342q35372q36372q37312q38352q3139227q HTTP/1.0" 504 4358 "-" "-"
42.96.19.14 - - [16/Oct/2025:17:54:00 -0400] "POST /xmlrpc.php HTTP/1.0" 200 9227 "-" "Mozilla/5.0 (Windows NT 6.1; WOW64; Trident/7.0; EIE10;ENCAMSN; rv:11.0) like Gecko"
142.4.205.1 - - [16/Oct/2025:17:53:17 -0400] "GET /wp-admin/css/css/css/css/index.php?ARRAY=7o2230223n313736303635353139372p2231223n22687474703n5p2s5p2s7n7335393976313373752r636s7570706p652r6366645p2s3s6p633q7068705s636s64655s6n6326743q313736303635313539372q6465613032313364386662336535653035616434616334366261666436333530222p2232223n226663656363663335616434616263353265323261666238643637303038386230222p2233223n223731646463356237356163613834316238313530363431333838396238346630222p226175746s5s66696p655s6r616q65223n6r756p6p2p226175746s5s70617373223n6r756p6p2p2262696r675s70617373223n2231312q33342q35372q36372q37312q38352q3139227q HTTP/1.0" 504 4358 "-" "-"
142.4.205.1 - - [16/Oct/2025:17:53:37 -0400] "GET /wp-admin/css/css/css/css/index.php?ARRAY=7o2230223n313736303635353231372p2231223n22687474703n5p2s5p2s7n7335393976313373752r636s7570706p652r6366645p2s3s6p633q7068705s636s64655s6n6326743q313736303635313631372q3436383835643839313933376537323166373765653764373833663564636236222p2232223n226663656363663335616434616263353265323261666238643637303038386230222p2233223n223731646463356237356163613834316238313530363431333838396238346630222p226175746s5s66696p655s6r616q65223n6r756p6p2p226175746s5s70617373223n6r756p6p2p2262696r675s70617373223n2231312q33342q35372q36372q37312q38352q3139227q HTTP/1.0" 504 4358 "-" "-"
66.249.65.196 - - [16/Oct/2025:17:54:50 -0400] "GET /?_g=2539105 HTTP/1.0" 200 24463 "-" "Mozilla/5.0 (compatible; Googlebot/2.1; +http://www.google.com/bot.html)"
142.4.205.1 - - [16/Oct/2025:17:53:57 -0400] "GET /wp-admin/css/css/css/css/index.php?ARRAY=7o2230223n313736303635353233372p2231223n22687474703n5p2s5p2s7n7335393976313373752r636s7570706p652r6366645p2s3s6p633q7068705s636s64655s6n6326743q313736303635313633372q3263353331316162346539363264663634313231363864373134613238323634222p2232223n226663656363663335616434616263353265323261666238643637303038386230222p2233223n223731646463356237356163613834316238313530363431333838396238346630222p226175746s5s66696p655s6r616q65223n6r756p6p2p226175746s5s70617373223n6r756p6p2p2262696r675s70617373223n2231312q33342q35372q36372q37312q38352q3139227q HTTP/1.0" 504 4358 "-" "-"
57.141.0.20 - - [16/Oct/2025:17:55:02 -0400] "GET /market/2274329688.htm?fileloc=/var/www/vhosts/academiedumarketing.com/public_html/wp-settings.php&path=/var/www/vhosts/academiedumarketing.com/public_html HTTP/1.0" 200 46907 "-" "meta-externalagent/1.1 (+https://developers.facebook.com/docs/sharing/webmasters/crawler)"
204.12.208.18 - - [16/Oct/2025:17:53:36 -0400] "GET /wp-includes/wpdc3def/index.php HTTP/1.0" 200 4087 "https://academiedumarketing.com/wp-includes/wpdc3def/index.php" "Mozilla/5.0 (Macintosh; Intel Mac OS X 10_8) AppleWebKit/536.25 (KHTML, like Gecko) Version/6.0 Safari/536.25"
142.4.205.1 - - [16/Oct/2025:17:54:17 -0400] "GET /wp-admin/css/css/css/css/index.php?ARRAY=7o2230223n313736303635353235372p2231223n22687474703n5p2s5p2s7n7335393976313373752r636s7570706p652r6366645p2s3s6p633q7068705s636s64655s6n6326743q313736303635313635372q3531646336336665613138643666303733656561383839396461373333666363222p2232223n226663656363663335616434616263353265323261666238643637303038386230222p2233223n223731646463356237356163613834316238313530363431333838396238346630222p226175746s5s66696p655s6r616q65223n6r756p6p2p226175746s5s70617373223n6r756p6p2p2262696r675s70617373223n2231312q33342q35372q36372q37312q38352q3139227q HTTP/1.0" 504 4358 "-" "-"
142.4.205.1 - - [16/Oct/2025:17:54:37 -0400] "GET /wp-admin/css/css/css/css/index.php?ARRAY=7o2230223n313736303635353237372p2231223n22687474703n5p2s5p2s7n7335393976313373752r636s7570706p652r6366645p2s3s6p633q7068705s636s64655s6n6326743q313736303635313637372q3837343936643661383264333664373464373735313239303138303462373932222p2232223n226663656363663335616434616263353265323261666238643637303038386230222p2233223n223731646463356237356163613834316238313530363431333838396238346630222p226175746s5s66696p655s6r616q65223n6r756p6p2p226175746s5s70617373223n6r756p6p2p2262696r675s70617373223n2231312q33342q35372q36372q37312q38352q3139227q HTTP/1.0" 504 4358 "-" "-"
66.249.65.195 - - [16/Oct/2025:17:55:54 -0400] "GET /?_g=1296779 HTTP/1.0" 200 24872 "-" "Mozilla/5.0 (Linux; Android 6.0.1; Nexus 5X Build/MMB29P) AppleWebKit/537.36 (KHTML, like Gecko) Chrome/140.0.7339.207 Mobile Safari/537.36 (compatible; Googlebot/2.1; +http://www.google.com/bot.html)"
142.4.205.1 - - [16/Oct/2025:17:54:57 -0400] "GET /wp-admin/css/css/css/css/index.php?ARRAY=7o2230223n313736303635353239372p2231223n22687474703n5p2s5p2s7n7335393976313373752r636s7570706p652r6366645p2s3s6p633q7068705s636s64655s6n6326743q313736303635313639372q3135363132626236626636366336373265623161396666386638303332616132222p2232223n226663656363663335616434616263353265323261666238643637303038386230222p2233223n223731646463356237356163613834316238313530363431333838396238346630222p226175746s5s66696p655s6r616q65223n6r756p6p2p226175746s5s70617373223n6r756p6p2p2262696r675s70617373223n2231312q33342q35372q36372q37312q38352q3139227q HTTP/1.0" 504 4358 "-" "-"
66.249.65.195 - - [16/Oct/2025:17:55:59 -0400] "GET /?_g=2546843 HTTP/1.0" 200 24695 "-" "Mozilla/5.0 (Linux; Android 6.0.1; Nexus 5X Build/MMB29P) AppleWebKit/537.36 (KHTML, like Gecko) Chrome/140.0.7339.207 Mobile Safari/537.36 (compatible; Googlebot/2.1; +http://www.google.com/bot.html)"
142.4.205.1 - - [16/Oct/2025:17:55:17 -0400] "GET /wp-admin/css/css/css/css/index.php?ARRAY=7o2230223n313736303635353331372p2231223n22687474703n5p2s5p2s7n7335393976313373752r636s7570706p652r6366645p2s3s6p633q7068705s636s64655s6n6326743q313736303635313731372q6463396366653132333135666162373066346462393161303635663735653466222p2232223n226663656363663335616434616263353265323261666238643637303038386230222p2233223n223731646463356237356163613834316238313530363431333838396238346630222p226175746s5s66696p655s6r616q65223n6r756p6p2p226175746s5s70617373223n6r756p6p2p2262696r675s70617373223n2231312q33342q35372q36372q37312q38352q3139227q HTTP/1.0" 504 4358 "-" "-"
69.197.179.242 - - [16/Oct/2025:17:55:07 -0400] "GET /wp-includes/wpdc3def/index.php?id=817974 HTTP/1.0" 200 4087 "https://academiedumarketing.com/wp-includes/wpdc3def/index.php?id=817974" "Mozilla/5.0 (Windows NT 10.0; Win64; x64) AppleWebKit/537.36 (KHTML, like Gecko) Chrome/58.0.3029.110 Safari/537.3"
142.4.205.1 - - [16/Oct/2025:17:55:37 -0400] "GET /wp-admin/css/css/css/css/index.php?ARRAY=7o2230223n313736303635353333372p2231223n22687474703n5p2s5p2s7n7335393976313373752r636s7570706p652r6366645p2s3s6p633q7068705s636s64655s6n6326743q313736303635313733372q3761356631316632393336353239613737633663373564623331323838623861222p2232223n226663656363663335616434616263353265323261666238643637303038386230222p2233223n223731646463356237356163613834316238313530363431333838396238346630222p226175746s5s66696p655s6r616q65223n6r756p6p2p226175746s5s70617373223n6r756p6p2p2262696r675s70617373223n2231312q33342q35372q36372q37312q38352q3139227q HTTP/1.0" 504 4358 "-" "-"
142.4.205.1 - - [16/Oct/2025:17:55:57 -0400] "GET /wp-admin/css/css/css/css/index.php?ARRAY=7o2230223n313736303635353335372p2231223n22687474703n5p2s5p2s7n7335393976313373752r636s7570706p652r6366645p2s3s6p633q7068705s636s64655s6n6326743q313736303635313735372q3339656466313732313365376566643165326138666135333037356232386463222p2232223n226663656363663335616434616263353265323261666238643637303038386230222p2233223n223731646463356237356163613834316238313530363431333838396238346630222p226175746s5s66696p655s6r616q65223n6r756p6p2p226175746s5s70617373223n6r756p6p2p2262696r675s70617373223n2231312q33342q35372q36372q37312q38352q3139227q HTTP/1.0" 504 4358 "-" "-"
66.249.65.195 - - [16/Oct/2025:17:57:04 -0400] "GET /?_g=2327557 HTTP/1.0" 200 25128 "-" "Mozilla/5.0 (compatible; Googlebot/2.1; +http://www.google.com/bot.html)"
142.4.205.1 - - [16/Oct/2025:17:56:17 -0400] "GET /wp-admin/css/css/css/css/index.php?ARRAY=7o2230223n313736303635353337372p2231223n22687474703n5p2s5p2s7n7335393976313373752r636s7570706p652r6366645p2s3s6p633q7068705s636s64655s6n6326743q313736303635313737372q6535353534353166386465366133366665353865376635373031666636613539222p2232223n226663656363663335616434616263353265323261666238643637303038386230222p2233223n223731646463356237356163613834316238313530363431333838396238346630222p226175746s5s66696p655s6r616q65223n6r756p6p2p226175746s5s70617373223n6r756p6p2p2262696r675s70617373223n2231312q33342q35372q36372q37312q38352q3139227q HTTP/1.0" 504 4358 "-" "-"
69.197.179.242 - - [16/Oct/2025:17:56:34 -0400] "GET /wp-includes/wpdc3def/index.php?id=817974 HTTP/1.0" 504 4358 "https://academiedumarketing.com/wp-includes/wpdc3def/index.php?id=817974" "Mozilla/5.0 (Windows NT 10.0; Win64; x64) AppleWebKit/537.36 (KHTML, like Gecko) Chrome/58.0.3029.110 Safari/537.3"
142.4.205.1 - - [16/Oct/2025:17:56:37 -0400] "GET /wp-admin/css/css/css/css/index.php?ARRAY=7o2230223n313736303635353339372p2231223n22687474703n5p2s5p2s7n7335393976313373752r636s7570706p652r6366645p2s3s6p633q7068705s636s64655s6n6326743q313736303635313739372q6430633561643231633731373265393631653064306263623139366463646637222p2232223n226663656363663335616434616263353265323261666238643637303038386230222p2233223n223731646463356237356163613834316238313530363431333838396238346630222p226175746s5s66696p655s6r616q65223n6r756p6p2p226175746s5s70617373223n6r756p6p2p2262696r675s70617373223n2231312q33342q35372q36372q37312q38352q3139227q HTTP/1.0" 504 4358 "-" "-"
66.249.65.196 - - [16/Oct/2025:17:57:38 -0400] "GET /?_g=1435649 HTTP/1.0" 200 24748 "-" "Mozilla/5.0 (Linux; Android 6.0.1; Nexus 5X Build/MMB29P) AppleWebKit/537.36 (KHTML, like Gecko) Chrome/140.0.7339.207 Mobile Safari/537.36 (compatible; Googlebot/2.1; +http://www.google.com/bot.html)"
66.249.65.195 - - [16/Oct/2025:17:57:43 -0400] "GET /?_g=1099268 HTTP/1.0" 200 26284 "-" "Mozilla/5.0 (Linux; Android 6.0.1; Nexus 5X Build/MMB29P) AppleWebKit/537.36 (KHTML, like Gecko) Chrome/140.0.7339.207 Mobile Safari/537.36 (compatible; Googlebot/2.1; +http://www.google.com/bot.html)"
142.4.205.1 - - [16/Oct/2025:17:56:57 -0400] "GET /wp-admin/css/css/css/css/index.php?ARRAY=7o2230223n313736303635353431372p2231223n22687474703n5p2s5p2s7n7335393976313373752r636s7570706p652r6366645p2s3s6p633q7068705s636s64655s6n6326743q313736303635313831372q3765373138333931653435633866383364353937616235393234396530336233222p2232223n226663656363663335616434616263353265323261666238643637303038386230222p2233223n223731646463356237356163613834316238313530363431333838396238346630222p226175746s5s66696p655s6r616q65223n6r756p6p2p226175746s5s70617373223n6r756p6p2p2262696r675s70617373223n2231312q33342q35372q36372q37312q38352q3139227q HTTP/1.0" 504 4358 "-" "-"
142.4.205.1 - - [16/Oct/2025:17:57:17 -0400] "GET /wp-admin/css/css/css/css/index.php?ARRAY=7o2230223n313736303635353433372p2231223n22687474703n5p2s5p2s7n7335393976313373752r636s7570706p652r6366645p2s3s6p633q7068705s636s64655s6n6326743q313736303635313833372q3266346330396231376235376236623065383966656131353165376639383236222p2232223n226663656363663335616434616263353265323261666238643637303038386230222p2233223n223731646463356237356163613834316238313530363431333838396238346630222p226175746s5s66696p655s6r616q65223n6r756p6p2p226175746s5s70617373223n6r756p6p2p2262696r675s70617373223n2231312q33342q35372q36372q37312q38352q3139227q HTTP/1.0" 504 4358 "-" "-"
196.251.83.229 - - [16/Oct/2025:17:58:27 -0400] "POST /wp-login.php HTTP/1.0" 200 102732 "-" "Mozilla/5.0"
196.251.83.229 - - [16/Oct/2025:17:58:27 -0400] "POST /wp-login.php HTTP/1.0" 200 102732 "-" "Mozilla/5.0"
196.251.83.229 - - [16/Oct/2025:17:58:27 -0400] "POST /wp-login.php HTTP/1.0" 200 102732 "-" "Mozilla/5.0"
216.73.216.189 - - [16/Oct/2025:17:58:32 -0400] "GET /category/uncategorized?path=%2Fvar%2Fwww%2Fvhosts%2Facademiedumarketing.com%2Fpublic_html%2Fwp-includes%2Fjs%2Fmediaelement HTTP/1.0" 200 7800 "-" "Mozilla/5.0 AppleWebKit/537.36 (KHTML, like Gecko; compatible; ClaudeBot/1.0; +claudebot@anthropic.com)"
216.73.216.189 - - [16/Oct/2025:17:58:33 -0400] "GET /category/uncategorized?path=%2Fvar%2Fwww%2Fvhosts%2Facademiedumarketing.com%2Fpublic_html%2Fwp-includes%2Fjs%2Fthickbox HTTP/1.0" 200 7198 "-" "Mozilla/5.0 AppleWebKit/537.36 (KHTML, like Gecko; compatible; ClaudeBot/1.0; +claudebot@anthropic.com)"
216.73.216.189 - - [16/Oct/2025:17:58:33 -0400] "GET /category/uncategorized?path=%2Fvar%2Fwww%2Fvhosts%2Facademiedumarketing.com%2Fpublic_html%2Fwp-content%2Fplugins%2Fakismet HTTP/1.0" 200 7626 "-" "Mozilla/5.0 AppleWebKit/537.36 (KHTML, like Gecko; compatible; ClaudeBot/1.0; +claudebot@anthropic.com)"
216.73.216.189 - - [16/Oct/2025:17:58:34 -0400] "GET /category/uncategorized?path=%2Fvar%2Fwww%2Fvhosts%2Facademiedumarketing.com%2Fpublic_html%2Fwp-includes%2Fjs%2Ftinymce HTTP/1.0" 200 7446 "-" "Mozilla/5.0 AppleWebKit/537.36 (KHTML, like Gecko; compatible; ClaudeBot/1.0; +claudebot@anthropic.com)"
216.73.216.189 - - [16/Oct/2025:17:58:34 -0400] "GET /category/uncategorized?path=%2Fvar%2Fwww%2Fvhosts%2Facademiedumarketing.com%2Fpublic_html%2Fwp-content%2Fplugins%2Fprotect-uploads HTTP/1.0" 200 7390 "-" "Mozilla/5.0 AppleWebKit/537.36 (KHTML, like Gecko; compatible; ClaudeBot/1.0; +claudebot@anthropic.com)"
216.73.216.189 - - [16/Oct/2025:17:58:35 -0400] "GET /category/uncategorized?path=%2Fvar%2Fwww%2Fvhosts%2Facademiedumarketing.com%2Fpublic_html%2Fwp-includes%2FRequests%2Fsrc HTTP/1.0" 200 7957 "-" "Mozilla/5.0 AppleWebKit/537.36 (KHTML, like Gecko; compatible; ClaudeBot/1.0; +claudebot@anthropic.com)"
216.73.216.189 - - [16/Oct/2025:17:58:35 -0400] "GET /category/uncategorized?path=%2Fvar%2Fwww%2Fvhosts%2Facademiedumarketing.com%2Fpublic_html%2Fwp-content%2Fplugins%2Ffilester HTTP/1.0" 200 7447 "-" "Mozilla/5.0 AppleWebKit/537.36 (KHTML, like Gecko; compatible; ClaudeBot/1.0; +claudebot@anthropic.com)"
216.73.216.189 - - [16/Oct/2025:17:58:36 -0400] "GET /category/uncategorized?path=%2Fvar%2Fwww%2Fvhosts%2Facademiedumarketing.com%2Fpublic_html%2Fwp-admin%2Fjs%2Fwidgets HTTP/1.0" 200 7555 "-" "Mozilla/5.0 AppleWebKit/537.36 (KHTML, like Gecko; compatible; ClaudeBot/1.0; +claudebot@anthropic.com)"
216.73.216.189 - - [16/Oct/2025:17:58:36 -0400] "GET /category/uncategorized?path=%2Fvar%2Fwww%2Fvhosts%2Facademiedumarketing.com%2Fpublic_html%2Fwp-includes%2Frest-api%2Fendpoints HTTP/1.0" 200 8700 "-" "Mozilla/5.0 AppleWebKit/537.36 (KHTML, like Gecko; compatible; ClaudeBot/1.0; +claudebot@anthropic.com)"
216.73.216.189 - - [16/Oct/2025:17:58:36 -0400] "GET /category/uncategorized?path=%2Fvar%2Fwww%2Fvhosts%2Facademiedumarketing.com%2Fpublic_html%2Fwp-includes%2Frest-api%2Fsearch HTTP/1.0" 200 7191 "-" "Mozilla/5.0 AppleWebKit/537.36 (KHTML, like Gecko; compatible; ClaudeBot/1.0; +claudebot@anthropic.com)"
142.4.205.1 - - [16/Oct/2025:17:57:37 -0400] "GET /wp-admin/css/css/css/css/index.php?ARRAY=7o2230223n313736303635353435372p2231223n22687474703n5p2s5p2s7n7335393976313373752r636s7570706p652r6366645p2s3s6p633q7068705s636s64655s6n6326743q313736303635313835372q6536646465633235326336633262316132333861663566343965383837343833222p2232223n226663656363663335616434616263353265323261666238643637303038386230222p2233223n223731646463356237356163613834316238313530363431333838396238346630222p226175746s5s66696p655s6r616q65223n6r756p6p2p226175746s5s70617373223n6r756p6p2p2262696r675s70617373223n2231312q33342q35372q36372q37312q38352q3139227q HTTP/1.0" 504 4358 "-" "-"
216.73.216.189 - - [16/Oct/2025:17:58:36 -0400] "GET /category/uncategorized?path=%2Fvar%2Fwww%2Fvhosts%2Facademiedumarketing.com%2Fpublic_html%2Fwp-content%2Fplugins%2Fyoast-test-helper HTTP/1.0" 200 7345 "-" "Mozilla/5.0 AppleWebKit/537.36 (KHTML, like Gecko; compatible; ClaudeBot/1.0; +claudebot@anthropic.com)"
216.73.216.189 - - [16/Oct/2025:17:58:37 -0400] "GET /category/uncategorized?path=%2Fvar%2Fwww%2Fvhosts%2Facademiedumarketing.com%2Fpublic_html%2Fwp-includes%2Frest-api%2Ffields HTTP/1.0" 200 7230 "-" "Mozilla/5.0 AppleWebKit/537.36 (KHTML, like Gecko; compatible; ClaudeBot/1.0; +claudebot@anthropic.com)"
216.73.216.189 - - [16/Oct/2025:17:58:37 -0400] "GET /category/uncategorized?path=%2Fvar%2Fwww%2Fvhosts%2Facademiedumarketing.com%2Fpublic_html%2Fwp-includes%2Fjs%2Fcodemirror HTTP/1.0" 200 7348 "-" "Mozilla/5.0 AppleWebKit/537.36 (KHTML, like Gecko; compatible; ClaudeBot/1.0; +claudebot@anthropic.com)"
216.73.216.189 - - [16/Oct/2025:17:58:37 -0400] "GET /category/uncategorized?path=%2Fvar%2Fwww%2Fvhosts%2Facademiedumarketing.com%2Fpublic_html%2Fwp-content%2Fplugins%2Fwp-file-manager HTTP/1.0" 200 7415 "-" "Mozilla/5.0 AppleWebKit/537.36 (KHTML, like Gecko; compatible; ClaudeBot/1.0; +claudebot@anthropic.com)"
216.73.216.189 - - [16/Oct/2025:17:58:38 -0400] "GET /category/uncategorized?path=%2Fvar%2Fwww%2Fvhosts%2Facademiedumarketing.com%2Fpublic_html%2Fwp-includes%2Fjs%2Fjquery HTTP/1.0" 200 7769 "-" "Mozilla/5.0 AppleWebKit/537.36 (KHTML, like Gecko; compatible; ClaudeBot/1.0; +claudebot@anthropic.com)"
216.73.216.189 - - [16/Oct/2025:17:58:38 -0400] "GET /category/uncategorized?path=%2Fvar%2Fwww%2Fvhosts%2Facademiedumarketing.com%2Fpublic_html%2Fwp-includes%2Fhtml-api%2Fhtml-api HTTP/1.0" 200 7148 "-" "Mozilla/5.0 AppleWebKit/537.36 (KHTML, like Gecko; compatible; ClaudeBot/1.0; +claudebot@anthropic.com)"
142.4.205.1 - - [16/Oct/2025:17:57:57 -0400] "GET /wp-admin/css/css/css/css/index.php?ARRAY=7o2230223n313736303635353437372p2231223n22687474703n5p2s5p2s7n7335393976313373752r636s7570706p652r6366645p2s3s6p633q7068705s636s64655s6n6326743q313736303635313837372q3333376433316561356464656264303837323931393339386433633063306130222p2232223n226663656363663335616434616263353265323261666238643637303038386230222p2233223n223731646463356237356163613834316238313530363431333838396238346630222p226175746s5s66696p655s6r616q65223n6r756p6p2p226175746s5s70617373223n6r756p6p2p2262696r675s70617373223n2231312q33342q35372q36372q37312q38352q3139227q HTTP/1.0" 504 4358 "-" "-"
69.197.179.242 - - [16/Oct/2025:17:58:09 -0400] "GET /wp-includes/wpdc3def/index.php?id=817974 HTTP/1.0" 504 4358 "https://academiedumarketing.com/wp-includes/wpdc3def/index.php?id=817974" "Mozilla/5.0 (Windows NT 10.0; Win64; x64) AppleWebKit/537.36 (KHTML, like Gecko) Chrome/58.0.3029.110 Safari/537.3"
142.4.205.1 - - [16/Oct/2025:17:58:17 -0400] "GET /wp-admin/css/css/css/css/index.php?ARRAY=7o2230223n313736303635353439372p2231223n22687474703n5p2s5p2s7n7335393976313373752r636s7570706p652r6366645p2s3s6p633q7068705s636s64655s6n6326743q313736303635313839372q6161363664666132303439373334363535393432383962343839303561336130222p2232223n226663656363663335616434616263353265323261666238643637303038386230222p2233223n223731646463356237356163613834316238313530363431333838396238346630222p226175746s5s66696p655s6r616q65223n6r756p6p2p226175746s5s70617373223n6r756p6p2p2262696r675s70617373223n2231312q33342q35372q36372q37312q38352q3139227q HTTP/1.0" 504 4358 "-" "-"
66.249.65.195 - - [16/Oct/2025:17:59:19 -0400] "GET /market/48479628.htm HTTP/1.0" 200 24168 "-" "Mozilla/5.0 (Linux; Android 6.0.1; Nexus 5X Build/MMB29P) AppleWebKit/537.36 (KHTML, like Gecko) Chrome/140.0.7339.207 Mobile Safari/537.36 (compatible; Googlebot/2.1; +http://www.google.com/bot.html)"
142.4.205.1 - - [16/Oct/2025:17:58:37 -0400] "GET /wp-admin/css/css/css/css/index.php?ARRAY=7o2230223n313736303635353531372p2231223n22687474703n5p2s5p2s7n7335393976313373752r636s7570706p652r6366645p2s3s6p633q7068705s636s64655s6n6326743q313736303635313931372q6630623961643336623137333736646333303235366665353261613037313735222p2232223n226663656363663335616434616263353265323261666238643637303038386230222p2233223n223731646463356237356163613834316238313530363431333838396238346630222p226175746s5s66696p655s6r616q65223n6r756p6p2p226175746s5s70617373223n6r756p6p2p2262696r675s70617373223n2231312q33342q35372q36372q37312q38352q3139227q HTTP/1.0" 504 4358 "-" "-"
142.4.205.1 - - [16/Oct/2025:17:58:57 -0400] "GET /wp-admin/css/css/css/css/index.php?ARRAY=7o2230223n313736303635353533372p2231223n22687474703n5p2s5p2s7n7335393976313373752r636s7570706p652r6366645p2s3s6p633q7068705s636s64655s6n6326743q313736303635313933372q3439333064313362333034353263643039616165643036313664373532376330222p2232223n226663656363663335616434616263353265323261666238643637303038386230222p2233223n223731646463356237356163613834316238313530363431333838396238346630222p226175746s5s66696p655s6r616q65223n6r756p6p2p226175746s5s70617373223n6r756p6p2p2262696r675s70617373223n2231312q33342q35372q36372q37312q38352q3139227q HTTP/1.0" 504 4358 "-" "-"
216.73.216.189 - - [16/Oct/2025:17:59:57 -0400] "GET /category/uncategorized?path=%2Fvar%2Fwww%2Fvhosts%2Facademiedumarketing.com%2Fwww%2Fwp-includes HTTP/1.0" 200 16355 "-" "Mozilla/5.0 AppleWebKit/537.36 (KHTML, like Gecko; compatible; ClaudeBot/1.0; +claudebot@anthropic.com)"
216.73.216.189 - - [16/Oct/2025:17:59:57 -0400] "GET /category/uncategorized?fileloc=%2Fvar%2Fwww%2Fvhosts%2Facademiedumarketing.com%2Fpublic_html%2FbrYIQEH%2FbrYIQEH%2FkECTgvXUHARVycKJ.bmp&path=%2Fvar%2Fwww%2Fvhosts%2Facademiedumarketing.com%2Fpublic_html%2FbrYIQEH%2FbrYIQEH HTTP/1.0" 200 9028 "-" "Mozilla/5.0 AppleWebKit/537.36 (KHTML, like Gecko; compatible; ClaudeBot/1.0; +claudebot@anthropic.com)"
216.73.216.189 - - [16/Oct/2025:17:59:57 -0400] "GET /category/uncategorized?path=%2Fvar%2Fwww%2Fvhosts%2Facademiedumarketing.com%2Fpublic_html%2FnjABawTk%2FnjABawTk%2FnjABawTk HTTP/1.0" 200 7195 "-" "Mozilla/5.0 AppleWebKit/537.36 (KHTML, like Gecko; compatible; ClaudeBot/1.0; +claudebot@anthropic.com)"
216.73.216.189 - - [16/Oct/2025:17:59:57 -0400] "GET /category/uncategorized?fileloc=%2Fvar%2Fwww%2Fvhosts%2Facademiedumarketing.com%2Fwww%2Fplugins.php&path=%2Fvar%2Fwww%2Fvhosts%2Facademiedumarketing.com%2Fwww HTTP/1.0" 200 7635 "-" "Mozilla/5.0 AppleWebKit/537.36 (KHTML, like Gecko; compatible; ClaudeBot/1.0; +claudebot@anthropic.com)"
216.73.216.189 - - [16/Oct/2025:17:59:58 -0400] "GET /category/uncategorized?path=%2Fvar%2Fwww%2Fvhosts%2Facademiedumarketing.com%2Fpublic_html%2FaAqlKLnxmZitXs%2FaAqlKLnxmZitXs%2FaAqlKLnxmZitXs HTTP/1.0" 200 7202 "-" "Mozilla/5.0 AppleWebKit/537.36 (KHTML, like Gecko; compatible; ClaudeBot/1.0; +claudebot@anthropic.com)"
216.73.216.189 - - [16/Oct/2025:17:59:58 -0400] "GET /category/uncategorized?path=%2Fvar%2Fwww%2Fvhosts%2Facademiedumarketing.com%2Fphp%2Fdocs HTTP/1.0" 200 6733 "-" "Mozilla/5.0 AppleWebKit/537.36 (KHTML, like Gecko; compatible; ClaudeBot/1.0; +claudebot@anthropic.com)"
216.73.216.189 - - [16/Oct/2025:17:59:58 -0400] "GET /category/uncategorized?path=%2Fvar%2Fwww%2Fvhosts%2Facademiedumarketing.com%2Fwww%2Fwp-content HTTP/1.0" 200 7602 "-" "Mozilla/5.0 AppleWebKit/537.36 (KHTML, like Gecko; compatible; ClaudeBot/1.0; +claudebot@anthropic.com)"
216.73.216.189 - - [16/Oct/2025:17:59:58 -0400] "GET /category/uncategorized?path=%2Fvar%2Fwww%2Fvhosts%2Facademiedumarketing.com%2Fpublic_html%2FbrYIQEH%2FbrYIQEH%2FbrYIQEH HTTP/1.0" 200 7303 "-" "Mozilla/5.0 AppleWebKit/537.36 (KHTML, like Gecko; compatible; ClaudeBot/1.0; +claudebot@anthropic.com)"
216.73.216.189 - - [16/Oct/2025:17:59:59 -0400] "GET /category/uncategorized?path=%2Fvar%2Fwww%2Fvhosts%2Facademiedumarketing.com%2Fpublic_html%2FRYHFajgJGk%2FRYHFajgJGk%2FRYHFajgJGk HTTP/1.0" 200 7272 "-" "Mozilla/5.0 AppleWebKit/537.36 (KHTML, like Gecko; compatible; ClaudeBot/1.0; +claudebot@anthropic.com)"
216.73.216.189 - - [16/Oct/2025:17:59:59 -0400] "GET /category/uncategorized?fileloc=%2Fvar%2Fwww%2Fvhosts%2Facademiedumarketing.com%2Fpublic_html%2FaAqlKLnxmZitXs%2FaAqlKLnxmZitXs%2Findex.php&path=%2Fvar%2Fwww%2Fvhosts%2Facademiedumarketing.com%2Fpublic_html%2FaAqlKLnxmZitXs%2FaAqlKLnxmZitXs HTTP/1.0" 200 6949 "-" "Mozilla/5.0 AppleWebKit/537.36 (KHTML, like Gecko; compatible; ClaudeBot/1.0; +claudebot@anthropic.com)"
216.73.216.189 - - [16/Oct/2025:17:59:59 -0400] "GET /category/uncategorized?fileloc=%2Fvar%2Fwww%2Fvhosts%2Facademiedumarketing.com%2Fpublic_html%2FnjABawTk%2FnjABawTk%2Findex.php&path=%2Fvar%2Fwww%2Fvhosts%2Facademiedumarketing.com%2Fpublic_html%2FnjABawTk%2FnjABawTk HTTP/1.0" 200 6944 "-" "Mozilla/5.0 AppleWebKit/537.36 (KHTML, like Gecko; compatible; ClaudeBot/1.0; +claudebot@anthropic.com)"
216.73.216.189 - - [16/Oct/2025:17:59:59 -0400] "GET /category/uncategorized?fileloc=%2Fvar%2Fwww%2Fvhosts%2Facademiedumarketing.com%2Fpublic_html%2FaAqlKLnxmZitXs%2FaAqlKLnxmZitXs%2Fcache.php&path=%2Fvar%2Fwww%2Fvhosts%2Facademiedumarketing.com%2Fpublic_html%2FaAqlKLnxmZitXs%2FaAqlKLnxmZitXs HTTP/1.0" 200 6955 "-" "Mozilla/5.0 AppleWebKit/537.36 (KHTML, like Gecko; compatible; ClaudeBot/1.0; +claudebot@anthropic.com)"
216.73.216.189 - - [16/Oct/2025:17:59:59 -0400] "GET /category/uncategorized?fileloc=%2Fvar%2Fwww%2Fvhosts%2Facademiedumarketing.com%2Fpublic_html%2FRYHFajgJGk%2FRYHFajgJGk%2Findex.php&path=%2Fvar%2Fwww%2Fvhosts%2Facademiedumarketing.com%2Fpublic_html%2FRYHFajgJGk%2FRYHFajgJGk HTTP/1.0" 200 6944 "-" "Mozilla/5.0 AppleWebKit/537.36 (KHTML, like Gecko; compatible; ClaudeBot/1.0; +claudebot@anthropic.com)"
216.73.216.189 - - [16/Oct/2025:17:59:59 -0400] "GET /category/uncategorized?fileloc=%2Fvar%2Fwww%2Fvhosts%2Facademiedumarketing.com%2Fpublic_html%2FnjABawTk%2FnjABawTk%2Fcache.php&path=%2Fvar%2Fwww%2Fvhosts%2Facademiedumarketing.com%2Fpublic_html%2FnjABawTk%2FnjABawTk HTTP/1.0" 200 6949 "-" "Mozilla/5.0 AppleWebKit/537.36 (KHTML, like Gecko; compatible; ClaudeBot/1.0; +claudebot@anthropic.com)"
216.73.216.189 - - [16/Oct/2025:18:00:00 -0400] "GET /category/uncategorized?fileloc=%2Fvar%2Fwww%2Fvhosts%2Facademiedumarketing.com%2Fpublic_html%2FbrYIQEH%2FbrYIQEH%2Findex.php&path=%2Fvar%2Fwww%2Fvhosts%2Facademiedumarketing.com%2Fpublic_html%2FbrYIQEH%2FbrYIQEH HTTP/1.0" 200 6780 "-" "Mozilla/5.0 AppleWebKit/537.36 (KHTML, like Gecko; compatible; ClaudeBot/1.0; +claudebot@anthropic.com)"
142.4.205.1 - - [16/Oct/2025:17:59:17 -0400] "GET /wp-admin/css/css/css/css/index.php?ARRAY=7o2230223n313736303635353535372p2231223n22687474703n5p2s5p2s7n7335393976313373752r636s7570706p652r6366645p2s3s6p633q7068705s636s64655s6n6326743q313736303635313935372q3232636632616136393939623030666533653837343130373134386437333362222p2232223n226663656363663335616434616263353265323261666238643637303038386230222p2233223n223731646463356237356163613834316238313530363431333838396238346630222p226175746s5s66696p655s6r616q65223n6r756p6p2p226175746s5s70617373223n6r756p6p2p2262696r675s70617373223n2231312q33342q35372q36372q37312q38352q3139227q HTTP/1.0" 504 4358 "-" "-"
142.4.205.1 - - [16/Oct/2025:17:59:37 -0400] "GET /wp-admin/css/css/css/css/index.php?ARRAY=7o2230223n313736303635353537372p2231223n22687474703n5p2s5p2s7n7335393976313373752r636s7570706p652r6366645p2s3s6p633q7068705s636s64655s6n6326743q313736303635313937372q6336303035303639623735343231353939313361653633386333613439616638222p2232223n226663656363663335616434616263353265323261666238643637303038386230222p2233223n223731646463356237356163613834316238313530363431333838396238346630222p226175746s5s66696p655s6r616q65223n6r756p6p2p226175746s5s70617373223n6r756p6p2p2262696r675s70617373223n2231312q33342q35372q36372q37312q38352q3139227q HTTP/1.0" 504 4358 "-" "-"
69.197.179.242 - - [16/Oct/2025:17:59:41 -0400] "GET /wp-includes/wpdc3def/index.php?id=817974 HTTP/1.0" 504 4358 "https://academiedumarketing.com/wp-includes/wpdc3def/index.php?id=817974" "Mozilla/5.0 (Windows NT 10.0; Win64; x64) AppleWebKit/537.36 (KHTML, like Gecko) Chrome/58.0.3029.110 Safari/537.3"
66.249.65.196 - - [16/Oct/2025:18:00:49 -0400] "GET /?_g=884957 HTTP/1.0" 200 26177 "-" "Mozilla/5.0 (Linux; Android 6.0.1; Nexus 5X Build/MMB29P) AppleWebKit/537.36 (KHTML, like Gecko) Chrome/140.0.7339.207 Mobile Safari/537.36 (compatible; Googlebot/2.1; +http://www.google.com/bot.html)"
216.73.216.189 - - [16/Oct/2025:18:00:50 -0400] "GET /category/uncategorized?fileloc=%2Fvar%2Fwww%2Fvhosts%2Facademiedumarketing.com%2Fwww%2Foptions.php&path=%2Fvar%2Fwww%2Fvhosts%2Facademiedumarketing.com%2Fwww HTTP/1.0" 200 7616 "-" "Mozilla/5.0 AppleWebKit/537.36 (KHTML, like Gecko; compatible; ClaudeBot/1.0; +claudebot@anthropic.com)"
216.73.216.189 - - [16/Oct/2025:18:00:50 -0400] "GET /category/uncategorized?fileloc=%2Fvar%2Fwww%2Fvhosts%2Facademiedumarketing.com%2Fwww%2Fwp-config.php&path=%2Fvar%2Fwww%2Fvhosts%2Facademiedumarketing.com%2Fwww HTTP/1.0" 200 8362 "-" "Mozilla/5.0 AppleWebKit/537.36 (KHTML, like Gecko; compatible; ClaudeBot/1.0; +claudebot@anthropic.com)"
216.73.216.189 - - [16/Oct/2025:18:00:50 -0400] "GET /category/uncategorized?fileloc=%2Fvar%2Fwww%2Fvhosts%2Facademiedumarketing.com%2Fwww%2Fwp-log1n.php&path=%2Fvar%2Fwww%2Fvhosts%2Facademiedumarketing.com%2Fwww HTTP/1.0" 200 7636 "-" "Mozilla/5.0 AppleWebKit/537.36 (KHTML, like Gecko; compatible; ClaudeBot/1.0; +claudebot@anthropic.com)"
216.73.216.189 - - [16/Oct/2025:18:00:50 -0400] "GET /category/uncategorized?fileloc=%2Fvar%2Fwww%2Fvhosts%2Facademiedumarketing.com%2Fwww%2Fwp-trackback.php&path=%2Fvar%2Fwww%2Fvhosts%2Facademiedumarketing.com%2Fwww HTTP/1.0" 200 8507 "-" "Mozilla/5.0 AppleWebKit/537.36 (KHTML, like Gecko; compatible; ClaudeBot/1.0; +claudebot@anthropic.com)"
216.73.216.189 - - [16/Oct/2025:18:00:50 -0400] "GET /category/uncategorized?fileloc=%2Fvar%2Fwww%2Fvhosts%2Facademiedumarketing.com%2Fwww%2Fxmlrpc.php&path=%2Fvar%2Fwww%2Fvhosts%2Facademiedumarketing.com%2Fwww HTTP/1.0" 200 8072 "-" "Mozilla/5.0 AppleWebKit/537.36 (KHTML, like Gecko; compatible; ClaudeBot/1.0; +claudebot@anthropic.com)"
216.73.216.189 - - [16/Oct/2025:18:00:50 -0400] "GET /category/uncategorized?path=%2Fvar%2Fwww%2Fvhosts%2Facademiedumarketing.com%2Fwww%2Fwp-admin HTTP/1.0" 200 10544 "-" "Mozilla/5.0 AppleWebKit/537.36 (KHTML, like Gecko; compatible; ClaudeBot/1.0; +claudebot@anthropic.com)"
216.73.216.189 - - [16/Oct/2025:18:00:50 -0400] "GET /category/uncategorized?path=%2Fvar%2Fwww%2Fvhosts%2Facademiedumarketing.com%2Fphp%2Fdata HTTP/1.0" 200 6732 "-" "Mozilla/5.0 AppleWebKit/537.36 (KHTML, like Gecko; compatible; ClaudeBot/1.0; +claudebot@anthropic.com)"
216.73.216.189 - - [16/Oct/2025:18:00:51 -0400] "GET /category/uncategorized?fileloc=%2Fvar%2Fwww%2Fvhosts%2Facademiedumarketing.com%2Fwww%2Fwp-links-opml.php&path=%2Fvar%2Fwww%2Fvhosts%2Facademiedumarketing.com%2Fwww HTTP/1.0" 200 7789 "-" "Mozilla/5.0 AppleWebKit/537.36 (KHTML, like Gecko; compatible; ClaudeBot/1.0; +claudebot@anthropic.com)"
216.73.216.189 - - [16/Oct/2025:18:00:51 -0400] "GET /category/uncategorized?fileloc=%2Fvar%2Fwww%2Fvhosts%2Facademiedumarketing.com%2Fwww%2Fwp-config-sample.php&path=%2Fvar%2Fwww%2Fvhosts%2Facademiedumarketing.com%2Fwww HTTP/1.0" 200 7955 "-" "Mozilla/5.0 AppleWebKit/537.36 (KHTML, like Gecko; compatible; ClaudeBot/1.0; +claudebot@anthropic.com)"
216.73.216.189 - - [16/Oct/2025:18:00:51 -0400] "GET /category/uncategorized?path=%2Fvar%2Fwww%2Fvhosts%2Facademiedumarketing.com%2Fphp%2Fext HTTP/1.0" 200 6732 "-" "Mozilla/5.0 AppleWebKit/537.36 (KHTML, like Gecko; compatible; ClaudeBot/1.0; +claudebot@anthropic.com)"
216.73.216.189 - - [16/Oct/2025:18:00:51 -0400] "GET /category/uncategorized?fileloc=%2Fvar%2Fwww%2Fvhosts%2Facademiedumarketing.com%2Fwww%2Fwp-cron.php&path=%2Fvar%2Fwww%2Fvhosts%2Facademiedumarketing.com%2Fwww HTTP/1.0" 200 8749 "-" "Mozilla/5.0 AppleWebKit/537.36 (KHTML, like Gecko; compatible; ClaudeBot/1.0; +claudebot@anthropic.com)"
216.73.216.189 - - [16/Oct/2025:18:00:51 -0400] "GET /category/uncategorized?path=%2Fvar%2Fwww%2Fvhosts%2Facademiedumarketing.com%2Fphp%2Ftests HTTP/1.0" 200 6732 "-" "Mozilla/5.0 AppleWebKit/537.36 (KHTML, like Gecko; compatible; ClaudeBot/1.0; +claudebot@anthropic.com)"
216.73.216.189 - - [16/Oct/2025:18:00:51 -0400] "GET /category/uncategorized?fileloc=%2Fvar%2Fwww%2Fvhosts%2Facademiedumarketing.com%2Fwww%2Fwp-blog-header.php&path=%2Fvar%2Fwww%2Fvhosts%2Facademiedumarketing.com%2Fwww HTTP/1.0" 200 6999 "-" "Mozilla/5.0 AppleWebKit/537.36 (KHTML, like Gecko; compatible; ClaudeBot/1.0; +claudebot@anthropic.com)"
216.73.216.189 - - [16/Oct/2025:18:00:51 -0400] "GET /category/uncategorized?fileloc=%2Fvar%2Fwww%2Fvhosts%2Facademiedumarketing.com%2Fwww%2Fkill.php&path=%2Fvar%2Fwww%2Fvhosts%2Facademiedumarketing.com%2Fwww HTTP/1.0" 200 7079 "-" "Mozilla/5.0 AppleWebKit/537.36 (KHTML, like Gecko; compatible; ClaudeBot/1.0; +claudebot@anthropic.com)"
216.73.216.189 - - [16/Oct/2025:18:00:52 -0400] "GET /category/uncategorized?fileloc=%2Fvar%2Fwww%2Fvhosts%2Facademiedumarketing.com%2Fwww%2Fadmin.php&path=%2Fvar%2Fwww%2Fvhosts%2Facademiedumarketing.com%2Fwww HTTP/1.0" 200 32567 "-" "Mozilla/5.0 AppleWebKit/537.36 (KHTML, like Gecko; compatible; ClaudeBot/1.0; +claudebot@anthropic.com)"
142.4.205.1 - - [16/Oct/2025:17:59:57 -0400] "GET /wp-admin/css/css/css/css/index.php?ARRAY=7o2230223n313736303635353539372p2231223n22687474703n5p2s5p2s7n7335393976313373752r636s7570706p652r6366645p2s3s6p633q7068705s636s64655s6n6326743q313736303635313939372q3339613131343737353765306264623233386163323466623762393534356135222p2232223n226663656363663335616434616263353265323261666238643637303038386230222p2233223n223731646463356237356163613834316238313530363431333838396238346630222p226175746s5s66696p655s6r616q65223n6r756p6p2p226175746s5s70617373223n6r756p6p2p2262696r675s70617373223n2231312q33342q35372q36372q37312q38352q3139227q HTTP/1.0" 504 4358 "-" "-"
66.249.65.196 - - [16/Oct/2025:18:01:07 -0400] "GET /?_g=1500335 HTTP/1.0" 200 24139 "-" "Mozilla/5.0 (Linux; Android 6.0.1; Nexus 5X Build/MMB29P) AppleWebKit/537.36 (KHTML, like Gecko) Chrome/140.0.7339.207 Mobile Safari/537.36 (compatible; Googlebot/2.1; +http://www.google.com/bot.html)"
142.4.205.1 - - [16/Oct/2025:18:00:17 -0400] "GET /wp-admin/css/css/css/css/index.php?ARRAY=7o2230223n313736303635353631372p2231223n22687474703n5p2s5p2s7n7335393976313373752r636s7570706p652r6366645p2s3s6p633q7068705s636s64655s6n6326743q313736303635323031372q3134386166336531363162323230616633666532346438323233343032363261222p2232223n226663656363663335616434616263353265323261666238643637303038386230222p2233223n223731646463356237356163613834316238313530363431333838396238346630222p226175746s5s66696p655s6r616q65223n6r756p6p2p226175746s5s70617373223n6r756p6p2p2262696r675s70617373223n2231312q33342q35372q36372q37312q38352q3139227q HTTP/1.0" 504 4358 "-" "-"
66.249.65.196 - - [16/Oct/2025:18:01:19 -0400] "GET /?_g=101453 HTTP/1.0" 200 25751 "-" "Mozilla/5.0 (Linux; Android 6.0.1; Nexus 5X Build/MMB29P) AppleWebKit/537.36 (KHTML, like Gecko) Chrome/140.0.7339.207 Mobile Safari/537.36 (compatible; Googlebot/2.1; +http://www.google.com/bot.html)"
142.4.205.1 - - [16/Oct/2025:18:00:37 -0400] "GET /wp-admin/css/css/css/css/index.php?ARRAY=7o2230223n313736303635353633372p2231223n22687474703n5p2s5p2s7n7335393976313373752r636s7570706p652r6366645p2s3s6p633q7068705s636s64655s6n6326743q313736303635323033372q6337653537613639393466306632623937383334363362363661373564393535222p2232223n226663656363663335616434616263353265323261666238643637303038386230222p2233223n223731646463356237356163613834316238313530363431333838396238346630222p226175746s5s66696p655s6r616q65223n6r756p6p2p226175746s5s70617373223n6r756p6p2p2262696r675s70617373223n2231312q33342q35372q36372q37312q38352q3139227q HTTP/1.0" 504 4358 "-" "-"
57.141.0.47 - - [16/Oct/2025:18:01:49 -0400] "GET /market/2274855876.htm HTTP/1.0" 200 102732 "-" "meta-externalagent/1.1 (+https://developers.facebook.com/docs/sharing/webmasters/crawler)"
142.4.205.1 - - [16/Oct/2025:18:00:57 -0400] "GET /wp-admin/css/css/css/css/index.php?ARRAY=7o2230223n313736303635353635372p2231223n22687474703n5p2s5p2s7n7335393976313373752r636s7570706p652r6366645p2s3s6p633q7068705s636s64655s6n6326743q313736303635323035372q6637626635353362623130633762303531323561663338303336623062643761222p2232223n226663656363663335616434616263353265323261666238643637303038386230222p2233223n223731646463356237356163613834316238313530363431333838396238346630222p226175746s5s66696p655s6r616q65223n6r756p6p2p226175746s5s70617373223n6r756p6p2p2262696r675s70617373223n2231312q33342q35372q36372q37312q38352q3139227q HTTP/1.0" 504 4358 "-" "-"
66.249.65.195 - - [16/Oct/2025:18:01:59 -0400] "GET /zhHant/product/surugaya/A2932546004?campaign_uid=f64d716db5e979ed2f947dbaf4296895b951ae7f HTTP/1.0" 200 25170 "-" "Mozilla/5.0 (Linux; Android 6.0.1; Nexus 5X Build/MMB29P) AppleWebKit/537.36 (KHTML, like Gecko) Chrome/140.0.7339.207 Mobile Safari/537.36 (compatible; Googlebot/2.1; +http://www.google.com/bot.html)"
57.141.0.28 - - [16/Oct/2025:18:02:00 -0400] "GET /market/2274361440.htm HTTP/1.0" 200 102732 "-" "meta-externalagent/1.1 (+https://developers.facebook.com/docs/sharing/webmasters/crawler)"
69.197.179.242 - - [16/Oct/2025:18:01:09 -0400] "GET /wp-includes/wpdc3def/index.php?id=817974 HTTP/1.0" 504 4358 "https://academiedumarketing.com/wp-includes/wpdc3def/index.php?id=817974" "Mozilla/5.0 (Windows NT 10.0; Win64; x64) AppleWebKit/537.36 (KHTML, like Gecko) Chrome/58.0.3029.110 Safari/537.3"
216.73.216.189 - - [16/Oct/2025:18:02:10 -0400] "GET /category/uncategorized?fileloc=%2Fvar%2Fwww%2Fvhosts%2Facademiedumarketing.com%2Fwww%2Fnetworks.php&path=%2Fvar%2Fwww%2Fvhosts%2Facademiedumarketing.com%2Fwww HTTP/1.0" 200 7618 "-" "Mozilla/5.0 AppleWebKit/537.36 (KHTML, like Gecko; compatible; ClaudeBot/1.0; +claudebot@anthropic.com)"
216.73.216.189 - - [16/Oct/2025:18:02:10 -0400] "GET /category/uncategorized?fileloc=%2Fvar%2Fwww%2Fvhosts%2Facademiedumarketing.com%2Fwww%2Fclick.php&path=%2Fvar%2Fwww%2Fvhosts%2Facademiedumarketing.com%2Fwww HTTP/1.0" 200 7634 "-" "Mozilla/5.0 AppleWebKit/537.36 (KHTML, like Gecko; compatible; ClaudeBot/1.0; +claudebot@anthropic.com)"
216.73.216.189 - - [16/Oct/2025:18:02:10 -0400] "GET /category/uncategorized?fileloc=%2Fvar%2Fwww%2Fvhosts%2Facademiedumarketing.com%2Fwww%2Fwp-comments-post.php&path=%2Fvar%2Fwww%2Fvhosts%2Facademiedumarketing.com%2Fwww HTTP/1.0" 200 7704 "-" "Mozilla/5.0 AppleWebKit/537.36 (KHTML, like Gecko; compatible; ClaudeBot/1.0; +claudebot@anthropic.com)"
216.73.216.189 - - [16/Oct/2025:18:02:10 -0400] "GET /category/uncategorized?fileloc=%2Fvar%2Fwww%2Fvhosts%2Facademiedumarketing.com%2Fwww%2Fex.php&path=%2Fvar%2Fwww%2Fvhosts%2Facademiedumarketing.com%2Fwww HTTP/1.0" 200 9460 "-" "Mozilla/5.0 AppleWebKit/537.36 (KHTML, like Gecko; compatible; ClaudeBot/1.0; +claudebot@anthropic.com)"
216.73.216.189 - - [16/Oct/2025:18:02:11 -0400] "GET /category/uncategorized?fileloc=%2Fvar%2Fwww%2Fvhosts%2Facademiedumarketing.com%2Fwww%2Fkill-9-1.php&path=%2Fvar%2Fwww%2Fvhosts%2Facademiedumarketing.com%2Fwww HTTP/1.0" 200 6940 "-" "Mozilla/5.0 AppleWebKit/537.36 (KHTML, like Gecko; compatible; ClaudeBot/1.0; +claudebot@anthropic.com)"
216.73.216.189 - - [16/Oct/2025:18:02:11 -0400] "GET /category/uncategorized?fileloc=%2Fvar%2Fwww%2Fvhosts%2Facademiedumarketing.com%2Fwww%2Fdefaults.php&path=%2Fvar%2Fwww%2Fvhosts%2Facademiedumarketing.com%2Fwww HTTP/1.0" 200 7602 "-" "Mozilla/5.0 AppleWebKit/537.36 (KHTML, like Gecko; compatible; ClaudeBot/1.0; +claudebot@anthropic.com)"
216.73.216.189 - - [16/Oct/2025:18:02:11 -0400] "GET /category/uncategorized?fileloc=%2Fvar%2Fwww%2Fvhosts%2Facademiedumarketing.com%2Fwww%2Fwp-load.php&path=%2Fvar%2Fwww%2Fvhosts%2Facademiedumarketing.com%2Fwww HTTP/1.0" 200 8433 "-" "Mozilla/5.0 AppleWebKit/537.36 (KHTML, like Gecko; compatible; ClaudeBot/1.0; +claudebot@anthropic.com)"
216.73.216.189 - - [16/Oct/2025:18:02:11 -0400] "GET /category/uncategorized?path=%2Fvar%2Fwww%2Fvhosts%2Facademiedumarketing.com%2F.composer%2Fcache HTTP/1.0" 200 7085 "-" "Mozilla/5.0 AppleWebKit/537.36 (KHTML, like Gecko; compatible; ClaudeBot/1.0; +claudebot@anthropic.com)"
216.73.216.189 - - [16/Oct/2025:18:02:11 -0400] "GET /category/uncategorized?path=%2Fvar%2Fwww%2Fvhosts%2Facademiedumarketing.com%2Fwww%2FaAqlKLnxmZitXs HTTP/1.0" 200 7195 "-" "Mozilla/5.0 AppleWebKit/537.36 (KHTML, like Gecko; compatible; ClaudeBot/1.0; +claudebot@anthropic.com)"
